File: /home/bpw3460lz1vy/access-logs/veronaae.com
114.119.130.251 - - [16/Jan/2026:05:06:56 -0700] "GET /xlnbgql/best-donut-recipe-in-the-world.html HTTP/1.1" 301 337 "http://miamiwaterfrontestaterentals.com/bp2y/general-biology-1-pdf-module.html" "Mozilla/5.0 (Linux; Android 7.0;) AppleWebKit/537.36 (KHTML, like Gecko) Mobile Safari/537.36 (compatible; PetalBot;+https://webmaster.petalsearch.com/site/petalbot)" 1707 **1/1707537**
114.119.130.251 - - [16/Jan/2026:05:06:58 -0700] "GET /xlnbgql/best-donut-recipe-in-the-world.html HTTP/1.1" 404 59131 "http://miamiwaterfrontestaterentals.com/bp2y/general-biology-1-pdf-module.html" "Mozilla/5.0 (Linux; Android 7.0;) AppleWebKit/537.36 (KHTML, like Gecko) Mobile Safari/537.36 (compatible; PetalBot;+https://webmaster.petalsearch.com/site/petalbot)" 2054 **2/2054716**
216.73.216.56 - - [16/Jan/2026:05:07:08 -0700] "GET /?e=3673885h38271 HTTP/1.1" 301 149 "-" "Mozilla/5.0 AppleWebKit/537.36 (KHTML, like Gecko; compatible; ClaudeBot/1.0; +claudebot@anthropic.com)" 1531 **1/1531571**
216.73.216.56 - - [16/Jan/2026:05:07:13 -0700] "GET /?e=866282f649i4 HTTP/1.1" 301 149 "-" "Mozilla/5.0 AppleWebKit/537.36 (KHTML, like Gecko; compatible; ClaudeBot/1.0; +claudebot@anthropic.com)" 2426 **2/2426442**
216.73.216.56 - - [16/Jan/2026:05:07:19 -0700] "GET /?e=8446905966fi HTTP/1.1" 301 149 "-" "Mozilla/5.0 AppleWebKit/537.36 (KHTML, like Gecko; compatible; ClaudeBot/1.0; +claudebot@anthropic.com)" 2009 **2/2009123**
216.73.216.56 - - [16/Jan/2026:05:07:23 -0700] "GET /?e=890021f5h4jd HTTP/1.1" 301 149 "-" "Mozilla/5.0 AppleWebKit/537.36 (KHTML, like Gecko; compatible; ClaudeBot/1.0; +claudebot@anthropic.com)" 1287 **1/1287082**
216.73.216.56 - - [16/Jan/2026:05:07:29 -0700] "GET /?e=72861233059a HTTP/1.1" 301 149 "-" "Mozilla/5.0 AppleWebKit/537.36 (KHTML, like Gecko; compatible; ClaudeBot/1.0; +claudebot@anthropic.com)" 932 **0/932037**
216.73.216.56 - - [16/Jan/2026:05:07:34 -0700] "GET /?e=437007a954h2 HTTP/1.1" 301 149 "-" "Mozilla/5.0 AppleWebKit/537.36 (KHTML, like Gecko; compatible; ClaudeBot/1.0; +claudebot@anthropic.com)" 1474 **1/1474387**
216.73.216.56 - - [16/Jan/2026:05:07:36 -0700] "GET /?e=331295303h9c8 HTTP/1.1" 301 149 "-" "Mozilla/5.0 AppleWebKit/537.36 (KHTML, like Gecko; compatible; ClaudeBot/1.0; +claudebot@anthropic.com)" 1431 **1/1431043**
216.73.216.56 - - [16/Jan/2026:05:07:41 -0700] "GET /?e=3612642ieb7e2 HTTP/1.1" 301 149 "-" "Mozilla/5.0 AppleWebKit/537.36 (KHTML, like Gecko; compatible; ClaudeBot/1.0; +claudebot@anthropic.com)" 1416 **1/1416239**
216.73.216.56 - - [16/Jan/2026:05:07:48 -0700] "GET /?fileloc=%2F%2Fusr%2Flib%2Ffirmware%2Fradeon%2FKABINI_sdma.bin&path=%2F%2Fusr%2Flib%2Ffirmware%2Fradeon HTTP/1.1" 301 149 "-" "Mozilla/5.0 AppleWebKit/537.36 (KHTML, like Gecko; compatible; ClaudeBot/1.0; +claudebot@anthropic.com)" 896 **0/896574**
216.73.216.56 - - [16/Jan/2026:05:07:52 -0700] "GET /?e=1145242e86e11 HTTP/1.1" 301 149 "-" "Mozilla/5.0 AppleWebKit/537.36 (KHTML, like Gecko; compatible; ClaudeBot/1.0; +claudebot@anthropic.com)" 912 **0/912207**
216.73.216.56 - - [16/Jan/2026:05:07:56 -0700] "GET /?e=3446907ef8h19 HTTP/1.1" 301 149 "-" "Mozilla/5.0 AppleWebKit/537.36 (KHTML, like Gecko; compatible; ClaudeBot/1.0; +claudebot@anthropic.com)" 1328 **1/1328490**
216.73.216.56 - - [16/Jan/2026:05:08:00 -0700] "GET /?fileloc=%2F%2Fusr%2Flib%2Fdracut%2Fmodules.d%2F95lunmask%2Fmodule-setup.sh&path=%2F%2Fusr%2Flib%2Fdracut%2Fmodules.d%2F95lunmask HTTP/1.1" 301 149 "-" "Mozilla/5.0 AppleWebKit/537.36 (KHTML, like Gecko; compatible; ClaudeBot/1.0; +claudebot@anthropic.com)" 1493 **1/1493070**
216.73.216.56 - - [16/Jan/2026:05:08:07 -0700] "GET /?e=1646750acjj9c HTTP/1.1" 301 149 "-" "Mozilla/5.0 AppleWebKit/537.36 (KHTML, like Gecko; compatible; ClaudeBot/1.0; +claudebot@anthropic.com)" 1216 **1/1216427**
216.73.216.56 - - [16/Jan/2026:05:08:11 -0700] "GET /?e=2403559i35a5i HTTP/1.1" 301 149 "-" "Mozilla/5.0 AppleWebKit/537.36 (KHTML, like Gecko; compatible; ClaudeBot/1.0; +claudebot@anthropic.com)" 1534 **1/1534917**
216.73.216.56 - - [16/Jan/2026:05:08:17 -0700] "GET /?e=54052638a19hc HTTP/1.1" 301 149 "-" "Mozilla/5.0 AppleWebKit/537.36 (KHTML, like Gecko; compatible; ClaudeBot/1.0; +claudebot@anthropic.com)" 1185 **1/1185368**
114.119.157.158 - - [16/Jan/2026:05:08:19 -0700] "GET /xlnbgql/why-do-narcissists-get-away-with-everything-reddit.html HTTP/1.1" 301 337 "https://m7newz.com/1zv8a/lake-lawrence-algae.html" "Mozilla/5.0 (Linux; Android 7.0;) AppleWebKit/537.36 (KHTML, like Gecko) Mobile Safari/537.36 (compatible; PetalBot;+https://webmaster.petalsearch.com/site/petalbot)" 1430 **1/1430199**
114.119.157.158 - - [16/Jan/2026:05:08:21 -0700] "GET /xlnbgql/why-do-narcissists-get-away-with-everything-reddit.html HTTP/1.1" 404 59131 "https://m7newz.com/1zv8a/lake-lawrence-algae.html" "Mozilla/5.0 (Linux; Android 7.0;) AppleWebKit/537.36 (KHTML, like Gecko) Mobile Safari/537.36 (compatible; PetalBot;+https://webmaster.petalsearch.com/site/petalbot)" 1798 **1/1798877**
216.73.216.56 - - [16/Jan/2026:05:08:21 -0700] "GET /?fileloc=%2Fhome%2Fbpw3460lz1vy%2Fwww%2Fwp-includes%2Fclass-wp-scripts.php&path=%2Fhome%2Fbpw3460lz1vy%2Fwww%2Fwp-includes HTTP/1.1" 301 149 "-" "Mozilla/5.0 AppleWebKit/537.36 (KHTML, like Gecko; compatible; ClaudeBot/1.0; +claudebot@anthropic.com)" 2009 **2/2009473**
216.73.216.56 - - [16/Jan/2026:05:08:31 -0700] "GET /?e=8541375ai0gb HTTP/1.1" 301 149 "-" "Mozilla/5.0 AppleWebKit/537.36 (KHTML, like Gecko; compatible; ClaudeBot/1.0; +claudebot@anthropic.com)" 1015 **1/1015449**
216.73.216.56 - - [16/Jan/2026:05:08:36 -0700] "GET /?e=1175040ii4c9i HTTP/1.1" 301 149 "-" "Mozilla/5.0 AppleWebKit/537.36 (KHTML, like Gecko; compatible; ClaudeBot/1.0; +claudebot@anthropic.com)" 1563 **1/1563091**
216.73.216.56 - - [16/Jan/2026:05:08:37 -0700] "GET /?fileloc=%2F%2Flib%2Ffirmware%2Fnvidia%2Fgp108%2Fsec2%2Fdesc.bin&path=%2F%2Flib%2Ffirmware%2Fnvidia%2Fgp108%2Fsec2 HTTP/1.1" 301 149 "-" "Mozilla/5.0 AppleWebKit/537.36 (KHTML, like Gecko; compatible; ClaudeBot/1.0; +claudebot@anthropic.com)" 1617 **1/1617766**
216.73.216.56 - - [16/Jan/2026:05:08:41 -0700] "GET /?fileloc=%2F%2Fusr%2Flib%2Fudev%2Fhwdb.d%2F60-keyboard.hwdb&path=%2F%2Fusr%2Flib%2Fudev%2Fhwdb.d HTTP/1.1" 301 149 "-" "Mozilla/5.0 AppleWebKit/537.36 (KHTML, like Gecko; compatible; ClaudeBot/1.0; +claudebot@anthropic.com)" 906 **0/906760**
216.73.216.56 - - [16/Jan/2026:05:08:47 -0700] "GET /?fileloc=%2F%2Fusr%2Flib%2Flocale%2Fde_BE%2FLC_TIME&path=%2F%2Fusr%2Flib%2Flocale%2Fde_BE HTTP/1.1" 301 149 "-" "Mozilla/5.0 AppleWebKit/537.36 (KHTML, like Gecko; compatible; ClaudeBot/1.0; +claudebot@anthropic.com)" 1017 **1/1017534**
216.73.216.56 - - [16/Jan/2026:05:08:52 -0700] "GET /?fileloc=%2F%2Fusr%2Flib%2Ffirmware%2Fqcom%2Fvpu%2Fvpu20_p1_gen2.mbn&path=%2F%2Fusr%2Flib%2Ffirmware%2Fqcom%2Fvpu HTTP/1.1" 301 149 "-" "Mozilla/5.0 AppleWebKit/537.36 (KHTML, like Gecko; compatible; ClaudeBot/1.0; +claudebot@anthropic.com)" 955 **0/955747**
216.73.216.56 - - [16/Jan/2026:05:08:58 -0700] "GET /?fileloc=%2F%2Fusr%2Flib%2Ffirmware%2Fintel%2Fiwlwifi%2Fiwlwifi-100-5.ucode&path=%2F%2Fusr%2Flib%2Ffirmware%2Fintel%2Fiwlwifi HTTP/1.1" 301 149 "-" "Mozilla/5.0 AppleWebKit/537.36 (KHTML, like Gecko; compatible; ClaudeBot/1.0; +claudebot@anthropic.com)" 917 **0/917925**
216.73.216.56 - - [16/Jan/2026:05:09:01 -0700] "GET /?path=%2Fhome%2Fbpw3460lz1vy%2Fwww%2Fwp-content%2Fupgrade%2Fdist HTTP/1.1" 301 149 "-" "Mozilla/5.0 AppleWebKit/537.36 (KHTML, like Gecko; compatible; ClaudeBot/1.0; +claudebot@anthropic.com)" 1781 **1/1781292**
216.73.216.56 - - [16/Jan/2026:05:09:08 -0700] "GET /?fileloc=%2F%2Fusr%2Flib%2Fkbd%2Fconsolefonts%2FMik_8x16.gz&path=%2F%2Fusr%2Flib%2Fkbd%2Fconsolefonts HTTP/1.1" 301 149 "-" "Mozilla/5.0 AppleWebKit/537.36 (KHTML, like Gecko; compatible; ClaudeBot/1.0; +claudebot@anthropic.com)" 1467 **1/1467633**
216.73.216.56 - - [16/Jan/2026:05:09:12 -0700] "GET /?fileloc=%2F%2Fusr%2Flib%2Fkbd%2Fconsolefonts%2Fiso10.14.gz&path=%2F%2Fusr%2Flib%2Fkbd%2Fconsolefonts HTTP/1.1" 301 149 "-" "Mozilla/5.0 AppleWebKit/537.36 (KHTML, like Gecko; compatible; ClaudeBot/1.0; +claudebot@anthropic.com)" 1568 **1/1568265**
216.73.216.56 - - [16/Jan/2026:05:09:22 -0700] "GET /?fileloc=%2F%2Fusr%2Flib%2Ffirmware%2Fqcom%2Fqcm2290%2Fwlanmdsp.mbn&path=%2F%2Fusr%2Flib%2Ffirmware%2Fqcom%2Fqcm2290 HTTP/1.1" 301 149 "-" "Mozilla/5.0 AppleWebKit/537.36 (KHTML, like Gecko; compatible; ClaudeBot/1.0; +claudebot@anthropic.com)" 1170 **1/1170768**
216.73.216.56 - - [16/Jan/2026:05:09:30 -0700] "GET /?fileloc=%2F%2Fusr%2Flib%2Flocale%2Fde_LU.utf8%2FLC_MESSAGES%2FSYS_LC_MESSAGES&path=%2F%2Fusr%2Flib%2Flocale%2Fde_LU.utf8%2FLC_MESSAGES HTTP/1.1" 301 149 "-" "Mozilla/5.0 AppleWebKit/537.36 (KHTML, like Gecko; compatible; ClaudeBot/1.0; +claudebot@anthropic.com)" 1550 **1/1550315**
216.73.216.56 - - [16/Jan/2026:05:09:39 -0700] "GET /?fileloc=%2F%2Fusr%2Flib%2Fkbd%2Fkeymaps%2Fxkb%2Flt.map.gz&path=%2F%2Fusr%2Flib%2Fkbd%2Fkeymaps%2Fxkb HTTP/1.1" 301 149 "-" "Mozilla/5.0 AppleWebKit/537.36 (KHTML, like Gecko; compatible; ClaudeBot/1.0; +claudebot@anthropic.com)" 1011 **1/1011978**
216.73.216.56 - - [16/Jan/2026:05:09:41 -0700] "GET /?fileloc=%2F%2Fusr%2Flib%2F.build-id%2Ff9%2Fd1b8b16d702121f63e4e55ecf7c7f8e8bcf07a&path=%2F%2Fusr%2Flib%2F.build-id%2Ff9 HTTP/1.1" 301 149 "-" "Mozilla/5.0 AppleWebKit/537.36 (KHTML, like Gecko; compatible; ClaudeBot/1.0; +claudebot@anthropic.com)" 1708 **1/1708181**
114.119.129.113 - - [16/Jan/2026:05:09:43 -0700] "GET /xlnbgql/warrant-search-mississippi.html HTTP/1.1" 301 337 "https://4swifts.ru/yxzrsn/vapen-shatter-pen.html" "Mozilla/5.0 (Linux; Android 7.0;) AppleWebKit/537.36 (KHTML, like Gecko) Mobile Safari/537.36 (compatible; PetalBot;+https://webmaster.petalsearch.com/site/petalbot)" 1494 **1/1494259**
114.119.129.113 - - [16/Jan/2026:05:09:44 -0700] "GET /xlnbgql/warrant-search-mississippi.html HTTP/1.1" 404 59131 "https://4swifts.ru/yxzrsn/vapen-shatter-pen.html" "Mozilla/5.0 (Linux; Android 7.0;) AppleWebKit/537.36 (KHTML, like Gecko) Mobile Safari/537.36 (compatible; PetalBot;+https://webmaster.petalsearch.com/site/petalbot)" 1551 **1/1551914**
216.73.216.56 - - [16/Jan/2026:05:09:50 -0700] "GET /?path=%2Fhome%2Fbpw3460lz1vy%2Fwww%2Fwp-content%2Fai1wm-backups%2Fbackup HTTP/1.1" 301 149 "-" "Mozilla/5.0 AppleWebKit/537.36 (KHTML, like Gecko; compatible; ClaudeBot/1.0; +claudebot@anthropic.com)" 1192 **1/1192475**
216.73.216.56 - - [16/Jan/2026:05:10:00 -0700] "GET /?fileloc=%2F%2Flib%2Ffirmware%2Fnvidia%2Ftu116%2Fsec2%2Fdesc.bin&path=%2F%2Flib%2Ffirmware%2Fnvidia%2Ftu116%2Fsec2 HTTP/1.1" 301 149 "-" "Mozilla/5.0 AppleWebKit/537.36 (KHTML, like Gecko; compatible; ClaudeBot/1.0; +claudebot@anthropic.com)" 1477 **1/1477864**
216.73.216.56 - - [16/Jan/2026:05:10:11 -0700] "GET /?fileloc=%2F%2Fusr%2Flib%2Fkbd%2Fkeymaps%2Fxkb%2Fpt-mac.map.gz&path=%2F%2Fusr%2Flib%2Fkbd%2Fkeymaps%2Fxkb HTTP/1.1" 301 149 "-" "Mozilla/5.0 AppleWebKit/537.36 (KHTML, like Gecko; compatible; ClaudeBot/1.0; +claudebot@anthropic.com)" 1207 **1/1207841**
216.73.216.56 - - [16/Jan/2026:05:10:22 -0700] "GET /?fileloc=%2F%2Fusr%2Flib%2Fkbd%2Fconsolefonts%2Fiso10.16.gz&path=%2F%2Fusr%2Flib%2Fkbd%2Fconsolefonts HTTP/1.1" 301 149 "-" "Mozilla/5.0 AppleWebKit/537.36 (KHTML, like Gecko; compatible; ClaudeBot/1.0; +claudebot@anthropic.com)" 1019 **1/1019702**
216.73.216.56 - - [16/Jan/2026:05:10:31 -0700] "GET /?fileloc=%2F%2Fusr%2Flib%2Ffirmware%2Fintel%2Fiwlwifi%2Fiwlwifi-so-a0-gf4-a0-83.ucode&path=%2F%2Fusr%2Flib%2Ffirmware%2Fintel%2Fiwlwifi HTTP/1.1" 301 149 "-" "Mozilla/5.0 AppleWebKit/537.36 (KHTML, like Gecko; compatible; ClaudeBot/1.0; +claudebot@anthropic.com)" 1485 **1/1485001**
216.73.216.56 - - [16/Jan/2026:05:10:41 -0700] "GET /?fileloc=%2F%2Flib%2Ffirmware%2Fnvidia%2Fga104%2Fgr%2Ffecs_sig.bin&path=%2F%2Flib%2Ffirmware%2Fnvidia%2Fga104%2Fgr HTTP/1.1" 301 149 "-" "Mozilla/5.0 AppleWebKit/537.36 (KHTML, like Gecko; compatible; ClaudeBot/1.0; +claudebot@anthropic.com)" 936 **0/936223**
216.73.216.56 - - [16/Jan/2026:05:10:55 -0700] "GET /?fileloc=%2F%2Flib%2Ffirmware%2Fintel%2Favs%2Fnau8825-tplg.bin&path=%2F%2Flib%2Ffirmware%2Fintel%2Favs HTTP/1.1" 301 149 "-" "Mozilla/5.0 AppleWebKit/537.36 (KHTML, like Gecko; compatible; ClaudeBot/1.0; +claudebot@anthropic.com)" 1000 **1/1000935**
216.73.216.56 - - [16/Jan/2026:05:10:56 -0700] "GET /?fileloc=%2F%2Flib%2Fgrub%2Fi386-pc%2Ftr.mod&path=%2F%2Flib%2Fgrub%2Fi386-pc HTTP/1.1" 301 149 "-" "Mozilla/5.0 AppleWebKit/537.36 (KHTML, like Gecko; compatible; ClaudeBot/1.0; +claudebot@anthropic.com)" 960 **0/960241**
114.119.130.18 - - [16/Jan/2026:05:11:07 -0700] "GET /xlnbgql/unity-hand-tracking-android.html HTTP/1.1" 301 337 "https://www.pjcatamarca.ar/yaros/tv-show-costumes-for-adults.html" "Mozilla/5.0 (Linux; Android 7.0;) AppleWebKit/537.36 (KHTML, like Gecko) Mobile Safari/537.36 (compatible; PetalBot;+https://webmaster.petalsearch.com/site/petalbot)" 1071 **1/1071500**
216.73.216.56 - - [16/Jan/2026:05:11:08 -0700] "GET /?fileloc=%2F%2Fusr%2Flib%2Fkbd%2Fkeymaps%2Fxkb%2Fus-alt-intl.map.gz&path=%2F%2Fusr%2Flib%2Fkbd%2Fkeymaps%2Fxkb HTTP/1.1" 301 149 "-" "Mozilla/5.0 AppleWebKit/537.36 (KHTML, like Gecko; compatible; ClaudeBot/1.0; +claudebot@anthropic.com)" 1912 **1/1912984**
114.119.130.18 - - [16/Jan/2026:05:11:08 -0700] "GET /xlnbgql/unity-hand-tracking-android.html HTTP/1.1" 404 59131 "https://www.pjcatamarca.ar/yaros/tv-show-costumes-for-adults.html" "Mozilla/5.0 (Linux; Android 7.0;) AppleWebKit/537.36 (KHTML, like Gecko) Mobile Safari/537.36 (compatible; PetalBot;+https://webmaster.petalsearch.com/site/petalbot)" 2680 **2/2680192**
216.73.216.56 - - [16/Jan/2026:05:11:19 -0700] "GET /?fileloc=%2F%2Fusr%2Flib%2F.build-id%2F79%2F1e5980d5d8f24aff3a25ed7df9ca5aba8ecbb0&path=%2F%2Fusr%2Flib%2F.build-id%2F79 HTTP/1.1" 301 149 "-" "Mozilla/5.0 AppleWebKit/537.36 (KHTML, like Gecko; compatible; ClaudeBot/1.0; +claudebot@anthropic.com)" 852 **0/852336**
216.73.216.56 - - [16/Jan/2026:05:11:31 -0700] "GET /?fileloc=%2F%2Fusr%2Flib%2Flocale%2Fen_IL%2FLC_MONETARY&path=%2F%2Fusr%2Flib%2Flocale%2Fen_IL HTTP/1.1" 301 149 "-" "Mozilla/5.0 AppleWebKit/537.36 (KHTML, like Gecko; compatible; ClaudeBot/1.0; +claudebot@anthropic.com)" 929 **0/929596**
216.73.216.56 - - [16/Jan/2026:05:11:44 -0700] "GET /?e=5199061hif713 HTTP/1.1" 301 149 "-" "Mozilla/5.0 AppleWebKit/537.36 (KHTML, like Gecko; compatible; ClaudeBot/1.0; +claudebot@anthropic.com)" 1504 **1/1504134**
216.73.216.56 - - [16/Jan/2026:05:11:57 -0700] "GET /?fileloc=%2F%2Fusr%2Flib%2Ffirmware%2Fisdbt_rio.inp&path=%2F%2Fusr%2Flib%2Ffirmware HTTP/1.1" 301 149 "-" "Mozilla/5.0 AppleWebKit/537.36 (KHTML, like Gecko; compatible; ClaudeBot/1.0; +claudebot@anthropic.com)" 1284 **1/1284355**
216.73.216.56 - - [16/Jan/2026:05:12:09 -0700] "GET /?fileloc=%2F%2Fusr%2Flib%2Ffirmware%2Fradeon%2Fhainan_k_smc.bin&path=%2F%2Fusr%2Flib%2Ffirmware%2Fradeon HTTP/1.1" 301 149 "-" "Mozilla/5.0 AppleWebKit/537.36 (KHTML, like Gecko; compatible; ClaudeBot/1.0; +claudebot@anthropic.com)" 926 **0/926355**
57.141.20.54 - - [16/Jan/2026:05:12:25 -0700] "GET /?e=4469663hf7i5g HTTP/1.1" 301 337 "-" "meta-externalagent/1.1 (+https://developers.facebook.com/docs/sharing/webmasters/crawler)" 1217 **1/1217238**
114.119.157.158 - - [16/Jan/2026:05:12:30 -0700] "GET /xlnbgql/stryker-female-external-catheter.html HTTP/1.1" 301 337 "https://pinoyoutloud.com/wtpvt/bmw-id6-upgrade.html" "Mozilla/5.0 (Linux; Android 7.0;) AppleWebKit/537.36 (KHTML, like Gecko) Mobile Safari/537.36 (compatible; PetalBot;+https://webmaster.petalsearch.com/site/petalbot)" 1393 **1/1393313**
114.119.157.158 - - [16/Jan/2026:05:12:32 -0700] "GET /xlnbgql/stryker-female-external-catheter.html HTTP/1.1" 404 59131 "https://pinoyoutloud.com/wtpvt/bmw-id6-upgrade.html" "Mozilla/5.0 (Linux; Android 7.0;) AppleWebKit/537.36 (KHTML, like Gecko) Mobile Safari/537.36 (compatible; PetalBot;+https://webmaster.petalsearch.com/site/petalbot)" 1401 **1/1401054**
216.73.216.56 - - [16/Jan/2026:05:12:46 -0700] "GET /?fileloc=%2F%2Fusr%2Flib%2Ffirmware%2Fbrcm%2Fbrcmfmac43455-sdio.khadas%2Cvim.txt&path=%2F%2Fusr%2Flib%2Ffirmware%2Fbrcm HTTP/1.1" 301 149 "-" "Mozilla/5.0 AppleWebKit/537.36 (KHTML, like Gecko; compatible; ClaudeBot/1.0; +claudebot@anthropic.com)" 2679 **2/2679967**
216.73.216.56 - - [16/Jan/2026:05:12:57 -0700] "GET /?fileloc=%2F%2Fproc%2Firq%2F35%2Feffective_affinity_list&path=%2F%2Fproc%2Firq%2F35 HTTP/1.1" 301 149 "-" "Mozilla/5.0 AppleWebKit/537.36 (KHTML, like Gecko; compatible; ClaudeBot/1.0; +claudebot@anthropic.com)" 1328 **1/1328365**
216.73.216.56 - - [16/Jan/2026:05:13:10 -0700] "GET /?fileloc=%2F%2Fusr%2Flib%2Fkbd%2Fkeymaps%2Fxkb%2Fca.map.gz&path=%2F%2Fusr%2Flib%2Fkbd%2Fkeymaps%2Fxkb HTTP/1.1" 301 149 "-" "Mozilla/5.0 AppleWebKit/537.36 (KHTML, like Gecko; compatible; ClaudeBot/1.0; +claudebot@anthropic.com)" 1381 **1/1381436**
114.119.153.246 - - [16/Jan/2026:05:13:53 -0700] "GET /xlnbgql/saluspa-hawaii-seats.html HTTP/1.1" 301 337 "http://kurdom.ru/u0oe/convert-cap-to-pcap.html" "Mozilla/5.0 (Linux; Android 7.0;) AppleWebKit/537.36 (KHTML, like Gecko) Mobile Safari/537.36 (compatible; PetalBot;+https://webmaster.petalsearch.com/site/petalbot)" 1620 **1/1620777**
114.119.153.246 - - [16/Jan/2026:05:13:55 -0700] "GET /xlnbgql/saluspa-hawaii-seats.html HTTP/1.1" 404 59131 "http://kurdom.ru/u0oe/convert-cap-to-pcap.html" "Mozilla/5.0 (Linux; Android 7.0;) AppleWebKit/537.36 (KHTML, like Gecko) Mobile Safari/537.36 (compatible; PetalBot;+https://webmaster.petalsearch.com/site/petalbot)" 2021 **2/2021880**
114.119.130.18 - - [16/Jan/2026:05:15:17 -0700] "GET /xlnbgql/red-art-website.html HTTP/1.1" 301 337 "http://giannasalamone.com/27bxu/disa-dispute-drug-test.html" "Mozilla/5.0 (Linux; Android 7.0;) AppleWebKit/537.36 (KHTML, like Gecko) Mobile Safari/537.36 (compatible; PetalBot;+https://webmaster.petalsearch.com/site/petalbot)" 1055 **1/1055071**
114.119.130.18 - - [16/Jan/2026:05:15:19 -0700] "GET /xlnbgql/red-art-website.html HTTP/1.1" 404 59131 "http://giannasalamone.com/27bxu/disa-dispute-drug-test.html" "Mozilla/5.0 (Linux; Android 7.0;) AppleWebKit/537.36 (KHTML, like Gecko) Mobile Safari/537.36 (compatible; PetalBot;+https://webmaster.petalsearch.com/site/petalbot)" 1909 **1/1909048**
135.181.166.38 - - [16/Jan/2026:05:16:20 -0700] "GET /robots.txt HTTP/1.1" 200 243 "-" "Mozilla/5.0 (compatible; SERankingBacklinksBot/1.0; +https://seranking.com/backlinks-crawler)" 1422 **1/1422813**
135.181.166.38 - - [16/Jan/2026:05:16:22 -0700] "GET /?e=1430230 HTTP/1.1" 301 337 "-" "Mozilla/5.0 (compatible; SERankingBacklinksBot/1.0; +https://seranking.com/backlinks-crawler)" 1045 **1/1045034**
114.119.157.189 - - [16/Jan/2026:05:16:42 -0700] "GET /xlnbgql/private-landlords-cleethorpes-no-deposit.html HTTP/1.1" 301 337 "http://voltfire-agency.com/rt6eno/brita-water-filter-amazon.html" "Mozilla/5.0 (Linux; Android 7.0;) AppleWebKit/537.36 (KHTML, like Gecko) Mobile Safari/537.36 (compatible; PetalBot;+https://webmaster.petalsearch.com/site/petalbot)" 2188 **2/2188687**
114.119.157.189 - - [16/Jan/2026:05:16:45 -0700] "GET /xlnbgql/private-landlords-cleethorpes-no-deposit.html HTTP/1.1" 404 59131 "http://voltfire-agency.com/rt6eno/brita-water-filter-amazon.html" "Mozilla/5.0 (Linux; Android 7.0;) AppleWebKit/537.36 (KHTML, like Gecko) Mobile Safari/537.36 (compatible; PetalBot;+https://webmaster.petalsearch.com/site/petalbot)" 1839 **1/1839691**
135.181.166.38 - - [16/Jan/2026:05:16:50 -0700] "GET /robots.txt HTTP/1.1" 200 243 "-" "Mozilla/5.0 (compatible; SERankingBacklinksBot/1.0; +https://seranking.com/backlinks-crawler)" 1458 **1/1458465**
135.181.166.38 - - [16/Jan/2026:05:16:52 -0700] "GET /robots.txt HTTP/1.1" 200 243 "-" "Mozilla/5.0 (compatible; SERankingBacklinksBot/1.0; +https://seranking.com/backlinks-crawler)" 1497 **1/1497583**
135.181.166.38 - - [16/Jan/2026:05:16:54 -0700] "GET /robots.txt HTTP/1.1" 200 243 "-" "Mozilla/5.0 (compatible; SERankingBacklinksBot/1.0; +https://seranking.com/backlinks-crawler)" 1851 **1/1851417**
135.181.166.38 - - [16/Jan/2026:05:16:56 -0700] "GET /robots.txt HTTP/1.1" 200 243 "-" "Mozilla/5.0 (compatible; SERankingBacklinksBot/1.0; +https://seranking.com/backlinks-crawler)" 992 **0/992751**
135.181.166.38 - - [16/Jan/2026:05:16:57 -0700] "GET /robots.txt HTTP/1.1" 200 243 "-" "Mozilla/5.0 (compatible; SERankingBacklinksBot/1.0; +https://seranking.com/backlinks-crawler)" 932 **0/932617**
135.181.166.38 - - [16/Jan/2026:05:16:58 -0700] "GET /?e=1433403 HTTP/1.1" 301 337 "-" "Mozilla/5.0 (compatible; SERankingBacklinksBot/1.0; +https://seranking.com/backlinks-crawler)" 1032 **1/1032017**
135.181.166.38 - - [16/Jan/2026:05:17:07 -0700] "GET /?e=1443017 HTTP/1.1" 301 337 "-" "Mozilla/5.0 (compatible; SERankingBacklinksBot/1.0; +https://seranking.com/backlinks-crawler)" 1160 **1/1160389**
135.181.166.38 - - [16/Jan/2026:05:17:22 -0700] "GET /?e=1443690 HTTP/1.1" 301 337 "-" "Mozilla/5.0 (compatible; SERankingBacklinksBot/1.0; +https://seranking.com/backlinks-crawler)" 1115 **1/1115552**
135.181.166.38 - - [16/Jan/2026:05:17:36 -0700] "GET /?e=1444077 HTTP/1.1" 301 337 "-" "Mozilla/5.0 (compatible; SERankingBacklinksBot/1.0; +https://seranking.com/backlinks-crawler)" 1512 **1/1512540**
135.181.166.38 - - [16/Jan/2026:05:17:52 -0700] "GET /?e=1446276 HTTP/1.1" 301 337 "-" "Mozilla/5.0 (compatible; SERankingBacklinksBot/1.0; +https://seranking.com/backlinks-crawler)" 1019 **1/1019753**
114.119.129.113 - - [16/Jan/2026:05:18:07 -0700] "GET /xlnbgql/nyu-alumni-list.html HTTP/1.1" 301 337 "http://giannasalamone.com/27bxu/disa-dispute-drug-test.html" "Mozilla/5.0 (Linux; Android 7.0;) AppleWebKit/537.36 (KHTML, like Gecko) Mobile Safari/537.36 (compatible; PetalBot;+https://webmaster.petalsearch.com/site/petalbot)" 1602 **1/1602970**
114.119.129.113 - - [16/Jan/2026:05:18:09 -0700] "GET /xlnbgql/nyu-alumni-list.html HTTP/1.1" 404 59131 "http://giannasalamone.com/27bxu/disa-dispute-drug-test.html" "Mozilla/5.0 (Linux; Android 7.0;) AppleWebKit/537.36 (KHTML, like Gecko) Mobile Safari/537.36 (compatible; PetalBot;+https://webmaster.petalsearch.com/site/petalbot)" 1741 **1/1741735**
135.181.166.38 - - [16/Jan/2026:05:18:10 -0700] "GET /?e=1450524 HTTP/1.1" 301 337 "-" "Mozilla/5.0 (compatible; SERankingBacklinksBot/1.0; +https://seranking.com/backlinks-crawler)" 1173 **1/1173833**
135.181.166.38 - - [16/Jan/2026:05:18:23 -0700] "GET /?e=1455931 HTTP/1.1" 301 337 "-" "Mozilla/5.0 (compatible; SERankingBacklinksBot/1.0; +https://seranking.com/backlinks-crawler)" 1072 **1/1072291**
135.181.166.38 - - [16/Jan/2026:05:18:36 -0700] "GET /?e=1462255 HTTP/1.1" 301 337 "-" "Mozilla/5.0 (compatible; SERankingBacklinksBot/1.0; +https://seranking.com/backlinks-crawler)" 921 **0/921902**
135.181.166.38 - - [16/Jan/2026:05:18:50 -0700] "GET /?e=1465821 HTTP/1.1" 301 337 "-" "Mozilla/5.0 (compatible; SERankingBacklinksBot/1.0; +https://seranking.com/backlinks-crawler)" 1085 **1/1085184**
135.181.166.38 - - [16/Jan/2026:05:18:57 -0700] "GET /?e=1470635 HTTP/1.1" 301 337 "-" "Mozilla/5.0 (compatible; SERankingBacklinksBot/1.0; +https://seranking.com/backlinks-crawler)" 1452 **1/1452189**
135.181.166.38 - - [16/Jan/2026:05:19:10 -0700] "GET /?e=1475842 HTTP/1.1" 301 337 "-" "Mozilla/5.0 (compatible; SERankingBacklinksBot/1.0; +https://seranking.com/backlinks-crawler)" 1319 **1/1319971**
114.119.130.18 - - [16/Jan/2026:05:19:29 -0700] "GET /xlnbgql/non-type-rated-first-officer-jobs.html HTTP/1.1" 301 337 "https://www.ballthai.com/%e0%b8%a7%e0%b8%b4%e0%b9%80%e0%b8%84%e0%b8%a3%e0%b8%b2%e0%b8%b0%e0%b8%ab%e0%b9%8c%e0%b8%9a%e0%b8%ad%e0%b8%a5-%e0%b9%84%e0%b8%97%e0%b8%a2%e0%b8%a5%e0%b8%b5%e0%b8%81-2022-23-%e0%b8%99%e0%b8%b1%e0%b8%94%e0%b8%97%e0%b8%b5%e0%b9%88-17-%e0%b9%80%e0%b8%a1%e0%b8%b7%e0%b8%ad%e0%b8%87%e0%b8%97%e0%b8%ad%e0%b8%87-vs-%e0%b8%99%e0%b8%84%e0%b8%a3%e0%b8%a3%e0%b8%b2%e0%b8%8a%e0%b8%aa%e0%b8%b5%e0%b8%a1%e0%b8%b2-28-01-65/" "Mozilla/5.0 (Linux; Android 7.0;) AppleWebKit/537.36 (KHTML, like Gecko) Mobile Safari/537.36 (compatible; PetalBot;+https://webmaster.petalsearch.com/site/petalbot)" 1280 **1/1280847**
135.181.166.38 - - [16/Jan/2026:05:19:30 -0700] "GET /?e=1483490 HTTP/1.1" 301 337 "-" "Mozilla/5.0 (compatible; SERankingBacklinksBot/1.0; +https://seranking.com/backlinks-crawler)" 1626 **1/1626522**
114.119.130.18 - - [16/Jan/2026:05:19:30 -0700] "GET /xlnbgql/non-type-rated-first-officer-jobs.html HTTP/1.1" 404 59131 "https://www.ballthai.com/%e0%b8%a7%e0%b8%b4%e0%b9%80%e0%b8%84%e0%b8%a3%e0%b8%b2%e0%b8%b0%e0%b8%ab%e0%b9%8c%e0%b8%9a%e0%b8%ad%e0%b8%a5-%e0%b9%84%e0%b8%97%e0%b8%a2%e0%b8%a5%e0%b8%b5%e0%b8%81-2022-23-%e0%b8%99%e0%b8%b1%e0%b8%94%e0%b8%97%e0%b8%b5%e0%b9%88-17-%e0%b9%80%e0%b8%a1%e0%b8%b7%e0%b8%ad%e0%b8%87%e0%b8%97%e0%b8%ad%e0%b8%87-vs-%e0%b8%99%e0%b8%84%e0%b8%a3%e0%b8%a3%e0%b8%b2%e0%b8%8a%e0%b8%aa%e0%b8%b5%e0%b8%a1%e0%b8%b2-28-01-65/" "Mozilla/5.0 (Linux; Android 7.0;) AppleWebKit/537.36 (KHTML, like Gecko) Mobile Safari/537.36 (compatible; PetalBot;+https://webmaster.petalsearch.com/site/petalbot)" 1950 **1/1950799**
135.181.166.38 - - [16/Jan/2026:05:19:44 -0700] "GET /?e=1487293 HTTP/1.1" 301 337 "-" "Mozilla/5.0 (compatible; SERankingBacklinksBot/1.0; +https://seranking.com/backlinks-crawler)" 1019 **1/1019362**
135.181.166.38 - - [16/Jan/2026:05:19:51 -0700] "GET /?e=1488533 HTTP/1.1" 301 337 "-" "Mozilla/5.0 (compatible; SERankingBacklinksBot/1.0; +https://seranking.com/backlinks-crawler)" 1394 **1/1394279**
57.141.20.50 - - [16/Jan/2026:05:20:10 -0700] "GET /?e=3930799ab1aj4 HTTP/1.1" 301 337 "-" "meta-externalagent/1.1 (+https://developers.facebook.com/docs/sharing/webmasters/crawler)" 1249 **1/1249394**
135.181.166.38 - - [16/Jan/2026:05:20:12 -0700] "GET /?e=1494742 HTTP/1.1" 301 337 "-" "Mozilla/5.0 (compatible; SERankingBacklinksBot/1.0; +https://seranking.com/backlinks-crawler)" 1577 **1/1577445**
135.181.166.38 - - [16/Jan/2026:05:20:20 -0700] "GET /?e=1499094 HTTP/1.1" 301 337 "-" "Mozilla/5.0 (compatible; SERankingBacklinksBot/1.0; +https://seranking.com/backlinks-crawler)" 1339 **1/1339466**
216.73.216.56 - - [16/Jan/2026:05:20:22 -0700] "GET /?fileloc=%2F%2Flib%2Fpython3.6%2Fsite-packages%2Ftuned%2Futils%2Fpolkit.py&path=%2F%2Flib%2Fpython3.6%2Fsite-packages%2Ftuned%2Futils HTTP/1.1" 301 149 "-" "Mozilla/5.0 AppleWebKit/537.36 (KHTML, like Gecko; compatible; ClaudeBot/1.0; +claudebot@anthropic.com)" 1829 **1/1829319**
57.141.20.53 - - [16/Jan/2026:05:20:23 -0700] "GET /?e=22360307de9a5 HTTP/1.1" 301 337 "-" "meta-externalagent/1.1 (+https://developers.facebook.com/docs/sharing/webmasters/crawler)" 2830 **2/2830448**
135.181.166.38 - - [16/Jan/2026:05:20:36 -0700] "GET /?e=1499717 HTTP/1.1" 301 337 "-" "Mozilla/5.0 (compatible; SERankingBacklinksBot/1.0; +https://seranking.com/backlinks-crawler)" 1591 **1/1591676**
216.73.216.56 - - [16/Jan/2026:05:20:48 -0700] "GET /?e=5046445833f65 HTTP/1.1" 301 149 "-" "Mozilla/5.0 AppleWebKit/537.36 (KHTML, like Gecko; compatible; ClaudeBot/1.0; +claudebot@anthropic.com)" 1445 **1/1445932**
135.181.166.38 - - [16/Jan/2026:05:20:49 -0700] "GET /?e=1502223 HTTP/1.1" 301 337 "-" "Mozilla/5.0 (compatible; SERankingBacklinksBot/1.0; +https://seranking.com/backlinks-crawler)" 1154 **1/1154611**
114.119.157.189 - - [16/Jan/2026:05:20:52 -0700] "GET /xlnbgql/nacogdoches-police-news.html HTTP/1.1" 301 337 "http://kurdom.ru/7gt9fp/amateur-sex-wifes-xxx.html" "Mozilla/5.0 (Linux; Android 7.0;) AppleWebKit/537.36 (KHTML, like Gecko) Mobile Safari/537.36 (compatible; PetalBot;+https://webmaster.petalsearch.com/site/petalbot)" 2728 **2/2728482**
114.119.157.189 - - [16/Jan/2026:05:20:55 -0700] "GET /xlnbgql/nacogdoches-police-news.html HTTP/1.1" 404 59131 "http://kurdom.ru/7gt9fp/amateur-sex-wifes-xxx.html" "Mozilla/5.0 (Linux; Android 7.0;) AppleWebKit/537.36 (KHTML, like Gecko) Mobile Safari/537.36 (compatible; PetalBot;+https://webmaster.petalsearch.com/site/petalbot)" 1701 **1/1701357**
135.181.166.38 - - [16/Jan/2026:05:21:03 -0700] "GET /?e=1505472 HTTP/1.1" 301 337 "-" "Mozilla/5.0 (compatible; SERankingBacklinksBot/1.0; +https://seranking.com/backlinks-crawler)" 1609 **1/1609610**
135.181.166.38 - - [16/Jan/2026:05:21:23 -0700] "GET /?e=1509474 HTTP/1.1" 301 337 "-" "Mozilla/5.0 (compatible; SERankingBacklinksBot/1.0; +https://seranking.com/backlinks-crawler)" 1310 **1/1310134**
216.73.216.56 - - [16/Jan/2026:05:21:35 -0700] "GET /?e=2028987f9ba26 HTTP/1.1" 301 149 "-" "Mozilla/5.0 AppleWebKit/537.36 (KHTML, like Gecko; compatible; ClaudeBot/1.0; +claudebot@anthropic.com)" 2217 **2/2217748**
135.181.166.38 - - [16/Jan/2026:05:21:36 -0700] "GET /?e=1510136 HTTP/1.1" 301 337 "-" "Mozilla/5.0 (compatible; SERankingBacklinksBot/1.0; +https://seranking.com/backlinks-crawler)" 2262 **2/2262214**
135.181.166.38 - - [16/Jan/2026:05:21:53 -0700] "GET /?e=1513457 HTTP/1.1" 301 337 "-" "Mozilla/5.0 (compatible; SERankingBacklinksBot/1.0; +https://seranking.com/backlinks-crawler)" 1520 **1/1520123**
216.73.216.56 - - [16/Jan/2026:05:21:54 -0700] "GET /?path=%2Fhome%2Fbpw3460lz1vy%2Fwww%2Fwp-includes%2FText HTTP/1.1" 301 149 "-" "Mozilla/5.0 AppleWebKit/537.36 (KHTML, like Gecko; compatible; ClaudeBot/1.0; +claudebot@anthropic.com)" 1482 **1/1482206**
135.181.166.38 - - [16/Jan/2026:05:22:07 -0700] "GET /?e=1515235 HTTP/1.1" 301 337 "-" "Mozilla/5.0 (compatible; SERankingBacklinksBot/1.0; +https://seranking.com/backlinks-crawler)" 1083 **1/1083754**
135.181.166.38 - - [16/Jan/2026:05:22:14 -0700] "GET /?e=1515344 HTTP/1.1" 301 337 "-" "Mozilla/5.0 (compatible; SERankingBacklinksBot/1.0; +https://seranking.com/backlinks-crawler)" 1637 **1/1637442**
114.119.159.152 - - [16/Jan/2026:05:22:17 -0700] "GET /xlnbgql/immunology-phd-programs-usa.html HTTP/1.1" 301 337 "https://educationonebd.com/qytajol9w/briscoe-brothers-net-worth.html" "Mozilla/5.0 (Linux; Android 7.0;) AppleWebKit/537.36 (KHTML, like Gecko) Mobile Safari/537.36 (compatible; PetalBot;+https://webmaster.petalsearch.com/site/petalbot)" 1756 **1/1756859**
216.73.216.56 - - [16/Jan/2026:05:22:19 -0700] "GET /?e=4157548601a66 HTTP/1.1" 301 149 "-" "Mozilla/5.0 AppleWebKit/537.36 (KHTML, like Gecko; compatible; ClaudeBot/1.0; +claudebot@anthropic.com)" 1838 **1/1838568**
114.119.159.152 - - [16/Jan/2026:05:22:19 -0700] "GET /xlnbgql/immunology-phd-programs-usa.html HTTP/1.1" 404 59131 "https://educationonebd.com/qytajol9w/briscoe-brothers-net-worth.html" "Mozilla/5.0 (Linux; Android 7.0;) AppleWebKit/537.36 (KHTML, like Gecko) Mobile Safari/537.36 (compatible; PetalBot;+https://webmaster.petalsearch.com/site/petalbot)" 2238 **2/2238765**
135.181.166.38 - - [16/Jan/2026:05:22:29 -0700] "GET /?e=1516975 HTTP/1.1" 301 337 "-" "Mozilla/5.0 (compatible; SERankingBacklinksBot/1.0; +https://seranking.com/backlinks-crawler)" 1447 **1/1447604**
135.181.166.38 - - [16/Jan/2026:05:22:41 -0700] "GET /?e=1518603 HTTP/1.1" 301 337 "-" "Mozilla/5.0 (compatible; SERankingBacklinksBot/1.0; +https://seranking.com/backlinks-crawler)" 1128 **1/1128199**
135.181.166.38 - - [16/Jan/2026:05:22:59 -0700] "GET /?e=1518820 HTTP/1.1" 301 337 "-" "Mozilla/5.0 (compatible; SERankingBacklinksBot/1.0; +https://seranking.com/backlinks-crawler)" 1375 **1/1375502**
135.181.166.38 - - [16/Jan/2026:05:23:12 -0700] "GET /?e=1518853 HTTP/1.1" 301 337 "-" "Mozilla/5.0 (compatible; SERankingBacklinksBot/1.0; +https://seranking.com/backlinks-crawler)" 1033 **1/1033275**
135.181.166.38 - - [16/Jan/2026:05:23:25 -0700] "GET /?e=1518880 HTTP/1.1" 301 337 "-" "Mozilla/5.0 (compatible; SERankingBacklinksBot/1.0; +https://seranking.com/backlinks-crawler)" 974 **0/974153**
216.73.216.56 - - [16/Jan/2026:05:23:29 -0700] "GET /?e=9846423ege2a HTTP/1.1" 301 149 "-" "Mozilla/5.0 AppleWebKit/537.36 (KHTML, like Gecko; compatible; ClaudeBot/1.0; +claudebot@anthropic.com)" 1263 **1/1263283**
135.181.166.38 - - [16/Jan/2026:05:23:40 -0700] "GET /?e=1521800 HTTP/1.1" 301 337 "-" "Mozilla/5.0 (compatible; SERankingBacklinksBot/1.0; +https://seranking.com/backlinks-crawler)" 1305 **1/1305124**
114.119.159.152 - - [16/Jan/2026:05:23:41 -0700] "GET /xlnbgql/horse-riding-in-french.html HTTP/1.1" 301 337 "https://www.ballthai.com/author/boykungred/page/35" "Mozilla/5.0 (Linux; Android 7.0;) AppleWebKit/537.36 (KHTML, like Gecko) Mobile Safari/537.36 (compatible; PetalBot;+https://webmaster.petalsearch.com/site/petalbot)" 1134 **1/1134463**
114.119.159.152 - - [16/Jan/2026:05:23:42 -0700] "GET /xlnbgql/horse-riding-in-french.html HTTP/1.1" 404 59131 "https://www.ballthai.com/author/boykungred/page/35" "Mozilla/5.0 (Linux; Android 7.0;) AppleWebKit/537.36 (KHTML, like Gecko) Mobile Safari/537.36 (compatible; PetalBot;+https://webmaster.petalsearch.com/site/petalbot)" 1728 **1/1728345**
135.181.166.38 - - [16/Jan/2026:05:23:48 -0700] "GET /?e=1523725 HTTP/1.1" 301 337 "-" "Mozilla/5.0 (compatible; SERankingBacklinksBot/1.0; +https://seranking.com/backlinks-crawler)" 932 **0/932561**
216.73.216.56 - - [16/Jan/2026:05:23:55 -0700] "GET /?fileloc=%2F%2Fusr%2Flib%2Ffirmware%2Fradeon%2FBONAIRE_me.bin&path=%2F%2Fusr%2Flib%2Ffirmware%2Fradeon HTTP/1.1" 301 149 "-" "Mozilla/5.0 AppleWebKit/537.36 (KHTML, like Gecko; compatible; ClaudeBot/1.0; +claudebot@anthropic.com)" 1939 **1/1939441**
216.73.216.56 - - [16/Jan/2026:05:24:00 -0700] "GET /?fileloc=%2F%2Fusr%2Flib%2F.build-id%2Faf%2F9c1ae89d848b481c7e15548b8e4a8bc105d363&path=%2F%2Fusr%2Flib%2F.build-id%2Faf HTTP/1.1" 301 149 "-" "Mozilla/5.0 AppleWebKit/537.36 (KHTML, like Gecko; compatible; ClaudeBot/1.0; +claudebot@anthropic.com)" 2075 **2/2075776**
135.181.166.38 - - [16/Jan/2026:05:24:07 -0700] "GET /?e=1524260 HTTP/1.1" 301 337 "-" "Mozilla/5.0 (compatible; SERankingBacklinksBot/1.0; +https://seranking.com/backlinks-crawler)" 1184 **1/1184073**
135.181.166.38 - - [16/Jan/2026:05:24:15 -0700] "GET /?e=1526507 HTTP/1.1" 301 337 "-" "Mozilla/5.0 (compatible; SERankingBacklinksBot/1.0; +https://seranking.com/backlinks-crawler)" 1164 **1/1164164**
57.141.20.13 - - [16/Jan/2026:05:24:18 -0700] "GET /?e=14770621b97a3 HTTP/1.1" 301 337 "-" "meta-externalagent/1.1 (+https://developers.facebook.com/docs/sharing/webmasters/crawler)" 2245 **2/2245239**
216.73.216.56 - - [16/Jan/2026:05:24:26 -0700] "GET /?fileloc=%2F%2Flib%2Fgrub%2Fi386-pc%2Fpkcs1_v15.mod&path=%2F%2Flib%2Fgrub%2Fi386-pc HTTP/1.1" 301 149 "-" "Mozilla/5.0 AppleWebKit/537.36 (KHTML, like Gecko; compatible; ClaudeBot/1.0; +claudebot@anthropic.com)" 1117 **1/1117659**
135.181.166.38 - - [16/Jan/2026:05:24:27 -0700] "GET /?e=1531591 HTTP/1.1" 301 337 "-" "Mozilla/5.0 (compatible; SERankingBacklinksBot/1.0; +https://seranking.com/backlinks-crawler)" 1240 **1/1240430**
216.73.216.56 - - [16/Jan/2026:05:24:30 -0700] "GET /?path=%2F%2Flib%2Fdracut%2Fmodules.d%2F98pollcdrom HTTP/1.1" 301 149 "-" "Mozilla/5.0 AppleWebKit/537.36 (KHTML, like Gecko; compatible; ClaudeBot/1.0; +claudebot@anthropic.com)" 2754 **2/2754389**
135.181.166.38 - - [16/Jan/2026:05:24:42 -0700] "GET /?e=1531895 HTTP/1.1" 301 337 "-" "Mozilla/5.0 (compatible; SERankingBacklinksBot/1.0; +https://seranking.com/backlinks-crawler)" 2027 **2/2027309**
216.73.216.56 - - [16/Jan/2026:05:24:55 -0700] "GET /?e=79900a455eh HTTP/1.1" 301 149 "-" "Mozilla/5.0 AppleWebKit/537.36 (KHTML, like Gecko; compatible; ClaudeBot/1.0; +claudebot@anthropic.com)" 2300 **2/2300593**
216.73.216.56 - - [16/Jan/2026:05:25:01 -0700] "GET /?fileloc=%2F%2Flib%2Fkbd%2Fkeymaps%2Fxkb%2Fde-sundeadkeys.map.gz&path=%2F%2Flib%2Fkbd%2Fkeymaps%2Fxkb HTTP/1.1" 301 149 "-" "Mozilla/5.0 AppleWebKit/537.36 (KHTML, like Gecko; compatible; ClaudeBot/1.0; +claudebot@anthropic.com)" 1385 **1/1385180**
135.181.166.38 - - [16/Jan/2026:05:25:02 -0700] "GET /?e=1535013 HTTP/1.1" 301 337 "-" "Mozilla/5.0 (compatible; SERankingBacklinksBot/1.0; +https://seranking.com/backlinks-crawler)" 2118 **2/2118474**
57.141.20.56 - - [16/Jan/2026:05:25:03 -0700] "GET /?e=18268219jf2f1 HTTP/1.1" 301 337 "-" "meta-externalagent/1.1 (+https://developers.facebook.com/docs/sharing/webmasters/crawler)" 1944 **1/1944228**
114.119.151.233 - - [16/Jan/2026:05:25:06 -0700] "GET /xlnbgql/holes-in-the-mormon-religion.html HTTP/1.1" 301 337 "https://educationonebd.com/qytajol9w/madden-22-schemes-list.html" "Mozilla/5.0 (Linux; Android 7.0;) AppleWebKit/537.36 (KHTML, like Gecko) Mobile Safari/537.36 (compatible; PetalBot;+https://webmaster.petalsearch.com/site/petalbot)" 1557 **1/1557219**
114.119.151.233 - - [16/Jan/2026:05:25:09 -0700] "GET /xlnbgql/holes-in-the-mormon-religion.html HTTP/1.1" 404 59131 "https://educationonebd.com/qytajol9w/madden-22-schemes-list.html" "Mozilla/5.0 (Linux; Android 7.0;) AppleWebKit/537.36 (KHTML, like Gecko) Mobile Safari/537.36 (compatible; PetalBot;+https://webmaster.petalsearch.com/site/petalbot)" 2628 **2/2628209**
135.181.166.38 - - [16/Jan/2026:05:25:18 -0700] "GET /?e=1538997 HTTP/1.1" 301 337 "-" "Mozilla/5.0 (compatible; SERankingBacklinksBot/1.0; +https://seranking.com/backlinks-crawler)" 1697 **1/1697087**
135.181.166.38 - - [16/Jan/2026:05:25:27 -0700] "GET /?e=1548000 HTTP/1.1" 301 337 "-" "Mozilla/5.0 (compatible; SERankingBacklinksBot/1.0; +https://seranking.com/backlinks-crawler)" 1744 **1/1744620**
216.73.216.56 - - [16/Jan/2026:05:25:27 -0700] "GET /?fileloc=%2F%2Fusr%2Flib%2F.build-id%2F66%2Fed65ee3809c8e90132c385f9491064e6bf20ec&path=%2F%2Fusr%2Flib%2F.build-id%2F66 HTTP/1.1" 301 149 "-" "Mozilla/5.0 AppleWebKit/537.36 (KHTML, like Gecko; compatible; ClaudeBot/1.0; +claudebot@anthropic.com)" 1682 **1/1682886**
216.73.216.56 - - [16/Jan/2026:05:25:32 -0700] "GET /?e=443853664c00a HTTP/1.1" 301 149 "-" "Mozilla/5.0 AppleWebKit/537.36 (KHTML, like Gecko; compatible; ClaudeBot/1.0; +claudebot@anthropic.com)" 1373 **1/1373954**
135.181.166.38 - - [16/Jan/2026:05:25:47 -0700] "GET /?e=1552110 HTTP/1.1" 301 337 "-" "Mozilla/5.0 (compatible; SERankingBacklinksBot/1.0; +https://seranking.com/backlinks-crawler)" 1167 **1/1167779**
135.181.166.38 - - [16/Jan/2026:05:25:55 -0700] "GET /?e=1561147 HTTP/1.1" 301 337 "-" "Mozilla/5.0 (compatible; SERankingBacklinksBot/1.0; +https://seranking.com/backlinks-crawler)" 1559 **1/1559232**
216.73.216.56 - - [16/Jan/2026:05:25:58 -0700] "GET /?fileloc=%2F%2Flib%2Fpython2.7%2Fsite-packages%2Fpip%2Freq%2Freq_uninstall.pyc&path=%2F%2Flib%2Fpython2.7%2Fsite-packages%2Fpip%2Freq HTTP/1.1" 301 149 "-" "Mozilla/5.0 AppleWebKit/537.36 (KHTML, like Gecko; compatible; ClaudeBot/1.0; +claudebot@anthropic.com)" 1697 **1/1697795**
135.181.166.38 - - [16/Jan/2026:05:26:14 -0700] "GET /?e=1567303 HTTP/1.1" 301 337 "-" "Mozilla/5.0 (compatible; SERankingBacklinksBot/1.0; +https://seranking.com/backlinks-crawler)" 1177 **1/1177784**
114.119.153.246 - - [16/Jan/2026:05:26:27 -0700] "GET /xlnbgql/fire-hydrant-drawing-symbol.html HTTP/1.1" 301 337 "https://www.ballthai.com/%e0%b8%9e%e0%b8%a3%e0%b9%89%e0%b8%ad%e0%b8%a1%e0%b9%80%e0%b8%95%e0%b9%87%e0%b8%a1%e0%b8%97%e0%b8%b5%e0%b9%88-%e0%b8%8a%e0%b8%9a%e0%b8%b2%e0%b9%81%e0%b8%81%e0%b9%89%e0%b8%a7-%e0%b8%8b%e0%b9%89%e0%b8%ad%e0%b8%a1%e0%b8%95%e0%b9%88%e0%b8%ad%e0%b9%80%e0%b8%99%e0%b8%b7%e0%b9%88%e0%b8%ad%e0%b8%87%e0%b8%81%e0%b9%88%e0%b8%ad%e0%b8%99%e0%b8%a5%e0%b8%b8%e0%b8%a2-%e0%b8%8a%e0%b8%b4%e0%b8%87%e0%b9%81%e0%b8%8a%e0%b8%a1%e0%b8%9b%e0%b9%8c%e0%b8%ad%e0%b8%b2%e0%b9%80%e0%b8%8b%e0%b8%b5%e0%b8%a2%e0%b8%99%e0%b8%a2%e0%b8%b9-18/" "Mozilla/5.0 (Linux; Android 7.0;) AppleWebKit/537.36 (KHTML, like Gecko) Mobile Safari/537.36 (compatible; PetalBot;+https://webmaster.petalsearch.com/site/petalbot)" 1835 **1/1835710**
135.181.166.38 - - [16/Jan/2026:05:26:27 -0700] "GET /?e=1568599 HTTP/1.1" 301 337 "-" "Mozilla/5.0 (compatible; SERankingBacklinksBot/1.0; +https://seranking.com/backlinks-crawler)" 1889 **1/1889732**
114.119.153.246 - - [16/Jan/2026:05:26:29 -0700] "GET /xlnbgql/fire-hydrant-drawing-symbol.html HTTP/1.1" 404 59131 "https://www.ballthai.com/%e0%b8%9e%e0%b8%a3%e0%b9%89%e0%b8%ad%e0%b8%a1%e0%b9%80%e0%b8%95%e0%b9%87%e0%b8%a1%e0%b8%97%e0%b8%b5%e0%b9%88-%e0%b8%8a%e0%b8%9a%e0%b8%b2%e0%b9%81%e0%b8%81%e0%b9%89%e0%b8%a7-%e0%b8%8b%e0%b9%89%e0%b8%ad%e0%b8%a1%e0%b8%95%e0%b9%88%e0%b8%ad%e0%b9%80%e0%b8%99%e0%b8%b7%e0%b9%88%e0%b8%ad%e0%b8%87%e0%b8%81%e0%b9%88%e0%b8%ad%e0%b8%99%e0%b8%a5%e0%b8%b8%e0%b8%a2-%e0%b8%8a%e0%b8%b4%e0%b8%87%e0%b9%81%e0%b8%8a%e0%b8%a1%e0%b8%9b%e0%b9%8c%e0%b8%ad%e0%b8%b2%e0%b9%80%e0%b8%8b%e0%b8%b5%e0%b8%a2%e0%b8%99%e0%b8%a2%e0%b8%b9-18/" "Mozilla/5.0 (Linux; Android 7.0;) AppleWebKit/537.36 (KHTML, like Gecko) Mobile Safari/537.36 (compatible; PetalBot;+https://webmaster.petalsearch.com/site/petalbot)" 2583 **2/2583891**
135.181.166.38 - - [16/Jan/2026:05:26:36 -0700] "GET /?e=1570248 HTTP/1.1" 301 337 "-" "Mozilla/5.0 (compatible; SERankingBacklinksBot/1.0; +https://seranking.com/backlinks-crawler)" 1041 **1/1041053**
135.181.166.38 - - [16/Jan/2026:05:26:47 -0700] "GET /?e=1576757 HTTP/1.1" 301 337 "-" "Mozilla/5.0 (compatible; SERankingBacklinksBot/1.0; +https://seranking.com/backlinks-crawler)" 1291 **1/1291051**
135.181.166.38 - - [16/Jan/2026:05:27:00 -0700] "GET /?e=1580671 HTTP/1.1" 301 337 "-" "Mozilla/5.0 (compatible; SERankingBacklinksBot/1.0; +https://seranking.com/backlinks-crawler)" 1540 **1/1540116**
135.181.166.38 - - [16/Jan/2026:05:27:13 -0700] "GET /?e=1581145 HTTP/1.1" 301 337 "-" "Mozilla/5.0 (compatible; SERankingBacklinksBot/1.0; +https://seranking.com/backlinks-crawler)" 991 **0/991790**
216.73.216.56 - - [16/Jan/2026:05:27:30 -0700] "GET /robots.txt HTTP/1.1" 301 149 "-" "Mozilla/5.0 AppleWebKit/537.36 (KHTML, like Gecko; compatible; ClaudeBot/1.0; +claudebot@anthropic.com)" 1974 **1/1974754**
135.181.166.38 - - [16/Jan/2026:05:27:31 -0700] "GET /?e=1589209 HTTP/1.1" 301 337 "-" "Mozilla/5.0 (compatible; SERankingBacklinksBot/1.0; +https://seranking.com/backlinks-crawler)" 1575 **1/1575557**
184.168.114.89 - - [16/Jan/2026:05:27:34 -0700] "POST /wp-cron.php?doing_wp_cron=1768566454.5045130252838134765625 HTTP/1.1" 200 - "-" "WordPress/6.8.1; https://www.veronaae.com" 85 **0/85131**
216.73.216.56 - - [16/Jan/2026:05:27:32 -0700] "GET /robots.txt HTTP/1.1" 200 214 "http://veronaae.com/robots.txt" "Mozilla/5.0 AppleWebKit/537.36 (KHTML, like Gecko; compatible; ClaudeBot/1.0; +claudebot@anthropic.com)" 2024 **2/2024729**
135.181.166.38 - - [16/Jan/2026:05:27:41 -0700] "GET /?e=1590218 HTTP/1.1" 301 337 "-" "Mozilla/5.0 (compatible; SERankingBacklinksBot/1.0; +https://seranking.com/backlinks-crawler)" 1058 **1/1058576**
114.119.129.113 - - [16/Jan/2026:05:27:51 -0700] "GET /xlnbgql/ffs-nose-job.html HTTP/1.1" 301 337 "https://aylwardshool.com/orzklml/plymouth-gtx-for-sale.html" "Mozilla/5.0 (Linux; Android 7.0;) AppleWebKit/537.36 (KHTML, like Gecko) Mobile Safari/537.36 (compatible; PetalBot;+https://webmaster.petalsearch.com/site/petalbot)" 962 **0/962082**
114.119.129.113 - - [16/Jan/2026:05:27:53 -0700] "GET /xlnbgql/ffs-nose-job.html HTTP/1.1" 404 59131 "https://aylwardshool.com/orzklml/plymouth-gtx-for-sale.html" "Mozilla/5.0 (Linux; Android 7.0;) AppleWebKit/537.36 (KHTML, like Gecko) Mobile Safari/537.36 (compatible; PetalBot;+https://webmaster.petalsearch.com/site/petalbot)" 1371 **1/1371651**
135.181.166.38 - - [16/Jan/2026:05:27:53 -0700] "GET /?e=1594094 HTTP/1.1" 301 337 "-" "Mozilla/5.0 (compatible; SERankingBacklinksBot/1.0; +https://seranking.com/backlinks-crawler)" 1571 **1/1571461**
216.73.216.56 - - [16/Jan/2026:05:28:06 -0700] "GET /?fileloc=%2F%2Flib64%2Fpython3.6%2Fencodings%2F__pycache__%2Fiso2022_jp_ext.cpython-36.opt-2.pyc&path=%2F%2Flib64%2Fpython3.6%2Fencodings%2F__pycache__ HTTP/1.1" 301 149 "-" "Mozilla/5.0 AppleWebKit/537.36 (KHTML, like Gecko; compatible; ClaudeBot/1.0; +claudebot@anthropic.com)" 1235 **1/1235679**
135.181.166.38 - - [16/Jan/2026:05:28:15 -0700] "GET /?e=1597504 HTTP/1.1" 301 337 "-" "Mozilla/5.0 (compatible; SERankingBacklinksBot/1.0; +https://seranking.com/backlinks-crawler)" 1118 **1/1118213**
135.181.166.38 - - [16/Jan/2026:05:28:23 -0700] "GET /?e=1598793 HTTP/1.1" 301 337 "-" "Mozilla/5.0 (compatible; SERankingBacklinksBot/1.0; +https://seranking.com/backlinks-crawler)" 1036 **1/1036396**
216.73.216.56 - - [16/Jan/2026:05:28:32 -0700] "GET /?fileloc=%2F%2Flib64%2Fpython3.6%2Fencodings%2F__pycache__%2Fcp437.cpython-36.opt-1.pyc&path=%2F%2Flib64%2Fpython3.6%2Fencodings%2F__pycache__ HTTP/1.1" 301 149 "-" "Mozilla/5.0 AppleWebKit/537.36 (KHTML, like Gecko; compatible; ClaudeBot/1.0; +claudebot@anthropic.com)" 1943 **1/1943403**
135.181.166.38 - - [16/Jan/2026:05:28:37 -0700] "GET /?e=1603165 HTTP/1.1" 301 337 "-" "Mozilla/5.0 (compatible; SERankingBacklinksBot/1.0; +https://seranking.com/backlinks-crawler)" 1872 **1/1872604**
216.73.216.56 - - [16/Jan/2026:05:28:40 -0700] "GET /?e=1795755h0a26c HTTP/1.1" 301 149 "-" "Mozilla/5.0 AppleWebKit/537.36 (KHTML, like Gecko; compatible; ClaudeBot/1.0; +claudebot@anthropic.com)" 1598 **1/1598605**
135.181.166.38 - - [16/Jan/2026:05:28:51 -0700] "GET /?e=1606511 HTTP/1.1" 301 337 "-" "Mozilla/5.0 (compatible; SERankingBacklinksBot/1.0; +https://seranking.com/backlinks-crawler)" 1333 **1/1333135**
135.181.166.38 - - [16/Jan/2026:05:29:04 -0700] "GET /?e=1625312 HTTP/1.1" 301 337 "-" "Mozilla/5.0 (compatible; SERankingBacklinksBot/1.0; +https://seranking.com/backlinks-crawler)" 1798 **1/1798362**
216.73.216.56 - - [16/Jan/2026:05:29:05 -0700] "GET /?e=52014585i9ji8 HTTP/1.1" 301 149 "-" "Mozilla/5.0 AppleWebKit/537.36 (KHTML, like Gecko; compatible; ClaudeBot/1.0; +claudebot@anthropic.com)" 1811 **1/1811702**
114.119.129.113 - - [16/Jan/2026:05:29:14 -0700] "GET /xlnbgql/daikin-error-code-aj-01.html HTTP/1.1" 301 337 "https://mpg-consult.fr/u3xlee/samsung-nvme-driver-windows-11.html" "Mozilla/5.0 (Linux; Android 7.0;) AppleWebKit/537.36 (KHTML, like Gecko) Mobile Safari/537.36 (compatible; PetalBot;+https://webmaster.petalsearch.com/site/petalbot)" 1270 **1/1270396**
114.119.129.113 - - [16/Jan/2026:05:29:16 -0700] "GET /xlnbgql/daikin-error-code-aj-01.html HTTP/1.1" 404 59131 "https://mpg-consult.fr/u3xlee/samsung-nvme-driver-windows-11.html" "Mozilla/5.0 (Linux; Android 7.0;) AppleWebKit/537.36 (KHTML, like Gecko) Mobile Safari/537.36 (compatible; PetalBot;+https://webmaster.petalsearch.com/site/petalbot)" 2893 **2/2893292**
135.181.166.38 - - [16/Jan/2026:05:29:17 -0700] "GET /?e=1630810 HTTP/1.1" 301 337 "-" "Mozilla/5.0 (compatible; SERankingBacklinksBot/1.0; +https://seranking.com/backlinks-crawler)" 2124 **2/2124905**
216.73.216.56 - - [16/Jan/2026:05:29:30 -0700] "GET /?e=4570649hf5jhf HTTP/1.1" 301 149 "-" "Mozilla/5.0 AppleWebKit/537.36 (KHTML, like Gecko; compatible; ClaudeBot/1.0; +claudebot@anthropic.com)" 1235 **1/1235992**
135.181.166.38 - - [16/Jan/2026:05:29:30 -0700] "GET /?e=1638595 HTTP/1.1" 301 337 "-" "Mozilla/5.0 (compatible; SERankingBacklinksBot/1.0; +https://seranking.com/backlinks-crawler)" 1347 **1/1347127**
135.181.166.38 - - [16/Jan/2026:05:29:43 -0700] "GET /?e=1642497 HTTP/1.1" 301 337 "-" "Mozilla/5.0 (compatible; SERankingBacklinksBot/1.0; +https://seranking.com/backlinks-crawler)" 1779 **1/1779499**
216.73.216.56 - - [16/Jan/2026:05:29:57 -0700] "GET /?e=1923363jfd8ih HTTP/1.1" 301 149 "-" "Mozilla/5.0 AppleWebKit/537.36 (KHTML, like Gecko; compatible; ClaudeBot/1.0; +claudebot@anthropic.com)" 973 **0/973595**
135.181.166.38 - - [16/Jan/2026:05:29:58 -0700] "GET /?e=1645798 HTTP/1.1" 301 337 "-" "Mozilla/5.0 (compatible; SERankingBacklinksBot/1.0; +https://seranking.com/backlinks-crawler)" 1445 **1/1445157**
216.73.216.56 - - [16/Jan/2026:05:30:01 -0700] "GET /?fileloc=%2F%2Fusr%2Flib%2F.build-id%2F50%2Fde6a5e5dcf718e6559db025c5a54a1dc0f6c26&path=%2F%2Fusr%2Flib%2F.build-id%2F50 HTTP/1.1" 301 149 "-" "Mozilla/5.0 AppleWebKit/537.36 (KHTML, like Gecko; compatible; ClaudeBot/1.0; +claudebot@anthropic.com)" 3578 **3/3578262**
216.73.216.56 - - [16/Jan/2026:05:30:05 -0700] "GET /?e=2916996ahed3i HTTP/1.1" 301 149 "-" "Mozilla/5.0 AppleWebKit/537.36 (KHTML, like Gecko; compatible; ClaudeBot/1.0; +claudebot@anthropic.com)" 1854 **1/1854517**
135.181.166.38 - - [16/Jan/2026:05:30:20 -0700] "GET /?e=1657125 HTTP/1.1" 301 337 "-" "Mozilla/5.0 (compatible; SERankingBacklinksBot/1.0; +https://seranking.com/backlinks-crawler)" 1455 **1/1455113**
135.181.166.38 - - [16/Jan/2026:05:30:28 -0700] "GET /?e=1660024 HTTP/1.1" 301 337 "-" "Mozilla/5.0 (compatible; SERankingBacklinksBot/1.0; +https://seranking.com/backlinks-crawler)" 1171 **1/1171708**
216.73.216.56 - - [16/Jan/2026:05:30:30 -0700] "GET /?e=391074852h8f0 HTTP/1.1" 301 149 "-" "Mozilla/5.0 AppleWebKit/537.36 (KHTML, like Gecko; compatible; ClaudeBot/1.0; +claudebot@anthropic.com)" 2847 **2/2847007**
114.119.129.113 - - [16/Jan/2026:05:30:38 -0700] "GET /xlnbgql/shooting-in-geelong-today.html HTTP/1.1" 301 337 "http://manthon.shop/srpbx/male-singers-of-the-90s.html" "Mozilla/5.0 (Linux; Android 7.0;) AppleWebKit/537.36 (KHTML, like Gecko) Mobile Safari/537.36 (compatible; PetalBot;+https://webmaster.petalsearch.com/site/petalbot)" 2437 **2/2437741**
114.119.129.113 - - [16/Jan/2026:05:30:40 -0700] "GET /xlnbgql/shooting-in-geelong-today.html HTTP/1.1" 404 59131 "http://manthon.shop/srpbx/male-singers-of-the-90s.html" "Mozilla/5.0 (Linux; Android 7.0;) AppleWebKit/537.36 (KHTML, like Gecko) Mobile Safari/537.36 (compatible; PetalBot;+https://webmaster.petalsearch.com/site/petalbot)" 1991 **1/1991305**
135.181.166.38 - - [16/Jan/2026:05:30:43 -0700] "GET /?e=1660743 HTTP/1.1" 301 337 "-" "Mozilla/5.0 (compatible; SERankingBacklinksBot/1.0; +https://seranking.com/backlinks-crawler)" 1203 **1/1203747**
135.181.166.38 - - [16/Jan/2026:05:30:56 -0700] "GET /?e=1663807 HTTP/1.1" 301 337 "-" "Mozilla/5.0 (compatible; SERankingBacklinksBot/1.0; +https://seranking.com/backlinks-crawler)" 861 **0/861256**
57.141.20.2 - - [16/Jan/2026:05:31:03 -0700] "GET /?e=42536547274fd HTTP/1.1" 301 337 "-" "meta-externalagent/1.1 (+https://developers.facebook.com/docs/sharing/webmasters/crawler)" 1542 **1/1542558**
