135.181.166.38 - - [16/Jan/2026:08:03:48 -0700] "GET /?e=2243970 HTTP/1.1" 301 337 "-" "Mozilla/5.0 (compatible; SERankingBacklinksBot/1.0; +https://seranking.com/backlinks-crawler)" 910 **0/910118**
114.119.130.18 - - [16/Jan/2026:08:03:55 -0700] "GET /uwx11/xciptv-firestick-code.html HTTP/1.1" 301 337 "https://cryptoservice.7am-groups.com/5cwkxg/visalia-police-department-jobs.html" "Mozilla/5.0 (Linux; Android 7.0;) AppleWebKit/537.36 (KHTML, like Gecko) Mobile Safari/537.36 (compatible; PetalBot;+https://webmaster.petalsearch.com/site/petalbot)" 983 **0/983276**
114.119.130.18 - - [16/Jan/2026:08:03:57 -0700] "GET /uwx11/xciptv-firestick-code.html HTTP/1.1" 404 59131 "https://cryptoservice.7am-groups.com/5cwkxg/visalia-police-department-jobs.html" "Mozilla/5.0 (Linux; Android 7.0;) AppleWebKit/537.36 (KHTML, like Gecko) Mobile Safari/537.36 (compatible; PetalBot;+https://webmaster.petalsearch.com/site/petalbot)" 1546 **1/1546924**
135.181.166.38 - - [16/Jan/2026:08:03:59 -0700] "GET /?e=2245334 HTTP/1.1" 301 337 "-" "Mozilla/5.0 (compatible; SERankingBacklinksBot/1.0; +https://seranking.com/backlinks-crawler)" 943 **0/943808**
135.181.166.38 - - [16/Jan/2026:08:04:17 -0700] "GET /?e=2252258 HTTP/1.1" 301 337 "-" "Mozilla/5.0 (compatible; SERankingBacklinksBot/1.0; +https://seranking.com/backlinks-crawler)" 880 **0/880088**
135.181.166.38 - - [16/Jan/2026:08:04:25 -0700] "GET /?e=2254422 HTTP/1.1" 301 337 "-" "Mozilla/5.0 (compatible; SERankingBacklinksBot/1.0; +https://seranking.com/backlinks-crawler)" 1025 **1/1025000**
135.181.166.38 - - [16/Jan/2026:08:04:38 -0700] "GET /?e=2256653 HTTP/1.1" 301 337 "-" "Mozilla/5.0 (compatible; SERankingBacklinksBot/1.0; +https://seranking.com/backlinks-crawler)" 1292 **1/1292607**
135.181.166.38 - - [16/Jan/2026:08:04:53 -0700] "GET /?e=2261833 HTTP/1.1" 301 337 "-" "Mozilla/5.0 (compatible; SERankingBacklinksBot/1.0; +https://seranking.com/backlinks-crawler)" 1051 **1/1051772**
135.181.166.38 - - [16/Jan/2026:08:05:05 -0700] "GET /?e=2269932 HTTP/1.1" 301 337 "-" "Mozilla/5.0 (compatible; SERankingBacklinksBot/1.0; +https://seranking.com/backlinks-crawler)" 2670 **2/2670739**
216.244.66.247 - - [16/Jan/2026:08:05:07 -0700] "GET /?path=%2Fhome%2Fbpw3460lz1vy%2F.trash HTTP/1.1" 301 337 "-" "Mozilla/5.0 (compatible; DotBot/1.2; +https://opensiteexplorer.org/dotbot; help@moz.com)" 1682 **1/1682674**
114.119.157.189 - - [16/Jan/2026:08:05:17 -0700] "GET /uwx11/wreck-on-44-today.html HTTP/1.1" 301 337 "http://themindfulmanifesto.com/gqueb8/1955-land-rover-series-1-for-sale.html" "Mozilla/5.0 (Linux; Android 7.0;) AppleWebKit/537.36 (KHTML, like Gecko) Mobile Safari/537.36 (compatible; PetalBot;+https://webmaster.petalsearch.com/site/petalbot)" 1517 **1/1517829**
114.119.157.189 - - [16/Jan/2026:08:05:18 -0700] "GET /uwx11/wreck-on-44-today.html HTTP/1.1" 404 59131 "http://themindfulmanifesto.com/gqueb8/1955-land-rover-series-1-for-sale.html" "Mozilla/5.0 (Linux; Android 7.0;) AppleWebKit/537.36 (KHTML, like Gecko) Mobile Safari/537.36 (compatible; PetalBot;+https://webmaster.petalsearch.com/site/petalbot)" 1615 **1/1615048**
135.181.166.38 - - [16/Jan/2026:08:05:19 -0700] "GET /?e=2279502 HTTP/1.1" 301 337 "-" "Mozilla/5.0 (compatible; SERankingBacklinksBot/1.0; +https://seranking.com/backlinks-crawler)" 1176 **1/1176760**
135.181.166.38 - - [16/Jan/2026:08:05:31 -0700] "GET /?e=2280779 HTTP/1.1" 301 337 "-" "Mozilla/5.0 (compatible; SERankingBacklinksBot/1.0; +https://seranking.com/backlinks-crawler)" 1290 **1/1290639**
135.181.166.38 - - [16/Jan/2026:08:05:49 -0700] "GET /?e=2281068 HTTP/1.1" 301 337 "-" "Mozilla/5.0 (compatible; SERankingBacklinksBot/1.0; +https://seranking.com/backlinks-crawler)" 1414 **1/1414983**
135.181.166.38 - - [16/Jan/2026:08:06:02 -0700] "GET /?e=2288500 HTTP/1.1" 301 337 "-" "Mozilla/5.0 (compatible; SERankingBacklinksBot/1.0; +https://seranking.com/backlinks-crawler)" 1473 **1/1473051**
135.181.166.38 - - [16/Jan/2026:08:06:10 -0700] "GET /?e=2290379 HTTP/1.1" 301 337 "-" "Mozilla/5.0 (compatible; SERankingBacklinksBot/1.0; +https://seranking.com/backlinks-crawler)" 1075 **1/1075081**
135.181.166.38 - - [16/Jan/2026:08:06:27 -0700] "GET /?e=2295567 HTTP/1.1" 301 337 "-" "Mozilla/5.0 (compatible; SERankingBacklinksBot/1.0; +https://seranking.com/backlinks-crawler)" 1177 **1/1177293**
135.181.166.38 - - [16/Jan/2026:08:06:34 -0700] "GET /?e=2302337 HTTP/1.1" 301 337 "-" "Mozilla/5.0 (compatible; SERankingBacklinksBot/1.0; +https://seranking.com/backlinks-crawler)" 1553 **1/1553926**
114.119.130.18 - - [16/Jan/2026:08:06:41 -0700] "GET /uwx11/willard-mo-middle-school.html HTTP/1.1" 301 337 "https://elamal-company.com/vgupkwy/fun-radio-station.html" "Mozilla/5.0 (Linux; Android 7.0;) AppleWebKit/537.36 (KHTML, like Gecko) Mobile Safari/537.36 (compatible; PetalBot;+https://webmaster.petalsearch.com/site/petalbot)" 941 **0/941528**
114.119.130.18 - - [16/Jan/2026:08:06:42 -0700] "GET /uwx11/willard-mo-middle-school.html HTTP/1.1" 404 59131 "https://elamal-company.com/vgupkwy/fun-radio-station.html" "Mozilla/5.0 (Linux; Android 7.0;) AppleWebKit/537.36 (KHTML, like Gecko) Mobile Safari/537.36 (compatible; PetalBot;+https://webmaster.petalsearch.com/site/petalbot)" 1192 **1/1192959**
135.181.166.38 - - [16/Jan/2026:08:06:49 -0700] "GET /?e=2304114 HTTP/1.1" 301 337 "-" "Mozilla/5.0 (compatible; SERankingBacklinksBot/1.0; +https://seranking.com/backlinks-crawler)" 1371 **1/1371254**
135.181.166.38 - - [16/Jan/2026:08:07:02 -0700] "GET /?e=2307448 HTTP/1.1" 301 337 "-" "Mozilla/5.0 (compatible; SERankingBacklinksBot/1.0; +https://seranking.com/backlinks-crawler)" 1134 **1/1134756**
135.181.166.38 - - [16/Jan/2026:08:07:19 -0700] "GET /?e=2308077 HTTP/1.1" 301 337 "-" "Mozilla/5.0 (compatible; SERankingBacklinksBot/1.0; +https://seranking.com/backlinks-crawler)" 997 **0/997633**
216.244.66.247 - - [16/Jan/2026:08:07:20 -0700] "GET /xlnbgql/denver-air-connection-customer-service.html HTTP/1.1" 301 337 "-" "Mozilla/5.0 (compatible; DotBot/1.2; +https://opensiteexplorer.org/dotbot; help@moz.com)" 1171 **1/1171337**
74.208.174.68 - - [16/Jan/2026:08:07:24 -0700] "GET /about.php?520 HTTP/1.1" 301 337 "-" "Mozilla/5.0 (Windows NT 10.0; Win64; x64) AppleWebKit/537.36 (KHTML, like Gecko) Chrome/143.0.0.0 Safari/537.36" 1222 **1/1222007**
74.208.174.68 - - [16/Jan/2026:08:07:28 -0700] "GET /about.php?520 HTTP/1.1" 404 59131 "-" "Mozilla/5.0 (Windows NT 10.0; Win64; x64) AppleWebKit/537.36 (KHTML, like Gecko) Chrome/143.0.0.0 Safari/537.36" 1896 **1/1896076**
135.181.166.38 - - [16/Jan/2026:08:07:32 -0700] "GET /?e=2308265 HTTP/1.1" 301 337 "-" "Mozilla/5.0 (compatible; SERankingBacklinksBot/1.0; +https://seranking.com/backlinks-crawler)" 1269 **1/1269492**
135.181.166.38 - - [16/Jan/2026:08:07:39 -0700] "GET /?e=2313100 HTTP/1.1" 301 337 "-" "Mozilla/5.0 (compatible; SERankingBacklinksBot/1.0; +https://seranking.com/backlinks-crawler)" 1092 **1/1092244**
216.73.216.56 - - [16/Jan/2026:08:07:49 -0700] "GET /?e=10453620bjgg8 HTTP/1.1" 301 149 "-" "Mozilla/5.0 AppleWebKit/537.36 (KHTML, like Gecko; compatible; ClaudeBot/1.0; +claudebot@anthropic.com)" 892 **0/892180**
135.181.166.38 - - [16/Jan/2026:08:07:56 -0700] "GET /?e=2318010 HTTP/1.1" 301 337 "-" "Mozilla/5.0 (compatible; SERankingBacklinksBot/1.0; +https://seranking.com/backlinks-crawler)" 1216 **1/1216390**
114.119.159.152 - - [16/Jan/2026:08:08:04 -0700] "GET /uwx11/why-is-the-name-rogue-banned-in-uk.html HTTP/1.1" 301 337 "http://e-conauto.com.cn/zsns/funny-memes-pictures.html" "Mozilla/5.0 (Linux; Android 7.0;) AppleWebKit/537.36 (KHTML, like Gecko) Mobile Safari/537.36 (compatible; PetalBot;+https://webmaster.petalsearch.com/site/petalbot)" 1649 **1/1649474**
114.119.159.152 - - [16/Jan/2026:08:08:05 -0700] "GET /uwx11/why-is-the-name-rogue-banned-in-uk.html HTTP/1.1" 404 59131 "http://e-conauto.com.cn/zsns/funny-memes-pictures.html" "Mozilla/5.0 (Linux; Android 7.0;) AppleWebKit/537.36 (KHTML, like Gecko) Mobile Safari/537.36 (compatible; PetalBot;+https://webmaster.petalsearch.com/site/petalbot)" 1202 **1/1202188**
135.181.166.38 - - [16/Jan/2026:08:08:09 -0700] "GET /?e=2321007 HTTP/1.1" 301 337 "-" "Mozilla/5.0 (compatible; SERankingBacklinksBot/1.0; +https://seranking.com/backlinks-crawler)" 1150 **1/1150075**
135.181.166.38 - - [16/Jan/2026:08:08:17 -0700] "GET /?e=2323405 HTTP/1.1" 301 337 "-" "Mozilla/5.0 (compatible; SERankingBacklinksBot/1.0; +https://seranking.com/backlinks-crawler)" 1192 **1/1192516**
216.73.216.56 - - [16/Jan/2026:08:08:27 -0700] "GET /?e=5089193ah4986 HTTP/1.1" 301 149 "-" "Mozilla/5.0 AppleWebKit/537.36 (KHTML, like Gecko; compatible; ClaudeBot/1.0; +claudebot@anthropic.com)" 996 **0/996175**
135.181.166.38 - - [16/Jan/2026:08:08:30 -0700] "GET /?e=2324725 HTTP/1.1" 301 337 "-" "Mozilla/5.0 (compatible; SERankingBacklinksBot/1.0; +https://seranking.com/backlinks-crawler)" 1620 **1/1620539**
216.73.216.56 - - [16/Jan/2026:08:08:43 -0700] "GET /?fileloc=%2F%2Fusr%2Flib%2Fkbd%2Fconsolefonts%2Fiso01.08.gz&path=%2F%2Fusr%2Flib%2Fkbd%2Fconsolefonts HTTP/1.1" 301 149 "-" "Mozilla/5.0 AppleWebKit/537.36 (KHTML, like Gecko; compatible; ClaudeBot/1.0; +claudebot@anthropic.com)" 917 **0/917726**
135.181.166.38 - - [16/Jan/2026:08:08:44 -0700] "GET /?e=2326180 HTTP/1.1" 301 337 "-" "Mozilla/5.0 (compatible; SERankingBacklinksBot/1.0; +https://seranking.com/backlinks-crawler)" 1718 **1/1718996**
135.181.166.38 - - [16/Jan/2026:08:09:01 -0700] "GET /?e=2328186 HTTP/1.1" 301 337 "-" "Mozilla/5.0 (compatible; SERankingBacklinksBot/1.0; +https://seranking.com/backlinks-crawler)" 1793 **1/1793296**
135.181.166.38 - - [16/Jan/2026:08:09:14 -0700] "GET /?e=2328505 HTTP/1.1" 301 337 "-" "Mozilla/5.0 (compatible; SERankingBacklinksBot/1.0; +https://seranking.com/backlinks-crawler)" 937 **0/937402**
135.181.166.38 - - [16/Jan/2026:08:09:21 -0700] "GET /?e=2328802 HTTP/1.1" 301 337 "-" "Mozilla/5.0 (compatible; SERankingBacklinksBot/1.0; +https://seranking.com/backlinks-crawler)" 1068 **1/1068658**
114.119.157.158 - - [16/Jan/2026:08:09:27 -0700] "GET /uwx11/who-is-my-soulmate-astrology.html HTTP/1.1" 301 337 "https://riaaninternational.com/ejlifjl/anxiety-attack-after-argument.html" "Mozilla/5.0 (Linux; Android 7.0;) AppleWebKit/537.36 (KHTML, like Gecko) Mobile Safari/537.36 (compatible; PetalBot;+https://webmaster.petalsearch.com/site/petalbot)" 1114 **1/1114164**
114.119.157.158 - - [16/Jan/2026:08:09:28 -0700] "GET /uwx11/who-is-my-soulmate-astrology.html HTTP/1.1" 404 59131 "https://riaaninternational.com/ejlifjl/anxiety-attack-after-argument.html" "Mozilla/5.0 (Linux; Android 7.0;) AppleWebKit/537.36 (KHTML, like Gecko) Mobile Safari/537.36 (compatible; PetalBot;+https://webmaster.petalsearch.com/site/petalbot)" 1986 **1/1986815**
135.181.166.38 - - [16/Jan/2026:08:09:34 -0700] "GET /?e=2330127 HTTP/1.1" 301 337 "-" "Mozilla/5.0 (compatible; SERankingBacklinksBot/1.0; +https://seranking.com/backlinks-crawler)" 2064 **2/2064693**
135.181.166.38 - - [16/Jan/2026:08:09:47 -0700] "GET /?e=2332225 HTTP/1.1" 301 337 "-" "Mozilla/5.0 (compatible; SERankingBacklinksBot/1.0; +https://seranking.com/backlinks-crawler)" 1356 **1/1356482**
135.181.166.38 - - [16/Jan/2026:08:10:10 -0700] "GET /?e=2332262 HTTP/1.1" 301 337 "-" "Mozilla/5.0 (compatible; SERankingBacklinksBot/1.0; +https://seranking.com/backlinks-crawler)" 1237 **1/1237324**
135.181.166.38 - - [16/Jan/2026:08:10:24 -0700] "GET /?e=2332310 HTTP/1.1" 301 337 "-" "Mozilla/5.0 (compatible; SERankingBacklinksBot/1.0; +https://seranking.com/backlinks-crawler)" 1525 **1/1525657**
135.181.166.38 - - [16/Jan/2026:08:10:31 -0700] "GET /?e=2334148 HTTP/1.1" 301 337 "-" "Mozilla/5.0 (compatible; SERankingBacklinksBot/1.0; +https://seranking.com/backlinks-crawler)" 1166 **1/1166714**
135.181.166.38 - - [16/Jan/2026:08:10:46 -0700] "GET /?e=2336544 HTTP/1.1" 301 337 "-" "Mozilla/5.0 (compatible; SERankingBacklinksBot/1.0; +https://seranking.com/backlinks-crawler)" 973 **0/973987**
114.119.129.113 - - [16/Jan/2026:08:10:52 -0700] "GET /uwx11/whiteville-jail-mugshots.html HTTP/1.1" 301 337 "http://tehnopack.ru/assets/images/gyhtgndi/san-diego-instagram-captions.html" "Mozilla/5.0 (Linux; Android 7.0;) AppleWebKit/537.36 (KHTML, like Gecko) Mobile Safari/537.36 (compatible; PetalBot;+https://webmaster.petalsearch.com/site/petalbot)" 1155 **1/1155809**
114.119.129.113 - - [16/Jan/2026:08:10:53 -0700] "GET /uwx11/whiteville-jail-mugshots.html HTTP/1.1" 404 59131 "http://tehnopack.ru/assets/images/gyhtgndi/san-diego-instagram-captions.html" "Mozilla/5.0 (Linux; Android 7.0;) AppleWebKit/537.36 (KHTML, like Gecko) Mobile Safari/537.36 (compatible; PetalBot;+https://webmaster.petalsearch.com/site/petalbot)" 2023 **2/2023115**
135.181.166.38 - - [16/Jan/2026:08:10:59 -0700] "GET /?e=2337823 HTTP/1.1" 301 337 "-" "Mozilla/5.0 (compatible; SERankingBacklinksBot/1.0; +https://seranking.com/backlinks-crawler)" 1267 **1/1267065**
216.73.216.56 - - [16/Jan/2026:08:11:06 -0700] "GET /?fileloc=%2Fhome%2Fbpw3460lz1vy%2Fwww%2Fwp-includes%2Fblock-supports%2Fblock-template-utils.php&path=%2Fhome%2Fbpw3460lz1vy%2Fwww%2Fwp-includes%2Fblock-supports HTTP/1.1" 301 149 "-" "Mozilla/5.0 AppleWebKit/537.36 (KHTML, like Gecko; compatible; ClaudeBot/1.0; +claudebot@anthropic.com)" 1580 **1/1580771**
135.181.166.38 - - [16/Jan/2026:08:11:12 -0700] "GET /?e=2340125 HTTP/1.1" 301 337 "-" "Mozilla/5.0 (compatible; SERankingBacklinksBot/1.0; +https://seranking.com/backlinks-crawler)" 1586 **1/1586669**
135.181.166.38 - - [16/Jan/2026:08:11:30 -0700] "GET /?e=2347195 HTTP/1.1" 301 337 "-" "Mozilla/5.0 (compatible; SERankingBacklinksBot/1.0; +https://seranking.com/backlinks-crawler)" 1063 **1/1063511**
216.73.216.56 - - [16/Jan/2026:08:11:36 -0700] "GET /?fileloc=%2F%2Flib%2Ffirmware%2Fnvidia%2Fga103%2Facr%2Fucode_ahesasc.bin&path=%2F%2Flib%2Ffirmware%2Fnvidia%2Fga103%2Facr HTTP/1.1" 301 149 "-" "Mozilla/5.0 AppleWebKit/537.36 (KHTML, like Gecko; compatible; ClaudeBot/1.0; +claudebot@anthropic.com)" 1099 **1/1099737**
135.181.166.38 - - [16/Jan/2026:08:11:42 -0700] "GET /?e=2349370 HTTP/1.1" 301 337 "-" "Mozilla/5.0 (compatible; SERankingBacklinksBot/1.0; +https://seranking.com/backlinks-crawler)" 1136 **1/1136861**
135.181.166.38 - - [16/Jan/2026:08:11:48 -0700] "GET /?e=2351214 HTTP/1.1" 301 337 "-" "Mozilla/5.0 (compatible; SERankingBacklinksBot/1.0; +https://seranking.com/backlinks-crawler)" 1236 **1/1236514**
135.181.166.38 - - [16/Jan/2026:08:12:07 -0700] "GET /?e=2352141 HTTP/1.1" 301 337 "-" "Mozilla/5.0 (compatible; SERankingBacklinksBot/1.0; +https://seranking.com/backlinks-crawler)" 1028 **1/1028974**
216.73.216.56 - - [16/Jan/2026:08:12:13 -0700] "GET /?fileloc=%2F%2Fusr%2Flib%2F.build-id%2F39%2F36c1d7c9ed4cb5d1c7f372b0388464bb222e43&path=%2F%2Fusr%2Flib%2F.build-id%2F39 HTTP/1.1" 301 149 "-" "Mozilla/5.0 AppleWebKit/537.36 (KHTML, like Gecko; compatible; ClaudeBot/1.0; +claudebot@anthropic.com)" 1488 **1/1488343**
135.181.166.38 - - [16/Jan/2026:08:12:15 -0700] "GET /?e=2352234 HTTP/1.1" 301 337 "-" "Mozilla/5.0 (compatible; SERankingBacklinksBot/1.0; +https://seranking.com/backlinks-crawler)" 1402 **1/1402519**
114.119.157.158 - - [16/Jan/2026:08:12:15 -0700] "GET /uwx11/white-funeral-homes-obituaries.html HTTP/1.1" 301 337 "http://letsgoexpress.co.uk/3o9ymjs/virginia-rims-and-tires-for-sale-by-owners.html" "Mozilla/5.0 (Linux; Android 7.0;) AppleWebKit/537.36 (KHTML, like Gecko) Mobile Safari/537.36 (compatible; PetalBot;+https://webmaster.petalsearch.com/site/petalbot)" 1616 **1/1616979**
114.119.157.158 - - [16/Jan/2026:08:12:17 -0700] "GET /uwx11/white-funeral-homes-obituaries.html HTTP/1.1" 404 59131 "http://letsgoexpress.co.uk/3o9ymjs/virginia-rims-and-tires-for-sale-by-owners.html" "Mozilla/5.0 (Linux; Android 7.0;) AppleWebKit/537.36 (KHTML, like Gecko) Mobile Safari/537.36 (compatible; PetalBot;+https://webmaster.petalsearch.com/site/petalbot)" 2519 **2/2519311**
135.181.166.38 - - [16/Jan/2026:08:12:29 -0700] "GET /?e=2354311 HTTP/1.1" 301 337 "-" "Mozilla/5.0 (compatible; SERankingBacklinksBot/1.0; +https://seranking.com/backlinks-crawler)" 994 **0/994587**
216.73.216.56 - - [16/Jan/2026:08:12:42 -0700] "GET /?fileloc=%2F%2Fusr%2Flib%2F.build-id%2F76%2F163cdec696abf5f6a621e4ea4249420918c206&path=%2F%2Fusr%2Flib%2F.build-id%2F76 HTTP/1.1" 301 149 "-" "Mozilla/5.0 AppleWebKit/537.36 (KHTML, like Gecko; compatible; ClaudeBot/1.0; +claudebot@anthropic.com)" 896 **0/896358**
135.181.166.38 - - [16/Jan/2026:08:12:44 -0700] "GET /?e=2356698 HTTP/1.1" 301 337 "-" "Mozilla/5.0 (compatible; SERankingBacklinksBot/1.0; +https://seranking.com/backlinks-crawler)" 1588 **1/1588304**
57.141.20.24 - - [16/Jan/2026:08:12:47 -0700] "GET /?e=3414320ccb976 HTTP/1.1" 301 337 "-" "meta-externalagent/1.1 (+https://developers.facebook.com/docs/sharing/webmasters/crawler)" 1260 **1/1260273**
135.181.166.38 - - [16/Jan/2026:08:12:57 -0700] "GET /?e=2357786 HTTP/1.1" 301 337 "-" "Mozilla/5.0 (compatible; SERankingBacklinksBot/1.0; +https://seranking.com/backlinks-crawler)" 1174 **1/1174031**
216.73.216.56 - - [16/Jan/2026:08:13:00 -0700] "GET /?fileloc=%2F%2Fusr%2Flib%2F.build-id%2F13%2F43036b22d3e063e30bd67c7ad4f3f4eddf6f6c&path=%2F%2Fusr%2Flib%2F.build-id%2F13 HTTP/1.1" 301 149 "-" "Mozilla/5.0 AppleWebKit/537.36 (KHTML, like Gecko; compatible; ClaudeBot/1.0; +claudebot@anthropic.com)" 1815 **1/1815334**
135.181.166.38 - - [16/Jan/2026:08:13:15 -0700] "GET /?e=2359843 HTTP/1.1" 301 337 "-" "Mozilla/5.0 (compatible; SERankingBacklinksBot/1.0; +https://seranking.com/backlinks-crawler)" 871 **0/871763**
216.73.216.56 - - [16/Jan/2026:08:13:29 -0700] "GET /?fileloc=%2Fhome%2Fbpw3460lz1vy%2Fwww%2Fwp-admin%2Fimages%2Fsort-2x.gif&path=%2Fhome%2Fbpw3460lz1vy%2Fwww%2Fwp-admin%2Fimages HTTP/1.1" 301 149 "-" "Mozilla/5.0 AppleWebKit/537.36 (KHTML, like Gecko; compatible; ClaudeBot/1.0; +claudebot@anthropic.com)" 1449 **1/1449368**
135.181.166.38 - - [16/Jan/2026:08:13:32 -0700] "GET /?e=2361830 HTTP/1.1" 301 337 "-" "Mozilla/5.0 (compatible; SERankingBacklinksBot/1.0; +https://seranking.com/backlinks-crawler)" 1384 **1/1384125**
114.119.157.158 - - [16/Jan/2026:08:13:40 -0700] "GET /uwx11/where-is-alex-kraemer-now.html HTTP/1.1" 301 337 "https://www.test.rehmantextile.com/8ppo3v/elden-ring-rune-cheat-ps4.html" "Mozilla/5.0 (Linux; Android 7.0;) AppleWebKit/537.36 (KHTML, like Gecko) Mobile Safari/537.36 (compatible; PetalBot;+https://webmaster.petalsearch.com/site/petalbot)" 1354 **1/1354821**
135.181.166.38 - - [16/Jan/2026:08:13:40 -0700] "GET /?e=2362490 HTTP/1.1" 301 337 "-" "Mozilla/5.0 (compatible; SERankingBacklinksBot/1.0; +https://seranking.com/backlinks-crawler)" 1670 **1/1670609**
114.119.157.158 - - [16/Jan/2026:08:13:42 -0700] "GET /uwx11/where-is-alex-kraemer-now.html HTTP/1.1" 404 59131 "https://www.test.rehmantextile.com/8ppo3v/elden-ring-rune-cheat-ps4.html" "Mozilla/5.0 (Linux; Android 7.0;) AppleWebKit/537.36 (KHTML, like Gecko) Mobile Safari/537.36 (compatible; PetalBot;+https://webmaster.petalsearch.com/site/petalbot)" 1478 **1/1478753**
135.181.166.38 - - [16/Jan/2026:08:13:58 -0700] "GET /?e=2366228 HTTP/1.1" 301 337 "-" "Mozilla/5.0 (compatible; SERankingBacklinksBot/1.0; +https://seranking.com/backlinks-crawler)" 991 **0/991967**
57.141.20.10 - - [16/Jan/2026:08:14:05 -0700] "GET /?e=4844594i95e13 HTTP/1.1" 301 337 "-" "meta-externalagent/1.1 (+https://developers.facebook.com/docs/sharing/webmasters/crawler)" 1344 **1/1344188**
216.73.216.56 - - [16/Jan/2026:08:14:09 -0700] "GET /?fileloc=%2F%2Fusr%2Flib%2F.build-id%2F6e%2F1d69e6329f9c6d5d7cd6515cc5c2a9ce7b2888&path=%2F%2Fusr%2Flib%2F.build-id%2F6e HTTP/1.1" 301 149 "-" "Mozilla/5.0 AppleWebKit/537.36 (KHTML, like Gecko; compatible; ClaudeBot/1.0; +claudebot@anthropic.com)" 914 **0/914083**
135.181.166.38 - - [16/Jan/2026:08:14:12 -0700] "GET /?e=2366547 HTTP/1.1" 301 337 "-" "Mozilla/5.0 (compatible; SERankingBacklinksBot/1.0; +https://seranking.com/backlinks-crawler)" 1422 **1/1422126**
135.181.166.38 - - [16/Jan/2026:08:14:21 -0700] "GET /?e=2369191 HTTP/1.1" 301 337 "-" "Mozilla/5.0 (compatible; SERankingBacklinksBot/1.0; +https://seranking.com/backlinks-crawler)" 1232 **1/1232027**
216.73.216.56 - - [16/Jan/2026:08:14:40 -0700] "GET /?fileloc=%2F%2Fusr%2Flib%2Flocale%2Fen_GB.iso885915%2FLC_IDENTIFICATION&path=%2F%2Fusr%2Flib%2Flocale%2Fen_GB.iso885915 HTTP/1.1" 301 149 "-" "Mozilla/5.0 AppleWebKit/537.36 (KHTML, like Gecko; compatible; ClaudeBot/1.0; +claudebot@anthropic.com)" 856 **0/856088**
135.181.166.38 - - [16/Jan/2026:08:14:41 -0700] "GET /?e=2373399 HTTP/1.1" 301 337 "-" "Mozilla/5.0 (compatible; SERankingBacklinksBot/1.0; +https://seranking.com/backlinks-crawler)" 1169 **1/1169646**
135.181.166.38 - - [16/Jan/2026:08:14:53 -0700] "GET /?e=2374188 HTTP/1.1" 301 337 "-" "Mozilla/5.0 (compatible; SERankingBacklinksBot/1.0; +https://seranking.com/backlinks-crawler)" 1045 **1/1045151**
135.181.166.38 - - [16/Jan/2026:08:15:00 -0700] "GET /?e=2376338 HTTP/1.1" 301 337 "-" "Mozilla/5.0 (compatible; SERankingBacklinksBot/1.0; +https://seranking.com/backlinks-crawler)" 1884 **1/1884222**
114.119.130.251 - - [16/Jan/2026:08:15:03 -0700] "GET /uwx11/where-does-tell-williams-teach.html HTTP/1.1" 301 337 "http://frommyhouse2thewhitehouse.com/jiewtybzk/best-restaurants-in-winter-park.html" "Mozilla/5.0 (Linux; Android 7.0;) AppleWebKit/537.36 (KHTML, like Gecko) Mobile Safari/537.36 (compatible; PetalBot;+https://webmaster.petalsearch.com/site/petalbot)" 1225 **1/1225298**
114.119.130.251 - - [16/Jan/2026:08:15:04 -0700] "GET /uwx11/where-does-tell-williams-teach.html HTTP/1.1" 404 59131 "http://frommyhouse2thewhitehouse.com/jiewtybzk/best-restaurants-in-winter-park.html" "Mozilla/5.0 (Linux; Android 7.0;) AppleWebKit/537.36 (KHTML, like Gecko) Mobile Safari/537.36 (compatible; PetalBot;+https://webmaster.petalsearch.com/site/petalbot)" 1734 **1/1734276**
135.181.166.38 - - [16/Jan/2026:08:15:18 -0700] "GET /?e=2376546 HTTP/1.1" 301 337 "-" "Mozilla/5.0 (compatible; SERankingBacklinksBot/1.0; +https://seranking.com/backlinks-crawler)" 1256 **1/1256703**
135.181.166.38 - - [16/Jan/2026:08:15:31 -0700] "GET /?e=2379817 HTTP/1.1" 301 337 "-" "Mozilla/5.0 (compatible; SERankingBacklinksBot/1.0; +https://seranking.com/backlinks-crawler)" 1508 **1/1508549**
135.181.166.38 - - [16/Jan/2026:08:15:45 -0700] "GET /?e=2381394 HTTP/1.1" 301 337 "-" "Mozilla/5.0 (compatible; SERankingBacklinksBot/1.0; +https://seranking.com/backlinks-crawler)" 1013 **1/1013360**
135.181.166.38 - - [16/Jan/2026:08:15:59 -0700] "GET /?e=2386754 HTTP/1.1" 301 337 "-" "Mozilla/5.0 (compatible; SERankingBacklinksBot/1.0; +https://seranking.com/backlinks-crawler)" 2097 **2/2097411**
135.181.166.38 - - [16/Jan/2026:08:16:18 -0700] "GET /?e=2389513 HTTP/1.1" 301 337 "-" "Mozilla/5.0 (compatible; SERankingBacklinksBot/1.0; +https://seranking.com/backlinks-crawler)" 1110 **1/1110530**
114.119.157.189 - - [16/Jan/2026:08:16:27 -0700] "GET /uwx11/when-is-juice-wrld-album-dropping-2023.html HTTP/1.1" 301 337 "https://www.ballthai.com/%E0%B9%84%E0%B8%97%E0%B8%A2%E0%B8%A5%E0%B8%B5%E0%B8%81/" "Mozilla/5.0 (Linux; Android 7.0;) AppleWebKit/537.36 (KHTML, like Gecko) Mobile Safari/537.36 (compatible; PetalBot;+https://webmaster.petalsearch.com/site/petalbot)" 1216 **1/1216250**
114.119.157.189 - - [16/Jan/2026:08:16:28 -0700] "GET /uwx11/when-is-juice-wrld-album-dropping-2023.html HTTP/1.1" 404 59131 "https://www.ballthai.com/%E0%B9%84%E0%B8%97%E0%B8%A2%E0%B8%A5%E0%B8%B5%E0%B8%81/" "Mozilla/5.0 (Linux; Android 7.0;) AppleWebKit/537.36 (KHTML, like Gecko) Mobile Safari/537.36 (compatible; PetalBot;+https://webmaster.petalsearch.com/site/petalbot)" 1475 **1/1475506**
135.181.166.38 - - [16/Jan/2026:08:16:37 -0700] "GET /?e=2401679 HTTP/1.1" 301 337 "-" "Mozilla/5.0 (compatible; SERankingBacklinksBot/1.0; +https://seranking.com/backlinks-crawler)" 1179 **1/1179408**
135.181.166.38 - - [16/Jan/2026:08:16:49 -0700] "GET /?e=2404243 HTTP/1.1" 301 337 "-" "Mozilla/5.0 (compatible; SERankingBacklinksBot/1.0; +https://seranking.com/backlinks-crawler)" 1191 **1/1191366**
135.181.166.38 - - [16/Jan/2026:08:17:09 -0700] "GET /?e=2404754 HTTP/1.1" 301 337 "-" "Mozilla/5.0 (compatible; SERankingBacklinksBot/1.0; +https://seranking.com/backlinks-crawler)" 920 **0/920191**
135.181.166.38 - - [16/Jan/2026:08:17:17 -0700] "GET /?e=2406608 HTTP/1.1" 301 337 "-" "Mozilla/5.0 (compatible; SERankingBacklinksBot/1.0; +https://seranking.com/backlinks-crawler)" 1188 **1/1188458**
135.181.166.38 - - [16/Jan/2026:08:17:34 -0700] "GET /?e=2406648 HTTP/1.1" 301 337 "-" "Mozilla/5.0 (compatible; SERankingBacklinksBot/1.0; +https://seranking.com/backlinks-crawler)" 1437 **1/1437665**
114.119.159.152 - - [16/Jan/2026:08:17:49 -0700] "GET /uwx11/what-to-do-if-you-accidentally-get-a-girl-pregnant.html HTTP/1.1" 301 337 "https://elamal-company.com/vgupkwy/fun-radio-station.html" "Mozilla/5.0 (Linux; Android 7.0;) AppleWebKit/537.36 (KHTML, like Gecko) Mobile Safari/537.36 (compatible; PetalBot;+https://webmaster.petalsearch.com/site/petalbot)" 1774 **1/1774297**
114.119.159.152 - - [16/Jan/2026:08:17:51 -0700] "GET /uwx11/what-to-do-if-you-accidentally-get-a-girl-pregnant.html HTTP/1.1" 404 59131 "https://elamal-company.com/vgupkwy/fun-radio-station.html" "Mozilla/5.0 (Linux; Android 7.0;) AppleWebKit/537.36 (KHTML, like Gecko) Mobile Safari/537.36 (compatible; PetalBot;+https://webmaster.petalsearch.com/site/petalbot)" 1637 **1/1637323**
216.73.216.56 - - [16/Jan/2026:08:17:56 -0700] "GET /?fileloc=%2F%2Flib64%2Fpython3.12%2Fencodings%2F__pycache__%2Fcp858.cpython-312.opt-1.pyc&path=%2F%2Flib64%2Fpython3.12%2Fencodings%2F__pycache__ HTTP/1.1" 301 149 "-" "Mozilla/5.0 AppleWebKit/537.36 (KHTML, like Gecko; compatible; ClaudeBot/1.0; +claudebot@anthropic.com)" 978 **0/978670**
114.119.159.152 - - [16/Jan/2026:08:19:13 -0700] "GET /uwx11/what-is-golden-child-syndrome.html HTTP/1.1" 301 337 "http://hancokw.com/3dnnd/forklift-operator-job-in-dubai-salary.html" "Mozilla/5.0 (Linux; Android 7.0;) AppleWebKit/537.36 (KHTML, like Gecko) Mobile Safari/537.36 (compatible; PetalBot;+https://webmaster.petalsearch.com/site/petalbot)" 1321 **1/1321949**
114.119.159.152 - - [16/Jan/2026:08:19:14 -0700] "GET /uwx11/what-is-golden-child-syndrome.html HTTP/1.1" 404 59131 "http://hancokw.com/3dnnd/forklift-operator-job-in-dubai-salary.html" "Mozilla/5.0 (Linux; Android 7.0;) AppleWebKit/537.36 (KHTML, like Gecko) Mobile Safari/537.36 (compatible; PetalBot;+https://webmaster.petalsearch.com/site/petalbot)" 1323 **1/1323018**
192.178.6.96 - - [16/Jan/2026:08:19:51 -0700] "GET /index.php/?e=4567685i04dhc HTTP/1.1" 200 22203 "-" "Mozilla/5.0 (Linux; Android 6.0.1; Nexus 5X Build/MMB29P) AppleWebKit/537.36 (KHTML, like Gecko) Chrome/143.0.7499.192 Mobile Safari/537.36 (compatible; Googlebot/2.1; +http://www.google.com/bot.html)" 1624 **1/1624226**
114.119.129.113 - - [16/Jan/2026:08:20:37 -0700] "GET /uwx11/whacked-out-media-reviews.html HTTP/1.1" 301 337 "https://rescuetheperishingyouths.org/wiod/no-valid-sources-are-available-for-this-video-ipad.html" "Mozilla/5.0 (Linux; Android 7.0;) AppleWebKit/537.36 (KHTML, like Gecko) Mobile Safari/537.36 (compatible; PetalBot;+https://webmaster.petalsearch.com/site/petalbot)" 1002 **1/1002805**
114.119.129.113 - - [16/Jan/2026:08:20:39 -0700] "GET /uwx11/whacked-out-media-reviews.html HTTP/1.1" 404 59131 "https://rescuetheperishingyouths.org/wiod/no-valid-sources-are-available-for-this-video-ipad.html" "Mozilla/5.0 (Linux; Android 7.0;) AppleWebKit/537.36 (KHTML, like Gecko) Mobile Safari/537.36 (compatible; PetalBot;+https://webmaster.petalsearch.com/site/petalbot)" 1506 **1/1506859**
216.73.216.56 - - [16/Jan/2026:08:21:32 -0700] "GET /?fileloc=%2F%2Flib64%2Fpython3.6%2Fencodings%2F__pycache__%2Fcp858.cpython-36.pyc&path=%2F%2Flib64%2Fpython3.6%2Fencodings%2F__pycache__ HTTP/1.1" 301 149 "-" "Mozilla/5.0 AppleWebKit/537.36 (KHTML, like Gecko; compatible; ClaudeBot/1.0; +claudebot@anthropic.com)" 1309 **1/1309883**
114.119.151.233 - - [16/Jan/2026:08:22:02 -0700] "GET /uwx11/west-oaks-mall-shoe-stores.html HTTP/1.1" 301 337 "https://24doghelper.ru/4czhfv9/crown-boiler-bsi-103.html" "Mozilla/5.0 (Linux; Android 7.0;) AppleWebKit/537.36 (KHTML, like Gecko) Mobile Safari/537.36 (compatible; PetalBot;+https://webmaster.petalsearch.com/site/petalbot)" 1756 **1/1756258**
114.119.151.233 - - [16/Jan/2026:08:22:05 -0700] "GET /uwx11/west-oaks-mall-shoe-stores.html HTTP/1.1" 404 59131 "https://24doghelper.ru/4czhfv9/crown-boiler-bsi-103.html" "Mozilla/5.0 (Linux; Android 7.0;) AppleWebKit/537.36 (KHTML, like Gecko) Mobile Safari/537.36 (compatible; PetalBot;+https://webmaster.petalsearch.com/site/petalbot)" 1306 **1/1306060**
216.73.216.56 - - [16/Jan/2026:08:22:44 -0700] "GET /?e=602020c0dbf8 HTTP/1.1" 301 149 "-" "Mozilla/5.0 AppleWebKit/537.36 (KHTML, like Gecko; compatible; ClaudeBot/1.0; +claudebot@anthropic.com)" 910 **0/910975**
216.73.216.56 - - [16/Jan/2026:08:23:12 -0700] "GET /?e=2229058a99ej9 HTTP/1.1" 301 149 "-" "Mozilla/5.0 AppleWebKit/537.36 (KHTML, like Gecko; compatible; ClaudeBot/1.0; +claudebot@anthropic.com)" 1067 **1/1067768**
114.119.153.246 - - [16/Jan/2026:08:23:24 -0700] "GET /uwx11/weird-implantation-symptoms.html HTTP/1.1" 301 337 "http://info.wahdah-group.com/1i9agpg/ramon-ayala-tour-schedule.html" "Mozilla/5.0 (Linux; Android 7.0;) AppleWebKit/537.36 (KHTML, like Gecko) Mobile Safari/537.36 (compatible; PetalBot;+https://webmaster.petalsearch.com/site/petalbot)" 941 **0/941245**
114.119.153.246 - - [16/Jan/2026:08:23:25 -0700] "GET /uwx11/weird-implantation-symptoms.html HTTP/1.1" 404 59131 "http://info.wahdah-group.com/1i9agpg/ramon-ayala-tour-schedule.html" "Mozilla/5.0 (Linux; Android 7.0;) AppleWebKit/537.36 (KHTML, like Gecko) Mobile Safari/537.36 (compatible; PetalBot;+https://webmaster.petalsearch.com/site/petalbot)" 1347 **1/1347414**
103.131.71.53 - - [16/Jan/2026:08:23:42 -0700] "GET /robots.txt HTTP/1.1" 301 337 "-" "Mozilla/5.0 (compatible; coccocbot-image/1.0; +http://help.coccoc.com/searchengine)" 1478 **1/1478334**
103.131.71.53 - - [16/Jan/2026:08:24:05 -0700] "GET /robots.txt HTTP/1.1" 200 243 "-" "Mozilla/5.0 (compatible; coccocbot-image/1.0; +http://help.coccoc.com/searchengine)" 1205 **1/1205412**
103.131.71.36 - - [16/Jan/2026:08:24:32 -0700] "GET /robots.txt HTTP/1.1" 200 243 "-" "Mozilla/5.0 (compatible; coccocbot-image/1.0; +http://help.coccoc.com/searchengine)" 1313 **1/1313294**
216.73.216.56 - - [16/Jan/2026:08:24:44 -0700] "GET /?e=460799467f44e HTTP/1.1" 301 149 "-" "Mozilla/5.0 AppleWebKit/537.36 (KHTML, like Gecko; compatible; ClaudeBot/1.0; +claudebot@anthropic.com)" 944 **0/944769**
114.119.153.246 - - [16/Jan/2026:08:24:49 -0700] "GET /uwx11/wctv-news-live.html HTTP/1.1" 301 337 "https://www.test.rehmantextile.com/8ppo3v/glock-43-frame-stippled.html" "Mozilla/5.0 (Linux; Android 7.0;) AppleWebKit/537.36 (KHTML, like Gecko) Mobile Safari/537.36 (compatible; PetalBot;+https://webmaster.petalsearch.com/site/petalbot)" 1071 **1/1071111**
114.119.153.246 - - [16/Jan/2026:08:24:51 -0700] "GET /uwx11/wctv-news-live.html HTTP/1.1" 404 59131 "https://www.test.rehmantextile.com/8ppo3v/glock-43-frame-stippled.html" "Mozilla/5.0 (Linux; Android 7.0;) AppleWebKit/537.36 (KHTML, like Gecko) Mobile Safari/537.36 (compatible; PetalBot;+https://webmaster.petalsearch.com/site/petalbot)" 1251 **1/1251116**
216.73.216.56 - - [16/Jan/2026:08:25:31 -0700] "GET /?e=2206159beb3a6 HTTP/1.1" 301 149 "-" "Mozilla/5.0 AppleWebKit/537.36 (KHTML, like Gecko; compatible; ClaudeBot/1.0; +claudebot@anthropic.com)" 1613 **1/1613932**
216.73.216.56 - - [16/Jan/2026:08:25:32 -0700] "GET /?path=%2F%2Flib%2Fmodules%2F4.18.0-553.52.1.lve.el8.x86_64%2Fkernel%2Fblock HTTP/1.1" 301 149 "-" "Mozilla/5.0 AppleWebKit/537.36 (KHTML, like Gecko; compatible; ClaudeBot/1.0; +claudebot@anthropic.com)" 1677 **1/1677554**
216.73.216.56 - - [16/Jan/2026:08:25:39 -0700] "GET /?e=42961092d5ec9 HTTP/1.1" 301 149 "-" "Mozilla/5.0 AppleWebKit/537.36 (KHTML, like Gecko; compatible; ClaudeBot/1.0; +claudebot@anthropic.com)" 1267 **1/1267703**
216.73.216.56 - - [16/Jan/2026:08:25:40 -0700] "GET /?e=163596437e2ga HTTP/1.1" 301 149 "-" "Mozilla/5.0 AppleWebKit/537.36 (KHTML, like Gecko; compatible; ClaudeBot/1.0; +claudebot@anthropic.com)" 1442 **1/1442859**
216.73.216.56 - - [16/Jan/2026:08:25:43 -0700] "GET /?e=310757f14b84 HTTP/1.1" 301 149 "-" "Mozilla/5.0 AppleWebKit/537.36 (KHTML, like Gecko; compatible; ClaudeBot/1.0; +claudebot@anthropic.com)" 1312 **1/1312656**
216.73.216.56 - - [16/Jan/2026:08:25:44 -0700] "GET /?e=4211429c0b2dc HTTP/1.1" 301 149 "-" "Mozilla/5.0 AppleWebKit/537.36 (KHTML, like Gecko; compatible; ClaudeBot/1.0; +claudebot@anthropic.com)" 1265 **1/1265129**
216.73.216.56 - - [16/Jan/2026:08:25:47 -0700] "GET /?e=26210280bdagi HTTP/1.1" 301 149 "-" "Mozilla/5.0 AppleWebKit/537.36 (KHTML, like Gecko; compatible; ClaudeBot/1.0; +claudebot@anthropic.com)" 1275 **1/1275895**
216.73.216.56 - - [16/Jan/2026:08:25:51 -0700] "GET /?fileloc=%2F%2Fusr%2Flib%2Fdracut%2Fmodules.d%2F90qemu-net%2Fmodule-setup.sh&path=%2F%2Fusr%2Flib%2Fdracut%2Fmodules.d%2F90qemu-net HTTP/1.1" 301 149 "-" "Mozilla/5.0 AppleWebKit/537.36 (KHTML, like Gecko; compatible; ClaudeBot/1.0; +claudebot@anthropic.com)" 858 **0/858125**
216.73.216.56 - - [16/Jan/2026:08:25:54 -0700] "GET /?fileloc=%2F%2Fusr%2Flib%2Fudev%2Fhwdb.d%2F80-ieee1394-unit-function.hwdb&path=%2F%2Fusr%2Flib%2Fudev%2Fhwdb.d HTTP/1.1" 301 149 "-" "Mozilla/5.0 AppleWebKit/537.36 (KHTML, like Gecko; compatible; ClaudeBot/1.0; +claudebot@anthropic.com)" 860 **0/860775**
216.73.216.56 - - [16/Jan/2026:08:25:57 -0700] "GET /?e=32293417dffei HTTP/1.1" 301 149 "-" "Mozilla/5.0 AppleWebKit/537.36 (KHTML, like Gecko; compatible; ClaudeBot/1.0; +claudebot@anthropic.com)" 855 **0/855971**
216.73.216.56 - - [16/Jan/2026:08:26:00 -0700] "GET /?e=1703049d00g2a HTTP/1.1" 301 149 "-" "Mozilla/5.0 AppleWebKit/537.36 (KHTML, like Gecko; compatible; ClaudeBot/1.0; +claudebot@anthropic.com)" 1502 **1/1502396**
216.73.216.56 - - [16/Jan/2026:08:26:01 -0700] "GET /?e=302035h8eb47 HTTP/1.1" 301 149 "-" "Mozilla/5.0 AppleWebKit/537.36 (KHTML, like Gecko; compatible; ClaudeBot/1.0; +claudebot@anthropic.com)" 1295 **1/1295299**
216.73.216.56 - - [16/Jan/2026:08:26:06 -0700] "GET /?e=3081348b7hbe0 HTTP/1.1" 301 149 "-" "Mozilla/5.0 AppleWebKit/537.36 (KHTML, like Gecko; compatible; ClaudeBot/1.0; +claudebot@anthropic.com)" 1722 **1/1722303**
216.73.216.56 - - [16/Jan/2026:08:26:11 -0700] "GET /?e=938933hf441a HTTP/1.1" 301 149 "-" "Mozilla/5.0 AppleWebKit/537.36 (KHTML, like Gecko; compatible; ClaudeBot/1.0; +claudebot@anthropic.com)" 951 **0/951579**
114.119.151.233 - - [16/Jan/2026:08:26:13 -0700] "GET /uwx11/war-2-movie-hrithik.html HTTP/1.1" 301 337 "http://informdesignstudio.com/t5dy/aiden-fucci-childhood.html" "Mozilla/5.0 (Linux; Android 7.0;) AppleWebKit/537.36 (KHTML, like Gecko) Mobile Safari/537.36 (compatible; PetalBot;+https://webmaster.petalsearch.com/site/petalbot)" 1552 **1/1552959**
114.119.151.233 - - [16/Jan/2026:08:26:14 -0700] "GET /uwx11/war-2-movie-hrithik.html HTTP/1.1" 404 59131 "http://informdesignstudio.com/t5dy/aiden-fucci-childhood.html" "Mozilla/5.0 (Linux; Android 7.0;) AppleWebKit/537.36 (KHTML, like Gecko) Mobile Safari/537.36 (compatible; PetalBot;+https://webmaster.petalsearch.com/site/petalbot)" 2480 **2/2480402**
216.73.216.56 - - [16/Jan/2026:08:26:15 -0700] "GET /?e=50073425ei2j9 HTTP/1.1" 301 149 "-" "Mozilla/5.0 AppleWebKit/537.36 (KHTML, like Gecko; compatible; ClaudeBot/1.0; +claudebot@anthropic.com)" 1535 **1/1535628**
216.73.216.56 - - [16/Jan/2026:08:26:20 -0700] "GET /?e=63724iefaa HTTP/1.1" 301 149 "-" "Mozilla/5.0 AppleWebKit/537.36 (KHTML, like Gecko; compatible; ClaudeBot/1.0; +claudebot@anthropic.com)" 1259 **1/1259031**
216.73.216.56 - - [16/Jan/2026:08:26:25 -0700] "GET /?e=435153011e33g HTTP/1.1" 301 149 "-" "Mozilla/5.0 AppleWebKit/537.36 (KHTML, like Gecko; compatible; ClaudeBot/1.0; +claudebot@anthropic.com)" 913 **0/913256**
216.73.216.56 - - [16/Jan/2026:08:26:29 -0700] "GET /?e=249525idaeg4 HTTP/1.1" 301 149 "-" "Mozilla/5.0 AppleWebKit/537.36 (KHTML, like Gecko; compatible; ClaudeBot/1.0; +claudebot@anthropic.com)" 1010 **1/1010537**
216.73.216.56 - - [16/Jan/2026:08:26:32 -0700] "GET /?e=371466460jgge HTTP/1.1" 301 149 "-" "Mozilla/5.0 AppleWebKit/537.36 (KHTML, like Gecko; compatible; ClaudeBot/1.0; +claudebot@anthropic.com)" 906 **0/906838**
216.73.216.56 - - [16/Jan/2026:08:26:37 -0700] "GET /?e=4415886g8ei74 HTTP/1.1" 301 149 "-" "Mozilla/5.0 AppleWebKit/537.36 (KHTML, like Gecko; compatible; ClaudeBot/1.0; +claudebot@anthropic.com)" 909 **0/909003**
216.73.216.56 - - [16/Jan/2026:08:26:41 -0700] "GET /?e=1555335hcj11 HTTP/1.1" 301 149 "-" "Mozilla/5.0 AppleWebKit/537.36 (KHTML, like Gecko; compatible; ClaudeBot/1.0; +claudebot@anthropic.com)" 1395 **1/1395863**
216.73.216.56 - - [16/Jan/2026:08:26:46 -0700] "GET /?e=4217080e9f1f1 HTTP/1.1" 301 149 "-" "Mozilla/5.0 AppleWebKit/537.36 (KHTML, like Gecko; compatible; ClaudeBot/1.0; +claudebot@anthropic.com)" 1317 **1/1317723**
216.73.216.56 - - [16/Jan/2026:08:26:54 -0700] "GET /?e=389718b5831e HTTP/1.1" 301 149 "-" "Mozilla/5.0 AppleWebKit/537.36 (KHTML, like Gecko; compatible; ClaudeBot/1.0; +claudebot@anthropic.com)" 979 **0/979096**
216.73.216.56 - - [16/Jan/2026:08:26:59 -0700] "GET /?e=334259941eb9a HTTP/1.1" 301 149 "-" "Mozilla/5.0 AppleWebKit/537.36 (KHTML, like Gecko; compatible; ClaudeBot/1.0; +claudebot@anthropic.com)" 1281 **1/1281074**
216.73.216.56 - - [16/Jan/2026:08:27:05 -0700] "GET /?e=49777760chjjd HTTP/1.1" 301 149 "-" "Mozilla/5.0 AppleWebKit/537.36 (KHTML, like Gecko; compatible; ClaudeBot/1.0; +claudebot@anthropic.com)" 1786 **1/1786270**
216.73.216.56 - - [16/Jan/2026:08:27:12 -0700] "GET /?e=279413dafda HTTP/1.1" 301 149 "-" "Mozilla/5.0 AppleWebKit/537.36 (KHTML, like Gecko; compatible; ClaudeBot/1.0; +claudebot@anthropic.com)" 1126 **1/1126978**
216.73.216.56 - - [16/Jan/2026:08:27:18 -0700] "GET /?e=17329619h7030 HTTP/1.1" 301 149 "-" "Mozilla/5.0 AppleWebKit/537.36 (KHTML, like Gecko; compatible; ClaudeBot/1.0; +claudebot@anthropic.com)" 1100 **1/1100073**
216.73.216.56 - - [16/Jan/2026:08:27:26 -0700] "GET /?e=160326i1ajgh HTTP/1.1" 301 149 "-" "Mozilla/5.0 AppleWebKit/537.36 (KHTML, like Gecko; compatible; ClaudeBot/1.0; +claudebot@anthropic.com)" 938 **0/938384**
216.73.216.56 - - [16/Jan/2026:08:27:31 -0700] "GET /?e=2092440i292h8 HTTP/1.1" 301 149 "-" "Mozilla/5.0 AppleWebKit/537.36 (KHTML, like Gecko; compatible; ClaudeBot/1.0; +claudebot@anthropic.com)" 1239 **1/1239708**
114.119.129.113 - - [16/Jan/2026:08:27:35 -0700] "GET /uwx11/wall-mounted-adjustable-shelving-systems.html HTTP/1.1" 301 337 "https://riaaninternational.com/ejlifjl/anxiety-attack-after-argument.html" "Mozilla/5.0 (Linux; Android 7.0;) AppleWebKit/537.36 (KHTML, like Gecko) Mobile Safari/537.36 (compatible; PetalBot;+https://webmaster.petalsearch.com/site/petalbot)" 925 **0/925346**
114.119.129.113 - - [16/Jan/2026:08:27:37 -0700] "GET /uwx11/wall-mounted-adjustable-shelving-systems.html HTTP/1.1" 404 59131 "https://riaaninternational.com/ejlifjl/anxiety-attack-after-argument.html" "Mozilla/5.0 (Linux; Android 7.0;) AppleWebKit/537.36 (KHTML, like Gecko) Mobile Safari/537.36 (compatible; PetalBot;+https://webmaster.petalsearch.com/site/petalbot)" 1501 **1/1501434**
216.73.216.56 - - [16/Jan/2026:08:27:38 -0700] "GET /?e=4323139h7a16h HTTP/1.1" 301 149 "-" "Mozilla/5.0 AppleWebKit/537.36 (KHTML, like Gecko; compatible; ClaudeBot/1.0; +claudebot@anthropic.com)" 1197 **1/1197612**
216.73.216.56 - - [16/Jan/2026:08:27:45 -0700] "GET /?e=40475513g0ihh HTTP/1.1" 301 149 "-" "Mozilla/5.0 AppleWebKit/537.36 (KHTML, like Gecko; compatible; ClaudeBot/1.0; +claudebot@anthropic.com)" 1215 **1/1215025**
216.73.216.56 - - [16/Jan/2026:08:27:49 -0700] "GET /?fileloc=%2F%2Fusr%2Flib%2Flocale%2Fde_AT%2FLC_NAME&path=%2F%2Fusr%2Flib%2Flocale%2Fde_AT HTTP/1.1" 301 149 "-" "Mozilla/5.0 AppleWebKit/537.36 (KHTML, like Gecko; compatible; ClaudeBot/1.0; +claudebot@anthropic.com)" 1338 **1/1338069**
216.73.216.56 - - [16/Jan/2026:08:27:52 -0700] "GET /?e=2345139513jji HTTP/1.1" 301 149 "-" "Mozilla/5.0 AppleWebKit/537.36 (KHTML, like Gecko; compatible; ClaudeBot/1.0; +claudebot@anthropic.com)" 1420 **1/1420548**
216.73.216.56 - - [16/Jan/2026:08:28:02 -0700] "GET /?e=18011421a4b1h HTTP/1.1" 301 149 "-" "Mozilla/5.0 AppleWebKit/537.36 (KHTML, like Gecko; compatible; ClaudeBot/1.0; +claudebot@anthropic.com)" 1280 **1/1280877**
216.73.216.56 - - [16/Jan/2026:08:28:11 -0700] "GET /?e=4079792jg5aid HTTP/1.1" 301 149 "-" "Mozilla/5.0 AppleWebKit/537.36 (KHTML, like Gecko; compatible; ClaudeBot/1.0; +claudebot@anthropic.com)" 1474 **1/1474971**
216.73.216.56 - - [16/Jan/2026:08:28:20 -0700] "GET /?e=17501757a7fh4 HTTP/1.1" 301 149 "-" "Mozilla/5.0 AppleWebKit/537.36 (KHTML, like Gecko; compatible; ClaudeBot/1.0; +claudebot@anthropic.com)" 968 **0/968881**
184.168.114.89 - - [16/Jan/2026:08:28:34 -0700] "POST /wp-cron.php?doing_wp_cron=1768577314.3226010799407958984375 HTTP/1.1" 200 - "-" "WordPress/6.8.1; https://www.veronaae.com" 18 **0/18030**
216.73.216.56 - - [16/Jan/2026:08:28:33 -0700] "GET /?e=5050849df438g HTTP/1.1" 301 149 "-" "Mozilla/5.0 AppleWebKit/537.36 (KHTML, like Gecko; compatible; ClaudeBot/1.0; +claudebot@anthropic.com)" 1028 **1/1028093**
216.73.216.56 - - [16/Jan/2026:08:28:44 -0700] "GET /?fileloc=%2F%2Fusr%2Flib%2Ffirmware%2Fmoxa%2Fmoxa-1613.fw&path=%2F%2Fusr%2Flib%2Ffirmware%2Fmoxa HTTP/1.1" 301 149 "-" "Mozilla/5.0 AppleWebKit/537.36 (KHTML, like Gecko; compatible; ClaudeBot/1.0; +claudebot@anthropic.com)" 1076 **1/1076266**
216.73.216.56 - - [16/Jan/2026:08:28:53 -0700] "GET /?fileloc=%2F%2Fusr%2Flib%2Fkbd%2Fconsolefonts%2FMik_8x16.gz&path=%2F%2Fusr%2Flib%2Fkbd%2Fconsolefonts HTTP/1.1" 301 149 "-" "Mozilla/5.0 AppleWebKit/537.36 (KHTML, like Gecko; compatible; ClaudeBot/1.0; +claudebot@anthropic.com)" 921 **0/921891**
114.119.159.152 - - [16/Jan/2026:08:29:02 -0700] "GET /uwx11/walk-behind-excavator-rental.html HTTP/1.1" 301 337 "https://zeehurmaz.com/zqhyj/ford-f100-for-sale-craigslist-georgia.html" "Mozilla/5.0 (Linux; Android 7.0;) AppleWebKit/537.36 (KHTML, like Gecko) Mobile Safari/537.36 (compatible; PetalBot;+https://webmaster.petalsearch.com/site/petalbot)" 1758 **1/1758511**
114.119.159.152 - - [16/Jan/2026:08:29:04 -0700] "GET /uwx11/walk-behind-excavator-rental.html HTTP/1.1" 404 59131 "https://zeehurmaz.com/zqhyj/ford-f100-for-sale-craigslist-georgia.html" "Mozilla/5.0 (Linux; Android 7.0;) AppleWebKit/537.36 (KHTML, like Gecko) Mobile Safari/537.36 (compatible; PetalBot;+https://webmaster.petalsearch.com/site/petalbot)" 1457 **1/1457081**
216.73.216.56 - - [16/Jan/2026:08:29:05 -0700] "GET /?fileloc=%2F%2Fusr%2Flib%2Fkbd%2Fconsolefonts%2Fdrdos8x6.psfu.gz&path=%2F%2Fusr%2Flib%2Fkbd%2Fconsolefonts HTTP/1.1" 301 149 "-" "Mozilla/5.0 AppleWebKit/537.36 (KHTML, like Gecko; compatible; ClaudeBot/1.0; +claudebot@anthropic.com)" 1444 **1/1444658**
216.73.216.56 - - [16/Jan/2026:08:29:15 -0700] "GET /?e=17755742caad4 HTTP/1.1" 301 149 "-" "Mozilla/5.0 AppleWebKit/537.36 (KHTML, like Gecko; compatible; ClaudeBot/1.0; +claudebot@anthropic.com)" 1283 **1/1283293**
216.73.216.56 - - [16/Jan/2026:08:29:28 -0700] "GET /?e=907083e3ibd1 HTTP/1.1" 301 149 "-" "Mozilla/5.0 AppleWebKit/537.36 (KHTML, like Gecko; compatible; ClaudeBot/1.0; +claudebot@anthropic.com)" 977 **0/977711**
216.73.216.56 - - [16/Jan/2026:08:29:42 -0700] "GET /?e=1990231jibf7i HTTP/1.1" 301 149 "-" "Mozilla/5.0 AppleWebKit/537.36 (KHTML, like Gecko; compatible; ClaudeBot/1.0; +claudebot@anthropic.com)" 1172 **1/1172108**
216.73.216.56 - - [16/Jan/2026:08:29:50 -0700] "GET /?fileloc=%2F%2Fusr%2Flib%2Flocale%2Fde_IT%2FLC_NUMERIC&path=%2F%2Fusr%2Flib%2Flocale%2Fde_IT HTTP/1.1" 301 149 "-" "Mozilla/5.0 AppleWebKit/537.36 (KHTML, like Gecko; compatible; ClaudeBot/1.0; +claudebot@anthropic.com)" 916 **0/916316**
216.73.216.56 - - [16/Jan/2026:08:30:04 -0700] "GET /?fileloc=%2F%2Fusr%2Flib%2Ffirmware%2Fiwlwifi-bz-b0-hr-b0-96.ucode&path=%2F%2Fusr%2Flib%2Ffirmware HTTP/1.1" 301 149 "-" "Mozilla/5.0 AppleWebKit/537.36 (KHTML, like Gecko; compatible; ClaudeBot/1.0; +claudebot@anthropic.com)" 1327 **1/1327872**
216.73.216.56 - - [16/Jan/2026:08:30:17 -0700] "GET /?fileloc=%2F%2Fusr%2Flib%2F.build-id%2F4e%2F97fbe8b86fae8f8ebd454dced755f8c00d8722&path=%2F%2Fusr%2Flib%2F.build-id%2F4e HTTP/1.1" 301 149 "-" "Mozilla/5.0 AppleWebKit/537.36 (KHTML, like Gecko; compatible; ClaudeBot/1.0; +claudebot@anthropic.com)" 1293 **1/1293021**
114.119.153.246 - - [16/Jan/2026:08:30:22 -0700] "GET /uwx11/vw-gti-water-leak-inside.html HTTP/1.1" 301 337 "https://zeehurmaz.com/zqhyj/watch-gokushufudou-live-action.html" "Mozilla/5.0 (Linux; Android 7.0;) AppleWebKit/537.36 (KHTML, like Gecko) Mobile Safari/537.36 (compatible; PetalBot;+https://webmaster.petalsearch.com/site/petalbot)" 1695 **1/1695259**
114.119.153.246 - - [16/Jan/2026:08:30:24 -0700] "GET /uwx11/vw-gti-water-leak-inside.html HTTP/1.1" 404 59131 "https://zeehurmaz.com/zqhyj/watch-gokushufudou-live-action.html" "Mozilla/5.0 (Linux; Android 7.0;) AppleWebKit/537.36 (KHTML, like Gecko) Mobile Safari/537.36 (compatible; PetalBot;+https://webmaster.petalsearch.com/site/petalbot)" 1173 **1/1173133**
216.73.216.56 - - [16/Jan/2026:08:30:39 -0700] "GET /?fileloc=%2F%2Fusr%2Flib%2F.build-id%2F1f%2F525896c9a12926bdf4e709d2201bc202d001f2&path=%2F%2Fusr%2Flib%2F.build-id%2F1f HTTP/1.1" 301 149 "-" "Mozilla/5.0 AppleWebKit/537.36 (KHTML, like Gecko; compatible; ClaudeBot/1.0; +claudebot@anthropic.com)" 922 **0/922876**
57.141.20.42 - - [16/Jan/2026:08:30:55 -0700] "GET /?e=3955005ca53de HTTP/1.1" 301 337 "-" "meta-externalagent/1.1 (+https://developers.facebook.com/docs/sharing/webmasters/crawler)" 1425 **1/1425698**
216.73.216.56 - - [16/Jan/2026:08:30:55 -0700] "GET /?fileloc=%2Fhome%2Fbpw3460lz1vy%2Fwww%2Fwp-includes%2Fblock-supports%2Fclass-wp-network-query.php&path=%2Fhome%2Fbpw3460lz1vy%2Fwww%2Fwp-includes%2Fblock-supports HTTP/1.1" 301 149 "-" "Mozilla/5.0 AppleWebKit/537.36 (KHTML, like Gecko; compatible; ClaudeBot/1.0; +claudebot@anthropic.com)" 1409 **1/1409897**
216.73.216.56 - - [16/Jan/2026:08:31:10 -0700] "GET /?fileloc=%2F%2Fusr%2Flib%2Fkbd%2Fkeymaps%2Fxkb%2Fbe-sundeadkeys.map.gz&path=%2F%2Fusr%2Flib%2Fkbd%2Fkeymaps%2Fxkb HTTP/1.1" 301 149 "-" "Mozilla/5.0 AppleWebKit/537.36 (KHTML, like Gecko; compatible; ClaudeBot/1.0; +claudebot@anthropic.com)" 1046 **1/1046517**
216.73.216.56 - - [16/Jan/2026:08:31:24 -0700] "GET /?fileloc=%2Fhome%2Fbpw3460lz1vy%2Fwww%2Fwp-includes%2Fblock-supports%2Fclass-wp-error.php&path=%2Fhome%2Fbpw3460lz1vy%2Fwww%2Fwp-includes%2Fblock-supports HTTP/1.1" 301 149 "-" "Mozilla/5.0 AppleWebKit/537.36 (KHTML, like Gecko; compatible; ClaudeBot/1.0; +claudebot@anthropic.com)" 1150 **1/1150693**
216.73.216.56 - - [16/Jan/2026:08:31:39 -0700] "GET /?fileloc=%2F%2Flib%2Ffirmware%2Fnvidia%2Ftu116%2Fgsp%2Fbooter_load-535.113.01.bin&path=%2F%2Flib%2Ffirmware%2Fnvidia%2Ftu116%2Fgsp HTTP/1.1" 301 149 "-" "Mozilla/5.0 AppleWebKit/537.36 (KHTML, like Gecko; compatible; ClaudeBot/1.0; +claudebot@anthropic.com)" 1018 **1/1018574**
114.119.151.233 - - [16/Jan/2026:08:31:45 -0700] "GET /uwx11/vrbo-raleigh-nc.html HTTP/1.1" 301 337 "https://insidenarayanganj.net/rl2eif/news-12-good-samaritan-hospital.html" "Mozilla/5.0 (Linux; Android 7.0;) AppleWebKit/537.36 (KHTML, like Gecko) Mobile Safari/537.36 (compatible; PetalBot;+https://webmaster.petalsearch.com/site/petalbot)" 932 **0/932389**
114.119.151.233 - - [16/Jan/2026:08:31:46 -0700] "GET /uwx11/vrbo-raleigh-nc.html HTTP/1.1" 404 59131 "https://insidenarayanganj.net/rl2eif/news-12-good-samaritan-hospital.html" "Mozilla/5.0 (Linux; Android 7.0;) AppleWebKit/537.36 (KHTML, like Gecko) Mobile Safari/537.36 (compatible; PetalBot;+https://webmaster.petalsearch.com/site/petalbot)" 1181 **1/1181892**
216.73.216.56 - - [16/Jan/2026:08:31:54 -0700] "GET /?fileloc=%2F%2Fusr%2Flib%2F.build-id%2F5f%2Ff5e2e90f5c761fe7b6fa546419eae2dd8def78&path=%2F%2Fusr%2Flib%2F.build-id%2F5f HTTP/1.1" 301 149 "-" "Mozilla/5.0 AppleWebKit/537.36 (KHTML, like Gecko; compatible; ClaudeBot/1.0; +claudebot@anthropic.com)" 943 **0/943872**
216.73.216.56 - - [16/Jan/2026:08:32:10 -0700] "GET /?fileloc=%2F%2Fusr%2Flib%2F.build-id%2F09%2Fe3534a573f854cdc4b91abf3500facbc3283fb&path=%2F%2Fusr%2Flib%2F.build-id%2F09 HTTP/1.1" 301 149 "-" "Mozilla/5.0 AppleWebKit/537.36 (KHTML, like Gecko; compatible; ClaudeBot/1.0; +claudebot@anthropic.com)" 1641 **1/1641570**
216.73.216.56 - - [16/Jan/2026:08:32:26 -0700] "GET /?fileloc=%2F%2Fusr%2Flib%2F.build-id%2F0a%2F8d90b02e03bec669ad48904fc81d2477527d8b&path=%2F%2Fusr%2Flib%2F.build-id%2F0a HTTP/1.1" 301 149 "-" "Mozilla/5.0 AppleWebKit/537.36 (KHTML, like Gecko; compatible; ClaudeBot/1.0; +claudebot@anthropic.com)" 1276 **1/1276552**
216.73.216.56 - - [16/Jan/2026:08:32:41 -0700] "GET /?e=4263267eg6812 HTTP/1.1" 301 149 "-" "Mozilla/5.0 AppleWebKit/537.36 (KHTML, like Gecko; compatible; ClaudeBot/1.0; +claudebot@anthropic.com)" 1153 **1/1153062**
216.73.216.56 - - [16/Jan/2026:08:32:57 -0700] "GET /?e=24216950bgd4g HTTP/1.1" 301 149 "-" "Mozilla/5.0 AppleWebKit/537.36 (KHTML, like Gecko; compatible; ClaudeBot/1.0; +claudebot@anthropic.com)" 1141 **1/1141340**
114.119.129.113 - - [16/Jan/2026:08:33:10 -0700] "GET /uwx11/volvo-xc90-range-electric.html HTTP/1.1" 301 337 "http://proind.com.ar/gqbdxkw/healthstone-macro-dragonflight.html" "Mozilla/5.0 (Linux; Android 7.0;) AppleWebKit/537.36 (KHTML, like Gecko) Mobile Safari/537.36 (compatible; PetalBot;+https://webmaster.petalsearch.com/site/petalbot)" 1433 **1/1433930**
216.73.216.56 - - [16/Jan/2026:08:33:11 -0700] "GET /?e=4009358626b48 HTTP/1.1" 301 149 "-" "Mozilla/5.0 AppleWebKit/537.36 (KHTML, like Gecko; compatible; ClaudeBot/1.0; +claudebot@anthropic.com)" 1391 **1/1391617**
