216.73.216.56 - - [16/Jan/2026:06:02:05 -0700] "GET /?fileloc=%2F%2Flib%2Ffirmware%2Fnvidia%2Ftu104%2Fgr%2Ffecs_sig.bin&path=%2F%2Flib%2Ffirmware%2Fnvidia%2Ftu104%2Fgr HTTP/1.1" 301 149 "-" "Mozilla/5.0 AppleWebKit/537.36 (KHTML, like Gecko; compatible; ClaudeBot/1.0; +claudebot@anthropic.com)" 2162 **2/2162711**
216.73.216.56 - - [16/Jan/2026:06:02:09 -0700] "GET /?fileloc=%2F%2Flib%2Ffirmware%2Fnvidia%2Ftu106%2Fgsp%2Fbootloader-570.144.bin&path=%2F%2Flib%2Ffirmware%2Fnvidia%2Ftu106%2Fgsp HTTP/1.1" 301 149 "-" "Mozilla/5.0 AppleWebKit/537.36 (KHTML, like Gecko; compatible; ClaudeBot/1.0; +claudebot@anthropic.com)" 1065 **1/1065651**
216.73.216.56 - - [16/Jan/2026:06:02:14 -0700] "GET /?fileloc=%2F%2Fusr%2Flib%2Fkbd%2Fconsolefonts%2Flat2-12.psfu.gz&path=%2F%2Fusr%2Flib%2Fkbd%2Fconsolefonts HTTP/1.1" 301 149 "-" "Mozilla/5.0 AppleWebKit/537.36 (KHTML, like Gecko; compatible; ClaudeBot/1.0; +claudebot@anthropic.com)" 1245 **1/1245841**
216.73.216.56 - - [16/Jan/2026:06:02:17 -0700] "GET /?fileloc=%2F%2Flib%2Ffirmware%2Fintel%2Fvpu%2Fvpu_37xx_v0.0.bin&path=%2F%2Flib%2Ffirmware%2Fintel%2Fvpu HTTP/1.1" 301 149 "-" "Mozilla/5.0 AppleWebKit/537.36 (KHTML, like Gecko; compatible; ClaudeBot/1.0; +claudebot@anthropic.com)" 1029 **1/1029276**
216.73.216.56 - - [16/Jan/2026:06:02:23 -0700] "GET /?fileloc=%2F%2Flib%2Ffirmware%2Fintel%2Fvsc%2Fivsc_pkg_ovti2740_0.bin&path=%2F%2Flib%2Ffirmware%2Fintel%2Fvsc HTTP/1.1" 301 149 "-" "Mozilla/5.0 AppleWebKit/537.36 (KHTML, like Gecko; compatible; ClaudeBot/1.0; +claudebot@anthropic.com)" 1480 **1/1480197**
135.181.166.38 - - [16/Jan/2026:06:02:26 -0700] "GET /?e=1784969 HTTP/1.1" 301 337 "-" "Mozilla/5.0 (compatible; SERankingBacklinksBot/1.0; +https://seranking.com/backlinks-crawler)" 1218 **1/1218958**
57.141.20.10 - - [16/Jan/2026:06:02:40 -0700] "GET /?e=149565956gjf6 HTTP/1.1" 301 337 "-" "meta-externalagent/1.1 (+https://developers.facebook.com/docs/sharing/webmasters/crawler)" 1157 **1/1157446**
114.119.157.189 - - [16/Jan/2026:06:02:41 -0700] "GET /xlnbgql/bands-beginning-with-w.html HTTP/1.1" 301 337 "https://xlibrary.xyz/a6wdfrg/catholic-surrender-prayer-novena.html" "Mozilla/5.0 (Linux; Android 7.0;) AppleWebKit/537.36 (KHTML, like Gecko) Mobile Safari/537.36 (compatible; PetalBot;+https://webmaster.petalsearch.com/site/petalbot)" 1741 **1/1741476**
114.119.157.189 - - [16/Jan/2026:06:02:43 -0700] "GET /xlnbgql/bands-beginning-with-w.html HTTP/1.1" 404 59131 "https://xlibrary.xyz/a6wdfrg/catholic-surrender-prayer-novena.html" "Mozilla/5.0 (Linux; Android 7.0;) AppleWebKit/537.36 (KHTML, like Gecko) Mobile Safari/537.36 (compatible; PetalBot;+https://webmaster.petalsearch.com/site/petalbot)" 2174 **2/2174602**
114.119.157.158 - - [16/Jan/2026:06:04:05 -0700] "GET /xlnbgql/baby-shower-venues-chula-vista.html HTTP/1.1" 301 337 "https://topforums.ru/bitrix/admin/uwivgeid/indiana-probation-officer-training.html" "Mozilla/5.0 (Linux; Android 7.0;) AppleWebKit/537.36 (KHTML, like Gecko) Mobile Safari/537.36 (compatible; PetalBot;+https://webmaster.petalsearch.com/site/petalbot)" 2019 **2/2019469**
114.119.157.158 - - [16/Jan/2026:06:04:08 -0700] "GET /xlnbgql/baby-shower-venues-chula-vista.html HTTP/1.1" 404 59131 "https://topforums.ru/bitrix/admin/uwivgeid/indiana-probation-officer-training.html" "Mozilla/5.0 (Linux; Android 7.0;) AppleWebKit/537.36 (KHTML, like Gecko) Mobile Safari/537.36 (compatible; PetalBot;+https://webmaster.petalsearch.com/site/petalbot)" 4377 **4/4377511**
155.94.129.99 - - [16/Jan/2026:06:04:20 -0700] "GET /Telerik.Web.UI.WebResource.axd?type=rau HTTP/1.1" 301 337 "-" "Mozilla/5.0 (Macintosh; Intel Mac OS X 10_15_7) AppleWebKit/537.36 (KHTML, like Gecko) Version/15.2 Safari/537.36" 1881 **1/1881622**
57.141.20.10 - - [16/Jan/2026:06:04:34 -0700] "GET /?s=26900159001760 HTTP/1.1" 200 337 "-" "meta-externalagent/1.1 (+https://developers.facebook.com/docs/sharing/webmasters/crawler)" 2174 **2/2174495**
135.181.166.38 - - [16/Jan/2026:06:05:20 -0700] "GET /?e=1791218 HTTP/1.1" 301 337 "-" "Mozilla/5.0 (compatible; SERankingBacklinksBot/1.0; +https://seranking.com/backlinks-crawler)" 3061 **3/3061860**
114.119.153.246 - - [16/Jan/2026:06:05:30 -0700] "GET /xlnbgql/aws-aurora-cloudwatch-metrics.html HTTP/1.1" 301 337 "https://chegg4mi.com/tcrz6/best-southern-country-songs.html" "Mozilla/5.0 (Linux; Android 7.0;) AppleWebKit/537.36 (KHTML, like Gecko) Mobile Safari/537.36 (compatible; PetalBot;+https://webmaster.petalsearch.com/site/petalbot)" 2250 **2/2250446**
114.119.153.246 - - [16/Jan/2026:06:05:33 -0700] "GET /xlnbgql/aws-aurora-cloudwatch-metrics.html HTTP/1.1" 404 59131 "https://chegg4mi.com/tcrz6/best-southern-country-songs.html" "Mozilla/5.0 (Linux; Android 7.0;) AppleWebKit/537.36 (KHTML, like Gecko) Mobile Safari/537.36 (compatible; PetalBot;+https://webmaster.petalsearch.com/site/petalbot)" 4440 **4/4440658**
114.119.130.251 - - [16/Jan/2026:06:06:52 -0700] "GET /xlnbgql/awon-akanse-adura.html HTTP/1.1" 301 337 "https://mpg-consult.fr/u3xlee/adc-diecast-modified.html" "Mozilla/5.0 (Linux; Android 7.0;) AppleWebKit/537.36 (KHTML, like Gecko) Mobile Safari/537.36 (compatible; PetalBot;+https://webmaster.petalsearch.com/site/petalbot)" 1938 **1/1938015**
114.119.130.251 - - [16/Jan/2026:06:06:55 -0700] "GET /xlnbgql/awon-akanse-adura.html HTTP/1.1" 404 59131 "https://mpg-consult.fr/u3xlee/adc-diecast-modified.html" "Mozilla/5.0 (Linux; Android 7.0;) AppleWebKit/537.36 (KHTML, like Gecko) Mobile Safari/537.36 (compatible; PetalBot;+https://webmaster.petalsearch.com/site/petalbot)" 2161 **2/2161799**
114.119.153.246 - - [16/Jan/2026:06:08:15 -0700] "GET /xlnbgql/avoidant-attachment-ex.html HTTP/1.1" 301 337 "https://chegg4mi.com/tcrz6/exposure-basketball-texas.html" "Mozilla/5.0 (Linux; Android 7.0;) AppleWebKit/537.36 (KHTML, like Gecko) Mobile Safari/537.36 (compatible; PetalBot;+https://webmaster.petalsearch.com/site/petalbot)" 1519 **1/1519020**
114.119.153.246 - - [16/Jan/2026:06:08:17 -0700] "GET /xlnbgql/avoidant-attachment-ex.html HTTP/1.1" 404 59131 "https://chegg4mi.com/tcrz6/exposure-basketball-texas.html" "Mozilla/5.0 (Linux; Android 7.0;) AppleWebKit/537.36 (KHTML, like Gecko) Mobile Safari/537.36 (compatible; PetalBot;+https://webmaster.petalsearch.com/site/petalbot)" 2147 **2/2147650**
135.181.166.38 - - [16/Jan/2026:06:08:43 -0700] "GET /?e=1792268 HTTP/1.1" 301 337 "-" "Mozilla/5.0 (compatible; SERankingBacklinksBot/1.0; +https://seranking.com/backlinks-crawler)" 1639 **1/1639039**
114.119.130.18 - - [16/Jan/2026:06:09:40 -0700] "GET /xlnbgql/auto-repair-garage-for-rent.html HTTP/1.1" 301 337 "https://cryptoservice.7am-groups.com/kqzjk/random-graph-generator.html" "Mozilla/5.0 (Linux; Android 7.0;) AppleWebKit/537.36 (KHTML, like Gecko) Mobile Safari/537.36 (compatible; PetalBot;+https://webmaster.petalsearch.com/site/petalbot)" 1137 **1/1137354**
114.119.130.18 - - [16/Jan/2026:06:09:41 -0700] "GET /xlnbgql/auto-repair-garage-for-rent.html HTTP/1.1" 404 59131 "https://cryptoservice.7am-groups.com/kqzjk/random-graph-generator.html" "Mozilla/5.0 (Linux; Android 7.0;) AppleWebKit/537.36 (KHTML, like Gecko) Mobile Safari/537.36 (compatible; PetalBot;+https://webmaster.petalsearch.com/site/petalbot)" 2140 **2/2140303**
135.181.166.38 - - [16/Jan/2026:06:10:27 -0700] "GET /?e=1793734 HTTP/1.1" 301 337 "-" "Mozilla/5.0 (compatible; SERankingBacklinksBot/1.0; +https://seranking.com/backlinks-crawler)" 3539 **3/3539377**
184.168.114.89 - - [16/Jan/2026:06:11:02 -0700] "GET /.well-known/acme-challenge/JHDIX2N5Q5PLBVBI4B4RPLNJVBHLFTF9 HTTP/1.1" 200 64 "-" "Cpanel-HTTP-Client/1.0" 14 **0/14581**
184.168.114.89 - - [16/Jan/2026:06:11:02 -0700] "GET /.well-known/acme-challenge/Z-V0FAD-6SED913ICFO6LG4ZECZXQWHK HTTP/1.1" 200 64 "-" "Cpanel-HTTP-Client/1.0" 11 **0/11202**
57.141.20.37 - - [16/Jan/2026:06:11:01 -0700] "GET /?e=1466405eehe32 HTTP/1.1" 301 337 "-" "meta-externalagent/1.1 (+https://developers.facebook.com/docs/sharing/webmasters/crawler)" 3151 **3/3151616**
114.119.159.152 - - [16/Jan/2026:06:11:03 -0700] "GET /xlnbgql/audio-amplifier-ic.html HTTP/1.1" 301 337 "http://mywigtoday.net/8khjug/loyola-press-religion.html" "Mozilla/5.0 (Linux; Android 7.0;) AppleWebKit/537.36 (KHTML, like Gecko) Mobile Safari/537.36 (compatible; PetalBot;+https://webmaster.petalsearch.com/site/petalbot)" 3096 **3/3096259**
114.119.159.152 - - [16/Jan/2026:06:11:06 -0700] "GET /xlnbgql/audio-amplifier-ic.html HTTP/1.1" 404 59131 "http://mywigtoday.net/8khjug/loyola-press-religion.html" "Mozilla/5.0 (Linux; Android 7.0;) AppleWebKit/537.36 (KHTML, like Gecko) Mobile Safari/537.36 (compatible; PetalBot;+https://webmaster.petalsearch.com/site/petalbot)" 2443 **2/2443026**
216.73.216.56 - - [16/Jan/2026:06:11:39 -0700] "GET /?fileloc=%2F%2Flib%2Fpython3.6%2Fsite-packages%2Ftuned%2Futils%2F__init__.py&path=%2F%2Flib%2Fpython3.6%2Fsite-packages%2Ftuned%2Futils HTTP/1.1" 301 149 "-" "Mozilla/5.0 AppleWebKit/537.36 (KHTML, like Gecko; compatible; ClaudeBot/1.0; +claudebot@anthropic.com)" 1293 **1/1293843**
216.73.216.56 - - [16/Jan/2026:06:11:39 -0700] "GET /?fileloc=%2F%2Flib64%2Fpython3.6%2Flib2to3%2Ffixes%2F__pycache__%2Ffix_imports.cpython-36.opt-1.pyc&path=%2F%2Flib64%2Fpython3.6%2Flib2to3%2Ffixes%2F__pycache__ HTTP/1.1" 301 149 "-" "Mozilla/5.0 AppleWebKit/537.36 (KHTML, like Gecko; compatible; ClaudeBot/1.0; +claudebot@anthropic.com)" 1352 **1/1352808**
216.73.216.56 - - [16/Jan/2026:06:11:47 -0700] "GET /?fileloc=%2F%2Flib64%2Fpython3.6%2Fencodings%2F__pycache__%2Fcp861.cpython-36.pyc&path=%2F%2Flib64%2Fpython3.6%2Fencodings%2F__pycache__ HTTP/1.1" 301 149 "-" "Mozilla/5.0 AppleWebKit/537.36 (KHTML, like Gecko; compatible; ClaudeBot/1.0; +claudebot@anthropic.com)" 1484 **1/1484345**
216.73.216.56 - - [16/Jan/2026:06:11:48 -0700] "GET /?fileloc=%2F%2Flib64%2Fpython3.6%2Fencodings%2F__pycache__%2Fcp437.cpython-36.opt-2.pyc&path=%2F%2Flib64%2Fpython3.6%2Fencodings%2F__pycache__ HTTP/1.1" 301 149 "-" "Mozilla/5.0 AppleWebKit/537.36 (KHTML, like Gecko; compatible; ClaudeBot/1.0; +claudebot@anthropic.com)" 1695 **1/1695554**
216.73.216.56 - - [16/Jan/2026:06:11:53 -0700] "GET /?fileloc=%2F%2Flib64%2Fpython3.6%2Fencodings%2F__pycache__%2Fcp932.cpython-36.opt-2.pyc&path=%2F%2Flib64%2Fpython3.6%2Fencodings%2F__pycache__ HTTP/1.1" 301 149 "-" "Mozilla/5.0 AppleWebKit/537.36 (KHTML, like Gecko; compatible; ClaudeBot/1.0; +claudebot@anthropic.com)" 1361 **1/1361384**
216.73.216.56 - - [16/Jan/2026:06:11:54 -0700] "GET /?fileloc=%2F%2Flib64%2Fpython3.12%2Fencodings%2F__pycache__%2Futf_32_le.cpython-312.opt-2.pyc&path=%2F%2Flib64%2Fpython3.12%2Fencodings%2F__pycache__ HTTP/1.1" 301 149 "-" "Mozilla/5.0 AppleWebKit/537.36 (KHTML, like Gecko; compatible; ClaudeBot/1.0; +claudebot@anthropic.com)" 1708 **1/1708906**
216.73.216.56 - - [16/Jan/2026:06:11:57 -0700] "GET /?fileloc=%2F%2Flib64%2Fpython3.6%2Fencodings%2F__pycache__%2Fshift_jisx0213.cpython-36.pyc&path=%2F%2Flib64%2Fpython3.6%2Fencodings%2F__pycache__ HTTP/1.1" 301 149 "-" "Mozilla/5.0 AppleWebKit/537.36 (KHTML, like Gecko; compatible; ClaudeBot/1.0; +claudebot@anthropic.com)" 1319 **1/1319309**
216.73.216.56 - - [16/Jan/2026:06:12:01 -0700] "GET /?fileloc=%2F%2Flib%2Fpython3.6%2Fsite-packages%2Fdnf%2F__pycache__%2Fhistory.cpython-36.opt-1.pyc&path=%2F%2Flib%2Fpython3.6%2Fsite-packages%2Fdnf%2F__pycache__ HTTP/1.1" 301 149 "-" "Mozilla/5.0 AppleWebKit/537.36 (KHTML, like Gecko; compatible; ClaudeBot/1.0; +claudebot@anthropic.com)" 1609 **1/1609050**
57.141.20.33 - - [16/Jan/2026:06:12:01 -0700] "GET /?e=3472403fd99i6 HTTP/1.1" 301 337 "-" "meta-externalagent/1.1 (+https://developers.facebook.com/docs/sharing/webmasters/crawler)" 1840 **1/1840585**
216.73.216.56 - - [16/Jan/2026:06:12:06 -0700] "GET /?fileloc=%2F%2Flib64%2Fpython3.6%2Fwsgiref%2F__pycache__%2Fhandlers.cpython-36.pyc&path=%2F%2Flib64%2Fpython3.6%2Fwsgiref%2F__pycache__ HTTP/1.1" 301 149 "-" "Mozilla/5.0 AppleWebKit/537.36 (KHTML, like Gecko; compatible; ClaudeBot/1.0; +claudebot@anthropic.com)" 1196 **1/1196735**
114.119.130.18 - - [16/Jan/2026:06:12:26 -0700] "GET /xlnbgql/audi-a4-b7-no-crank-no-start.html HTTP/1.1" 301 337 "https://mpg-consult.fr/u3xlee/free-sailboat-plans-pdf.html" "Mozilla/5.0 (Linux; Android 7.0;) AppleWebKit/537.36 (KHTML, like Gecko) Mobile Safari/537.36 (compatible; PetalBot;+https://webmaster.petalsearch.com/site/petalbot)" 1158 **1/1158832**
114.119.130.18 - - [16/Jan/2026:06:12:27 -0700] "GET /xlnbgql/audi-a4-b7-no-crank-no-start.html HTTP/1.1" 404 59131 "https://mpg-consult.fr/u3xlee/free-sailboat-plans-pdf.html" "Mozilla/5.0 (Linux; Android 7.0;) AppleWebKit/537.36 (KHTML, like Gecko) Mobile Safari/537.36 (compatible; PetalBot;+https://webmaster.petalsearch.com/site/petalbot)" 2191 **2/2191059**
216.73.216.56 - - [16/Jan/2026:06:12:43 -0700] "GET /?fileloc=%2F%2Flib%2Fpython3.6%2Fsite-packages%2Fdns%2F__pycache__%2Frdataclass.cpython-36.pyc&path=%2F%2Flib%2Fpython3.6%2Fsite-packages%2Fdns%2F__pycache__ HTTP/1.1" 301 149 "-" "Mozilla/5.0 AppleWebKit/537.36 (KHTML, like Gecko; compatible; ClaudeBot/1.0; +claudebot@anthropic.com)" 1560 **1/1560378**
216.73.216.56 - - [16/Jan/2026:06:12:43 -0700] "GET /?fileloc=%2F%2Flib64%2Fpython3.12%2Fencodings%2F__pycache__%2Futf_32.cpython-312.opt-1.pyc&path=%2F%2Flib64%2Fpython3.12%2Fencodings%2F__pycache__ HTTP/1.1" 301 149 "-" "Mozilla/5.0 AppleWebKit/537.36 (KHTML, like Gecko; compatible; ClaudeBot/1.0; +claudebot@anthropic.com)" 1810 **1/1810414**
135.181.166.38 - - [16/Jan/2026:06:12:43 -0700] "GET /?e=1796980 HTTP/1.1" 301 337 "-" "Mozilla/5.0 (compatible; SERankingBacklinksBot/1.0; +https://seranking.com/backlinks-crawler)" 1768 **1/1768800**
216.73.216.56 - - [16/Jan/2026:06:12:50 -0700] "GET /?fileloc=%2F%2Flib64%2Fpython3.6%2Fencodings%2F__pycache__%2Fcp500.cpython-36.pyc&path=%2F%2Flib64%2Fpython3.6%2Fencodings%2F__pycache__ HTTP/1.1" 301 149 "-" "Mozilla/5.0 AppleWebKit/537.36 (KHTML, like Gecko; compatible; ClaudeBot/1.0; +claudebot@anthropic.com)" 869 **0/869588**
216.73.216.56 - - [16/Jan/2026:06:12:50 -0700] "GET /?fileloc=%2F%2Flib64%2Fpython3.6%2Fencodings%2F__pycache__%2Fhz.cpython-36.pyc&path=%2F%2Flib64%2Fpython3.6%2Fencodings%2F__pycache__ HTTP/1.1" 301 149 "-" "Mozilla/5.0 AppleWebKit/537.36 (KHTML, like Gecko; compatible; ClaudeBot/1.0; +claudebot@anthropic.com)" 1373 **1/1373506**
216.73.216.56 - - [16/Jan/2026:06:12:53 -0700] "GET /?fileloc=%2F%2Flib64%2Fpython3.12%2Fencodings%2F__pycache__%2Fpalmos.cpython-312.pyc&path=%2F%2Flib64%2Fpython3.12%2Fencodings%2F__pycache__ HTTP/1.1" 301 149 "-" "Mozilla/5.0 AppleWebKit/537.36 (KHTML, like Gecko; compatible; ClaudeBot/1.0; +claudebot@anthropic.com)" 2110 **2/2110881**
216.73.216.56 - - [16/Jan/2026:06:12:55 -0700] "GET /?fileloc=%2F%2Flib64%2Fpython3.6%2Fencodings%2F__pycache__%2Fcp856.cpython-36.opt-2.pyc&path=%2F%2Flib64%2Fpython3.6%2Fencodings%2F__pycache__ HTTP/1.1" 301 149 "-" "Mozilla/5.0 AppleWebKit/537.36 (KHTML, like Gecko; compatible; ClaudeBot/1.0; +claudebot@anthropic.com)" 1935 **1/1935363**
216.73.216.56 - - [16/Jan/2026:06:12:59 -0700] "GET /?fileloc=%2F%2Flib64%2Fpython3.6%2Fencodings%2F__pycache__%2Fmac_turkish.cpython-36.pyc&path=%2F%2Flib64%2Fpython3.6%2Fencodings%2F__pycache__ HTTP/1.1" 301 149 "-" "Mozilla/5.0 AppleWebKit/537.36 (KHTML, like Gecko; compatible; ClaudeBot/1.0; +claudebot@anthropic.com)" 1348 **1/1348950**
57.141.20.28 - - [16/Jan/2026:06:13:00 -0700] "GET /?e=22034389656gc HTTP/1.1" 301 337 "-" "meta-externalagent/1.1 (+https://developers.facebook.com/docs/sharing/webmasters/crawler)" 1835 **1/1835387**
135.181.166.38 - - [16/Jan/2026:06:13:04 -0700] "GET /?e=1799662 HTTP/1.1" 301 337 "-" "Mozilla/5.0 (compatible; SERankingBacklinksBot/1.0; +https://seranking.com/backlinks-crawler)" 1443 **1/1443289**
216.73.216.56 - - [16/Jan/2026:06:13:05 -0700] "GET /?fileloc=%2F%2Flib64%2Fpython3.6%2Fencodings%2F__pycache__%2Fidna.cpython-36.pyc&path=%2F%2Flib64%2Fpython3.6%2Fencodings%2F__pycache__ HTTP/1.1" 301 149 "-" "Mozilla/5.0 AppleWebKit/537.36 (KHTML, like Gecko; compatible; ClaudeBot/1.0; +claudebot@anthropic.com)" 1138 **1/1138524**
216.73.216.56 - - [16/Jan/2026:06:13:09 -0700] "GET /?fileloc=%2F%2Flib%2Fpython3.6%2Fsite-packages%2Ftuned%2Fppd%2Fcontroller.py&path=%2F%2Flib%2Fpython3.6%2Fsite-packages%2Ftuned%2Fppd HTTP/1.1" 301 149 "-" "Mozilla/5.0 AppleWebKit/537.36 (KHTML, like Gecko; compatible; ClaudeBot/1.0; +claudebot@anthropic.com)" 986 **0/986073**
216.73.216.56 - - [16/Jan/2026:06:13:13 -0700] "GET /?fileloc=%2F%2Flib64%2Fpython3.12%2Fencodings%2F__pycache__%2Futf_32_be.cpython-312.opt-2.pyc&path=%2F%2Flib64%2Fpython3.12%2Fencodings%2F__pycache__ HTTP/1.1" 301 149 "-" "Mozilla/5.0 AppleWebKit/537.36 (KHTML, like Gecko; compatible; ClaudeBot/1.0; +claudebot@anthropic.com)" 1137 **1/1137638**
216.73.216.56 - - [16/Jan/2026:06:13:20 -0700] "GET /?fileloc=%2F%2Flib64%2Fpython3.6%2Fencodings%2F__pycache__%2Fmac_latin2.cpython-36.pyc&path=%2F%2Flib64%2Fpython3.6%2Fencodings%2F__pycache__ HTTP/1.1" 301 149 "-" "Mozilla/5.0 AppleWebKit/537.36 (KHTML, like Gecko; compatible; ClaudeBot/1.0; +claudebot@anthropic.com)" 1380 **1/1380956**
135.181.166.38 - - [16/Jan/2026:06:13:22 -0700] "GET /?e=1801056 HTTP/1.1" 301 337 "-" "Mozilla/5.0 (compatible; SERankingBacklinksBot/1.0; +https://seranking.com/backlinks-crawler)" 1105 **1/1105275**
216.73.216.56 - - [16/Jan/2026:06:13:27 -0700] "GET /?fileloc=%2F%2Flib%2Fpython2.7%2Fsite-packages%2Fpip%2Futils%2Fui.pyc&path=%2F%2Flib%2Fpython2.7%2Fsite-packages%2Fpip%2Futils HTTP/1.1" 301 149 "-" "Mozilla/5.0 AppleWebKit/537.36 (KHTML, like Gecko; compatible; ClaudeBot/1.0; +claudebot@anthropic.com)" 929 **0/929005**
216.73.216.56 - - [16/Jan/2026:06:13:31 -0700] "GET /?fileloc=%2F%2Flib64%2Fpython3.6%2Flib2to3%2Ffixes%2F__pycache__%2Ffix_imports.cpython-36.opt-2.pyc&path=%2F%2Flib64%2Fpython3.6%2Flib2to3%2Ffixes%2F__pycache__ HTTP/1.1" 301 149 "-" "Mozilla/5.0 AppleWebKit/537.36 (KHTML, like Gecko; compatible; ClaudeBot/1.0; +claudebot@anthropic.com)" 1183 **1/1183336**
135.181.166.38 - - [16/Jan/2026:06:13:35 -0700] "GET /?e=1819842 HTTP/1.1" 301 337 "-" "Mozilla/5.0 (compatible; SERankingBacklinksBot/1.0; +https://seranking.com/backlinks-crawler)" 1190 **1/1190464**
216.73.216.56 - - [16/Jan/2026:06:13:36 -0700] "GET /?fileloc=%2F%2Flib64%2Fpython3.6%2Fencodings%2F__pycache__%2Fmac_farsi.cpython-36.opt-2.pyc&path=%2F%2Flib64%2Fpython3.6%2Fencodings%2F__pycache__ HTTP/1.1" 301 149 "-" "Mozilla/5.0 AppleWebKit/537.36 (KHTML, like Gecko; compatible; ClaudeBot/1.0; +claudebot@anthropic.com)" 1061 **1/1061496**
216.73.216.56 - - [16/Jan/2026:06:13:41 -0700] "GET /?fileloc=%2F%2Flib64%2Fpython3.12%2Fencodings%2F__pycache__%2Futf_16.cpython-312.opt-2.pyc&path=%2F%2Flib64%2Fpython3.12%2Fencodings%2F__pycache__ HTTP/1.1" 301 149 "-" "Mozilla/5.0 AppleWebKit/537.36 (KHTML, like Gecko; compatible; ClaudeBot/1.0; +claudebot@anthropic.com)" 1181 **1/1181558**
57.141.20.55 - - [16/Jan/2026:06:13:42 -0700] "GET /?e=22648392f75bd HTTP/1.1" 301 337 "-" "meta-externalagent/1.1 (+https://developers.facebook.com/docs/sharing/webmasters/crawler)" 1375 **1/1375050**
216.73.216.56 - - [16/Jan/2026:06:13:45 -0700] "GET /?e=34976862j06e7 HTTP/1.1" 301 149 "-" "Mozilla/5.0 AppleWebKit/537.36 (KHTML, like Gecko; compatible; ClaudeBot/1.0; +claudebot@anthropic.com)" 1428 **1/1428629**
135.181.166.38 - - [16/Jan/2026:06:13:49 -0700] "GET /?e=1821830 HTTP/1.1" 301 337 "-" "Mozilla/5.0 (compatible; SERankingBacklinksBot/1.0; +https://seranking.com/backlinks-crawler)" 1222 **1/1222952**
114.119.153.246 - - [16/Jan/2026:06:13:50 -0700] "GET /xlnbgql/what-states-are-getting-a-4th-stimulus-check-2023.html HTTP/1.1" 301 337 "https://review-with-mostafijur.com/jjxqp4j/nfl-tv-schedule-for-boston.html" "Mozilla/5.0 (Linux; Android 7.0;) AppleWebKit/537.36 (KHTML, like Gecko) Mobile Safari/537.36 (compatible; PetalBot;+https://webmaster.petalsearch.com/site/petalbot)" 1945 **1/1945638**
114.119.153.246 - - [16/Jan/2026:06:13:52 -0700] "GET /xlnbgql/what-states-are-getting-a-4th-stimulus-check-2023.html HTTP/1.1" 404 59131 "https://review-with-mostafijur.com/jjxqp4j/nfl-tv-schedule-for-boston.html" "Mozilla/5.0 (Linux; Android 7.0;) AppleWebKit/537.36 (KHTML, like Gecko) Mobile Safari/537.36 (compatible; PetalBot;+https://webmaster.petalsearch.com/site/petalbot)" 2467 **2/2467767**
216.73.216.56 - - [16/Jan/2026:06:13:53 -0700] "GET /?e=2573099jg5ea7 HTTP/1.1" 301 149 "-" "Mozilla/5.0 AppleWebKit/537.36 (KHTML, like Gecko; compatible; ClaudeBot/1.0; +claudebot@anthropic.com)" 2204 **2/2204574**
216.73.216.56 - - [16/Jan/2026:06:13:53 -0700] "GET /?e=1536963e692b9 HTTP/1.1" 301 149 "-" "Mozilla/5.0 AppleWebKit/537.36 (KHTML, like Gecko; compatible; ClaudeBot/1.0; +claudebot@anthropic.com)" 2009 **2/2009732**
216.73.216.56 - - [16/Jan/2026:06:13:53 -0700] "GET /?e=2109800cdj3fb HTTP/1.1" 301 149 "-" "Mozilla/5.0 AppleWebKit/537.36 (KHTML, like Gecko; compatible; ClaudeBot/1.0; +claudebot@anthropic.com)" 2144 **2/2144115**
57.141.20.23 - - [16/Jan/2026:06:14:01 -0700] "GET /?e=18120969857ea HTTP/1.1" 301 337 "-" "meta-externalagent/1.1 (+https://developers.facebook.com/docs/sharing/webmasters/crawler)" 3446 **3/3446619**
135.181.166.38 - - [16/Jan/2026:06:14:02 -0700] "GET /?e=1822306 HTTP/1.1" 301 337 "-" "Mozilla/5.0 (compatible; SERankingBacklinksBot/1.0; +https://seranking.com/backlinks-crawler)" 2606 **2/2606980**
216.73.216.56 - - [16/Jan/2026:06:14:02 -0700] "GET /?e=3775166df177j HTTP/1.1" 301 149 "-" "Mozilla/5.0 AppleWebKit/537.36 (KHTML, like Gecko; compatible; ClaudeBot/1.0; +claudebot@anthropic.com)" 2712 **2/2712777**
216.73.216.56 - - [16/Jan/2026:06:14:04 -0700] "GET /?path=%2F%2Fusr%2Flib%2Flocale%2Fen_US.utf8%2FLC_MESSAGES HTTP/1.1" 301 149 "-" "Mozilla/5.0 AppleWebKit/537.36 (KHTML, like Gecko; compatible; ClaudeBot/1.0; +claudebot@anthropic.com)" 2370 **2/2370040**
216.73.216.56 - - [16/Jan/2026:06:14:11 -0700] "GET /?e=1703986hf05ee HTTP/1.1" 301 149 "-" "Mozilla/5.0 AppleWebKit/537.36 (KHTML, like Gecko; compatible; ClaudeBot/1.0; +claudebot@anthropic.com)" 1809 **1/1809291**
216.73.216.56 - - [16/Jan/2026:06:14:12 -0700] "GET /?e=12635815edd99 HTTP/1.1" 301 149 "-" "Mozilla/5.0 AppleWebKit/537.36 (KHTML, like Gecko; compatible; ClaudeBot/1.0; +claudebot@anthropic.com)" 1912 **1/1912707**
216.73.216.56 - - [16/Jan/2026:06:14:16 -0700] "GET /?fileloc=%2F%2Fusr%2Flib%2Ffirmware%2FTAS2XXX2234.bin&path=%2F%2Fusr%2Flib%2Ffirmware HTTP/1.1" 301 149 "-" "Mozilla/5.0 AppleWebKit/537.36 (KHTML, like Gecko; compatible; ClaudeBot/1.0; +claudebot@anthropic.com)" 1213 **1/1213340**
216.73.216.56 - - [16/Jan/2026:06:14:23 -0700] "GET /?fileloc=%2F%2Fusr%2Flib%2Ffirmware%2Famdgpu%2Fpolaris10_k2_smc.bin&path=%2F%2Fusr%2Flib%2Ffirmware%2Famdgpu HTTP/1.1" 301 149 "-" "Mozilla/5.0 AppleWebKit/537.36 (KHTML, like Gecko; compatible; ClaudeBot/1.0; +claudebot@anthropic.com)" 1152 **1/1152994**
216.73.216.56 - - [16/Jan/2026:06:14:24 -0700] "GET /?e=1760630ebi77a HTTP/1.1" 301 149 "-" "Mozilla/5.0 AppleWebKit/537.36 (KHTML, like Gecko; compatible; ClaudeBot/1.0; +claudebot@anthropic.com)" 1603 **1/1603664**
135.181.166.38 - - [16/Jan/2026:06:14:25 -0700] "GET /?e=1822777 HTTP/1.1" 301 337 "-" "Mozilla/5.0 (compatible; SERankingBacklinksBot/1.0; +https://seranking.com/backlinks-crawler)" 2268 **2/2268591**
216.73.216.56 - - [16/Jan/2026:06:14:30 -0700] "GET /?e=195653a5gbaa HTTP/1.1" 301 149 "-" "Mozilla/5.0 AppleWebKit/537.36 (KHTML, like Gecko; compatible; ClaudeBot/1.0; +claudebot@anthropic.com)" 1366 **1/1366661**
135.181.166.38 - - [16/Jan/2026:06:14:33 -0700] "GET /?e=1822854 HTTP/1.1" 301 337 "-" "Mozilla/5.0 (compatible; SERankingBacklinksBot/1.0; +https://seranking.com/backlinks-crawler)" 1342 **1/1342636**
216.73.216.56 - - [16/Jan/2026:06:14:34 -0700] "GET /?e=52119770a8d82 HTTP/1.1" 301 149 "-" "Mozilla/5.0 AppleWebKit/537.36 (KHTML, like Gecko; compatible; ClaudeBot/1.0; +claudebot@anthropic.com)" 1616 **1/1616748**
216.73.216.56 - - [16/Jan/2026:06:14:39 -0700] "GET /?e=360406802i44a HTTP/1.1" 301 149 "-" "Mozilla/5.0 AppleWebKit/537.36 (KHTML, like Gecko; compatible; ClaudeBot/1.0; +claudebot@anthropic.com)" 1113 **1/1113314**
216.73.216.56 - - [16/Jan/2026:06:14:43 -0700] "GET /?e=676563312j49 HTTP/1.1" 301 149 "-" "Mozilla/5.0 AppleWebKit/537.36 (KHTML, like Gecko; compatible; ClaudeBot/1.0; +claudebot@anthropic.com)" 1485 **1/1485125**
216.73.216.56 - - [16/Jan/2026:06:14:49 -0700] "GET /?e=4087377e42f8h HTTP/1.1" 301 149 "-" "Mozilla/5.0 AppleWebKit/537.36 (KHTML, like Gecko; compatible; ClaudeBot/1.0; +claudebot@anthropic.com)" 1289 **1/1289645**
135.181.166.38 - - [16/Jan/2026:06:14:53 -0700] "GET /?e=1825548 HTTP/1.1" 301 337 "-" "Mozilla/5.0 (compatible; SERankingBacklinksBot/1.0; +https://seranking.com/backlinks-crawler)" 1203 **1/1203052**
216.73.216.56 - - [16/Jan/2026:06:14:53 -0700] "GET /?e=3040277f8143h HTTP/1.1" 301 149 "-" "Mozilla/5.0 AppleWebKit/537.36 (KHTML, like Gecko; compatible; ClaudeBot/1.0; +claudebot@anthropic.com)" 1474 **1/1474145**
216.73.216.56 - - [16/Jan/2026:06:15:01 -0700] "GET /?e=144286662d5e HTTP/1.1" 301 149 "-" "Mozilla/5.0 AppleWebKit/537.36 (KHTML, like Gecko; compatible; ClaudeBot/1.0; +claudebot@anthropic.com)" 1956 **1/1956591**
135.181.166.38 - - [16/Jan/2026:06:15:05 -0700] "GET /?e=1825849 HTTP/1.1" 301 337 "-" "Mozilla/5.0 (compatible; SERankingBacklinksBot/1.0; +https://seranking.com/backlinks-crawler)" 1850 **1/1850868**
216.73.216.56 - - [16/Jan/2026:06:15:10 -0700] "GET /?fileloc=%2F%2Fusr%2Flib%2Fdracut%2Fmodules.d%2F35network-legacy%2Fdhclient.conf&path=%2F%2Fusr%2Flib%2Fdracut%2Fmodules.d%2F35network-legacy HTTP/1.1" 301 149 "-" "Mozilla/5.0 AppleWebKit/537.36 (KHTML, like Gecko; compatible; ClaudeBot/1.0; +claudebot@anthropic.com)" 2436 **2/2436210**
114.119.151.233 - - [16/Jan/2026:06:15:14 -0700] "GET /xlnbgql/students-being-rude-to-teachers.html HTTP/1.1" 301 337 "https://feedita.com/6sceoi4p/1987-donruss-baseball-cards.html" "Mozilla/5.0 (Linux; Android 7.0;) AppleWebKit/537.36 (KHTML, like Gecko) Mobile Safari/537.36 (compatible; PetalBot;+https://webmaster.petalsearch.com/site/petalbot)" 2124 **2/2124287**
114.119.151.233 - - [16/Jan/2026:06:15:17 -0700] "GET /xlnbgql/students-being-rude-to-teachers.html HTTP/1.1" 404 59131 "https://feedita.com/6sceoi4p/1987-donruss-baseball-cards.html" "Mozilla/5.0 (Linux; Android 7.0;) AppleWebKit/537.36 (KHTML, like Gecko) Mobile Safari/537.36 (compatible; PetalBot;+https://webmaster.petalsearch.com/site/petalbot)" 1597 **1/1597596**
216.73.216.56 - - [16/Jan/2026:06:15:22 -0700] "GET /?e=24445384j5e30 HTTP/1.1" 301 149 "-" "Mozilla/5.0 AppleWebKit/537.36 (KHTML, like Gecko; compatible; ClaudeBot/1.0; +claudebot@anthropic.com)" 1860 **1/1860495**
135.181.166.38 - - [16/Jan/2026:06:15:28 -0700] "GET /?e=1828433 HTTP/1.1" 301 337 "-" "Mozilla/5.0 (compatible; SERankingBacklinksBot/1.0; +https://seranking.com/backlinks-crawler)" 1173 **1/1173459**
216.73.216.56 - - [16/Jan/2026:06:15:28 -0700] "GET /?e=15007742a3fi7 HTTP/1.1" 301 149 "-" "Mozilla/5.0 AppleWebKit/537.36 (KHTML, like Gecko; compatible; ClaudeBot/1.0; +claudebot@anthropic.com)" 1353 **1/1353039**
135.181.166.38 - - [16/Jan/2026:06:15:35 -0700] "GET /?e=1829578 HTTP/1.1" 301 337 "-" "Mozilla/5.0 (compatible; SERankingBacklinksBot/1.0; +https://seranking.com/backlinks-crawler)" 1682 **1/1682604**
216.73.216.56 - - [16/Jan/2026:06:15:39 -0700] "GET /?e=864151ah018f HTTP/1.1" 301 149 "-" "Mozilla/5.0 AppleWebKit/537.36 (KHTML, like Gecko; compatible; ClaudeBot/1.0; +claudebot@anthropic.com)" 1003 **1/1003392**
135.181.166.38 - - [16/Jan/2026:06:15:48 -0700] "GET /?e=1835997 HTTP/1.1" 301 337 "-" "Mozilla/5.0 (compatible; SERankingBacklinksBot/1.0; +https://seranking.com/backlinks-crawler)" 1280 **1/1280135**
216.73.216.56 - - [16/Jan/2026:06:15:52 -0700] "GET /?e=1122741bh2if5 HTTP/1.1" 301 149 "-" "Mozilla/5.0 AppleWebKit/537.36 (KHTML, like Gecko; compatible; ClaudeBot/1.0; +claudebot@anthropic.com)" 1700 **1/1700510**
135.181.166.38 - - [16/Jan/2026:06:16:02 -0700] "GET /?e=1837061 HTTP/1.1" 301 337 "-" "Mozilla/5.0 (compatible; SERankingBacklinksBot/1.0; +https://seranking.com/backlinks-crawler)" 1257 **1/1257502**
57.141.20.40 - - [16/Jan/2026:06:16:12 -0700] "GET /?s=80912972031760 HTTP/1.1" 200 337 "-" "meta-externalagent/1.1 (+https://developers.facebook.com/docs/sharing/webmasters/crawler)" 1562 **1/1562421**
216.73.216.56 - - [16/Jan/2026:06:16:13 -0700] "GET /?e=21997621cib8h HTTP/1.1" 301 149 "-" "Mozilla/5.0 AppleWebKit/537.36 (KHTML, like Gecko; compatible; ClaudeBot/1.0; +claudebot@anthropic.com)" 914 **0/914978**
135.181.166.38 - - [16/Jan/2026:06:16:14 -0700] "GET /?e=1837263 HTTP/1.1" 301 337 "-" "Mozilla/5.0 (compatible; SERankingBacklinksBot/1.0; +https://seranking.com/backlinks-crawler)" 1032 **1/1032026**
216.73.216.56 - - [16/Jan/2026:06:16:25 -0700] "GET /?e=871290c79fbg HTTP/1.1" 301 149 "-" "Mozilla/5.0 AppleWebKit/537.36 (KHTML, like Gecko; compatible; ClaudeBot/1.0; +claudebot@anthropic.com)" 901 **0/901688**
135.181.166.38 - - [16/Jan/2026:06:16:27 -0700] "GET /?e=1841262 HTTP/1.1" 301 337 "-" "Mozilla/5.0 (compatible; SERankingBacklinksBot/1.0; +https://seranking.com/backlinks-crawler)" 1365 **1/1365528**
135.181.166.38 - - [16/Jan/2026:06:16:42 -0700] "GET /?e=1842615 HTTP/1.1" 301 337 "-" "Mozilla/5.0 (compatible; SERankingBacklinksBot/1.0; +https://seranking.com/backlinks-crawler)" 917 **0/917366**
114.119.130.251 - - [16/Jan/2026:06:16:45 -0700] "GET /xlnbgql/snow-rabbit-snowcat.html HTTP/1.1" 301 337 "https://www.ballthai.com/%E0%B8%9B%E0%B8%A3%E0%B8%B5%E0%B8%A7%E0%B8%B4%E0%B8%A7%E0%B8%9F%E0%B8%B8%E0%B8%95%E0%B8%9A%E0%B8%AD%E0%B8%A5%E0%B9%80%E0%B8%AD%E0%B9%87%E0%B8%A1-150-%E0%B9%81%E0%B8%8A%E0%B8%A1%E0%B9%80%E0%B8%9B-16" "Mozilla/5.0 (Linux; Android 7.0;) AppleWebKit/537.36 (KHTML, like Gecko) Mobile Safari/537.36 (compatible; PetalBot;+https://webmaster.petalsearch.com/site/petalbot)" 1373 **1/1373901**
114.119.130.251 - - [16/Jan/2026:06:16:47 -0700] "GET /xlnbgql/snow-rabbit-snowcat.html HTTP/1.1" 404 59131 "https://www.ballthai.com/%E0%B8%9B%E0%B8%A3%E0%B8%B5%E0%B8%A7%E0%B8%B4%E0%B8%A7%E0%B8%9F%E0%B8%B8%E0%B8%95%E0%B8%9A%E0%B8%AD%E0%B8%A5%E0%B9%80%E0%B8%AD%E0%B9%87%E0%B8%A1-150-%E0%B9%81%E0%B8%8A%E0%B8%A1%E0%B9%80%E0%B8%9B-16" "Mozilla/5.0 (Linux; Android 7.0;) AppleWebKit/537.36 (KHTML, like Gecko) Mobile Safari/537.36 (compatible; PetalBot;+https://webmaster.petalsearch.com/site/petalbot)" 1775 **1/1775078**
216.73.216.56 - - [16/Jan/2026:06:16:48 -0700] "GET /?e=4121815h7bj7a HTTP/1.1" 301 149 "-" "Mozilla/5.0 AppleWebKit/537.36 (KHTML, like Gecko; compatible; ClaudeBot/1.0; +claudebot@anthropic.com)" 1429 **1/1429061**
216.73.216.56 - - [16/Jan/2026:06:16:57 -0700] "GET /?e=293714gec041 HTTP/1.1" 301 149 "-" "Mozilla/5.0 AppleWebKit/537.36 (KHTML, like Gecko; compatible; ClaudeBot/1.0; +claudebot@anthropic.com)" 1361 **1/1361798**
135.181.166.38 - - [16/Jan/2026:06:17:00 -0700] "GET /?e=1842629 HTTP/1.1" 301 337 "-" "Mozilla/5.0 (compatible; SERankingBacklinksBot/1.0; +https://seranking.com/backlinks-crawler)" 1880 **1/1880602**
135.181.166.38 - - [16/Jan/2026:06:17:08 -0700] "GET /?e=1846753 HTTP/1.1" 301 337 "-" "Mozilla/5.0 (compatible; SERankingBacklinksBot/1.0; +https://seranking.com/backlinks-crawler)" 1173 **1/1173823**
184.168.114.89 - - [16/Jan/2026:06:17:35 -0700] "POST /wp-cron.php?doing_wp_cron=1768569455.5332269668579101562500 HTTP/1.1" 200 - "-" "WordPress/6.8.1; https://www.veronaae.com" 19 **0/19642**
216.73.216.56 - - [16/Jan/2026:06:17:21 -0700] "GET /?e=128011i983a3 HTTP/1.1" 301 149 "-" "Mozilla/5.0 AppleWebKit/537.36 (KHTML, like Gecko; compatible; ClaudeBot/1.0; +claudebot@anthropic.com)" 14562 **14/14562465**
216.73.216.56 - - [16/Jan/2026:06:17:21 -0700] "GET /?e=4220220849hf1 HTTP/1.1" 301 149 "-" "Mozilla/5.0 AppleWebKit/537.36 (KHTML, like Gecko; compatible; ClaudeBot/1.0; +claudebot@anthropic.com)" 16958 **16/16958832**
216.73.216.56 - - [16/Jan/2026:06:17:45 -0700] "GET /?e=3268599gj8dc8 HTTP/1.1" 301 149 "-" "Mozilla/5.0 AppleWebKit/537.36 (KHTML, like Gecko; compatible; ClaudeBot/1.0; +claudebot@anthropic.com)" 1884 **1/1884637**
216.73.216.56 - - [16/Jan/2026:06:17:51 -0700] "GET /?fileloc=%2F%2Flib%2Ffirmware%2Fnvidia%2Ftu102%2Fgr%2Fgpccs_sig.bin&path=%2F%2Flib%2Ffirmware%2Fnvidia%2Ftu102%2Fgr HTTP/1.1" 301 149 "-" "Mozilla/5.0 AppleWebKit/537.36 (KHTML, like Gecko; compatible; ClaudeBot/1.0; +claudebot@anthropic.com)" 9823 **9/9823910**
216.73.216.56 - - [16/Jan/2026:06:17:58 -0700] "GET /?e=3059625ff00gc HTTP/1.1" 301 149 "-" "Mozilla/5.0 AppleWebKit/537.36 (KHTML, like Gecko; compatible; ClaudeBot/1.0; +claudebot@anthropic.com)" 8273 **8/8273829**
216.73.216.56 - - [16/Jan/2026:06:18:08 -0700] "GET /?e=1404613594ee1 HTTP/1.1" 301 149 "-" "Mozilla/5.0 AppleWebKit/537.36 (KHTML, like Gecko; compatible; ClaudeBot/1.0; +claudebot@anthropic.com)" 2706 **2/2706664**
114.119.157.189 - - [16/Jan/2026:06:18:01 -0700] "GET /xlnbgql/mist-meaning-in-bengali.html HTTP/1.1" 301 337 "https://www.ballthai.com/%e0%b8%9c%e0%b8%b9%e0%b9%89%e0%b9%83%e0%b8%ab%e0%b8%8d%e0%b9%88%e0%b8%ad%e0%b8%b1%e0%b8%90-%e0%b8%a1%e0%b8%b1%e0%b9%88%e0%b8%99%e0%b9%83%e0%b8%88-%e0%b9%82%e0%b8%84%e0%b9%89%e0%b8%8a%e0%b8%81%e0%b8%ad%e0%b8%a5%e0%b9%8c%e0%b8%9f-%e0%b8%88%e0%b8%b0%e0%b8%9e%e0%b8%b2-%e0%b8%99%e0%b8%b1%e0%b8%81%e0%b8%a3%e0%b8%9a%e0%b8%aa%e0%b8%a3%e0%b8%b0%e0%b8%9a%e0%b8%b8%e0%b8%a3%e0%b8%b5-%e0%b8%94%e0%b8%b5%e0%b8%82%e0%b8%b6%e0%b9%89%e0%b8%99%e0%b9%84%e0%b8%94%e0%b9%89%e0%b9%81%e0%b8%99%e0%b9%88%e0%b8%99%e0%b8%ad%e0%b8%99/" "Mozilla/5.0 (Linux; Android 7.0;) AppleWebKit/537.36 (KHTML, like Gecko) Mobile Safari/537.36 (compatible; PetalBot;+https://webmaster.petalsearch.com/site/petalbot)" 30766 **30/30766724**
216.73.216.56 - - [16/Jan/2026:06:18:31 -0700] "GET /?fileloc=%2F%2Fproc%2Firq%2F80%2Feffective_affinity&path=%2F%2Fproc%2Firq%2F80 HTTP/1.1" 301 149 "-" "Mozilla/5.0 AppleWebKit/537.36 (KHTML, like Gecko; compatible; ClaudeBot/1.0; +claudebot@anthropic.com)" 3766 **3/3766820**
216.73.216.56 - - [16/Jan/2026:06:18:37 -0700] "GET /?e=1999494223fed HTTP/1.1" 301 149 "-" "Mozilla/5.0 AppleWebKit/537.36 (KHTML, like Gecko; compatible; ClaudeBot/1.0; +claudebot@anthropic.com)" 4159 **4/4159215**
57.141.20.40 - - [16/Jan/2026:06:17:57 -0700] "GET /?e=2936258dic150 HTTP/1.1" 301 337 "-" "meta-externalagent/1.1 (+https://developers.facebook.com/docs/sharing/webmasters/crawler)" 65213 **65/65213763**
216.73.216.56 - - [16/Jan/2026:06:19:03 -0700] "GET /?e=3404239dii9g9 HTTP/1.1" 301 149 "-" "Mozilla/5.0 AppleWebKit/537.36 (KHTML, like Gecko; compatible; ClaudeBot/1.0; +claudebot@anthropic.com)" 5383 **5/5383683**
114.119.153.246 - - [16/Jan/2026:06:19:29 -0700] "GET /xlnbgql/english-short-stories-pdf-free-download.html HTTP/1.1" 301 337 "https://arrowclout.com/rz3n/goodman-furnace-short-cycling.html" "Mozilla/5.0 (Linux; Android 7.0;) AppleWebKit/537.36 (KHTML, like Gecko) Mobile Safari/537.36 (compatible; PetalBot;+https://webmaster.petalsearch.com/site/petalbot)" 16324 **16/16324782**
114.119.153.246 - - [16/Jan/2026:06:19:45 -0700] "GET /xlnbgql/english-short-stories-pdf-free-download.html HTTP/1.1" 404 59131 "https://arrowclout.com/rz3n/goodman-furnace-short-cycling.html" "Mozilla/5.0 (Linux; Android 7.0;) AppleWebKit/537.36 (KHTML, like Gecko) Mobile Safari/537.36 (compatible; PetalBot;+https://webmaster.petalsearch.com/site/petalbot)" 1321 **1/1321032**
57.141.20.23 - - [16/Jan/2026:06:19:46 -0700] "GET /?e=2365762883ij4 HTTP/1.1" 301 337 "-" "meta-externalagent/1.1 (+https://developers.facebook.com/docs/sharing/webmasters/crawler)" 1105 **1/1105991**
47.128.99.156 - - [16/Jan/2026:06:19:44 -0700] "GET /robots.txt HTTP/1.1" 403 454 "-" "Mozilla/5.0 (Linux; Android 5.0) AppleWebKit/537.36 (KHTML, like Gecko) Mobile Safari/537.36 (compatible; Bytespider; spider-feedback@bytedance.com)" 3766 **3/3766432**
114.119.151.233 - - [16/Jan/2026:06:20:53 -0700] "GET /xlnbgql/charleston-restaurants-on-the-water.html HTTP/1.1" 301 337 "https://plumbnationservices.com.au/k4tfweh/hulu-streaming-issues-today.html" "Mozilla/5.0 (Linux; Android 7.0;) AppleWebKit/537.36 (KHTML, like Gecko) Mobile Safari/537.36 (compatible; PetalBot;+https://webmaster.petalsearch.com/site/petalbot)" 1626 **1/1626263**
43.164.195.17 - - [16/Jan/2026:06:20:57 -0700] "GET / HTTP/1.1" 301 337 "-" "Mozilla/5.0 (iPhone; CPU iPhone OS 13_2_3 like Mac OS X) AppleWebKit/605.1.15 (KHTML, like Gecko) Version/13.0.3 Mobile/15E148 Safari/604.1" 4269 **4/4269930**
114.119.151.233 - - [16/Jan/2026:06:20:55 -0700] "GET /xlnbgql/charleston-restaurants-on-the-water.html HTTP/1.1" 404 59131 "https://plumbnationservices.com.au/k4tfweh/hulu-streaming-issues-today.html" "Mozilla/5.0 (Linux; Android 7.0;) AppleWebKit/537.36 (KHTML, like Gecko) Mobile Safari/537.36 (compatible; PetalBot;+https://webmaster.petalsearch.com/site/petalbot)" 18683 **18/18683369**
57.141.20.55 - - [16/Jan/2026:06:21:48 -0700] "GET /?e=4059388j79ijg HTTP/1.1" 301 337 "-" "meta-externalagent/1.1 (+https://developers.facebook.com/docs/sharing/webmasters/crawler)" 1754 **1/1754653**
57.141.20.59 - - [16/Jan/2026:06:22:09 -0700] "GET /?e=4795320885f04 HTTP/1.1" 301 337 "-" "meta-externalagent/1.1 (+https://developers.facebook.com/docs/sharing/webmasters/crawler)" 2041 **2/2041882**
184.168.114.89 - - [16/Jan/2026:06:23:39 -0700] "POST /wp-cron.php?doing_wp_cron=1768569819.8312420845031738281250 HTTP/1.1" 200 - "-" "WordPress/6.8.1; https://www.veronaae.com" 17 **0/17031**
114.119.153.246 - - [16/Jan/2026:06:23:35 -0700] "GET /xlnbgql/aubrey-rainey-love-is-blind.html HTTP/1.1" 301 337 "https://www.ballthai.com/%E0%B8%A1%E0%B8%B4%E0%B8%A3%E0%B8%B1%E0%B8%99%E0%B8%94%E0%B9%89%E0%B8%B2-%E0%B8%AA%E0%B8%B8%E0%B8%8A%E0%B8%B2%E0%B8%A7%E0%B8%94%E0%B8%B5-%E0%B8%8B%E0%B8%B1%E0%B8%94%E0%B9%80%E0%B8%9B%E0%B8%B4" "Mozilla/5.0 (Linux; Android 7.0;) AppleWebKit/537.36 (KHTML, like Gecko) Mobile Safari/537.36 (compatible; PetalBot;+https://webmaster.petalsearch.com/site/petalbot)" 4837 **4/4837720**
114.119.153.246 - - [16/Jan/2026:06:23:40 -0700] "GET /xlnbgql/aubrey-rainey-love-is-blind.html HTTP/1.1" 404 59131 "https://www.ballthai.com/%E0%B8%A1%E0%B8%B4%E0%B8%A3%E0%B8%B1%E0%B8%99%E0%B8%94%E0%B9%89%E0%B8%B2-%E0%B8%AA%E0%B8%B8%E0%B8%8A%E0%B8%B2%E0%B8%A7%E0%B8%94%E0%B8%B5-%E0%B8%8B%E0%B8%B1%E0%B8%94%E0%B9%80%E0%B8%9B%E0%B8%B4" "Mozilla/5.0 (Linux; Android 7.0;) AppleWebKit/537.36 (KHTML, like Gecko) Mobile Safari/537.36 (compatible; PetalBot;+https://webmaster.petalsearch.com/site/petalbot)" 5809 **5/5809530**
57.141.20.4 - - [16/Jan/2026:06:23:03 -0700] "GET /?e=4391693bbcege HTTP/1.1" 301 337 "-" "meta-externalagent/1.1 (+https://developers.facebook.com/docs/sharing/webmasters/crawler)" 53645 **53/53645871**
114.119.129.113 - - [16/Jan/2026:06:23:59 -0700] "GET /xlnbgql/atm-for-sale.html HTTP/1.1" 301 337 "https://educationonebd.com/qytajol9w/hitting-operational-definition.html" "Mozilla/5.0 (Linux; Android 7.0;) AppleWebKit/537.36 (KHTML, like Gecko) Mobile Safari/537.36 (compatible; PetalBot;+https://webmaster.petalsearch.com/site/petalbot)" 9405 **9/9405198**
114.119.129.113 - - [16/Jan/2026:06:24:09 -0700] "GET /xlnbgql/atm-for-sale.html HTTP/1.1" 404 59131 "https://educationonebd.com/qytajol9w/hitting-operational-definition.html" "Mozilla/5.0 (Linux; Android 7.0;) AppleWebKit/537.36 (KHTML, like Gecko) Mobile Safari/537.36 (compatible; PetalBot;+https://webmaster.petalsearch.com/site/petalbot)" 16701 **16/16701273**
114.119.130.18 - - [16/Jan/2026:06:24:59 -0700] "GET /xlnbgql/atlanta-police-department-sworn-officers.html HTTP/1.1" 301 337 "http://manthon.shop/srpbx/wareham-ma-police-news.html" "Mozilla/5.0 (Linux; Android 7.0;) AppleWebKit/537.36 (KHTML, like Gecko) Mobile Safari/537.36 (compatible; PetalBot;+https://webmaster.petalsearch.com/site/petalbot)" 33692 **33/33692782**
57.141.20.13 - - [16/Jan/2026:06:26:16 -0700] "GET /?e=2056531537e74 HTTP/1.1" 301 337 "-" "meta-externalagent/1.1 (+https://developers.facebook.com/docs/sharing/webmasters/crawler)" 1091 **1/1091210**
114.119.129.113 - - [16/Jan/2026:06:26:22 -0700] "GET /xlnbgql/asus-vivobook-pro-14x-review.html HTTP/1.1" 301 337 "https://www.ballthai.com/%e0%b8%9c%e0%b8%b9%e0%b9%89%e0%b9%83%e0%b8%ab%e0%b8%8d%e0%b9%88%e0%b8%ad%e0%b8%b1%e0%b8%90-%e0%b8%a1%e0%b8%b1%e0%b9%88%e0%b8%99%e0%b9%83%e0%b8%88-%e0%b9%82%e0%b8%84%e0%b9%89%e0%b8%8a%e0%b8%81%e0%b8%ad%e0%b8%a5%e0%b9%8c%e0%b8%9f-%e0%b8%88%e0%b8%b0%e0%b8%9e%e0%b8%b2-%e0%b8%99%e0%b8%b1%e0%b8%81%e0%b8%a3%e0%b8%9a%e0%b8%aa%e0%b8%a3%e0%b8%b0%e0%b8%9a%e0%b8%b8%e0%b8%a3%e0%b8%b5-%e0%b8%94%e0%b8%b5%e0%b8%82%e0%b8%b6%e0%b9%89%e0%b8%99%e0%b9%84%e0%b8%94%e0%b9%89%e0%b9%81%e0%b8%99%e0%b9%88%e0%b8%99%e0%b8%ad%e0%b8%99/" "Mozilla/5.0 (Linux; Android 7.0;) AppleWebKit/537.36 (KHTML, like Gecko) Mobile Safari/537.36 (compatible; PetalBot;+https://webmaster.petalsearch.com/site/petalbot)" 5792 **5/5792885**
114.119.129.113 - - [16/Jan/2026:06:26:28 -0700] "GET /xlnbgql/asus-vivobook-pro-14x-review.html HTTP/1.1" 404 59131 "https://www.ballthai.com/%e0%b8%9c%e0%b8%b9%e0%b9%89%e0%b9%83%e0%b8%ab%e0%b8%8d%e0%b9%88%e0%b8%ad%e0%b8%b1%e0%b8%90-%e0%b8%a1%e0%b8%b1%e0%b9%88%e0%b8%99%e0%b9%83%e0%b8%88-%e0%b9%82%e0%b8%84%e0%b9%89%e0%b8%8a%e0%b8%81%e0%b8%ad%e0%b8%a5%e0%b9%8c%e0%b8%9f-%e0%b8%88%e0%b8%b0%e0%b8%9e%e0%b8%b2-%e0%b8%99%e0%b8%b1%e0%b8%81%e0%b8%a3%e0%b8%9a%e0%b8%aa%e0%b8%a3%e0%b8%b0%e0%b8%9a%e0%b8%b8%e0%b8%a3%e0%b8%b5-%e0%b8%94%e0%b8%b5%e0%b8%82%e0%b8%b6%e0%b9%89%e0%b8%99%e0%b9%84%e0%b8%94%e0%b9%89%e0%b9%81%e0%b8%99%e0%b9%88%e0%b8%99%e0%b8%ad%e0%b8%99/" "Mozilla/5.0 (Linux; Android 7.0;) AppleWebKit/537.36 (KHTML, like Gecko) Mobile Safari/537.36 (compatible; PetalBot;+https://webmaster.petalsearch.com/site/petalbot)" 4491 **4/4491054**
114.119.157.189 - - [16/Jan/2026:06:27:46 -0700] "GET /xlnbgql/assassin-code-names-female.html HTTP/1.1" 301 337 "https://www.ballthai.com/%e0%b8%9e%e0%b8%a3%e0%b9%89%e0%b8%ad%e0%b8%a1%e0%b9%80%e0%b8%95%e0%b9%87%e0%b8%a1%e0%b8%97%e0%b8%b5%e0%b9%88-%e0%b8%8a%e0%b8%9a%e0%b8%b2%e0%b9%81%e0%b8%81%e0%b9%89%e0%b8%a7-%e0%b8%8b%e0%b9%89%e0%b8%ad%e0%b8%a1%e0%b8%95%e0%b9%88%e0%b8%ad%e0%b9%80%e0%b8%99%e0%b8%b7%e0%b9%88%e0%b8%ad%e0%b8%87%e0%b8%81%e0%b9%88%e0%b8%ad%e0%b8%99%e0%b8%a5%e0%b8%b8%e0%b8%a2-%e0%b8%8a%e0%b8%b4%e0%b8%87%e0%b9%81%e0%b8%8a%e0%b8%a1%e0%b8%9b%e0%b9%8c%e0%b8%ad%e0%b8%b2%e0%b9%80%e0%b8%8b%e0%b8%b5%e0%b8%a2%e0%b8%99%e0%b8%a2%e0%b8%b9-18/" "Mozilla/5.0 (Linux; Android 7.0;) AppleWebKit/537.36 (KHTML, like Gecko) Mobile Safari/537.36 (compatible; PetalBot;+https://webmaster.petalsearch.com/site/petalbot)" 4269 **4/4269299**
114.119.157.189 - - [16/Jan/2026:06:27:50 -0700] "GET /xlnbgql/assassin-code-names-female.html HTTP/1.1" 404 59131 "https://www.ballthai.com/%e0%b8%9e%e0%b8%a3%e0%b9%89%e0%b8%ad%e0%b8%a1%e0%b9%80%e0%b8%95%e0%b9%87%e0%b8%a1%e0%b8%97%e0%b8%b5%e0%b9%88-%e0%b8%8a%e0%b8%9a%e0%b8%b2%e0%b9%81%e0%b8%81%e0%b9%89%e0%b8%a7-%e0%b8%8b%e0%b9%89%e0%b8%ad%e0%b8%a1%e0%b8%95%e0%b9%88%e0%b8%ad%e0%b9%80%e0%b8%99%e0%b8%b7%e0%b9%88%e0%b8%ad%e0%b8%87%e0%b8%81%e0%b9%88%e0%b8%ad%e0%b8%99%e0%b8%a5%e0%b8%b8%e0%b8%a2-%e0%b8%8a%e0%b8%b4%e0%b8%87%e0%b9%81%e0%b8%8a%e0%b8%a1%e0%b8%9b%e0%b9%8c%e0%b8%ad%e0%b8%b2%e0%b9%80%e0%b8%8b%e0%b8%b5%e0%b8%a2%e0%b8%99%e0%b8%a2%e0%b8%b9-18/" "Mozilla/5.0 (Linux; Android 7.0;) AppleWebKit/537.36 (KHTML, like Gecko) Mobile Safari/537.36 (compatible; PetalBot;+https://webmaster.petalsearch.com/site/petalbot)" 1238 **1/1238790**
114.119.159.152 - - [16/Jan/2026:06:29:09 -0700] "GET /xlnbgql/aspose-pdf-example.html HTTP/1.1" 301 337 "http://www.godsgirls-sa.co.za/pthzi/c1-advanced-4-with-answers-pdf.html" "Mozilla/5.0 (Linux; Android 7.0;) AppleWebKit/537.36 (KHTML, like Gecko) Mobile Safari/537.36 (compatible; PetalBot;+https://webmaster.petalsearch.com/site/petalbot)" 15461 **15/15461177**
114.119.159.152 - - [16/Jan/2026:06:29:25 -0700] "GET /xlnbgql/aspose-pdf-example.html HTTP/1.1" 404 59131 "http://www.godsgirls-sa.co.za/pthzi/c1-advanced-4-with-answers-pdf.html" "Mozilla/5.0 (Linux; Android 7.0;) AppleWebKit/537.36 (KHTML, like Gecko) Mobile Safari/537.36 (compatible; PetalBot;+https://webmaster.petalsearch.com/site/petalbot)" 10810 **10/10810100**
216.73.216.56 - - [16/Jan/2026:06:29:51 -0700] "GET /robots.txt HTTP/1.1" 301 149 "-" "Mozilla/5.0 AppleWebKit/537.36 (KHTML, like Gecko; compatible; ClaudeBot/1.0; +claudebot@anthropic.com)" 5923 **5/5923495**
216.73.216.56 - - [16/Jan/2026:06:30:00 -0700] "GET /robots.txt HTTP/1.1" 200 214 "http://veronaae.com/robots.txt" "Mozilla/5.0 AppleWebKit/537.36 (KHTML, like Gecko; compatible; ClaudeBot/1.0; +claudebot@anthropic.com)" 3205 **3/3205425**
57.141.20.54 - - [16/Jan/2026:06:30:05 -0700] "GET /?e=3842475658fje HTTP/1.1" 301 337 "-" "meta-externalagent/1.1 (+https://developers.facebook.com/docs/sharing/webmasters/crawler)" 8186 **8/8186340**
216.73.216.56 - - [16/Jan/2026:06:30:06 -0700] "GET /?e=42235521hb306 HTTP/1.1" 301 149 "-" "Mozilla/5.0 AppleWebKit/537.36 (KHTML, like Gecko; compatible; ClaudeBot/1.0; +claudebot@anthropic.com)" 8899 **8/8899716**
114.119.130.18 - - [16/Jan/2026:06:30:33 -0700] "GET /xlnbgql/asmr-sleep-hypnosis-audio.html HTTP/1.1" 301 337 "https://x10movies4k.com/8sbh4j/ota-esp32-idf.html" "Mozilla/5.0 (Linux; Android 7.0;) AppleWebKit/537.36 (KHTML, like Gecko) Mobile Safari/537.36 (compatible; PetalBot;+https://webmaster.petalsearch.com/site/petalbot)" 4733 **4/4733041**
114.119.130.18 - - [16/Jan/2026:06:30:38 -0700] "GET /xlnbgql/asmr-sleep-hypnosis-audio.html HTTP/1.1" 404 59131 "https://x10movies4k.com/8sbh4j/ota-esp32-idf.html" "Mozilla/5.0 (Linux; Android 7.0;) AppleWebKit/537.36 (KHTML, like Gecko) Mobile Safari/537.36 (compatible; PetalBot;+https://webmaster.petalsearch.com/site/petalbot)" 1159 **1/1159407**
57.141.20.34 - - [16/Jan/2026:06:31:00 -0700] "GET /?e=1049661h9727d HTTP/1.1" 301 337 "-" "meta-externalagent/1.1 (+https://developers.facebook.com/docs/sharing/webmasters/crawler)" 2626 **2/2626678**
114.119.153.246 - - [16/Jan/2026:06:31:56 -0700] "GET /xlnbgql/ashtama-sani-meaning.html HTTP/1.1" 301 337 "https://pinoyoutloud.com/wtpvt/ncaa-d2-cross-country-championships-2022.html" "Mozilla/5.0 (Linux; Android 7.0;) AppleWebKit/537.36 (KHTML, like Gecko) Mobile Safari/537.36 (compatible; PetalBot;+https://webmaster.petalsearch.com/site/petalbot)" 8614 **8/8614462**
114.119.153.246 - - [16/Jan/2026:06:32:05 -0700] "GET /xlnbgql/ashtama-sani-meaning.html HTTP/1.1" 404 59131 "https://pinoyoutloud.com/wtpvt/ncaa-d2-cross-country-championships-2022.html" "Mozilla/5.0 (Linux; Android 7.0;) AppleWebKit/537.36 (KHTML, like Gecko) Mobile Safari/537.36 (compatible; PetalBot;+https://webmaster.petalsearch.com/site/petalbot)" 7446 **7/7446836**
57.141.20.30 - - [16/Jan/2026:06:33:02 -0700] "GET /?e=3130794gfbedc HTTP/1.1" 301 337 "-" "meta-externalagent/1.1 (+https://developers.facebook.com/docs/sharing/webmasters/crawler)" 1216 **1/1216860**
216.73.216.56 - - [16/Jan/2026:06:33:13 -0700] "GET /?e=5089443i5711h HTTP/1.1" 301 149 "-" "Mozilla/5.0 AppleWebKit/537.36 (KHTML, like Gecko; compatible; ClaudeBot/1.0; +claudebot@anthropic.com)" 2588 **2/2588990**
114.119.157.189 - - [16/Jan/2026:06:33:20 -0700] "GET /xlnbgql/yell-county-detention-center.html HTTP/1.1" 301 337 "https://topforums.ru/bitrix/admin/uwivgeid/elementary-schools-near-me-hiring.html" "Mozilla/5.0 (Linux; Android 7.0;) AppleWebKit/537.36 (KHTML, like Gecko) Mobile Safari/537.36 (compatible; PetalBot;+https://webmaster.petalsearch.com/site/petalbot)" 5764 **5/5764098**
114.119.157.189 - - [16/Jan/2026:06:33:26 -0700] "GET /xlnbgql/yell-county-detention-center.html HTTP/1.1" 404 59131 "https://topforums.ru/bitrix/admin/uwivgeid/elementary-schools-near-me-hiring.html" "Mozilla/5.0 (Linux; Android 7.0;) AppleWebKit/537.36 (KHTML, like Gecko) Mobile Safari/537.36 (compatible; PetalBot;+https://webmaster.petalsearch.com/site/petalbot)" 1172 **1/1172187**
57.141.20.35 - - [16/Jan/2026:06:33:22 -0700] "GET /?e=2065408c6f7gj HTTP/1.1" 301 337 "-" "meta-externalagent/1.1 (+https://developers.facebook.com/docs/sharing/webmasters/crawler)" 7686 **7/7686358**
216.73.216.56 - - [16/Jan/2026:06:34:16 -0700] "GET /?fileloc=%2F%2Fusr%2Flib%2F.build-id%2F64%2F6cc776ccf6dbd5d7e00be9731458c3ed62478e&path=%2F%2Fusr%2Flib%2F.build-id%2F64 HTTP/1.1" 301 149 "-" "Mozilla/5.0 AppleWebKit/537.36 (KHTML, like Gecko; compatible; ClaudeBot/1.0; +claudebot@anthropic.com)" 7657 **7/7657784**
114.119.157.189 - - [16/Jan/2026:06:34:43 -0700] "GET /xlnbgql/reworked-sweatshirts-wholesale.html HTTP/1.1" 301 337 "https://cryptoservice.7am-groups.com/kqzjk/sliding-screen-door-latch-repair.html" "Mozilla/5.0 (Linux; Android 7.0;) AppleWebKit/537.36 (KHTML, like Gecko) Mobile Safari/537.36 (compatible; PetalBot;+https://webmaster.petalsearch.com/site/petalbot)" 1863 **1/1863461**
216.73.216.56 - - [16/Jan/2026:06:34:41 -0700] "GET /?fileloc=%2F%2Flib%2Fgrub%2Fi386-pc%2Fmoddep.lst&path=%2F%2Flib%2Fgrub%2Fi386-pc HTTP/1.1" 301 149 "-" "Mozilla/5.0 AppleWebKit/537.36 (KHTML, like Gecko; compatible; ClaudeBot/1.0; +claudebot@anthropic.com)" 5890 **5/5890381**
114.119.157.189 - - [16/Jan/2026:06:34:45 -0700] "GET /xlnbgql/reworked-sweatshirts-wholesale.html HTTP/1.1" 404 59131 "https://cryptoservice.7am-groups.com/kqzjk/sliding-screen-door-latch-repair.html" "Mozilla/5.0 (Linux; Android 7.0;) AppleWebKit/537.36 (KHTML, like Gecko) Mobile Safari/537.36 (compatible; PetalBot;+https://webmaster.petalsearch.com/site/petalbot)" 4273 **4/4273612**
216.73.216.56 - - [16/Jan/2026:06:34:47 -0700] "GET /?fileloc=%2F%2Fusr%2Flib%2F.build-id%2F0a%2F09af98b875ba97292e54dd944edbc792faf8bf&path=%2F%2Fusr%2Flib%2F.build-id%2F0a HTTP/1.1" 301 149 "-" "Mozilla/5.0 AppleWebKit/537.36 (KHTML, like Gecko; compatible; ClaudeBot/1.0; +claudebot@anthropic.com)" 16735 **16/16735651**
