114.119.129.113 - - [16/Jan/2026:10:45:33 -0700] "GET /xlnbgql/god-fights-our-battles-images.html HTTP/1.1" 404 59131 "https://canford.ca/gpcj3d/hybrid-campers-with-ensuite.html" "Mozilla/5.0 (Linux; Android 7.0;) AppleWebKit/537.36 (KHTML, like Gecko) Mobile Safari/537.36 (compatible; PetalBot;+https://webmaster.petalsearch.com/site/petalbot)" 2685 **2/2685840**
135.181.166.38 - - [16/Jan/2026:10:45:49 -0700] "GET /?e=3400 HTTP/1.1" 301 337 "-" "Mozilla/5.0 (compatible; SERankingBacklinksBot/1.0; +https://seranking.com/backlinks-crawler)" 1060 **1/1060961**
135.181.166.38 - - [16/Jan/2026:10:46:05 -0700] "GET /?e=11781 HTTP/1.1" 301 337 "-" "Mozilla/5.0 (compatible; SERankingBacklinksBot/1.0; +https://seranking.com/backlinks-crawler)" 1776 **1/1776007**
135.181.166.38 - - [16/Jan/2026:10:46:22 -0700] "GET /?e=12515 HTTP/1.1" 301 337 "-" "Mozilla/5.0 (compatible; SERankingBacklinksBot/1.0; +https://seranking.com/backlinks-crawler)" 1611 **1/1611895**
57.141.20.57 - - [16/Jan/2026:10:46:45 -0700] "GET /?e=1566036jh79df HTTP/1.1" 301 337 "-" "meta-externalagent/1.1 (+https://developers.facebook.com/docs/sharing/webmasters/crawler)" 1586 **1/1586806**
135.181.166.38 - - [16/Jan/2026:10:46:45 -0700] "GET /?e=13041 HTTP/1.1" 301 337 "-" "Mozilla/5.0 (compatible; SERankingBacklinksBot/1.0; +https://seranking.com/backlinks-crawler)" 1631 **1/1631220**
114.119.157.189 - - [16/Jan/2026:10:46:54 -0700] "GET /xlnbgql/country-western-dj.html HTTP/1.1" 301 337 "https://construction.7am-groups.com/z6am/avocado-farm-for-sale-temecula.html" "Mozilla/5.0 (Linux; Android 7.0;) AppleWebKit/537.36 (KHTML, like Gecko) Mobile Safari/537.36 (compatible; PetalBot;+https://webmaster.petalsearch.com/site/petalbot)" 1790 **1/1790247**
114.119.157.189 - - [16/Jan/2026:10:46:56 -0700] "GET /xlnbgql/country-western-dj.html HTTP/1.1" 404 59131 "https://construction.7am-groups.com/z6am/avocado-farm-for-sale-temecula.html" "Mozilla/5.0 (Linux; Android 7.0;) AppleWebKit/537.36 (KHTML, like Gecko) Mobile Safari/537.36 (compatible; PetalBot;+https://webmaster.petalsearch.com/site/petalbot)" 2206 **2/2206425**
135.181.166.38 - - [16/Jan/2026:10:47:05 -0700] "GET /?e=17375 HTTP/1.1" 301 337 "-" "Mozilla/5.0 (compatible; SERankingBacklinksBot/1.0; +https://seranking.com/backlinks-crawler)" 975 **0/975121**
135.181.166.38 - - [16/Jan/2026:10:47:20 -0700] "GET /?e=21096 HTTP/1.1" 301 337 "-" "Mozilla/5.0 (compatible; SERankingBacklinksBot/1.0; +https://seranking.com/backlinks-crawler)" 1232 **1/1232544**
135.181.166.38 - - [16/Jan/2026:10:47:30 -0700] "GET /?e=24491 HTTP/1.1" 301 337 "-" "Mozilla/5.0 (compatible; SERankingBacklinksBot/1.0; +https://seranking.com/backlinks-crawler)" 1008 **1/1008459**
74.7.227.58 - - [16/Jan/2026:10:47:39 -0700] "GET /category/afrointroductions-reviews-2 HTTP/1.1" 404 10982 "https://veronaae.com" "Mozilla/5.0 AppleWebKit/537.36 (KHTML, like Gecko; compatible; GPTBot/1.3; +https://openai.com/gptbot)" 1493 **1/1493797**
135.181.166.38 - - [16/Jan/2026:10:47:53 -0700] "GET /?e=32479 HTTP/1.1" 301 337 "-" "Mozilla/5.0 (compatible; SERankingBacklinksBot/1.0; +https://seranking.com/backlinks-crawler)" 1145 **1/1145139**
135.181.166.38 - - [16/Jan/2026:10:48:03 -0700] "GET /?e=37669 HTTP/1.1" 301 337 "-" "Mozilla/5.0 (compatible; SERankingBacklinksBot/1.0; +https://seranking.com/backlinks-crawler)" 1570 **1/1570152**
114.119.157.158 - - [16/Jan/2026:10:48:20 -0700] "GET /xlnbgql/clayton-county-human-resources-jobs.html HTTP/1.1" 301 337 "https://pinoyoutloud.com/wtpvt/bmw-id6-upgrade.html" "Mozilla/5.0 (Linux; Android 7.0;) AppleWebKit/537.36 (KHTML, like Gecko) Mobile Safari/537.36 (compatible; PetalBot;+https://webmaster.petalsearch.com/site/petalbot)" 1678 **1/1678160**
135.181.166.38 - - [16/Jan/2026:10:48:22 -0700] "GET /?e=43127 HTTP/1.1" 301 337 "-" "Mozilla/5.0 (compatible; SERankingBacklinksBot/1.0; +https://seranking.com/backlinks-crawler)" 1312 **1/1312934**
114.119.157.158 - - [16/Jan/2026:10:48:25 -0700] "GET /xlnbgql/clayton-county-human-resources-jobs.html HTTP/1.1" 404 59131 "https://pinoyoutloud.com/wtpvt/bmw-id6-upgrade.html" "Mozilla/5.0 (Linux; Android 7.0;) AppleWebKit/537.36 (KHTML, like Gecko) Mobile Safari/537.36 (compatible; PetalBot;+https://webmaster.petalsearch.com/site/petalbot)" 2592 **2/2592508**
74.7.227.58 - - [16/Jan/2026:10:48:40 -0700] "GET /category/biracial-dating-kostenlos-2 HTTP/1.1" 404 10982 "https://veronaae.com" "Mozilla/5.0 AppleWebKit/537.36 (KHTML, like Gecko; compatible; GPTBot/1.3; +https://openai.com/gptbot)" 929 **0/929813**
135.181.166.38 - - [16/Jan/2026:10:48:41 -0700] "GET /?e=45146 HTTP/1.1" 301 337 "-" "Mozilla/5.0 (compatible; SERankingBacklinksBot/1.0; +https://seranking.com/backlinks-crawler)" 844 **0/844623**
74.7.227.58 - - [16/Jan/2026:10:48:41 -0700] "GET /category/my-payday-loans HTTP/1.1" 404 10982 "https://veronaae.com" "Mozilla/5.0 AppleWebKit/537.36 (KHTML, like Gecko; compatible; GPTBot/1.3; +https://openai.com/gptbot)" 1029 **1/1029697**
74.7.227.58 - - [16/Jan/2026:10:48:43 -0700] "GET /category/bbwdesire-review HTTP/1.1" 404 10982 "https://veronaae.com" "Mozilla/5.0 AppleWebKit/537.36 (KHTML, like Gecko; compatible; GPTBot/1.3; +https://openai.com/gptbot)" 1288 **1/1288186**
135.181.166.38 - - [16/Jan/2026:10:48:57 -0700] "GET /?e=47494 HTTP/1.1" 301 337 "-" "Mozilla/5.0 (compatible; SERankingBacklinksBot/1.0; +https://seranking.com/backlinks-crawler)" 1759 **1/1759781**
135.181.166.38 - - [16/Jan/2026:10:49:17 -0700] "GET /?e=61335 HTTP/1.1" 301 337 "-" "Mozilla/5.0 (compatible; SERankingBacklinksBot/1.0; +https://seranking.com/backlinks-crawler)" 1176 **1/1176913**
135.181.166.38 - - [16/Jan/2026:10:49:35 -0700] "GET /?e=68896 HTTP/1.1" 301 337 "-" "Mozilla/5.0 (compatible; SERankingBacklinksBot/1.0; +https://seranking.com/backlinks-crawler)" 1286 **1/1286117**
114.119.130.251 - - [16/Jan/2026:10:49:42 -0700] "GET /xlnbgql/caribbean-cruise-ports-closed.html HTTP/1.1" 301 337 "http://klaskeypma-prins.nl/k2naj33/hitachi-nail-gun-piston-not-returning.html" "Mozilla/5.0 (Linux; Android 7.0;) AppleWebKit/537.36 (KHTML, like Gecko) Mobile Safari/537.36 (compatible; PetalBot;+https://webmaster.petalsearch.com/site/petalbot)" 959 **0/959551**
114.119.130.251 - - [16/Jan/2026:10:49:43 -0700] "GET /xlnbgql/caribbean-cruise-ports-closed.html HTTP/1.1" 404 59131 "http://klaskeypma-prins.nl/k2naj33/hitachi-nail-gun-piston-not-returning.html" "Mozilla/5.0 (Linux; Android 7.0;) AppleWebKit/537.36 (KHTML, like Gecko) Mobile Safari/537.36 (compatible; PetalBot;+https://webmaster.petalsearch.com/site/petalbot)" 1172 **1/1172658**
57.141.20.59 - - [16/Jan/2026:10:49:52 -0700] "GET /?e=32056411jaij5 HTTP/1.1" 301 337 "-" "meta-externalagent/1.1 (+https://developers.facebook.com/docs/sharing/webmasters/crawler)" 929 **0/929530**
135.181.166.38 - - [16/Jan/2026:10:49:54 -0700] "GET /?e=71443 HTTP/1.1" 301 337 "-" "Mozilla/5.0 (compatible; SERankingBacklinksBot/1.0; +https://seranking.com/backlinks-crawler)" 1127 **1/1127340**
135.181.166.38 - - [16/Jan/2026:10:50:14 -0700] "GET /?e=79808 HTTP/1.1" 301 337 "-" "Mozilla/5.0 (compatible; SERankingBacklinksBot/1.0; +https://seranking.com/backlinks-crawler)" 1467 **1/1467129**
57.141.20.19 - - [16/Jan/2026:10:50:26 -0700] "GET /?e=3831306d25hic HTTP/1.1" 301 337 "-" "meta-externalagent/1.1 (+https://developers.facebook.com/docs/sharing/webmasters/crawler)" 912 **0/912615**
135.181.166.38 - - [16/Jan/2026:10:50:32 -0700] "GET /?e=83356 HTTP/1.1" 301 337 "-" "Mozilla/5.0 (compatible; SERankingBacklinksBot/1.0; +https://seranking.com/backlinks-crawler)" 2115 **2/2115474**
135.181.166.38 - - [16/Jan/2026:10:50:58 -0700] "GET /?e=85977 HTTP/1.1" 301 337 "-" "Mozilla/5.0 (compatible; SERankingBacklinksBot/1.0; +https://seranking.com/backlinks-crawler)" 1265 **1/1265603**
114.119.130.18 - - [16/Jan/2026:10:51:06 -0700] "GET /xlnbgql/amd-gpu-buzzing.html HTTP/1.1" 301 337 "http://manthon.shop/srpbx/male-singers-of-the-90s.html" "Mozilla/5.0 (Linux; Android 7.0;) AppleWebKit/537.36 (KHTML, like Gecko) Mobile Safari/537.36 (compatible; PetalBot;+https://webmaster.petalsearch.com/site/petalbot)" 1652 **1/1652264**
114.119.130.18 - - [16/Jan/2026:10:51:07 -0700] "GET /xlnbgql/amd-gpu-buzzing.html HTTP/1.1" 404 59131 "http://manthon.shop/srpbx/male-singers-of-the-90s.html" "Mozilla/5.0 (Linux; Android 7.0;) AppleWebKit/537.36 (KHTML, like Gecko) Mobile Safari/537.36 (compatible; PetalBot;+https://webmaster.petalsearch.com/site/petalbot)" 1485 **1/1485084**
135.181.166.38 - - [16/Jan/2026:10:51:08 -0700] "GET /?e=89757 HTTP/1.1" 301 337 "-" "Mozilla/5.0 (compatible; SERankingBacklinksBot/1.0; +https://seranking.com/backlinks-crawler)" 1150 **1/1150523**
57.141.20.24 - - [16/Jan/2026:10:51:21 -0700] "GET /?e=2221633i2icdg HTTP/1.1" 301 337 "-" "meta-externalagent/1.1 (+https://developers.facebook.com/docs/sharing/webmasters/crawler)" 1387 **1/1387358**
135.181.166.38 - - [16/Jan/2026:10:51:27 -0700] "GET /?e=90964 HTTP/1.1" 301 337 "-" "Mozilla/5.0 (compatible; SERankingBacklinksBot/1.0; +https://seranking.com/backlinks-crawler)" 1128 **1/1128284**
135.181.166.38 - - [16/Jan/2026:10:51:44 -0700] "GET /?e=91523 HTTP/1.1" 301 337 "-" "Mozilla/5.0 (compatible; SERankingBacklinksBot/1.0; +https://seranking.com/backlinks-crawler)" 998 **0/998017**
216.73.216.56 - - [16/Jan/2026:10:51:56 -0700] "GET /?fileloc=%2F%2Flib%2Fpython3.6%2Fsite-packages%2Ftuned%2F__pycache__%2F__init__.cpython-36.pyc&path=%2F%2Flib%2Fpython3.6%2Fsite-packages%2Ftuned%2F__pycache__ HTTP/1.1" 301 149 "-" "Mozilla/5.0 AppleWebKit/537.36 (KHTML, like Gecko; compatible; ClaudeBot/1.0; +claudebot@anthropic.com)" 1436 **1/1436976**
57.141.20.42 - - [16/Jan/2026:10:52:02 -0700] "GET /?e=26818909fgj92 HTTP/1.1" 301 337 "-" "meta-externalagent/1.1 (+https://developers.facebook.com/docs/sharing/webmasters/crawler)" 2016 **2/2016057**
57.141.20.56 - - [16/Jan/2026:10:52:06 -0700] "GET /?e=35540499b31i6 HTTP/1.1" 301 337 "-" "meta-externalagent/1.1 (+https://developers.facebook.com/docs/sharing/webmasters/crawler)" 1386 **1/1386139**
135.181.166.38 - - [16/Jan/2026:10:52:11 -0700] "GET /?e=94708 HTTP/1.1" 301 337 "-" "Mozilla/5.0 (compatible; SERankingBacklinksBot/1.0; +https://seranking.com/backlinks-crawler)" 1253 **1/1253470**
135.181.166.38 - - [16/Jan/2026:10:52:28 -0700] "GET /?e=96665 HTTP/1.1" 301 337 "-" "Mozilla/5.0 (compatible; SERankingBacklinksBot/1.0; +https://seranking.com/backlinks-crawler)" 1218 **1/1218193**
114.119.153.246 - - [16/Jan/2026:10:52:30 -0700] "GET /xlnbgql/yell-county-detention-center.html HTTP/1.1" 301 337 "https://topforums.ru/bitrix/admin/uwivgeid/elementary-schools-near-me-hiring.html" "Mozilla/5.0 (Linux; Android 7.0;) AppleWebKit/537.36 (KHTML, like Gecko) Mobile Safari/537.36 (compatible; PetalBot;+https://webmaster.petalsearch.com/site/petalbot)" 1829 **1/1829908**
114.119.153.246 - - [16/Jan/2026:10:52:32 -0700] "GET /xlnbgql/yell-county-detention-center.html HTTP/1.1" 404 59131 "https://topforums.ru/bitrix/admin/uwivgeid/elementary-schools-near-me-hiring.html" "Mozilla/5.0 (Linux; Android 7.0;) AppleWebKit/537.36 (KHTML, like Gecko) Mobile Safari/537.36 (compatible; PetalBot;+https://webmaster.petalsearch.com/site/petalbot)" 1356 **1/1356730**
57.141.20.57 - - [16/Jan/2026:10:52:41 -0700] "GET /?e=323996206cb0f HTTP/1.1" 301 337 "-" "meta-externalagent/1.1 (+https://developers.facebook.com/docs/sharing/webmasters/crawler)" 965 **0/965897**
57.141.20.51 - - [16/Jan/2026:10:52:46 -0700] "GET /?e=287937531b85c HTTP/1.1" 301 337 "-" "meta-externalagent/1.1 (+https://developers.facebook.com/docs/sharing/webmasters/crawler)" 1234 **1/1234184**
135.181.166.38 - - [16/Jan/2026:10:52:47 -0700] "GET /?e=101185 HTTP/1.1" 301 337 "-" "Mozilla/5.0 (compatible; SERankingBacklinksBot/1.0; +https://seranking.com/backlinks-crawler)" 813 **0/813634**
135.181.166.38 - - [16/Jan/2026:10:52:58 -0700] "GET /?e=102276 HTTP/1.1" 301 337 "-" "Mozilla/5.0 (compatible; SERankingBacklinksBot/1.0; +https://seranking.com/backlinks-crawler)" 868 **0/868438**
216.73.216.56 - - [16/Jan/2026:10:53:04 -0700] "GET /?fileloc=%2F%2Flib%2Fpython2.7%2Fsite-packages%2Fsetuptools%2Fextern%2F__init__.pyo&path=%2F%2Flib%2Fpython2.7%2Fsite-packages%2Fsetuptools%2Fextern HTTP/1.1" 301 149 "-" "Mozilla/5.0 AppleWebKit/537.36 (KHTML, like Gecko; compatible; ClaudeBot/1.0; +claudebot@anthropic.com)" 1056 **1/1056399**
57.141.20.49 - - [16/Jan/2026:10:53:06 -0700] "GET /?e=3720565b4d0g2 HTTP/1.1" 301 337 "-" "meta-externalagent/1.1 (+https://developers.facebook.com/docs/sharing/webmasters/crawler)" 1680 **1/1680494**
57.141.20.48 - - [16/Jan/2026:10:53:09 -0700] "GET /?e=1934949gj8a8j HTTP/1.1" 301 337 "-" "meta-externalagent/1.1 (+https://developers.facebook.com/docs/sharing/webmasters/crawler)" 1235 **1/1235731**
216.73.216.56 - - [16/Jan/2026:10:53:16 -0700] "GET /?e=343848845461d HTTP/1.1" 301 149 "-" "Mozilla/5.0 AppleWebKit/537.36 (KHTML, like Gecko; compatible; ClaudeBot/1.0; +claudebot@anthropic.com)" 984 **0/984356**
135.181.166.38 - - [16/Jan/2026:10:53:26 -0700] "GET /?e=102367 HTTP/1.1" 301 337 "-" "Mozilla/5.0 (compatible; SERankingBacklinksBot/1.0; +https://seranking.com/backlinks-crawler)" 1154 **1/1154051**
135.181.166.38 - - [16/Jan/2026:10:53:45 -0700] "GET /?e=107354 HTTP/1.1" 301 337 "-" "Mozilla/5.0 (compatible; SERankingBacklinksBot/1.0; +https://seranking.com/backlinks-crawler)" 939 **0/939528**
216.73.216.56 - - [16/Jan/2026:10:53:48 -0700] "GET /?path=%2F%2Fusr%2Flib%2Flocale%2Fde_CH.utf8%2FLC_MESSAGES HTTP/1.1" 301 149 "-" "Mozilla/5.0 AppleWebKit/537.36 (KHTML, like Gecko; compatible; ClaudeBot/1.0; +claudebot@anthropic.com)" 1828 **1/1828460**
114.119.129.113 - - [16/Jan/2026:10:53:53 -0700] "GET /xlnbgql/used-gowns-for-sale-near-me.html HTTP/1.1" 301 337 "https://www.ballthai.com/%E0%B8%A1%E0%B8%B4%E0%B8%A3%E0%B8%B1%E0%B8%99%E0%B8%94%E0%B9%89%E0%B8%B2-%E0%B8%AA%E0%B8%B8%E0%B8%8A%E0%B8%B2%E0%B8%A7%E0%B8%94%E0%B8%B5-%E0%B8%8B%E0%B8%B1%E0%B8%94%E0%B9%80%E0%B8%9B%E0%B8%B4" "Mozilla/5.0 (Linux; Android 7.0;) AppleWebKit/537.36 (KHTML, like Gecko) Mobile Safari/537.36 (compatible; PetalBot;+https://webmaster.petalsearch.com/site/petalbot)" 1051 **1/1051159**
114.119.129.113 - - [16/Jan/2026:10:53:54 -0700] "GET /xlnbgql/used-gowns-for-sale-near-me.html HTTP/1.1" 404 59131 "https://www.ballthai.com/%E0%B8%A1%E0%B8%B4%E0%B8%A3%E0%B8%B1%E0%B8%99%E0%B8%94%E0%B9%89%E0%B8%B2-%E0%B8%AA%E0%B8%B8%E0%B8%8A%E0%B8%B2%E0%B8%A7%E0%B8%94%E0%B8%B5-%E0%B8%8B%E0%B8%B1%E0%B8%94%E0%B9%80%E0%B8%9B%E0%B8%B4" "Mozilla/5.0 (Linux; Android 7.0;) AppleWebKit/537.36 (KHTML, like Gecko) Mobile Safari/537.36 (compatible; PetalBot;+https://webmaster.petalsearch.com/site/petalbot)" 1870 **1/1870931**
135.181.166.38 - - [16/Jan/2026:10:53:57 -0700] "GET /?e=115691 HTTP/1.1" 301 337 "-" "Mozilla/5.0 (compatible; SERankingBacklinksBot/1.0; +https://seranking.com/backlinks-crawler)" 972 **0/972808**
57.141.20.57 - - [16/Jan/2026:10:54:10 -0700] "GET /?e=944708haig77 HTTP/1.1" 301 337 "-" "meta-externalagent/1.1 (+https://developers.facebook.com/docs/sharing/webmasters/crawler)" 1208 **1/1208539**
216.73.216.56 - - [16/Jan/2026:10:54:17 -0700] "GET /?e=54263289bb6ca HTTP/1.1" 301 149 "-" "Mozilla/5.0 AppleWebKit/537.36 (KHTML, like Gecko; compatible; ClaudeBot/1.0; +claudebot@anthropic.com)" 1530 **1/1530756**
135.181.166.38 - - [16/Jan/2026:10:54:24 -0700] "GET /?e=116461 HTTP/1.1" 301 337 "-" "Mozilla/5.0 (compatible; SERankingBacklinksBot/1.0; +https://seranking.com/backlinks-crawler)" 1766 **1/1766100**
216.73.216.56 - - [16/Jan/2026:10:54:25 -0700] "GET /?e=192216688b730 HTTP/1.1" 301 149 "-" "Mozilla/5.0 AppleWebKit/537.36 (KHTML, like Gecko; compatible; ClaudeBot/1.0; +claudebot@anthropic.com)" 1536 **1/1536890**
135.181.166.38 - - [16/Jan/2026:10:54:35 -0700] "GET /?e=120422 HTTP/1.1" 301 337 "-" "Mozilla/5.0 (compatible; SERankingBacklinksBot/1.0; +https://seranking.com/backlinks-crawler)" 1268 **1/1268960**
57.141.20.57 - - [16/Jan/2026:10:54:36 -0700] "GET /?e=3318477eh2hge HTTP/1.1" 301 337 "-" "meta-externalagent/1.1 (+https://developers.facebook.com/docs/sharing/webmasters/crawler)" 1528 **1/1528367**
57.141.20.15 - - [16/Jan/2026:10:54:52 -0700] "GET /?e=27573889e86a7 HTTP/1.1" 301 337 "-" "meta-externalagent/1.1 (+https://developers.facebook.com/docs/sharing/webmasters/crawler)" 953 **0/953972**
216.73.216.56 - - [16/Jan/2026:10:54:56 -0700] "GET /?e=2688040588afi HTTP/1.1" 301 149 "-" "Mozilla/5.0 AppleWebKit/537.36 (KHTML, like Gecko; compatible; ClaudeBot/1.0; +claudebot@anthropic.com)" 1013 **1/1013229**
135.181.166.38 - - [16/Jan/2026:10:55:02 -0700] "GET /?e=124102 HTTP/1.1" 301 337 "-" "Mozilla/5.0 (compatible; SERankingBacklinksBot/1.0; +https://seranking.com/backlinks-crawler)" 2186 **2/2186360**
135.181.166.38 - - [16/Jan/2026:10:55:14 -0700] "GET /?e=124246 HTTP/1.1" 301 337 "-" "Mozilla/5.0 (compatible; SERankingBacklinksBot/1.0; +https://seranking.com/backlinks-crawler)" 1553 **1/1553494**
114.119.130.251 - - [16/Jan/2026:10:55:17 -0700] "GET /xlnbgql/tax-pro-website.html HTTP/1.1" 301 337 "https://www.ballthai.com/%E0%B8%95%E0%B8%AD%E0%B8%87-%E0%B8%A1%E0%B8%B8%E0%B9%89%E0%B8%A2-%E0%B9%80%E0%B8%95%E0%B8%A3%E0%B8%B5%E0%B8%A2%E0%B8%A1%E0%B8%A5%E0%B8%87%E0%B9%80%E0%B8%A5%E0%B9%88%E0%B8%99%E0%B8%A7%E0%B8%B1%E0%B8%99%E0%B8%99%E0%B8%B5%E0%B9%89-%E0%B9%82%E0%B8%9B%E0%B8%A3%E0%B9%81%E0%B8%81%E0%B8%A3%E0%B8%A1%E0%B9%81%E0%B8%82%E0%B9%88%E0%B8%87-%E0%B8%9B%E0%B8%A3%E0%B8%B5%E0%B8%A7%E0%B8%B4%E0%B8%A7%E0%B8%A8%E0%B8%B6%E0%B8%81-%E0%B8%A5%E0%B8%B9%E0%B8%A7%E0%B8%B2%E0%B8%99-%E0%B8%84%E0%B8%B1%E0%B8%9E-2020-05-08-63/" "Mozilla/5.0 (Linux; Android 7.0;) AppleWebKit/537.36 (KHTML, like Gecko) Mobile Safari/537.36 (compatible; PetalBot;+https://webmaster.petalsearch.com/site/petalbot)" 2293 **2/2293650**
114.119.130.251 - - [16/Jan/2026:10:55:20 -0700] "GET /xlnbgql/tax-pro-website.html HTTP/1.1" 404 59131 "https://www.ballthai.com/%E0%B8%95%E0%B8%AD%E0%B8%87-%E0%B8%A1%E0%B8%B8%E0%B9%89%E0%B8%A2-%E0%B9%80%E0%B8%95%E0%B8%A3%E0%B8%B5%E0%B8%A2%E0%B8%A1%E0%B8%A5%E0%B8%87%E0%B9%80%E0%B8%A5%E0%B9%88%E0%B8%99%E0%B8%A7%E0%B8%B1%E0%B8%99%E0%B8%99%E0%B8%B5%E0%B9%89-%E0%B9%82%E0%B8%9B%E0%B8%A3%E0%B9%81%E0%B8%81%E0%B8%A3%E0%B8%A1%E0%B9%81%E0%B8%82%E0%B9%88%E0%B8%87-%E0%B8%9B%E0%B8%A3%E0%B8%B5%E0%B8%A7%E0%B8%B4%E0%B8%A7%E0%B8%A8%E0%B8%B6%E0%B8%81-%E0%B8%A5%E0%B8%B9%E0%B8%A7%E0%B8%B2%E0%B8%99-%E0%B8%84%E0%B8%B1%E0%B8%9E-2020-05-08-63/" "Mozilla/5.0 (Linux; Android 7.0;) AppleWebKit/537.36 (KHTML, like Gecko) Mobile Safari/537.36 (compatible; PetalBot;+https://webmaster.petalsearch.com/site/petalbot)" 1498 **1/1498501**
57.141.20.0 - - [16/Jan/2026:10:55:22 -0700] "GET /?e=422495da0f3a HTTP/1.1" 301 337 "-" "meta-externalagent/1.1 (+https://developers.facebook.com/docs/sharing/webmasters/crawler)" 1255 **1/1255088**
135.181.166.38 - - [16/Jan/2026:10:55:37 -0700] "GET /?e=124283 HTTP/1.1" 301 337 "-" "Mozilla/5.0 (compatible; SERankingBacklinksBot/1.0; +https://seranking.com/backlinks-crawler)" 1414 **1/1414180**
135.181.166.38 - - [16/Jan/2026:10:56:06 -0700] "GET /?e=124493 HTTP/1.1" 301 337 "-" "Mozilla/5.0 (compatible; SERankingBacklinksBot/1.0; +https://seranking.com/backlinks-crawler)" 1889 **1/1889856**
135.181.166.38 - - [16/Jan/2026:10:56:19 -0700] "GET /?e=128510 HTTP/1.1" 301 337 "-" "Mozilla/5.0 (compatible; SERankingBacklinksBot/1.0; +https://seranking.com/backlinks-crawler)" 1181 **1/1181743**
45.227.254.34 - - [16/Jan/2026:10:56:24 -0700] "GET / HTTP/2.0" 301 337 "-" "Mozilla/5.0 (Macintosh; Intel Mac OS X 10_15_7) AppleWebKit/537.36 (KHTML, like Gecko) Chrome/119.0.0.0 Safari/537.36" 1229 **1/1229707**
45.227.254.34 - - [16/Jan/2026:10:56:24 -0700] "GET / HTTP/1.1" 101 - "-" "Mozilla/5.0 (Macintosh; Intel Mac OS X 10_15_7) AppleWebKit/537.36 (KHTML, like Gecko) Chrome/119.0.0.0 Safari/537.36" 1237 **1/1237094**
57.141.20.57 - - [16/Jan/2026:10:56:29 -0700] "GET /?s=23441021071760 HTTP/1.1" 200 337 "-" "meta-externalagent/1.1 (+https://developers.facebook.com/docs/sharing/webmasters/crawler)" 2242 **2/2242880**
135.181.166.38 - - [16/Jan/2026:10:56:40 -0700] "GET /?e=130578 HTTP/1.1" 301 337 "-" "Mozilla/5.0 (compatible; SERankingBacklinksBot/1.0; +https://seranking.com/backlinks-crawler)" 1100 **1/1100904**
114.119.159.152 - - [16/Jan/2026:10:56:44 -0700] "GET /xlnbgql/pet-waste-removal-business-for-sale.html HTTP/1.1" 301 337 "http://iskenderunhidrofor.com/bg1lph/best-nintendo-64-games.html" "Mozilla/5.0 (Linux; Android 7.0;) AppleWebKit/537.36 (KHTML, like Gecko) Mobile Safari/537.36 (compatible; PetalBot;+https://webmaster.petalsearch.com/site/petalbot)" 946 **0/946346**
114.119.159.152 - - [16/Jan/2026:10:56:46 -0700] "GET /xlnbgql/pet-waste-removal-business-for-sale.html HTTP/1.1" 404 59131 "http://iskenderunhidrofor.com/bg1lph/best-nintendo-64-games.html" "Mozilla/5.0 (Linux; Android 7.0;) AppleWebKit/537.36 (KHTML, like Gecko) Mobile Safari/537.36 (compatible; PetalBot;+https://webmaster.petalsearch.com/site/petalbot)" 1308 **1/1308678**
135.181.166.38 - - [16/Jan/2026:10:57:00 -0700] "GET /?e=130652 HTTP/1.1" 301 337 "-" "Mozilla/5.0 (compatible; SERankingBacklinksBot/1.0; +https://seranking.com/backlinks-crawler)" 1985 **1/1985472**
57.141.20.8 - - [16/Jan/2026:10:57:04 -0700] "GET /?e=3936031dai93a HTTP/1.1" 301 337 "-" "meta-externalagent/1.1 (+https://developers.facebook.com/docs/sharing/webmasters/crawler)" 1873 **1/1873782**
135.181.166.38 - - [16/Jan/2026:10:57:22 -0700] "GET /?e=133371 HTTP/1.1" 301 337 "-" "Mozilla/5.0 (compatible; SERankingBacklinksBot/1.0; +https://seranking.com/backlinks-crawler)" 1061 **1/1061614**
135.181.166.38 - - [16/Jan/2026:10:57:42 -0700] "GET /?e=136096 HTTP/1.1" 301 337 "-" "Mozilla/5.0 (compatible; SERankingBacklinksBot/1.0; +https://seranking.com/backlinks-crawler)" 1218 **1/1218167**
216.73.216.56 - - [16/Jan/2026:10:58:05 -0700] "GET /?e=1601322g6af41 HTTP/1.1" 301 149 "-" "Mozilla/5.0 AppleWebKit/537.36 (KHTML, like Gecko; compatible; ClaudeBot/1.0; +claudebot@anthropic.com)" 1527 **1/1527670**
114.119.130.251 - - [16/Jan/2026:10:58:06 -0700] "GET /xlnbgql/metal-sheds-for-sale-10x20.html HTTP/1.1" 301 337 "https://www.ballthai.com/%e0%b8%9e%e0%b8%a3%e0%b9%89%e0%b8%ad%e0%b8%a1%e0%b9%80%e0%b8%95%e0%b9%87%e0%b8%a1%e0%b8%97%e0%b8%b5%e0%b9%88-%e0%b8%8a%e0%b8%9a%e0%b8%b2%e0%b9%81%e0%b8%81%e0%b9%89%e0%b8%a7-%e0%b8%8b%e0%b9%89%e0%b8%ad%e0%b8%a1%e0%b8%95%e0%b9%88%e0%b8%ad%e0%b9%80%e0%b8%99%e0%b8%b7%e0%b9%88%e0%b8%ad%e0%b8%87%e0%b8%81%e0%b9%88%e0%b8%ad%e0%b8%99%e0%b8%a5%e0%b8%b8%e0%b8%a2-%e0%b8%8a%e0%b8%b4%e0%b8%87%e0%b9%81%e0%b8%8a%e0%b8%a1%e0%b8%9b%e0%b9%8c%e0%b8%ad%e0%b8%b2%e0%b9%80%e0%b8%8b%e0%b8%b5%e0%b8%a2%e0%b8%99%e0%b8%a2%e0%b8%b9-18/" "Mozilla/5.0 (Linux; Android 7.0;) AppleWebKit/537.36 (KHTML, like Gecko) Mobile Safari/537.36 (compatible; PetalBot;+https://webmaster.petalsearch.com/site/petalbot)" 1707 **1/1707254**
216.73.216.56 - - [16/Jan/2026:10:58:07 -0700] "GET /?fileloc=%2F%2Fusr%2Flib%2Ffirmware%2Fradeon%2FBONAIRE_rlc.bin&path=%2F%2Fusr%2Flib%2Ffirmware%2Fradeon HTTP/1.1" 301 149 "-" "Mozilla/5.0 AppleWebKit/537.36 (KHTML, like Gecko; compatible; ClaudeBot/1.0; +claudebot@anthropic.com)" 1799 **1/1799532**
114.119.130.251 - - [16/Jan/2026:10:58:08 -0700] "GET /xlnbgql/metal-sheds-for-sale-10x20.html HTTP/1.1" 404 59131 "https://www.ballthai.com/%e0%b8%9e%e0%b8%a3%e0%b9%89%e0%b8%ad%e0%b8%a1%e0%b9%80%e0%b8%95%e0%b9%87%e0%b8%a1%e0%b8%97%e0%b8%b5%e0%b9%88-%e0%b8%8a%e0%b8%9a%e0%b8%b2%e0%b9%81%e0%b8%81%e0%b9%89%e0%b8%a7-%e0%b8%8b%e0%b9%89%e0%b8%ad%e0%b8%a1%e0%b8%95%e0%b9%88%e0%b8%ad%e0%b9%80%e0%b8%99%e0%b8%b7%e0%b9%88%e0%b8%ad%e0%b8%87%e0%b8%81%e0%b9%88%e0%b8%ad%e0%b8%99%e0%b8%a5%e0%b8%b8%e0%b8%a2-%e0%b8%8a%e0%b8%b4%e0%b8%87%e0%b9%81%e0%b8%8a%e0%b8%a1%e0%b8%9b%e0%b9%8c%e0%b8%ad%e0%b8%b2%e0%b9%80%e0%b8%8b%e0%b8%b5%e0%b8%a2%e0%b8%99%e0%b8%a2%e0%b8%b9-18/" "Mozilla/5.0 (Linux; Android 7.0;) AppleWebKit/537.36 (KHTML, like Gecko) Mobile Safari/537.36 (compatible; PetalBot;+https://webmaster.petalsearch.com/site/petalbot)" 2216 **2/2216684**
135.181.166.38 - - [16/Jan/2026:10:58:11 -0700] "GET /?e=146672 HTTP/1.1" 301 337 "-" "Mozilla/5.0 (compatible; SERankingBacklinksBot/1.0; +https://seranking.com/backlinks-crawler)" 1900 **1/1900092**
135.181.166.38 - - [16/Jan/2026:10:58:32 -0700] "GET /?e=150915 HTTP/1.1" 301 337 "-" "Mozilla/5.0 (compatible; SERankingBacklinksBot/1.0; +https://seranking.com/backlinks-crawler)" 1050 **1/1050884**
216.73.216.56 - - [16/Jan/2026:10:58:38 -0700] "GET /?e=3319047ef9d31 HTTP/1.1" 301 149 "-" "Mozilla/5.0 AppleWebKit/537.36 (KHTML, like Gecko; compatible; ClaudeBot/1.0; +claudebot@anthropic.com)" 930 **0/930863**
135.181.166.38 - - [16/Jan/2026:10:58:55 -0700] "GET /?e=154844 HTTP/1.1" 301 337 "-" "Mozilla/5.0 (compatible; SERankingBacklinksBot/1.0; +https://seranking.com/backlinks-crawler)" 1141 **1/1141005**
57.141.20.24 - - [16/Jan/2026:10:59:03 -0700] "GET /?e=2179407gaj9hh HTTP/1.1" 301 337 "-" "meta-externalagent/1.1 (+https://developers.facebook.com/docs/sharing/webmasters/crawler)" 1292 **1/1292630**
135.181.166.38 - - [16/Jan/2026:10:59:06 -0700] "GET /?e=158753 HTTP/1.1" 301 337 "-" "Mozilla/5.0 (compatible; SERankingBacklinksBot/1.0; +https://seranking.com/backlinks-crawler)" 1270 **1/1270832**
216.73.216.56 - - [16/Jan/2026:10:59:08 -0700] "GET /?e=12819193d563h HTTP/1.1" 301 149 "-" "Mozilla/5.0 AppleWebKit/537.36 (KHTML, like Gecko; compatible; ClaudeBot/1.0; +claudebot@anthropic.com)" 1934 **1/1934707**
57.141.20.1 - - [16/Jan/2026:10:59:10 -0700] "GET /?e=4892704jcha6h HTTP/1.1" 301 337 "-" "meta-externalagent/1.1 (+https://developers.facebook.com/docs/sharing/webmasters/crawler)" 872 **0/872788**
57.141.20.44 - - [16/Jan/2026:10:59:21 -0700] "GET /?e=4770383c2j3hc HTTP/1.1" 301 337 "-" "meta-externalagent/1.1 (+https://developers.facebook.com/docs/sharing/webmasters/crawler)" 1306 **1/1306998**
114.119.130.251 - - [16/Jan/2026:10:59:28 -0700] "GET /xlnbgql/elvis-autopsy-wiki.html HTTP/1.1" 301 337 "https://cryptoservice.7am-groups.com/kqzjk/university-of-arizona-swimming-recruiting.html" "Mozilla/5.0 (Linux; Android 7.0;) AppleWebKit/537.36 (KHTML, like Gecko) Mobile Safari/537.36 (compatible; PetalBot;+https://webmaster.petalsearch.com/site/petalbot)" 1243 **1/1243727**
114.119.130.251 - - [16/Jan/2026:10:59:30 -0700] "GET /xlnbgql/elvis-autopsy-wiki.html HTTP/1.1" 404 59131 "https://cryptoservice.7am-groups.com/kqzjk/university-of-arizona-swimming-recruiting.html" "Mozilla/5.0 (Linux; Android 7.0;) AppleWebKit/537.36 (KHTML, like Gecko) Mobile Safari/537.36 (compatible; PetalBot;+https://webmaster.petalsearch.com/site/petalbot)" 1840 **1/1840589**
57.141.20.12 - - [16/Jan/2026:10:59:36 -0700] "GET /?e=1353554616176 HTTP/1.1" 301 337 "-" "meta-externalagent/1.1 (+https://developers.facebook.com/docs/sharing/webmasters/crawler)" 991 **0/991531**
216.73.216.56 - - [16/Jan/2026:10:59:38 -0700] "GET /?e=48831345175ic HTTP/1.1" 301 149 "-" "Mozilla/5.0 AppleWebKit/537.36 (KHTML, like Gecko; compatible; ClaudeBot/1.0; +claudebot@anthropic.com)" 1219 **1/1219044**
135.181.166.38 - - [16/Jan/2026:10:59:41 -0700] "GET /?e=160569 HTTP/1.1" 301 337 "-" "Mozilla/5.0 (compatible; SERankingBacklinksBot/1.0; +https://seranking.com/backlinks-crawler)" 1713 **1/1713475**
57.141.20.57 - - [16/Jan/2026:10:59:49 -0700] "GET /?e=42960449fff1h HTTP/1.1" 301 337 "-" "meta-externalagent/1.1 (+https://developers.facebook.com/docs/sharing/webmasters/crawler)" 1427 **1/1427275**
135.181.166.38 - - [16/Jan/2026:10:59:53 -0700] "GET /?e=160586 HTTP/1.1" 301 337 "-" "Mozilla/5.0 (compatible; SERankingBacklinksBot/1.0; +https://seranking.com/backlinks-crawler)" 878 **0/878988**
216.73.216.56 - - [16/Jan/2026:11:00:12 -0700] "GET /?e=35144092e506j HTTP/1.1" 301 149 "-" "Mozilla/5.0 AppleWebKit/537.36 (KHTML, like Gecko; compatible; ClaudeBot/1.0; +claudebot@anthropic.com)" 1434 **1/1434699**
216.73.216.56 - - [16/Jan/2026:11:00:13 -0700] "GET /?e=5031665096i00 HTTP/1.1" 301 149 "-" "Mozilla/5.0 AppleWebKit/537.36 (KHTML, like Gecko; compatible; ClaudeBot/1.0; +claudebot@anthropic.com)" 1753 **1/1753394**
57.141.20.5 - - [16/Jan/2026:11:00:14 -0700] "GET /?e=261701475f485 HTTP/1.1" 301 337 "-" "meta-externalagent/1.1 (+https://developers.facebook.com/docs/sharing/webmasters/crawler)" 1140 **1/1140461**
135.181.166.38 - - [16/Jan/2026:11:00:17 -0700] "GET /?e=166907 HTTP/1.1" 301 337 "-" "Mozilla/5.0 (compatible; SERankingBacklinksBot/1.0; +https://seranking.com/backlinks-crawler)" 1926 **1/1926001**
57.141.20.57 - - [16/Jan/2026:11:00:18 -0700] "GET /?e=2349087j4b818 HTTP/1.1" 301 337 "-" "meta-externalagent/1.1 (+https://developers.facebook.com/docs/sharing/webmasters/crawler)" 1596 **1/1596135**
216.73.216.56 - - [16/Jan/2026:11:00:32 -0700] "GET /?e=534729i42fhi HTTP/1.1" 301 149 "-" "Mozilla/5.0 AppleWebKit/537.36 (KHTML, like Gecko; compatible; ClaudeBot/1.0; +claudebot@anthropic.com)" 1113 **1/1113322**
57.141.20.23 - - [16/Jan/2026:11:00:35 -0700] "GET /?e=1646778614jj3 HTTP/1.1" 301 337 "-" "meta-externalagent/1.1 (+https://developers.facebook.com/docs/sharing/webmasters/crawler)" 1500 **1/1500596**
57.141.20.30 - - [16/Jan/2026:11:00:39 -0700] "GET /?e=45384234ib8ic HTTP/1.1" 301 337 "-" "meta-externalagent/1.1 (+https://developers.facebook.com/docs/sharing/webmasters/crawler)" 1158 **1/1158860**
135.181.166.38 - - [16/Jan/2026:11:00:40 -0700] "GET /?e=168984 HTTP/1.1" 301 337 "-" "Mozilla/5.0 (compatible; SERankingBacklinksBot/1.0; +https://seranking.com/backlinks-crawler)" 1279 **1/1279909**
114.119.130.251 - - [16/Jan/2026:11:00:51 -0700] "GET /xlnbgql/boats-under-30k.html HTTP/1.1" 301 337 "https://www.ballthai.com/%E0%B8%9A%E0%B8%AD%E0%B8%A5%E0%B9%84%E0%B8%97%E0%B8%A2%E0%B8%A7%E0%B8%B1%E0%B8%99%E0%B8%99%E0%B8%B5%E0%B9%89/page/1260" "Mozilla/5.0 (Linux; Android 7.0;) AppleWebKit/537.36 (KHTML, like Gecko) Mobile Safari/537.36 (compatible; PetalBot;+https://webmaster.petalsearch.com/site/petalbot)" 1207 **1/1207478**
114.119.130.251 - - [16/Jan/2026:11:00:53 -0700] "GET /xlnbgql/boats-under-30k.html HTTP/1.1" 404 59131 "https://www.ballthai.com/%E0%B8%9A%E0%B8%AD%E0%B8%A5%E0%B9%84%E0%B8%97%E0%B8%A2%E0%B8%A7%E0%B8%B1%E0%B8%99%E0%B8%99%E0%B8%B5%E0%B9%89/page/1260" "Mozilla/5.0 (Linux; Android 7.0;) AppleWebKit/537.36 (KHTML, like Gecko) Mobile Safari/537.36 (compatible; PetalBot;+https://webmaster.petalsearch.com/site/petalbot)" 2201 **2/2201931**
57.141.20.34 - - [16/Jan/2026:11:00:59 -0700] "GET /?e=31206244401a3 HTTP/1.1" 301 337 "-" "meta-externalagent/1.1 (+https://developers.facebook.com/docs/sharing/webmasters/crawler)" 1135 **1/1135614**
216.73.216.56 - - [16/Jan/2026:11:01:03 -0700] "GET /?e=35673561i0952 HTTP/1.1" 301 149 "-" "Mozilla/5.0 AppleWebKit/537.36 (KHTML, like Gecko; compatible; ClaudeBot/1.0; +claudebot@anthropic.com)" 1046 **1/1046577**
135.181.166.38 - - [16/Jan/2026:11:01:15 -0700] "GET /?e=171275 HTTP/1.1" 301 337 "-" "Mozilla/5.0 (compatible; SERankingBacklinksBot/1.0; +https://seranking.com/backlinks-crawler)" 829 **0/829879**
57.141.20.46 - - [16/Jan/2026:11:01:27 -0700] "GET /?e=3284494i5jj13 HTTP/1.1" 301 337 "-" "meta-externalagent/1.1 (+https://developers.facebook.com/docs/sharing/webmasters/crawler)" 860 **0/860277**
135.181.166.38 - - [16/Jan/2026:11:01:28 -0700] "GET /?e=173742 HTTP/1.1" 301 337 "-" "Mozilla/5.0 (compatible; SERankingBacklinksBot/1.0; +https://seranking.com/backlinks-crawler)" 1054 **1/1054656**
57.141.20.57 - - [16/Jan/2026:11:01:30 -0700] "GET /?e=3757846556ae6 HTTP/1.1" 301 337 "-" "meta-externalagent/1.1 (+https://developers.facebook.com/docs/sharing/webmasters/crawler)" 1725 **1/1725566**
216.73.216.56 - - [16/Jan/2026:11:01:32 -0700] "GET /?e=530213h30jba HTTP/1.1" 301 149 "-" "Mozilla/5.0 AppleWebKit/537.36 (KHTML, like Gecko; compatible; ClaudeBot/1.0; +claudebot@anthropic.com)" 906 **0/906010**
57.141.20.2 - - [16/Jan/2026:11:01:33 -0700] "GET /?e=142114373acgi HTTP/1.1" 301 337 "-" "meta-externalagent/1.1 (+https://developers.facebook.com/docs/sharing/webmasters/crawler)" 1229 **1/1229261**
57.141.20.57 - - [16/Jan/2026:11:01:47 -0700] "GET /?e=5173714d1j8j4 HTTP/1.1" 301 337 "-" "meta-externalagent/1.1 (+https://developers.facebook.com/docs/sharing/webmasters/crawler)" 1013 **1/1013504**
135.181.166.38 - - [16/Jan/2026:11:01:51 -0700] "GET /?e=175966 HTTP/1.1" 301 337 "-" "Mozilla/5.0 (compatible; SERankingBacklinksBot/1.0; +https://seranking.com/backlinks-crawler)" 1671 **1/1671318**
216.73.216.56 - - [16/Jan/2026:11:02:03 -0700] "GET /?e=3551486daj71g HTTP/1.1" 301 149 "-" "Mozilla/5.0 AppleWebKit/537.36 (KHTML, like Gecko; compatible; ClaudeBot/1.0; +claudebot@anthropic.com)" 2017 **2/2017880**
57.141.20.56 - - [16/Jan/2026:11:02:13 -0700] "GET /?e=5173520i538dc HTTP/1.1" 301 337 "-" "meta-externalagent/1.1 (+https://developers.facebook.com/docs/sharing/webmasters/crawler)" 966 **0/966051**
114.119.151.233 - - [16/Jan/2026:11:02:15 -0700] "GET /xlnbgql/alien-gender-xenogender.html HTTP/1.1" 301 337 "https://www.ballthai.com/%e0%b8%9e%e0%b8%a3%e0%b9%89%e0%b8%ad%e0%b8%a1%e0%b9%80%e0%b8%95%e0%b9%87%e0%b8%a1%e0%b8%97%e0%b8%b5%e0%b9%88-%e0%b8%8a%e0%b8%9a%e0%b8%b2%e0%b9%81%e0%b8%81%e0%b9%89%e0%b8%a7-%e0%b8%8b%e0%b9%89%e0%b8%ad%e0%b8%a1%e0%b8%95%e0%b9%88%e0%b8%ad%e0%b9%80%e0%b8%99%e0%b8%b7%e0%b9%88%e0%b8%ad%e0%b8%87%e0%b8%81%e0%b9%88%e0%b8%ad%e0%b8%99%e0%b8%a5%e0%b8%b8%e0%b8%a2-%e0%b8%8a%e0%b8%b4%e0%b8%87%e0%b9%81%e0%b8%8a%e0%b8%a1%e0%b8%9b%e0%b9%8c%e0%b8%ad%e0%b8%b2%e0%b9%80%e0%b8%8b%e0%b8%b5%e0%b8%a2%e0%b8%99%e0%b8%a2%e0%b8%b9-18/" "Mozilla/5.0 (Linux; Android 7.0;) AppleWebKit/537.36 (KHTML, like Gecko) Mobile Safari/537.36 (compatible; PetalBot;+https://webmaster.petalsearch.com/site/petalbot)" 1643 **1/1643289**
114.119.151.233 - - [16/Jan/2026:11:02:17 -0700] "GET /xlnbgql/alien-gender-xenogender.html HTTP/1.1" 404 59131 "https://www.ballthai.com/%e0%b8%9e%e0%b8%a3%e0%b9%89%e0%b8%ad%e0%b8%a1%e0%b9%80%e0%b8%95%e0%b9%87%e0%b8%a1%e0%b8%97%e0%b8%b5%e0%b9%88-%e0%b8%8a%e0%b8%9a%e0%b8%b2%e0%b9%81%e0%b8%81%e0%b9%89%e0%b8%a7-%e0%b8%8b%e0%b9%89%e0%b8%ad%e0%b8%a1%e0%b8%95%e0%b9%88%e0%b8%ad%e0%b9%80%e0%b8%99%e0%b8%b7%e0%b9%88%e0%b8%ad%e0%b8%87%e0%b8%81%e0%b9%88%e0%b8%ad%e0%b8%99%e0%b8%a5%e0%b8%b8%e0%b8%a2-%e0%b8%8a%e0%b8%b4%e0%b8%87%e0%b9%81%e0%b8%8a%e0%b8%a1%e0%b8%9b%e0%b9%8c%e0%b8%ad%e0%b8%b2%e0%b9%80%e0%b8%8b%e0%b8%b5%e0%b8%a2%e0%b8%99%e0%b8%a2%e0%b8%b9-18/" "Mozilla/5.0 (Linux; Android 7.0;) AppleWebKit/537.36 (KHTML, like Gecko) Mobile Safari/537.36 (compatible; PetalBot;+https://webmaster.petalsearch.com/site/petalbot)" 1113 **1/1113098**
135.181.166.38 - - [16/Jan/2026:11:02:26 -0700] "GET /?e=178158 HTTP/1.1" 301 337 "-" "Mozilla/5.0 (compatible; SERankingBacklinksBot/1.0; +https://seranking.com/backlinks-crawler)" 1631 **1/1631765**
216.73.216.56 - - [16/Jan/2026:11:02:36 -0700] "GET /?e=3852497fejj65 HTTP/1.1" 301 149 "-" "Mozilla/5.0 AppleWebKit/537.36 (KHTML, like Gecko; compatible; ClaudeBot/1.0; +claudebot@anthropic.com)" 1356 **1/1356493**
135.181.166.38 - - [16/Jan/2026:11:02:39 -0700] "GET /?e=179868 HTTP/1.1" 301 337 "-" "Mozilla/5.0 (compatible; SERankingBacklinksBot/1.0; +https://seranking.com/backlinks-crawler)" 891 **0/891924**
57.141.20.38 - - [16/Jan/2026:11:02:56 -0700] "GET /?e=4818909ac010b HTTP/1.1" 301 337 "-" "meta-externalagent/1.1 (+https://developers.facebook.com/docs/sharing/webmasters/crawler)" 935 **0/935146**
135.181.166.38 - - [16/Jan/2026:11:03:02 -0700] "GET /?e=185509 HTTP/1.1" 301 337 "-" "Mozilla/5.0 (compatible; SERankingBacklinksBot/1.0; +https://seranking.com/backlinks-crawler)" 1149 **1/1149203**
216.73.216.56 - - [16/Jan/2026:11:03:03 -0700] "GET /?e=39484959abj58 HTTP/1.1" 301 149 "-" "Mozilla/5.0 AppleWebKit/537.36 (KHTML, like Gecko; compatible; ClaudeBot/1.0; +claudebot@anthropic.com)" 2263 **2/2263243**
57.141.20.37 - - [16/Jan/2026:11:03:27 -0700] "GET /?e=3679488646i60 HTTP/1.1" 301 337 "-" "meta-externalagent/1.1 (+https://developers.facebook.com/docs/sharing/webmasters/crawler)" 884 **0/884430**
135.181.166.38 - - [16/Jan/2026:11:03:35 -0700] "GET /?e=189804 HTTP/1.1" 301 337 "-" "Mozilla/5.0 (compatible; SERankingBacklinksBot/1.0; +https://seranking.com/backlinks-crawler)" 1598 **1/1598162**
216.73.216.56 - - [16/Jan/2026:11:03:35 -0700] "GET /?e=21504022j2aj6 HTTP/1.1" 301 149 "-" "Mozilla/5.0 AppleWebKit/537.36 (KHTML, like Gecko; compatible; ClaudeBot/1.0; +claudebot@anthropic.com)" 1715 **1/1715881**
114.119.157.158 - - [16/Jan/2026:11:03:39 -0700] "GET /uwx11/spiritual-warfare-cleansing-prayer.html HTTP/1.1" 301 337 "http://blueravenfilms.com/5kikd/list-of-company-names.html" "Mozilla/5.0 (Linux; Android 7.0;) AppleWebKit/537.36 (KHTML, like Gecko) Mobile Safari/537.36 (compatible; PetalBot;+https://webmaster.petalsearch.com/site/petalbot)" 1353 **1/1353078**
114.119.157.158 - - [16/Jan/2026:11:03:41 -0700] "GET /uwx11/spiritual-warfare-cleansing-prayer.html HTTP/1.1" 404 59131 "http://blueravenfilms.com/5kikd/list-of-company-names.html" "Mozilla/5.0 (Linux; Android 7.0;) AppleWebKit/537.36 (KHTML, like Gecko) Mobile Safari/537.36 (compatible; PetalBot;+https://webmaster.petalsearch.com/site/petalbot)" 3011 **3/3011778**
74.7.227.58 - - [16/Jan/2026:11:03:48 -0700] "GET /category/mylol-berpr-fung-2 HTTP/1.1" 404 10982 "https://veronaae.com" "Mozilla/5.0 AppleWebKit/537.36 (KHTML, like Gecko; compatible; GPTBot/1.3; +https://openai.com/gptbot)" 1483 **1/1483201**
74.7.227.58 - - [16/Jan/2026:11:03:50 -0700] "GET /category/bbw-dating-top-10-2 HTTP/1.1" 404 10982 "https://veronaae.com" "Mozilla/5.0 AppleWebKit/537.36 (KHTML, like Gecko; compatible; GPTBot/1.3; +https://openai.com/gptbot)" 1475 **1/1475462**
216.73.216.56 - - [16/Jan/2026:11:03:59 -0700] "GET /?e=5328206i67664 HTTP/1.1" 301 149 "-" "Mozilla/5.0 AppleWebKit/537.36 (KHTML, like Gecko; compatible; ClaudeBot/1.0; +claudebot@anthropic.com)" 2062 **2/2062645**
57.141.20.15 - - [16/Jan/2026:11:03:59 -0700] "GET /?e=51451163bebj2 HTTP/1.1" 301 337 "-" "meta-externalagent/1.1 (+https://developers.facebook.com/docs/sharing/webmasters/crawler)" 2184 **2/2184224**
135.181.166.38 - - [16/Jan/2026:11:03:59 -0700] "GET /?e=194073 HTTP/1.1" 301 337 "-" "Mozilla/5.0 (compatible; SERankingBacklinksBot/1.0; +https://seranking.com/backlinks-crawler)" 2253 **2/2253717**
57.141.20.13 - - [16/Jan/2026:11:04:15 -0700] "GET /?e=3093441hbdbda HTTP/1.1" 301 337 "-" "meta-externalagent/1.1 (+https://developers.facebook.com/docs/sharing/webmasters/crawler)" 1368 **1/1368864**
135.181.166.38 - - [16/Jan/2026:11:04:23 -0700] "GET /?e=203353 HTTP/1.1" 301 337 "-" "Mozilla/5.0 (compatible; SERankingBacklinksBot/1.0; +https://seranking.com/backlinks-crawler)" 1335 **1/1335585**
57.141.20.53 - - [16/Jan/2026:11:04:24 -0700] "GET /?e=40622931e5b55 HTTP/1.1" 301 337 "-" "meta-externalagent/1.1 (+https://developers.facebook.com/docs/sharing/webmasters/crawler)" 1336 **1/1336323**
216.73.216.56 - - [16/Jan/2026:11:04:27 -0700] "GET /?e=3024595gic112 HTTP/1.1" 301 149 "-" "Mozilla/5.0 AppleWebKit/537.36 (KHTML, like Gecko; compatible; ClaudeBot/1.0; +claudebot@anthropic.com)" 895 **0/895263**
74.7.227.58 - - [16/Jan/2026:11:04:36 -0700] "GET /category/naughtydate-randki-2 HTTP/1.1" 404 10982 "https://veronaae.com" "Mozilla/5.0 AppleWebKit/537.36 (KHTML, like Gecko; compatible; GPTBot/1.3; +https://openai.com/gptbot)" 1323 **1/1323633**
57.141.20.7 - - [16/Jan/2026:11:04:37 -0700] "GET /?e=3310472g30182 HTTP/1.1" 301 337 "-" "meta-externalagent/1.1 (+https://developers.facebook.com/docs/sharing/webmasters/crawler)" 1258 **1/1258110**
74.7.227.58 - - [16/Jan/2026:11:04:38 -0700] "GET /category/soulsingles-dating-apps-2 HTTP/1.1" 404 10982 "https://veronaae.com" "Mozilla/5.0 AppleWebKit/537.36 (KHTML, like Gecko; compatible; GPTBot/1.3; +https://openai.com/gptbot)" 986 **0/986649**
74.7.227.58 - - [16/Jan/2026:11:04:39 -0700] "GET /category/russian-brides-app-2 HTTP/1.1" 404 10982 "https://veronaae.com" "Mozilla/5.0 AppleWebKit/537.36 (KHTML, like Gecko; compatible; GPTBot/1.3; +https://openai.com/gptbot)" 1008 **1/1008582**
74.7.227.58 - - [16/Jan/2026:11:04:41 -0700] "GET /category/love-ru-inceleme-uygulama-2 HTTP/1.1" 404 10982 "https://veronaae.com" "Mozilla/5.0 AppleWebKit/537.36 (KHTML, like Gecko; compatible; GPTBot/1.3; +https://openai.com/gptbot)" 1708 **1/1708435**
216.73.216.56 - - [16/Jan/2026:11:04:42 -0700] "GET /?e=1189072h9g056 HTTP/1.1" 301 149 "-" "Mozilla/5.0 AppleWebKit/537.36 (KHTML, like Gecko; compatible; ClaudeBot/1.0; +claudebot@anthropic.com)" 975 **0/975923**
57.141.20.41 - - [16/Jan/2026:11:04:43 -0700] "GET /?e=5045176gi13ca HTTP/1.1" 301 337 "-" "meta-externalagent/1.1 (+https://developers.facebook.com/docs/sharing/webmasters/crawler)" 979 **0/979897**
74.7.227.58 - - [16/Jan/2026:11:04:43 -0700] "GET /category/spiritual-dating-apps HTTP/1.1" 404 10982 "https://veronaae.com" "Mozilla/5.0 AppleWebKit/537.36 (KHTML, like Gecko; compatible; GPTBot/1.3; +https://openai.com/gptbot)" 1142 **1/1142701**
74.7.227.58 - - [16/Jan/2026:11:04:45 -0700] "GET /category/ebonyflirt-berpr-fung HTTP/1.1" 404 10982 "https://veronaae.com" "Mozilla/5.0 AppleWebKit/537.36 (KHTML, like Gecko; compatible; GPTBot/1.3; +https://openai.com/gptbot)" 973 **0/973558**
135.181.166.38 - - [16/Jan/2026:11:04:47 -0700] "GET /?e=209910 HTTP/1.1" 301 337 "-" "Mozilla/5.0 (compatible; SERankingBacklinksBot/1.0; +https://seranking.com/backlinks-crawler)" 1174 **1/1174350**
74.7.227.58 - - [16/Jan/2026:11:04:49 -0700] "GET /category/321chat-dating-hookup-app HTTP/1.1" 404 10982 "https://veronaae.com" "Mozilla/5.0 AppleWebKit/537.36 (KHTML, like Gecko; compatible; GPTBot/1.3; +https://openai.com/gptbot)" 1027 **1/1027854**
74.7.227.58 - - [16/Jan/2026:11:04:50 -0700] "GET /category/instabang-seiten-2 HTTP/1.1" 404 10982 "https://veronaae.com" "Mozilla/5.0 AppleWebKit/537.36 (KHTML, like Gecko; compatible; GPTBot/1.3; +https://openai.com/gptbot)" 1205 **1/1205134**
74.7.227.58 - - [16/Jan/2026:11:04:52 -0700] "GET /category/joingy-pl-profil-2 HTTP/1.1" 404 10982 "https://veronaae.com" "Mozilla/5.0 AppleWebKit/537.36 (KHTML, like Gecko; compatible; GPTBot/1.3; +https://openai.com/gptbot)" 1058 **1/1058226**
74.7.227.58 - - [16/Jan/2026:11:04:54 -0700] "GET /category/twoo-hesap-silme-2 HTTP/1.1" 404 10982 "https://veronaae.com" "Mozilla/5.0 AppleWebKit/537.36 (KHTML, like Gecko; compatible; GPTBot/1.3; +https://openai.com/gptbot)" 1495 **1/1495139**
74.7.227.58 - - [16/Jan/2026:11:04:56 -0700] "GET /category/rencontres-bhm-visitors-2 HTTP/1.1" 404 10982 "https://veronaae.com" "Mozilla/5.0 AppleWebKit/537.36 (KHTML, like Gecko; compatible; GPTBot/1.3; +https://openai.com/gptbot)" 1059 **1/1059386**
74.7.227.58 - - [16/Jan/2026:11:04:57 -0700] "GET /category/secret-benefits-quizzes-2 HTTP/1.1" 404 10982 "https://veronaae.com" "Mozilla/5.0 AppleWebKit/537.36 (KHTML, like Gecko; compatible; GPTBot/1.3; +https://openai.com/gptbot)" 1098 **1/1098882**
74.7.227.58 - - [16/Jan/2026:11:04:59 -0700] "GET /category/equestrian-dating-sites-2 HTTP/1.1" 404 10982 "https://veronaae.com" "Mozilla/5.0 AppleWebKit/537.36 (KHTML, like Gecko; compatible; GPTBot/1.3; +https://openai.com/gptbot)" 1548 **1/1548255**
135.181.166.38 - - [16/Jan/2026:11:05:00 -0700] "GET /?e=218610 HTTP/1.1" 301 337 "-" "Mozilla/5.0 (compatible; SERankingBacklinksBot/1.0; +https://seranking.com/backlinks-crawler)" 1153 **1/1153889**
74.7.227.58 - - [16/Jan/2026:11:05:01 -0700] "GET /category/trans-dating-probemonat-2 HTTP/1.1" 404 10982 "https://veronaae.com" "Mozilla/5.0 AppleWebKit/537.36 (KHTML, like Gecko; compatible; GPTBot/1.3; +https://openai.com/gptbot)" 1561 **1/1561863**
114.119.157.158 - - [16/Jan/2026:11:05:03 -0700] "GET /uwx11/read-gilgamesh-hwan-daeng.html HTTP/1.1" 301 337 "http://fbereginya.com/bitrix/admin/c4n5f0bq/fuji-recipes-for-portraits.html" "Mozilla/5.0 (Linux; Android 7.0;) AppleWebKit/537.36 (KHTML, like Gecko) Mobile Safari/537.36 (compatible; PetalBot;+https://webmaster.petalsearch.com/site/petalbot)" 2437 **2/2437221**
74.7.227.58 - - [16/Jan/2026:11:05:03 -0700] "GET /category/get-payday-loan HTTP/1.1" 404 10982 "https://veronaae.com" "Mozilla/5.0 AppleWebKit/537.36 (KHTML, like Gecko; compatible; GPTBot/1.3; +https://openai.com/gptbot)" 2182 **2/2182449**
114.119.157.158 - - [16/Jan/2026:11:05:05 -0700] "GET /uwx11/read-gilgamesh-hwan-daeng.html HTTP/1.1" 404 59131 "http://fbereginya.com/bitrix/admin/c4n5f0bq/fuji-recipes-for-portraits.html" "Mozilla/5.0 (Linux; Android 7.0;) AppleWebKit/537.36 (KHTML, like Gecko) Mobile Safari/537.36 (compatible; PetalBot;+https://webmaster.petalsearch.com/site/petalbot)" 1602 **1/1602559**
74.7.227.58 - - [16/Jan/2026:11:05:08 -0700] "GET /category/buddygays-sites-2 HTTP/1.1" 404 10982 "https://veronaae.com" "Mozilla/5.0 AppleWebKit/537.36 (KHTML, like Gecko; compatible; GPTBot/1.3; +https://openai.com/gptbot)" 1461 **1/1461215**
74.7.227.58 - - [16/Jan/2026:11:05:12 -0700] "GET /category/chinese-dating-reviews-2 HTTP/1.1" 404 10982 "https://veronaae.com" "Mozilla/5.0 AppleWebKit/537.36 (KHTML, like Gecko; compatible; GPTBot/1.3; +https://openai.com/gptbot)" 1396 **1/1396039**
74.7.227.58 - - [16/Jan/2026:11:05:14 -0700] "GET /category/gamer-dating HTTP/1.1" 404 10982 "https://veronaae.com" "Mozilla/5.0 AppleWebKit/537.36 (KHTML, like Gecko; compatible; GPTBot/1.3; +https://openai.com/gptbot)" 2245 **2/2245130**
74.7.227.58 - - [16/Jan/2026:11:05:16 -0700] "GET /category/anastasiadate-gratis-2 HTTP/1.1" 404 10982 "https://veronaae.com" "Mozilla/5.0 AppleWebKit/537.36 (KHTML, like Gecko; compatible; GPTBot/1.3; +https://openai.com/gptbot)" 1202 **1/1202053**
74.7.227.58 - - [16/Jan/2026:11:05:24 -0700] "GET /category/muzmatch-app-2 HTTP/1.1" 404 10982 "https://veronaae.com" "Mozilla/5.0 AppleWebKit/537.36 (KHTML, like Gecko; compatible; GPTBot/1.3; +https://openai.com/gptbot)" 1128 **1/1128526**
74.7.227.58 - - [16/Jan/2026:11:05:25 -0700] "GET /category/charmdate-review HTTP/1.1" 404 10982 "https://veronaae.com" "Mozilla/5.0 AppleWebKit/537.36 (KHTML, like Gecko; compatible; GPTBot/1.3; +https://openai.com/gptbot)" 1099 **1/1099332**
74.7.227.58 - - [16/Jan/2026:11:05:27 -0700] "GET /search-engine-optimization-spider-food-five-simple-steps-to-feed-the-spiders/ HTTP/1.1" 404 10982 "https://veronaae.com" "Mozilla/5.0 AppleWebKit/537.36 (KHTML, like Gecko; compatible; GPTBot/1.3; +https://openai.com/gptbot)" 1834 **1/1834147**
74.7.227.58 - - [16/Jan/2026:11:05:35 -0700] "GET /category/badoo-recenzje-2 HTTP/1.1" 404 10982 "https://veronaae.com" "Mozilla/5.0 AppleWebKit/537.36 (KHTML, like Gecko; compatible; GPTBot/1.3; +https://openai.com/gptbot)" 1668 **1/1668210**
74.7.227.58 - - [16/Jan/2026:11:05:38 -0700] "GET /category/her-como-funciona-2 HTTP/1.1" 404 10982 "https://veronaae.com" "Mozilla/5.0 AppleWebKit/537.36 (KHTML, like Gecko; compatible; GPTBot/1.3; +https://openai.com/gptbot)" 1543 **1/1543564**
135.181.166.38 - - [16/Jan/2026:11:05:38 -0700] "GET /?e=219525 HTTP/1.1" 301 337 "-" "Mozilla/5.0 (compatible; SERankingBacklinksBot/1.0; +https://seranking.com/backlinks-crawler)" 1168 **1/1168800**
135.181.166.38 - - [16/Jan/2026:11:06:03 -0700] "GET /?e=219740 HTTP/1.1" 301 337 "-" "Mozilla/5.0 (compatible; SERankingBacklinksBot/1.0; +https://seranking.com/backlinks-crawler)" 1204 **1/1204301**
114.119.130.251 - - [16/Jan/2026:11:06:26 -0700] "GET /uwx11/random-live-app.html HTTP/1.1" 301 337 "https://accessnowgroup.com/w29afz/rainbow-friends-vs-poppy-playtime-vs-doors.html" "Mozilla/5.0 (Linux; Android 7.0;) AppleWebKit/537.36 (KHTML, like Gecko) Mobile Safari/537.36 (compatible; PetalBot;+https://webmaster.petalsearch.com/site/petalbot)" 1093 **1/1093718**
114.119.130.251 - - [16/Jan/2026:11:06:27 -0700] "GET /uwx11/random-live-app.html HTTP/1.1" 404 59131 "https://accessnowgroup.com/w29afz/rainbow-friends-vs-poppy-playtime-vs-doors.html" "Mozilla/5.0 (Linux; Android 7.0;) AppleWebKit/537.36 (KHTML, like Gecko) Mobile Safari/537.36 (compatible; PetalBot;+https://webmaster.petalsearch.com/site/petalbot)" 2216 **2/2216086**
135.181.166.38 - - [16/Jan/2026:11:06:28 -0700] "GET /?e=221884 HTTP/1.1" 301 337 "-" "Mozilla/5.0 (compatible; SERankingBacklinksBot/1.0; +https://seranking.com/backlinks-crawler)" 1871 **1/1871191**
135.181.166.38 - - [16/Jan/2026:11:06:44 -0700] "GET /?e=222651 HTTP/1.1" 301 337 "-" "Mozilla/5.0 (compatible; SERankingBacklinksBot/1.0; +https://seranking.com/backlinks-crawler)" 911 **0/911370**
57.141.20.29 - - [16/Jan/2026:11:07:05 -0700] "GET /?e=48366972i30g HTTP/1.1" 301 337 "-" "meta-externalagent/1.1 (+https://developers.facebook.com/docs/sharing/webmasters/crawler)" 1159 **1/1159805**
135.181.166.38 - - [16/Jan/2026:11:07:22 -0700] "GET /?e=226338 HTTP/1.1" 301 337 "-" "Mozilla/5.0 (compatible; SERankingBacklinksBot/1.0; +https://seranking.com/backlinks-crawler)" 1154 **1/1154931**
135.181.166.38 - - [16/Jan/2026:11:07:47 -0700] "GET /?e=227228 HTTP/1.1" 301 337 "-" "Mozilla/5.0 (compatible; SERankingBacklinksBot/1.0; +https://seranking.com/backlinks-crawler)" 1219 **1/1219600**
57.141.20.53 - - [16/Jan/2026:11:07:50 -0700] "GET /?e=480324445h8i3 HTTP/1.1" 301 337 "-" "meta-externalagent/1.1 (+https://developers.facebook.com/docs/sharing/webmasters/crawler)" 2128 **2/2128023**
114.119.157.189 - - [16/Jan/2026:11:07:52 -0700] "GET /uwx11/random-live-app.html HTTP/1.1" 301 337 "https://accessnowgroup.com/w29afz/rainbow-friends-vs-poppy-playtime-vs-doors.html" "Mozilla/5.0 (Linux; Android 7.0;) AppleWebKit/537.36 (KHTML, like Gecko) Mobile Safari/537.36 (compatible; PetalBot;+https://webmaster.petalsearch.com/site/petalbot)" 931 **0/931023**
57.141.20.55 - - [16/Jan/2026:11:07:53 -0700] "GET /?e=4915891hb6h5b HTTP/1.1" 301 337 "-" "meta-externalagent/1.1 (+https://developers.facebook.com/docs/sharing/webmasters/crawler)" 1300 **1/1300060**
