216.73.216.56 - - [16/Jan/2026:12:01:24 -0700] "GET /?e=3200326512354 HTTP/1.1" 301 149 "-" "Mozilla/5.0 AppleWebKit/537.36 (KHTML, like Gecko; compatible; ClaudeBot/1.0; +claudebot@anthropic.com)" 895 **0/895825**
216.73.216.56 - - [16/Jan/2026:12:01:30 -0700] "GET /?e=3189844ddfhjf HTTP/1.1" 301 149 "-" "Mozilla/5.0 AppleWebKit/537.36 (KHTML, like Gecko; compatible; ClaudeBot/1.0; +claudebot@anthropic.com)" 1357 **1/1357202**
216.73.216.56 - - [16/Jan/2026:12:01:34 -0700] "GET /?e=17190137440d3 HTTP/1.1" 301 149 "-" "Mozilla/5.0 AppleWebKit/537.36 (KHTML, like Gecko; compatible; ClaudeBot/1.0; +claudebot@anthropic.com)" 1359 **1/1359351**
135.181.166.38 - - [16/Jan/2026:12:01:37 -0700] "GET /?e=476585 HTTP/1.1" 301 337 "-" "Mozilla/5.0 (compatible; SERankingBacklinksBot/1.0; +https://seranking.com/backlinks-crawler)" 1645 **1/1645222**
216.73.216.56 - - [16/Jan/2026:12:01:40 -0700] "GET /?e=48107735ch3ba HTTP/1.1" 301 149 "-" "Mozilla/5.0 AppleWebKit/537.36 (KHTML, like Gecko; compatible; ClaudeBot/1.0; +claudebot@anthropic.com)" 2183 **2/2183932**
216.73.216.56 - - [16/Jan/2026:12:01:47 -0700] "GET /?e=167055720c781 HTTP/1.1" 301 149 "-" "Mozilla/5.0 AppleWebKit/537.36 (KHTML, like Gecko; compatible; ClaudeBot/1.0; +claudebot@anthropic.com)" 1246 **1/1246921**
57.141.20.7 - - [16/Jan/2026:12:01:49 -0700] "GET /?e=33397330e4430 HTTP/1.1" 301 337 "-" "meta-externalagent/1.1 (+https://developers.facebook.com/docs/sharing/webmasters/crawler)" 1570 **1/1570137**
216.73.216.56 - - [16/Jan/2026:12:01:55 -0700] "GET /?e=25551096a29af HTTP/1.1" 301 149 "-" "Mozilla/5.0 AppleWebKit/537.36 (KHTML, like Gecko; compatible; ClaudeBot/1.0; +claudebot@anthropic.com)" 904 **0/904438**
216.73.216.56 - - [16/Jan/2026:12:02:03 -0700] "GET /?fileloc=%2F%2Flib%2Fgrub%2Fi386-pc%2Fusbserial_common.mod&path=%2F%2Flib%2Fgrub%2Fi386-pc HTTP/1.1" 301 149 "-" "Mozilla/5.0 AppleWebKit/537.36 (KHTML, like Gecko; compatible; ClaudeBot/1.0; +claudebot@anthropic.com)" 1695 **1/1695812**
216.73.216.56 - - [16/Jan/2026:12:02:04 -0700] "GET /?e=498025877i063 HTTP/1.1" 301 149 "-" "Mozilla/5.0 AppleWebKit/537.36 (KHTML, like Gecko; compatible; ClaudeBot/1.0; +claudebot@anthropic.com)" 1652 **1/1652657**
114.119.157.158 - - [16/Jan/2026:12:02:09 -0700] "GET /xlnbgql/warrant-search-mississippi.html HTTP/1.1" 301 337 "https://4swifts.ru/yxzrsn/vapen-shatter-pen.html" "Mozilla/5.0 (Linux; Android 7.0;) AppleWebKit/537.36 (KHTML, like Gecko) Mobile Safari/537.36 (compatible; PetalBot;+https://webmaster.petalsearch.com/site/petalbot)" 996 **0/996930**
114.119.157.158 - - [16/Jan/2026:12:02:10 -0700] "GET /xlnbgql/warrant-search-mississippi.html HTTP/1.1" 404 59131 "https://4swifts.ru/yxzrsn/vapen-shatter-pen.html" "Mozilla/5.0 (Linux; Android 7.0;) AppleWebKit/537.36 (KHTML, like Gecko) Mobile Safari/537.36 (compatible; PetalBot;+https://webmaster.petalsearch.com/site/petalbot)" 1550 **1/1550050**
216.73.216.56 - - [16/Jan/2026:12:02:11 -0700] "GET /?fileloc=%2F%2Fusr%2Flib%2Fkbd%2Fkeymaps%2Fxkb%2Fhu-101_qwerty_comma_dead.map.gz&path=%2F%2Fusr%2Flib%2Fkbd%2Fkeymaps%2Fxkb HTTP/1.1" 301 149 "-" "Mozilla/5.0 AppleWebKit/537.36 (KHTML, like Gecko; compatible; ClaudeBot/1.0; +claudebot@anthropic.com)" 1327 **1/1327444**
216.73.216.56 - - [16/Jan/2026:12:02:15 -0700] "GET /?e=3899651ba8dgc HTTP/1.1" 301 149 "-" "Mozilla/5.0 AppleWebKit/537.36 (KHTML, like Gecko; compatible; ClaudeBot/1.0; +claudebot@anthropic.com)" 1296 **1/1296513**
216.73.216.56 - - [16/Jan/2026:12:02:20 -0700] "GET /?fileloc=%2F%2Flib%2Fkbd%2Fkeymaps%2Fxkb%2Fdk-winkeys.map.gz&path=%2F%2Flib%2Fkbd%2Fkeymaps%2Fxkb HTTP/1.1" 301 149 "-" "Mozilla/5.0 AppleWebKit/537.36 (KHTML, like Gecko; compatible; ClaudeBot/1.0; +claudebot@anthropic.com)" 1415 **1/1415915**
216.73.216.56 - - [16/Jan/2026:12:02:27 -0700] "GET /?e=3791532dbc119 HTTP/1.1" 301 149 "-" "Mozilla/5.0 AppleWebKit/537.36 (KHTML, like Gecko; compatible; ClaudeBot/1.0; +claudebot@anthropic.com)" 1517 **1/1517754**
216.73.216.56 - - [16/Jan/2026:12:02:29 -0700] "GET /?fileloc=%2Fhome%2Fbpw3460lz1vy%2Fwww%2Fwp-includes%2Fblock-supports%2Fclass-wp-block-parser-block.php&path=%2Fhome%2Fbpw3460lz1vy%2Fwww%2Fwp-includes%2Fblock-supports HTTP/1.1" 301 149 "-" "Mozilla/5.0 AppleWebKit/537.36 (KHTML, like Gecko; compatible; ClaudeBot/1.0; +claudebot@anthropic.com)" 1220 **1/1220742**
216.73.216.56 - - [16/Jan/2026:12:02:38 -0700] "GET /?e=916282bg2a32 HTTP/1.1" 301 149 "-" "Mozilla/5.0 AppleWebKit/537.36 (KHTML, like Gecko; compatible; ClaudeBot/1.0; +claudebot@anthropic.com)" 866 **0/866295**
135.181.166.38 - - [16/Jan/2026:12:02:49 -0700] "GET /?e=477399 HTTP/1.1" 301 337 "-" "Mozilla/5.0 (compatible; SERankingBacklinksBot/1.0; +https://seranking.com/backlinks-crawler)" 1813 **1/1813155**
216.73.216.56 - - [16/Jan/2026:12:02:50 -0700] "GET /?e=4709645ch1dbg HTTP/1.1" 301 149 "-" "Mozilla/5.0 AppleWebKit/537.36 (KHTML, like Gecko; compatible; ClaudeBot/1.0; +claudebot@anthropic.com)" 1874 **1/1874289**
216.73.216.56 - - [16/Jan/2026:12:03:04 -0700] "GET /?e=2322814dje2f3 HTTP/1.1" 301 149 "-" "Mozilla/5.0 AppleWebKit/537.36 (KHTML, like Gecko; compatible; ClaudeBot/1.0; +claudebot@anthropic.com)" 1872 **1/1872638**
216.73.216.56 - - [16/Jan/2026:12:03:20 -0700] "GET /?e=1320913b8c9d HTTP/1.1" 301 149 "-" "Mozilla/5.0 AppleWebKit/537.36 (KHTML, like Gecko; compatible; ClaudeBot/1.0; +claudebot@anthropic.com)" 887 **0/887527**
216.73.216.56 - - [16/Jan/2026:12:03:21 -0700] "GET /?fileloc=%2F%2Fusr%2Flib%2Fkbd%2Fkeymaps%2Fxkb%2Fcn-altgr-pinyin.map.gz&path=%2F%2Fusr%2Flib%2Fkbd%2Fkeymaps%2Fxkb HTTP/1.1" 301 149 "-" "Mozilla/5.0 AppleWebKit/537.36 (KHTML, like Gecko; compatible; ClaudeBot/1.0; +claudebot@anthropic.com)" 1047 **1/1047491**
184.168.114.89 - - [16/Jan/2026:12:03:34 -0700] "POST /wp-cron.php?doing_wp_cron=1768590214.6013100147247314453125 HTTP/1.1" 200 - "-" "WordPress/6.8.1; https://www.veronaae.com" 24 **0/24343**
114.119.130.18 - - [16/Jan/2026:12:03:33 -0700] "GET /xlnbgql/private-landlords-cleethorpes-no-deposit.html HTTP/1.1" 301 337 "http://voltfire-agency.com/rt6eno/brita-water-filter-amazon.html" "Mozilla/5.0 (Linux; Android 7.0;) AppleWebKit/537.36 (KHTML, like Gecko) Mobile Safari/537.36 (compatible; PetalBot;+https://webmaster.petalsearch.com/site/petalbot)" 1465 **1/1465354**
114.119.130.18 - - [16/Jan/2026:12:03:34 -0700] "GET /xlnbgql/private-landlords-cleethorpes-no-deposit.html HTTP/1.1" 404 59131 "http://voltfire-agency.com/rt6eno/brita-water-filter-amazon.html" "Mozilla/5.0 (Linux; Android 7.0;) AppleWebKit/537.36 (KHTML, like Gecko) Mobile Safari/537.36 (compatible; PetalBot;+https://webmaster.petalsearch.com/site/petalbot)" 1967 **1/1967769**
135.181.166.38 - - [16/Jan/2026:12:03:36 -0700] "GET /?e=479285 HTTP/1.1" 301 337 "-" "Mozilla/5.0 (compatible; SERankingBacklinksBot/1.0; +https://seranking.com/backlinks-crawler)" 1216 **1/1216205**
135.181.166.38 - - [16/Jan/2026:12:03:59 -0700] "GET /?e=479286 HTTP/1.1" 301 337 "-" "Mozilla/5.0 (compatible; SERankingBacklinksBot/1.0; +https://seranking.com/backlinks-crawler)" 1479 **1/1479973**
216.73.216.56 - - [16/Jan/2026:12:04:12 -0700] "GET /?fileloc=%2F%2Flib%2Fgrub%2Fi386-pc%2Fgcry_des.mod&path=%2F%2Flib%2Fgrub%2Fi386-pc HTTP/1.1" 301 149 "-" "Mozilla/5.0 AppleWebKit/537.36 (KHTML, like Gecko; compatible; ClaudeBot/1.0; +claudebot@anthropic.com)" 1265 **1/1265314**
216.73.216.56 - - [16/Jan/2026:12:04:17 -0700] "GET /?fileloc=%2F%2Flib%2Fgrub%2Fi386-pc%2Fcrypto.lst&path=%2F%2Flib%2Fgrub%2Fi386-pc HTTP/1.1" 301 149 "-" "Mozilla/5.0 AppleWebKit/537.36 (KHTML, like Gecko; compatible; ClaudeBot/1.0; +claudebot@anthropic.com)" 1987 **1/1987787**
216.73.216.56 - - [16/Jan/2026:12:04:41 -0700] "GET /?e=413023044e167 HTTP/1.1" 301 149 "-" "Mozilla/5.0 AppleWebKit/537.36 (KHTML, like Gecko; compatible; ClaudeBot/1.0; +claudebot@anthropic.com)" 1385 **1/1385858**
135.181.166.38 - - [16/Jan/2026:12:04:47 -0700] "GET /?e=479535 HTTP/1.1" 301 337 "-" "Mozilla/5.0 (compatible; SERankingBacklinksBot/1.0; +https://seranking.com/backlinks-crawler)" 945 **0/945972**
114.119.153.246 - - [16/Jan/2026:12:04:56 -0700] "GET /xlnbgql/plus-uplift-gummies-review.html HTTP/1.1" 301 337 "https://arrowclout.com/rz3n/easiest-game-show-to-win.html" "Mozilla/5.0 (Linux; Android 7.0;) AppleWebKit/537.36 (KHTML, like Gecko) Mobile Safari/537.36 (compatible; PetalBot;+https://webmaster.petalsearch.com/site/petalbot)" 1327 **1/1327254**
216.73.216.56 - - [16/Jan/2026:12:04:58 -0700] "GET /?e=2832574f94efi HTTP/1.1" 301 149 "-" "Mozilla/5.0 AppleWebKit/537.36 (KHTML, like Gecko; compatible; ClaudeBot/1.0; +claudebot@anthropic.com)" 1742 **1/1742170**
114.119.153.246 - - [16/Jan/2026:12:04:58 -0700] "GET /xlnbgql/plus-uplift-gummies-review.html HTTP/1.1" 404 59131 "https://arrowclout.com/rz3n/easiest-game-show-to-win.html" "Mozilla/5.0 (Linux; Android 7.0;) AppleWebKit/537.36 (KHTML, like Gecko) Mobile Safari/537.36 (compatible; PetalBot;+https://webmaster.petalsearch.com/site/petalbot)" 1972 **1/1972899**
135.181.166.38 - - [16/Jan/2026:12:05:59 -0700] "GET /?e=481912 HTTP/1.1" 301 337 "-" "Mozilla/5.0 (compatible; SERankingBacklinksBot/1.0; +https://seranking.com/backlinks-crawler)" 1438 **1/1438834**
114.119.159.152 - - [16/Jan/2026:12:06:20 -0700] "GET /xlnbgql/mt-whitney-avalanche-forecast.html HTTP/1.1" 301 337 "https://educationonebd.com/qytajol9w/shooting-videos-on-winchester-model-255-22-mag.html" "Mozilla/5.0 (Linux; Android 7.0;) AppleWebKit/537.36 (KHTML, like Gecko) Mobile Safari/537.36 (compatible; PetalBot;+https://webmaster.petalsearch.com/site/petalbot)" 890 **0/890594**
114.119.159.152 - - [16/Jan/2026:12:06:21 -0700] "GET /xlnbgql/mt-whitney-avalanche-forecast.html HTTP/1.1" 404 59131 "https://educationonebd.com/qytajol9w/shooting-videos-on-winchester-model-255-22-mag.html" "Mozilla/5.0 (Linux; Android 7.0;) AppleWebKit/537.36 (KHTML, like Gecko) Mobile Safari/537.36 (compatible; PetalBot;+https://webmaster.petalsearch.com/site/petalbot)" 1189 **1/1189843**
135.181.166.38 - - [16/Jan/2026:12:06:25 -0700] "GET /?e=482485 HTTP/1.1" 301 337 "-" "Mozilla/5.0 (compatible; SERankingBacklinksBot/1.0; +https://seranking.com/backlinks-crawler)" 940 **0/940341**
135.181.166.38 - - [16/Jan/2026:12:07:15 -0700] "GET /?e=489179 HTTP/1.1" 301 337 "-" "Mozilla/5.0 (compatible; SERankingBacklinksBot/1.0; +https://seranking.com/backlinks-crawler)" 1247 **1/1247129**
114.119.153.246 - - [16/Jan/2026:12:07:50 -0700] "GET /xlnbgql/miami-hurricanes-stats.html HTTP/1.1" 301 337 "http://codescript.in/aspknq/alligator-reef-snorkeling-tours.html" "Mozilla/5.0 (Linux; Android 7.0;) AppleWebKit/537.36 (KHTML, like Gecko) Mobile Safari/537.36 (compatible; PetalBot;+https://webmaster.petalsearch.com/site/petalbot)" 879 **0/879647**
114.119.153.246 - - [16/Jan/2026:12:07:52 -0700] "GET /xlnbgql/miami-hurricanes-stats.html HTTP/1.1" 404 59131 "http://codescript.in/aspknq/alligator-reef-snorkeling-tours.html" "Mozilla/5.0 (Linux; Android 7.0;) AppleWebKit/537.36 (KHTML, like Gecko) Mobile Safari/537.36 (compatible; PetalBot;+https://webmaster.petalsearch.com/site/petalbot)" 1365 **1/1365014**
135.181.166.38 - - [16/Jan/2026:12:08:02 -0700] "GET /?e=489264 HTTP/1.1" 301 337 "-" "Mozilla/5.0 (compatible; SERankingBacklinksBot/1.0; +https://seranking.com/backlinks-crawler)" 1148 **1/1148243**
135.181.166.38 - - [16/Jan/2026:12:08:49 -0700] "GET /?e=491105 HTTP/1.1" 301 337 "-" "Mozilla/5.0 (compatible; SERankingBacklinksBot/1.0; +https://seranking.com/backlinks-crawler)" 1468 **1/1468829**
114.119.130.18 - - [16/Jan/2026:12:09:09 -0700] "GET /xlnbgql/mayengg03-full-video-facebook.html HTTP/1.1" 301 337 "https://texasstonecreations.com/amkgc/84-inch-kitchen-sink-base-cabinet.html" "Mozilla/5.0 (Linux; Android 7.0;) AppleWebKit/537.36 (KHTML, like Gecko) Mobile Safari/537.36 (compatible; PetalBot;+https://webmaster.petalsearch.com/site/petalbot)" 1771 **1/1771393**
114.119.130.18 - - [16/Jan/2026:12:09:10 -0700] "GET /xlnbgql/mayengg03-full-video-facebook.html HTTP/1.1" 404 59131 "https://texasstonecreations.com/amkgc/84-inch-kitchen-sink-base-cabinet.html" "Mozilla/5.0 (Linux; Android 7.0;) AppleWebKit/537.36 (KHTML, like Gecko) Mobile Safari/537.36 (compatible; PetalBot;+https://webmaster.petalsearch.com/site/petalbot)" 1632 **1/1632408**
135.181.166.38 - - [16/Jan/2026:12:09:38 -0700] "GET /?e=495231 HTTP/1.1" 301 337 "-" "Mozilla/5.0 (compatible; SERankingBacklinksBot/1.0; +https://seranking.com/backlinks-crawler)" 1208 **1/1208539**
135.181.166.38 - - [16/Jan/2026:12:10:27 -0700] "GET /?e=495772 HTTP/1.1" 301 337 "-" "Mozilla/5.0 (compatible; SERankingBacklinksBot/1.0; +https://seranking.com/backlinks-crawler)" 1328 **1/1328353**
184.168.114.89 - - [16/Jan/2026:12:10:34 -0700] "POST /wp-cron.php?doing_wp_cron=1768590634.1001460552215576171875 HTTP/1.1" 200 - "-" "WordPress/6.8.1; https://www.veronaae.com" 19 **0/19655**
114.119.129.113 - - [16/Jan/2026:12:10:31 -0700] "GET /xlnbgql/kelly-pletcher-wikipedia.html HTTP/1.1" 301 337 "http://iskenderunhidrofor.com/bg1lph/best-nintendo-64-games.html" "Mozilla/5.0 (Linux; Android 7.0;) AppleWebKit/537.36 (KHTML, like Gecko) Mobile Safari/537.36 (compatible; PetalBot;+https://webmaster.petalsearch.com/site/petalbot)" 2693 **2/2693472**
114.119.129.113 - - [16/Jan/2026:12:10:36 -0700] "GET /xlnbgql/kelly-pletcher-wikipedia.html HTTP/1.1" 404 59131 "http://iskenderunhidrofor.com/bg1lph/best-nintendo-64-games.html" "Mozilla/5.0 (Linux; Android 7.0;) AppleWebKit/537.36 (KHTML, like Gecko) Mobile Safari/537.36 (compatible; PetalBot;+https://webmaster.petalsearch.com/site/petalbot)" 1760 **1/1760717**
184.168.114.89 - - [16/Jan/2026:12:11:02 -0700] "GET /.well-known/acme-challenge/TDKXVSPVZFB1LD_9EJCPBPVTU_QZ70K0 HTTP/1.1" 200 64 "-" "Cpanel-HTTP-Client/1.0" 9 **0/9044**
184.168.114.89 - - [16/Jan/2026:12:11:02 -0700] "GET /.well-known/acme-challenge/E8M8PM4K4D7O5ROCV-A1--1F2C1NT55X HTTP/1.1" 200 64 "-" "Cpanel-HTTP-Client/1.0" 7 **0/7532**
135.181.166.38 - - [16/Jan/2026:12:11:43 -0700] "GET /?e=495925 HTTP/1.1" 301 337 "-" "Mozilla/5.0 (compatible; SERankingBacklinksBot/1.0; +https://seranking.com/backlinks-crawler)" 1068 **1/1068658**
114.119.157.158 - - [16/Jan/2026:12:11:54 -0700] "GET /xlnbgql/july-2022-bar-exam-reddit.html HTTP/1.1" 301 337 "http://mywigtoday.net/8khjug/lululemon-seamless-underwear-review.html" "Mozilla/5.0 (Linux; Android 7.0;) AppleWebKit/537.36 (KHTML, like Gecko) Mobile Safari/537.36 (compatible; PetalBot;+https://webmaster.petalsearch.com/site/petalbot)" 1190 **1/1190199**
114.119.157.158 - - [16/Jan/2026:12:11:56 -0700] "GET /xlnbgql/july-2022-bar-exam-reddit.html HTTP/1.1" 404 59131 "http://mywigtoday.net/8khjug/lululemon-seamless-underwear-review.html" "Mozilla/5.0 (Linux; Android 7.0;) AppleWebKit/537.36 (KHTML, like Gecko) Mobile Safari/537.36 (compatible; PetalBot;+https://webmaster.petalsearch.com/site/petalbot)" 1509 **1/1509532**
135.181.166.38 - - [16/Jan/2026:12:12:08 -0700] "GET /?e=497942 HTTP/1.1" 301 337 "-" "Mozilla/5.0 (compatible; SERankingBacklinksBot/1.0; +https://seranking.com/backlinks-crawler)" 1510 **1/1510164**
135.181.166.38 - - [16/Jan/2026:12:13:00 -0700] "GET /?e=501045 HTTP/1.1" 301 337 "-" "Mozilla/5.0 (compatible; SERankingBacklinksBot/1.0; +https://seranking.com/backlinks-crawler)" 1646 **1/1646119**
57.141.20.30 - - [16/Jan/2026:12:13:11 -0700] "GET /?e=3917603502fee HTTP/1.1" 301 337 "-" "meta-externalagent/1.1 (+https://developers.facebook.com/docs/sharing/webmasters/crawler)" 997 **0/997825**
114.119.151.233 - - [16/Jan/2026:12:13:18 -0700] "GET /xlnbgql/how-to-uninstall-youtube-on-tcl-smart-tv.html HTTP/1.1" 301 337 "https://easyroadguide.com/tlbed98/knee-pain-when-standing-up-from-squat.html" "Mozilla/5.0 (Linux; Android 7.0;) AppleWebKit/537.36 (KHTML, like Gecko) Mobile Safari/537.36 (compatible; PetalBot;+https://webmaster.petalsearch.com/site/petalbot)" 1354 **1/1354370**
114.119.151.233 - - [16/Jan/2026:12:13:20 -0700] "GET /xlnbgql/how-to-uninstall-youtube-on-tcl-smart-tv.html HTTP/1.1" 404 59131 "https://easyroadguide.com/tlbed98/knee-pain-when-standing-up-from-squat.html" "Mozilla/5.0 (Linux; Android 7.0;) AppleWebKit/537.36 (KHTML, like Gecko) Mobile Safari/537.36 (compatible; PetalBot;+https://webmaster.petalsearch.com/site/petalbot)" 2066 **2/2066165**
135.181.166.38 - - [16/Jan/2026:12:13:51 -0700] "GET /?e=506832 HTTP/1.1" 301 337 "-" "Mozilla/5.0 (compatible; SERankingBacklinksBot/1.0; +https://seranking.com/backlinks-crawler)" 922 **0/922971**
114.119.151.233 - - [16/Jan/2026:12:14:41 -0700] "GET /xlnbgql/drill-trap-sample-pack.html HTTP/1.1" 301 337 "http://voltfire-agency.com/rt6eno/brita-water-filter-amazon.html" "Mozilla/5.0 (Linux; Android 7.0;) AppleWebKit/537.36 (KHTML, like Gecko) Mobile Safari/537.36 (compatible; PetalBot;+https://webmaster.petalsearch.com/site/petalbot)" 1021 **1/1021981**
135.181.166.38 - - [16/Jan/2026:12:14:42 -0700] "GET /?e=510338 HTTP/1.1" 301 337 "-" "Mozilla/5.0 (compatible; SERankingBacklinksBot/1.0; +https://seranking.com/backlinks-crawler)" 1339 **1/1339839**
114.119.151.233 - - [16/Jan/2026:12:14:42 -0700] "GET /xlnbgql/drill-trap-sample-pack.html HTTP/1.1" 404 59131 "http://voltfire-agency.com/rt6eno/brita-water-filter-amazon.html" "Mozilla/5.0 (Linux; Android 7.0;) AppleWebKit/537.36 (KHTML, like Gecko) Mobile Safari/537.36 (compatible; PetalBot;+https://webmaster.petalsearch.com/site/petalbot)" 1815 **1/1815714**
216.73.216.56 - - [16/Jan/2026:12:15:05 -0700] "GET /?fileloc=%2F%2Fusr%2Flib%2Ffirmware%2Frtl_nic%2Frtl8153a-2.fw&path=%2F%2Fusr%2Flib%2Ffirmware%2Frtl_nic HTTP/1.1" 301 149 "-" "Mozilla/5.0 AppleWebKit/537.36 (KHTML, like Gecko; compatible; ClaudeBot/1.0; +claudebot@anthropic.com)" 1544 **1/1544174**
216.73.216.56 - - [16/Jan/2026:12:15:25 -0700] "GET /?fileloc=%2F%2Fusr%2Flib%2Fkbd%2Fconsolefonts%2Flat9v-08.psfu.gz&path=%2F%2Fusr%2Flib%2Fkbd%2Fconsolefonts HTTP/1.1" 301 149 "-" "Mozilla/5.0 AppleWebKit/537.36 (KHTML, like Gecko; compatible; ClaudeBot/1.0; +claudebot@anthropic.com)" 920 **0/920915**
135.181.166.38 - - [16/Jan/2026:12:15:58 -0700] "GET /?e=515591 HTTP/1.1" 301 337 "-" "Mozilla/5.0 (compatible; SERankingBacklinksBot/1.0; +https://seranking.com/backlinks-crawler)" 1288 **1/1288114**
216.73.216.56 - - [16/Jan/2026:12:16:03 -0700] "GET /?fileloc=%2F%2Fusr%2Flib%2Fkbd%2Fconsolefonts%2Flat0-12.psfu.gz&path=%2F%2Fusr%2Flib%2Fkbd%2Fconsolefonts HTTP/1.1" 301 149 "-" "Mozilla/5.0 AppleWebKit/537.36 (KHTML, like Gecko; compatible; ClaudeBot/1.0; +claudebot@anthropic.com)" 1304 **1/1304645**
114.119.130.18 - - [16/Jan/2026:12:16:06 -0700] "GET /xlnbgql/dewitt-auction-calendar.html HTTP/1.1" 301 337 "http://kurdom.ru/7gt9fp/bible-themed-snacks.html" "Mozilla/5.0 (Linux; Android 7.0;) AppleWebKit/537.36 (KHTML, like Gecko) Mobile Safari/537.36 (compatible; PetalBot;+https://webmaster.petalsearch.com/site/petalbot)" 2011 **2/2011063**
114.119.130.18 - - [16/Jan/2026:12:16:08 -0700] "GET /xlnbgql/dewitt-auction-calendar.html HTTP/1.1" 404 59131 "http://kurdom.ru/7gt9fp/bible-themed-snacks.html" "Mozilla/5.0 (Linux; Android 7.0;) AppleWebKit/537.36 (KHTML, like Gecko) Mobile Safari/537.36 (compatible; PetalBot;+https://webmaster.petalsearch.com/site/petalbot)" 1209 **1/1209191**
216.73.216.56 - - [16/Jan/2026:12:16:21 -0700] "GET /?fileloc=%2F%2Fusr%2Flib%2Ffirmware%2Frtl_nic%2Frtl8125d-2.fw&path=%2F%2Fusr%2Flib%2Ffirmware%2Frtl_nic HTTP/1.1" 301 149 "-" "Mozilla/5.0 AppleWebKit/537.36 (KHTML, like Gecko; compatible; ClaudeBot/1.0; +claudebot@anthropic.com)" 1328 **1/1328448**
135.181.166.38 - - [16/Jan/2026:12:16:49 -0700] "GET /?e=515979 HTTP/1.1" 301 337 "-" "Mozilla/5.0 (compatible; SERankingBacklinksBot/1.0; +https://seranking.com/backlinks-crawler)" 1333 **1/1333122**
216.73.216.56 - - [16/Jan/2026:12:16:55 -0700] "GET /robots.txt HTTP/1.1" 301 149 "-" "Mozilla/5.0 AppleWebKit/537.36 (KHTML, like Gecko; compatible; ClaudeBot/1.0; +claudebot@anthropic.com)" 1063 **1/1063889**
216.73.216.56 - - [16/Jan/2026:12:16:58 -0700] "GET /robots.txt HTTP/1.1" 200 214 "http://veronaae.com/robots.txt" "Mozilla/5.0 AppleWebKit/537.36 (KHTML, like Gecko; compatible; ClaudeBot/1.0; +claudebot@anthropic.com)" 1892 **1/1892493**
216.73.216.56 - - [16/Jan/2026:12:17:11 -0700] "GET /?fileloc=%2F%2Fusr%2Flib%2Ffirmware%2Fintel%2Fiwlwifi%2Fiwlwifi-Qu-b0-jf-b0-73.ucode&path=%2F%2Fusr%2Flib%2Ffirmware%2Fintel%2Fiwlwifi HTTP/1.1" 301 149 "-" "Mozilla/5.0 AppleWebKit/537.36 (KHTML, like Gecko; compatible; ClaudeBot/1.0; +claudebot@anthropic.com)" 902 **0/902471**
114.119.157.158 - - [16/Jan/2026:12:17:29 -0700] "GET /xlnbgql/best-comedy-movies-malayalam-latest.html HTTP/1.1" 301 337 "https://bahrainileaks.com/v0p4g/cd-girls-asian.html" "Mozilla/5.0 (Linux; Android 7.0;) AppleWebKit/537.36 (KHTML, like Gecko) Mobile Safari/537.36 (compatible; PetalBot;+https://webmaster.petalsearch.com/site/petalbot)" 1177 **1/1177594**
114.119.157.158 - - [16/Jan/2026:12:17:30 -0700] "GET /xlnbgql/best-comedy-movies-malayalam-latest.html HTTP/1.1" 404 59131 "https://bahrainileaks.com/v0p4g/cd-girls-asian.html" "Mozilla/5.0 (Linux; Android 7.0;) AppleWebKit/537.36 (KHTML, like Gecko) Mobile Safari/537.36 (compatible; PetalBot;+https://webmaster.petalsearch.com/site/petalbot)" 1187 **1/1187121**
184.168.114.89 - - [16/Jan/2026:12:17:34 -0700] "POST /wp-cron.php?doing_wp_cron=1768591054.5398490428924560546875 HTTP/1.1" 200 - "-" "WordPress/6.8.1; https://www.veronaae.com" 19 **0/19708**
57.141.20.25 - - [16/Jan/2026:12:17:33 -0700] "GET /?e=2322611j83j99 HTTP/1.1" 301 337 "-" "meta-externalagent/1.1 (+https://developers.facebook.com/docs/sharing/webmasters/crawler)" 1342 **1/1342146**
135.181.166.38 - - [16/Jan/2026:12:17:41 -0700] "GET /?e=516783 HTTP/1.1" 301 337 "-" "Mozilla/5.0 (compatible; SERankingBacklinksBot/1.0; +https://seranking.com/backlinks-crawler)" 1218 **1/1218515**
216.73.216.56 - - [16/Jan/2026:12:17:58 -0700] "GET /?e=4615148cfbehg HTTP/1.1" 301 149 "-" "Mozilla/5.0 AppleWebKit/537.36 (KHTML, like Gecko; compatible; ClaudeBot/1.0; +claudebot@anthropic.com)" 995 **0/995233**
135.181.166.38 - - [16/Jan/2026:12:18:09 -0700] "GET /?e=518920 HTTP/1.1" 301 337 "-" "Mozilla/5.0 (compatible; SERankingBacklinksBot/1.0; +https://seranking.com/backlinks-crawler)" 1409 **1/1409690**
216.73.216.56 - - [16/Jan/2026:12:18:51 -0700] "GET /?e=515482f014d7 HTTP/1.1" 301 149 "-" "Mozilla/5.0 AppleWebKit/537.36 (KHTML, like Gecko; compatible; ClaudeBot/1.0; +claudebot@anthropic.com)" 1195 **1/1195560**
114.119.130.251 - - [16/Jan/2026:12:18:53 -0700] "GET /xlnbgql/aspose-pdf-example.html HTTP/1.1" 301 337 "http://www.godsgirls-sa.co.za/pthzi/c1-advanced-4-with-answers-pdf.html" "Mozilla/5.0 (Linux; Android 7.0;) AppleWebKit/537.36 (KHTML, like Gecko) Mobile Safari/537.36 (compatible; PetalBot;+https://webmaster.petalsearch.com/site/petalbot)" 1896 **1/1896019**
74.208.174.68 - - [16/Jan/2026:12:18:54 -0700] "HEAD / HTTP/1.1" 301 - "https://veronaae.com/" "Mozilla/5.0 (Windows NT 10.0; Win64; x64) AppleWebKit/537.36 (KHTML, like Gecko) Chrome/91.0.4472.124 Safari/537.36" 2036 **2/2036375**
114.119.130.251 - - [16/Jan/2026:12:18:56 -0700] "GET /xlnbgql/aspose-pdf-example.html HTTP/1.1" 404 59131 "http://www.godsgirls-sa.co.za/pthzi/c1-advanced-4-with-answers-pdf.html" "Mozilla/5.0 (Linux; Android 7.0;) AppleWebKit/537.36 (KHTML, like Gecko) Mobile Safari/537.36 (compatible; PetalBot;+https://webmaster.petalsearch.com/site/petalbot)" 1214 **1/1214564**
135.181.166.38 - - [16/Jan/2026:12:19:01 -0700] "GET /?e=519826 HTTP/1.1" 301 337 "-" "Mozilla/5.0 (compatible; SERankingBacklinksBot/1.0; +https://seranking.com/backlinks-crawler)" 1165 **1/1165738**
216.73.216.56 - - [16/Jan/2026:12:19:10 -0700] "GET /?e=90481jf5df1 HTTP/1.1" 301 149 "-" "Mozilla/5.0 AppleWebKit/537.36 (KHTML, like Gecko; compatible; ClaudeBot/1.0; +claudebot@anthropic.com)" 1409 **1/1409955**
216.73.216.56 - - [16/Jan/2026:12:19:36 -0700] "GET /?e=1448412bb0cda HTTP/1.1" 301 149 "-" "Mozilla/5.0 AppleWebKit/537.36 (KHTML, like Gecko; compatible; ClaudeBot/1.0; +claudebot@anthropic.com)" 2102 **2/2102130**
135.181.166.38 - - [16/Jan/2026:12:19:53 -0700] "GET /?e=520434 HTTP/1.1" 200 5095 "-" "Mozilla/5.0 (compatible; SERankingBacklinksBot/1.0; +https://seranking.com/backlinks-crawler)" 533 **0/533254**
216.73.216.56 - - [16/Jan/2026:12:19:54 -0700] "GET /?e=46971036b6ea0 HTTP/1.1" 200 4315 "-" "Mozilla/5.0 AppleWebKit/537.36 (KHTML, like Gecko; compatible; ClaudeBot/1.0; +claudebot@anthropic.com)" 512 **0/512260**
114.119.129.113 - - [16/Jan/2026:12:20:17 -0700] "GET /xlnbgql/64mm-ssp-burrs.html HTTP/1.1" 200 5095 "https://www.ballthai.com/%e0%b8%9e%e0%b8%a3%e0%b9%89%e0%b8%ad%e0%b8%a1%e0%b9%80%e0%b8%95%e0%b9%87%e0%b8%a1%e0%b8%97%e0%b8%b5%e0%b9%88-%e0%b8%8a%e0%b8%9a%e0%b8%b2%e0%b9%81%e0%b8%81%e0%b9%89%e0%b8%a7-%e0%b8%8b%e0%b9%89%e0%b8%ad%e0%b8%a1%e0%b8%95%e0%b9%88%e0%b8%ad%e0%b9%80%e0%b8%99%e0%b8%b7%e0%b9%88%e0%b8%ad%e0%b8%87%e0%b8%81%e0%b9%88%e0%b8%ad%e0%b8%99%e0%b8%a5%e0%b8%b8%e0%b8%a2-%e0%b8%8a%e0%b8%b4%e0%b8%87%e0%b9%81%e0%b8%8a%e0%b8%a1%e0%b8%9b%e0%b9%8c%e0%b8%ad%e0%b8%b2%e0%b9%80%e0%b8%8b%e0%b8%b5%e0%b8%a2%e0%b8%99%e0%b8%a2%e0%b8%b9-18/" "Mozilla/5.0 (Linux; Android 7.0;) AppleWebKit/537.36 (KHTML, like Gecko) Mobile Safari/537.36 (compatible; PetalBot;+https://webmaster.petalsearch.com/site/petalbot)" 535 **0/535417**
135.181.166.38 - - [16/Jan/2026:12:20:41 -0700] "GET /?e=522387 HTTP/1.1" 200 5095 "-" "Mozilla/5.0 (compatible; SERankingBacklinksBot/1.0; +https://seranking.com/backlinks-crawler)" 518 **0/518389**
135.181.166.38 - - [16/Jan/2026:12:21:30 -0700] "GET /?e=524899 HTTP/1.1" 200 5095 "-" "Mozilla/5.0 (compatible; SERankingBacklinksBot/1.0; +https://seranking.com/backlinks-crawler)" 513 **0/513685**
114.119.130.18 - - [16/Jan/2026:12:21:40 -0700] "GET /xlnbgql/4-day-work-week-jobs-remote.html HTTP/1.1" 200 5095 "https://seller.bombaybuy.com/2ufpo/construction-on-290-west.html" "Mozilla/5.0 (Linux; Android 7.0;) AppleWebKit/537.36 (KHTML, like Gecko) Mobile Safari/537.36 (compatible; PetalBot;+https://webmaster.petalsearch.com/site/petalbot)" 566 **0/566016**
135.181.166.38 - - [16/Jan/2026:12:22:20 -0700] "GET /?e=530869 HTTP/1.1" 200 5095 "-" "Mozilla/5.0 (compatible; SERankingBacklinksBot/1.0; +https://seranking.com/backlinks-crawler)" 557 **0/557377**
216.73.216.56 - - [16/Jan/2026:12:22:44 -0700] "GET /?fileloc=%2F%2Fusr%2Flib%2Ffirmware%2Fintel%2Fibt-1040-0041.ddc&path=%2F%2Fusr%2Flib%2Ffirmware%2Fintel HTTP/1.1" 200 2307 "-" "Mozilla/5.0 AppleWebKit/537.36 (KHTML, like Gecko; compatible; ClaudeBot/1.0; +claudebot@anthropic.com)" 512 **0/512071**
216.73.216.56 - - [16/Jan/2026:12:23:02 -0700] "GET /?e=2168217j4b9da HTTP/1.1" 200 4315 "-" "Mozilla/5.0 AppleWebKit/537.36 (KHTML, like Gecko; compatible; ClaudeBot/1.0; +claudebot@anthropic.com)" 674 **0/674832**
114.119.151.233 - - [16/Jan/2026:12:23:03 -0700] "GET /xlnbgql/20-inch-rims-for-sale-on-craigslist.html HTTP/1.1" 200 5095 "http://manthon.shop/srpbx/wareham-ma-police-news.html" "Mozilla/5.0 (Linux; Android 7.0;) AppleWebKit/537.36 (KHTML, like Gecko) Mobile Safari/537.36 (compatible; PetalBot;+https://webmaster.petalsearch.com/site/petalbot)" 558 **0/558788**
135.181.166.38 - - [16/Jan/2026:12:23:09 -0700] "GET /?e=533085 HTTP/1.1" 200 5095 "-" "Mozilla/5.0 (compatible; SERankingBacklinksBot/1.0; +https://seranking.com/backlinks-crawler)" 521 **0/521135**
216.73.216.56 - - [16/Jan/2026:12:23:40 -0700] "GET /?e=2886074i6128b HTTP/1.1" 200 4315 "-" "Mozilla/5.0 AppleWebKit/537.36 (KHTML, like Gecko; compatible; ClaudeBot/1.0; +claudebot@anthropic.com)" 519 **0/519702**
216.73.216.56 - - [16/Jan/2026:12:23:53 -0700] "GET /?e=1640674gffada HTTP/1.1" 200 4315 "-" "Mozilla/5.0 AppleWebKit/537.36 (KHTML, like Gecko; compatible; ClaudeBot/1.0; +claudebot@anthropic.com)" 513 **0/513146**
135.181.166.38 - - [16/Jan/2026:12:24:01 -0700] "GET /?e=542616 HTTP/1.1" 200 5095 "-" "Mozilla/5.0 (compatible; SERankingBacklinksBot/1.0; +https://seranking.com/backlinks-crawler)" 529 **0/529754**
216.73.216.56 - - [16/Jan/2026:12:24:11 -0700] "GET /?fileloc=%2F%2Fusr%2Flib%2Ffirmware%2Fmediatek%2Fmt7981_wo.bin&path=%2F%2Fusr%2Flib%2Ffirmware%2Fmediatek HTTP/1.1" 200 2288 "-" "Mozilla/5.0 AppleWebKit/537.36 (KHTML, like Gecko; compatible; ClaudeBot/1.0; +claudebot@anthropic.com)" 509 **0/509177**
57.141.20.15 - - [16/Jan/2026:12:24:24 -0700] "GET /?e=4031220eeddic HTTP/1.1" 200 108366 "-" "meta-externalagent/1.1 (+https://developers.facebook.com/docs/sharing/webmasters/crawler)" 510 **0/510785**
114.119.153.246 - - [16/Jan/2026:12:24:28 -0700] "GET /uwx11/travel-cna-contracts.html HTTP/1.1" 200 5095 "http://www.ballthai.com" "Mozilla/5.0 (Linux; Android 7.0;) AppleWebKit/537.36 (KHTML, like Gecko) Mobile Safari/537.36 (compatible; PetalBot;+https://webmaster.petalsearch.com/site/petalbot)" 531 **0/531871**
135.181.166.38 - - [16/Jan/2026:12:25:18 -0700] "GET /?e=543380 HTTP/1.1" 200 5095 "-" "Mozilla/5.0 (compatible; SERankingBacklinksBot/1.0; +https://seranking.com/backlinks-crawler)" 510 **0/510991**
135.181.166.38 - - [16/Jan/2026:12:25:44 -0700] "GET /?e=545608 HTTP/1.1" 200 5095 "-" "Mozilla/5.0 (compatible; SERankingBacklinksBot/1.0; +https://seranking.com/backlinks-crawler)" 514 **0/514167**
114.119.129.113 - - [16/Jan/2026:12:25:51 -0700] "GET /uwx11/sven-lic-floors.html HTTP/1.1" 200 5095 "http://mta-sts.mail.lovethequeen.com/hu8mu/indiana-university-swimming-results.html" "Mozilla/5.0 (Linux; Android 7.0;) AppleWebKit/537.36 (KHTML, like Gecko) Mobile Safari/537.36 (compatible; PetalBot;+https://webmaster.petalsearch.com/site/petalbot)" 525 **0/525055**
135.181.166.38 - - [16/Jan/2026:12:26:37 -0700] "GET /?e=546749 HTTP/1.1" 200 5095 "-" "Mozilla/5.0 (compatible; SERankingBacklinksBot/1.0; +https://seranking.com/backlinks-crawler)" 507 **0/507969**
114.119.130.251 - - [16/Jan/2026:12:27:16 -0700] "GET /uwx11/ps2-screen-flicker-fix.html HTTP/1.1" 200 5095 "https://i4twins.com/ycghx/bottomline-concepts-erc.html" "Mozilla/5.0 (Linux; Android 7.0;) AppleWebKit/537.36 (KHTML, like Gecko) Mobile Safari/537.36 (compatible; PetalBot;+https://webmaster.petalsearch.com/site/petalbot)" 498 **0/498747**
57.141.20.43 - - [16/Jan/2026:12:27:24 -0700] "GET /?e=142229a2b6fc HTTP/1.1" 200 108366 "-" "meta-externalagent/1.1 (+https://developers.facebook.com/docs/sharing/webmasters/crawler)" 502 **0/502973**
135.181.166.38 - - [16/Jan/2026:12:27:29 -0700] "GET /?e=546772 HTTP/1.1" 200 5095 "-" "Mozilla/5.0 (compatible; SERankingBacklinksBot/1.0; +https://seranking.com/backlinks-crawler)" 520 **0/520992**
114.119.153.246 - - [16/Jan/2026:12:28:37 -0700] "GET /uwx11/project-zomboid-mod-pack.html HTTP/1.1" 200 5095 "https://laboutiquebonplan.com/b3myju/how-to-get-svs-wings-evony.html" "Mozilla/5.0 (Linux; Android 7.0;) AppleWebKit/537.36 (KHTML, like Gecko) Mobile Safari/537.36 (compatible; PetalBot;+https://webmaster.petalsearch.com/site/petalbot)" 512 **0/512142**
135.181.166.38 - - [16/Jan/2026:12:28:50 -0700] "GET /?e=552141 HTTP/1.1" 200 5095 "-" "Mozilla/5.0 (compatible; SERankingBacklinksBot/1.0; +https://seranking.com/backlinks-crawler)" 499 **0/499993**
135.181.166.38 - - [16/Jan/2026:12:29:17 -0700] "GET /?e=552178 HTTP/1.1" 200 5095 "-" "Mozilla/5.0 (compatible; SERankingBacklinksBot/1.0; +https://seranking.com/backlinks-crawler)" 510 **0/510742**
114.119.151.233 - - [16/Jan/2026:12:30:02 -0700] "GET /uwx11/probability-questions-and-answers-pdf-grade-8.html HTTP/1.1" 200 5095 "http://dma-system.com/niu4h1hbxb/esthetician-schools-in-maryland-cost.html" "Mozilla/5.0 (Linux; Android 7.0;) AppleWebKit/537.36 (KHTML, like Gecko) Mobile Safari/537.36 (compatible; PetalBot;+https://webmaster.petalsearch.com/site/petalbot)" 650 **0/650122**
135.181.166.38 - - [16/Jan/2026:12:30:41 -0700] "GET /?e=552997 HTTP/1.1" 200 5095 "-" "Mozilla/5.0 (compatible; SERankingBacklinksBot/1.0; +https://seranking.com/backlinks-crawler)" 500 **0/500659**
135.181.166.38 - - [16/Jan/2026:12:31:08 -0700] "GET /?e=556283 HTTP/1.1" 200 5095 "-" "Mozilla/5.0 (compatible; SERankingBacklinksBot/1.0; +https://seranking.com/backlinks-crawler)" 545 **0/545647**
114.119.129.113 - - [16/Jan/2026:12:31:25 -0700] "GET /uwx11/probability-questions-and-answers-pdf-grade-8.html HTTP/1.1" 200 5095 "http://dma-system.com/niu4h1hbxb/esthetician-schools-in-maryland-cost.html" "Mozilla/5.0 (Linux; Android 7.0;) AppleWebKit/537.36 (KHTML, like Gecko) Mobile Safari/537.36 (compatible; PetalBot;+https://webmaster.petalsearch.com/site/petalbot)" 499 **0/499417**
135.181.166.38 - - [16/Jan/2026:12:32:06 -0700] "GET /?e=560519 HTTP/1.1" 200 5095 "-" "Mozilla/5.0 (compatible; SERankingBacklinksBot/1.0; +https://seranking.com/backlinks-crawler)" 507 **0/507317**
114.119.130.18 - - [16/Jan/2026:12:32:49 -0700] "GET /uwx11/prayer-points-on-persistent-prayer.html HTTP/1.1" 200 5095 "https://rescuetheperishingyouths.org/wiod/cali-nail-supply.html" "Mozilla/5.0 (Linux; Android 7.0;) AppleWebKit/537.36 (KHTML, like Gecko) Mobile Safari/537.36 (compatible; PetalBot;+https://webmaster.petalsearch.com/site/petalbot)" 519 **0/519526**
135.181.166.38 - - [16/Jan/2026:12:33:05 -0700] "GET /?e=561870 HTTP/1.1" 200 5095 "-" "Mozilla/5.0 (compatible; SERankingBacklinksBot/1.0; +https://seranking.com/backlinks-crawler)" 502 **0/502003**
135.181.166.38 - - [16/Jan/2026:12:34:05 -0700] "GET /?e=562740 HTTP/1.1" 200 5095 "-" "Mozilla/5.0 (compatible; SERankingBacklinksBot/1.0; +https://seranking.com/backlinks-crawler)" 510 **0/510352**
114.119.130.251 - - [16/Jan/2026:12:34:14 -0700] "GET /uwx11/powerful-girl-gamer-names.html HTTP/1.1" 200 5095 "https://lansirlin.org.tw/wp-content/uploads/2022/12/g76xkk/pictures-of-skin-after-cryosurgery.html" "Mozilla/5.0 (Linux; Android 7.0;) AppleWebKit/537.36 (KHTML, like Gecko) Mobile Safari/537.36 (compatible; PetalBot;+https://webmaster.petalsearch.com/site/petalbot)" 497 **0/497112**
216.73.216.56 - - [16/Jan/2026:12:34:30 -0700] "GET /?e=1541749b14j35 HTTP/1.1" 200 4315 "-" "Mozilla/5.0 AppleWebKit/537.36 (KHTML, like Gecko; compatible; ClaudeBot/1.0; +claudebot@anthropic.com)" 507 **0/507653**
216.73.216.56 - - [16/Jan/2026:12:34:49 -0700] "GET /?e=264330gj44d4 HTTP/1.1" 200 4315 "-" "Mozilla/5.0 AppleWebKit/537.36 (KHTML, like Gecko; compatible; ClaudeBot/1.0; +claudebot@anthropic.com)" 516 **0/516937**
216.73.216.56 - - [16/Jan/2026:12:35:01 -0700] "GET /?e=40921297g9jde HTTP/1.1" 200 4315 "-" "Mozilla/5.0 AppleWebKit/537.36 (KHTML, like Gecko; compatible; ClaudeBot/1.0; +claudebot@anthropic.com)" 708 **0/708285**
216.73.216.56 - - [16/Jan/2026:12:35:19 -0700] "GET /?e=15496428dgcc1 HTTP/1.1" 200 4315 "-" "Mozilla/5.0 AppleWebKit/537.36 (KHTML, like Gecko; compatible; ClaudeBot/1.0; +claudebot@anthropic.com)" 753 **0/753316**
114.119.129.113 - - [16/Jan/2026:12:35:36 -0700] "GET /uwx11/portable-gas-burner-outdoor.html HTTP/1.1" 200 5095 "http://blueravenfilms.com/5kikd/list-of-company-names.html" "Mozilla/5.0 (Linux; Android 7.0;) AppleWebKit/537.36 (KHTML, like Gecko) Mobile Safari/537.36 (compatible; PetalBot;+https://webmaster.petalsearch.com/site/petalbot)" 548 **0/548100**
135.181.166.38 - - [16/Jan/2026:12:35:38 -0700] "GET /?e=562911 HTTP/1.1" 200 5095 "-" "Mozilla/5.0 (compatible; SERankingBacklinksBot/1.0; +https://seranking.com/backlinks-crawler)" 521 **0/521358**
216.73.216.56 - - [16/Jan/2026:12:36:08 -0700] "GET /?fileloc=%2F%2Flib64%2Fpython3.6%2Flib2to3%2Ffixes%2F__pycache__%2Ffix_intern.cpython-36.opt-1.pyc&path=%2F%2Flib64%2Fpython3.6%2Flib2to3%2Ffixes%2F__pycache__ HTTP/1.1" 200 2315 "-" "Mozilla/5.0 AppleWebKit/537.36 (KHTML, like Gecko; compatible; ClaudeBot/1.0; +claudebot@anthropic.com)" 577 **0/577903**
216.73.216.56 - - [16/Jan/2026:12:36:08 -0700] "GET /?fileloc=%2F%2Flib64%2Fpython3.6%2Flib2to3%2Ffixes%2F__pycache__%2Ffix_renames.cpython-36.pyc&path=%2F%2Flib64%2Fpython3.6%2Flib2to3%2Ffixes%2F__pycache__ HTTP/1.1" 200 2312 "-" "Mozilla/5.0 AppleWebKit/537.36 (KHTML, like Gecko; compatible; ClaudeBot/1.0; +claudebot@anthropic.com)" 577 **0/577361**
216.73.216.56 - - [16/Jan/2026:12:36:08 -0700] "GET /?fileloc=%2F%2Flib%2Fpython3.6%2Fsite-packages%2Fup2date_client%2F__pycache__%2Fclpwd.cpython-36.pyc&path=%2F%2Flib%2Fpython3.6%2Fsite-packages%2Fup2date_client%2F__pycache__ HTTP/1.1" 200 2319 "-" "Mozilla/5.0 AppleWebKit/537.36 (KHTML, like Gecko; compatible; ClaudeBot/1.0; +claudebot@anthropic.com)" 597 **0/597212**
216.73.216.56 - - [16/Jan/2026:12:36:08 -0700] "GET /?fileloc=%2F%2Flib64%2Fpython3.6%2Flib2to3%2Ffixes%2F__pycache__%2Ffix_reload.cpython-36.pyc&path=%2F%2Flib64%2Fpython3.6%2Flib2to3%2Ffixes%2F__pycache__ HTTP/1.1" 200 2311 "-" "Mozilla/5.0 AppleWebKit/537.36 (KHTML, like Gecko; compatible; ClaudeBot/1.0; +claudebot@anthropic.com)" 594 **0/594945**
216.73.216.56 - - [16/Jan/2026:12:36:08 -0700] "GET /?path=%2F%2Flib%2Fpython3.6%2Fsite-packages%2Fpip%2Fvcs%2F__pycache__ HTTP/1.1" 200 2876 "-" "Mozilla/5.0 AppleWebKit/537.36 (KHTML, like Gecko; compatible; ClaudeBot/1.0; +claudebot@anthropic.com)" 563 **0/563463**
135.181.166.38 - - [16/Jan/2026:12:36:10 -0700] "GET /?e=569422 HTTP/1.1" 200 5095 "-" "Mozilla/5.0 (compatible; SERankingBacklinksBot/1.0; +https://seranking.com/backlinks-crawler)" 716 **0/716432**
216.73.216.56 - - [16/Jan/2026:12:36:26 -0700] "GET /?e=1513535e90825 HTTP/1.1" 200 4315 "-" "Mozilla/5.0 AppleWebKit/537.36 (KHTML, like Gecko; compatible; ClaudeBot/1.0; +claudebot@anthropic.com)" 508 **0/508861**
216.73.216.56 - - [16/Jan/2026:12:36:27 -0700] "GET /?e=5406705f336bi HTTP/1.1" 200 4315 "-" "Mozilla/5.0 AppleWebKit/537.36 (KHTML, like Gecko; compatible; ClaudeBot/1.0; +claudebot@anthropic.com)" 526 **0/526805**
216.73.216.56 - - [16/Jan/2026:12:36:27 -0700] "GET /?e=267471129i0e9 HTTP/1.1" 200 4315 "-" "Mozilla/5.0 AppleWebKit/537.36 (KHTML, like Gecko; compatible; ClaudeBot/1.0; +claudebot@anthropic.com)" 520 **0/520523**
216.73.216.56 - - [16/Jan/2026:12:36:27 -0700] "GET /?e=411037614d62i HTTP/1.1" 200 4315 "-" "Mozilla/5.0 AppleWebKit/537.36 (KHTML, like Gecko; compatible; ClaudeBot/1.0; +claudebot@anthropic.com)" 515 **0/515570**
216.73.216.56 - - [16/Jan/2026:12:36:27 -0700] "GET /?e=47055406cg76b HTTP/1.1" 200 4315 "-" "Mozilla/5.0 AppleWebKit/537.36 (KHTML, like Gecko; compatible; ClaudeBot/1.0; +claudebot@anthropic.com)" 531 **0/531450**
216.73.216.56 - - [16/Jan/2026:12:36:27 -0700] "GET /?e=1086858dadi1j HTTP/1.1" 200 4315 "-" "Mozilla/5.0 AppleWebKit/537.36 (KHTML, like Gecko; compatible; ClaudeBot/1.0; +claudebot@anthropic.com)" 568 **0/568206**
216.73.216.56 - - [16/Jan/2026:12:36:27 -0700] "GET /?fileloc=%2F%2Fusr%2Flib%2Ffirmware%2Fbrcm%2Fbrcmfmac43602-pcie.bin&path=%2F%2Fusr%2Flib%2Ffirmware%2Fbrcm HTTP/1.1" 200 2291 "-" "Mozilla/5.0 AppleWebKit/537.36 (KHTML, like Gecko; compatible; ClaudeBot/1.0; +claudebot@anthropic.com)" 537 **0/537499**
216.73.216.56 - - [16/Jan/2026:12:36:27 -0700] "GET /?e=4467547hj5d08 HTTP/1.1" 200 4315 "-" "Mozilla/5.0 AppleWebKit/537.36 (KHTML, like Gecko; compatible; ClaudeBot/1.0; +claudebot@anthropic.com)" 524 **0/524389**
216.73.216.56 - - [16/Jan/2026:12:36:28 -0700] "GET /?e=4896611c2i223 HTTP/1.1" 200 4315 "-" "Mozilla/5.0 AppleWebKit/537.36 (KHTML, like Gecko; compatible; ClaudeBot/1.0; +claudebot@anthropic.com)" 582 **0/582088**
216.73.216.56 - - [16/Jan/2026:12:36:28 -0700] "GET /?e=3049363g2i2ii HTTP/1.1" 200 4315 "-" "Mozilla/5.0 AppleWebKit/537.36 (KHTML, like Gecko; compatible; ClaudeBot/1.0; +claudebot@anthropic.com)" 534 **0/534996**
216.73.216.56 - - [16/Jan/2026:12:36:28 -0700] "GET /?e=17483306ejd4g HTTP/1.1" 200 4315 "-" "Mozilla/5.0 AppleWebKit/537.36 (KHTML, like Gecko; compatible; ClaudeBot/1.0; +claudebot@anthropic.com)" 584 **0/584785**
216.73.216.56 - - [16/Jan/2026:12:36:28 -0700] "GET /?e=10315350423f3 HTTP/1.1" 200 4315 "-" "Mozilla/5.0 AppleWebKit/537.36 (KHTML, like Gecko; compatible; ClaudeBot/1.0; +claudebot@anthropic.com)" 584 **0/584781**
216.73.216.56 - - [16/Jan/2026:12:36:28 -0700] "GET /?e=33294695e30ah HTTP/1.1" 200 4315 "-" "Mozilla/5.0 AppleWebKit/537.36 (KHTML, like Gecko; compatible; ClaudeBot/1.0; +claudebot@anthropic.com)" 627 **0/627849**
216.73.216.56 - - [16/Jan/2026:12:36:28 -0700] "GET /?e=42554276ghbdj HTTP/1.1" 200 4315 "-" "Mozilla/5.0 AppleWebKit/537.36 (KHTML, like Gecko; compatible; ClaudeBot/1.0; +claudebot@anthropic.com)" 668 **0/668315**
216.73.216.56 - - [16/Jan/2026:12:36:28 -0700] "GET /?e=413167220gg03 HTTP/1.1" 200 4315 "-" "Mozilla/5.0 AppleWebKit/537.36 (KHTML, like Gecko; compatible; ClaudeBot/1.0; +claudebot@anthropic.com)" 695 **0/695549**
216.73.216.56 - - [16/Jan/2026:12:36:28 -0700] "GET /?e=533467178c7cg HTTP/1.1" 200 4315 "-" "Mozilla/5.0 AppleWebKit/537.36 (KHTML, like Gecko; compatible; ClaudeBot/1.0; +claudebot@anthropic.com)" 683 **0/683147**
216.73.216.56 - - [16/Jan/2026:12:36:28 -0700] "GET /?e=3188213b7i60d HTTP/1.1" 200 4315 "-" "Mozilla/5.0 AppleWebKit/537.36 (KHTML, like Gecko; compatible; ClaudeBot/1.0; +claudebot@anthropic.com)" 661 **0/661831**
216.73.216.56 - - [16/Jan/2026:12:36:28 -0700] "GET /?e=2607523d4bg70 HTTP/1.1" 200 4315 "-" "Mozilla/5.0 AppleWebKit/537.36 (KHTML, like Gecko; compatible; ClaudeBot/1.0; +claudebot@anthropic.com)" 610 **0/610752**
216.73.216.56 - - [16/Jan/2026:12:36:29 -0700] "GET /?e=99770ag0j19 HTTP/1.1" 200 4315 "-" "Mozilla/5.0 AppleWebKit/537.36 (KHTML, like Gecko; compatible; ClaudeBot/1.0; +claudebot@anthropic.com)" 756 **0/756120**
216.73.216.56 - - [16/Jan/2026:12:36:29 -0700] "GET /?e=46646295ag145 HTTP/1.1" 200 4315 "-" "Mozilla/5.0 AppleWebKit/537.36 (KHTML, like Gecko; compatible; ClaudeBot/1.0; +claudebot@anthropic.com)" 635 **0/635899**
216.73.216.56 - - [16/Jan/2026:12:36:29 -0700] "GET /?e=1959524bcci5 HTTP/1.1" 200 4315 "-" "Mozilla/5.0 AppleWebKit/537.36 (KHTML, like Gecko; compatible; ClaudeBot/1.0; +claudebot@anthropic.com)" 798 **0/798345**
216.73.216.56 - - [16/Jan/2026:12:36:29 -0700] "GET /?e=2594280298d42 HTTP/1.1" 200 4315 "-" "Mozilla/5.0 AppleWebKit/537.36 (KHTML, like Gecko; compatible; ClaudeBot/1.0; +claudebot@anthropic.com)" 731 **0/731865**
216.73.216.56 - - [16/Jan/2026:12:36:29 -0700] "GET /?e=2946631i0e944 HTTP/1.1" 200 4315 "-" "Mozilla/5.0 AppleWebKit/537.36 (KHTML, like Gecko; compatible; ClaudeBot/1.0; +claudebot@anthropic.com)" 754 **0/754963**
216.73.216.56 - - [16/Jan/2026:12:36:29 -0700] "GET /?e=329698085bga0 HTTP/1.1" 200 4315 "-" "Mozilla/5.0 AppleWebKit/537.36 (KHTML, like Gecko; compatible; ClaudeBot/1.0; +claudebot@anthropic.com)" 772 **0/772939**
216.73.216.56 - - [16/Jan/2026:12:36:29 -0700] "GET /?e=51038965387d HTTP/1.1" 200 4315 "-" "Mozilla/5.0 AppleWebKit/537.36 (KHTML, like Gecko; compatible; ClaudeBot/1.0; +claudebot@anthropic.com)" 768 **0/768536**
216.73.216.56 - - [16/Jan/2026:12:36:29 -0700] "GET /?e=2091235331hah HTTP/1.1" 200 4315 "-" "Mozilla/5.0 AppleWebKit/537.36 (KHTML, like Gecko; compatible; ClaudeBot/1.0; +claudebot@anthropic.com)" 687 **0/687767**
216.73.216.56 - - [16/Jan/2026:12:36:30 -0700] "GET /?e=2935877198e4h HTTP/1.1" 200 4315 "-" "Mozilla/5.0 AppleWebKit/537.36 (KHTML, like Gecko; compatible; ClaudeBot/1.0; +claudebot@anthropic.com)" 688 **0/688111**
216.73.216.56 - - [16/Jan/2026:12:36:30 -0700] "GET /?e=25922276aj54f HTTP/1.1" 200 4315 "-" "Mozilla/5.0 AppleWebKit/537.36 (KHTML, like Gecko; compatible; ClaudeBot/1.0; +claudebot@anthropic.com)" 613 **0/613700**
216.73.216.56 - - [16/Jan/2026:12:36:30 -0700] "GET /?e=681106185i8 HTTP/1.1" 200 4315 "-" "Mozilla/5.0 AppleWebKit/537.36 (KHTML, like Gecko; compatible; ClaudeBot/1.0; +claudebot@anthropic.com)" 643 **0/643361**
216.73.216.56 - - [16/Jan/2026:12:36:30 -0700] "GET /?e=502453204ja26 HTTP/1.1" 200 4315 "-" "Mozilla/5.0 AppleWebKit/537.36 (KHTML, like Gecko; compatible; ClaudeBot/1.0; +claudebot@anthropic.com)" 632 **0/632829**
216.73.216.56 - - [16/Jan/2026:12:36:30 -0700] "GET /?e=36599663c3210 HTTP/1.1" 200 4315 "-" "Mozilla/5.0 AppleWebKit/537.36 (KHTML, like Gecko; compatible; ClaudeBot/1.0; +claudebot@anthropic.com)" 735 **0/735899**
216.73.216.56 - - [16/Jan/2026:12:36:29 -0700] "GET /?e=466571937af79 HTTP/1.1" 200 4315 "-" "Mozilla/5.0 AppleWebKit/537.36 (KHTML, like Gecko; compatible; ClaudeBot/1.0; +claudebot@anthropic.com)" 1884 **1/1884920**
216.73.216.56 - - [16/Jan/2026:12:36:30 -0700] "GET /?e=3715444a362ad HTTP/1.1" 200 4315 "-" "Mozilla/5.0 AppleWebKit/537.36 (KHTML, like Gecko; compatible; ClaudeBot/1.0; +claudebot@anthropic.com)" 746 **0/746385**
216.73.216.56 - - [16/Jan/2026:12:36:30 -0700] "GET /?e=442016672jg05 HTTP/1.1" 200 4315 "-" "Mozilla/5.0 AppleWebKit/537.36 (KHTML, like Gecko; compatible; ClaudeBot/1.0; +claudebot@anthropic.com)" 775 **0/775446**
216.73.216.56 - - [16/Jan/2026:12:36:30 -0700] "GET /?e=3842585h7j62b HTTP/1.1" 200 4315 "-" "Mozilla/5.0 AppleWebKit/537.36 (KHTML, like Gecko; compatible; ClaudeBot/1.0; +claudebot@anthropic.com)" 878 **0/878432**
216.73.216.56 - - [16/Jan/2026:12:36:31 -0700] "GET /?e=2129709gh94ah HTTP/1.1" 200 4315 "-" "Mozilla/5.0 AppleWebKit/537.36 (KHTML, like Gecko; compatible; ClaudeBot/1.0; +claudebot@anthropic.com)" 893 **0/893108**
216.73.216.56 - - [16/Jan/2026:12:36:30 -0700] "GET /?e=3724714986h8f HTTP/1.1" 200 4315 "-" "Mozilla/5.0 AppleWebKit/537.36 (KHTML, like Gecko; compatible; ClaudeBot/1.0; +claudebot@anthropic.com)" 1077 **1/1077438**
216.73.216.56 - - [16/Jan/2026:12:36:31 -0700] "GET /?e=35380563f5deg HTTP/1.1" 200 4315 "-" "Mozilla/5.0 AppleWebKit/537.36 (KHTML, like Gecko; compatible; ClaudeBot/1.0; +claudebot@anthropic.com)" 1004 **1/1004643**
216.73.216.56 - - [16/Jan/2026:12:36:31 -0700] "GET /?e=1706928a8biab HTTP/1.1" 200 4315 "-" "Mozilla/5.0 AppleWebKit/537.36 (KHTML, like Gecko; compatible; ClaudeBot/1.0; +claudebot@anthropic.com)" 1010 **1/1010918**
216.73.216.56 - - [16/Jan/2026:12:36:31 -0700] "GET /?e=914330g71a61 HTTP/1.1" 200 4315 "-" "Mozilla/5.0 AppleWebKit/537.36 (KHTML, like Gecko; compatible; ClaudeBot/1.0; +claudebot@anthropic.com)" 836 **0/836873**
216.73.216.56 - - [16/Jan/2026:12:36:31 -0700] "GET /?e=3450354ed7gef HTTP/1.1" 200 4315 "-" "Mozilla/5.0 AppleWebKit/537.36 (KHTML, like Gecko; compatible; ClaudeBot/1.0; +claudebot@anthropic.com)" 755 **0/755882**
216.73.216.56 - - [16/Jan/2026:12:36:31 -0700] "GET /?e=2654184b1ed31 HTTP/1.1" 200 4315 "-" "Mozilla/5.0 AppleWebKit/537.36 (KHTML, like Gecko; compatible; ClaudeBot/1.0; +claudebot@anthropic.com)" 712 **0/712046**
216.73.216.56 - - [16/Jan/2026:12:36:31 -0700] "GET /?e=2388827ic29a HTTP/1.1" 200 4315 "-" "Mozilla/5.0 AppleWebKit/537.36 (KHTML, like Gecko; compatible; ClaudeBot/1.0; +claudebot@anthropic.com)" 764 **0/764162**
216.73.216.56 - - [16/Jan/2026:12:36:32 -0700] "GET /?e=1835988j5dhf7 HTTP/1.1" 200 4315 "-" "Mozilla/5.0 AppleWebKit/537.36 (KHTML, like Gecko; compatible; ClaudeBot/1.0; +claudebot@anthropic.com)" 644 **0/644489**
216.73.216.56 - - [16/Jan/2026:12:36:32 -0700] "GET /?e=14308070ib57c HTTP/1.1" 200 4315 "-" "Mozilla/5.0 AppleWebKit/537.36 (KHTML, like Gecko; compatible; ClaudeBot/1.0; +claudebot@anthropic.com)" 604 **0/604064**
216.73.216.56 - - [16/Jan/2026:12:36:32 -0700] "GET /?e=191879a22625 HTTP/1.1" 200 4315 "-" "Mozilla/5.0 AppleWebKit/537.36 (KHTML, like Gecko; compatible; ClaudeBot/1.0; +claudebot@anthropic.com)" 621 **0/621783**
216.73.216.56 - - [16/Jan/2026:12:36:32 -0700] "GET /?e=214030fhh156 HTTP/1.1" 200 4315 "-" "Mozilla/5.0 AppleWebKit/537.36 (KHTML, like Gecko; compatible; ClaudeBot/1.0; +claudebot@anthropic.com)" 636 **0/636110**
114.119.157.189 - - [16/Jan/2026:12:37:00 -0700] "GET /uwx11/port-orchard-news.html HTTP/1.1" 200 5095 "https://promark-egy.com/vtjz0o/used-vans-for-sale-under-10-000.html" "Mozilla/5.0 (Linux; Android 7.0;) AppleWebKit/537.36 (KHTML, like Gecko) Mobile Safari/537.36 (compatible; PetalBot;+https://webmaster.petalsearch.com/site/petalbot)" 548 **0/548410**
216.73.216.56 - - [16/Jan/2026:12:37:05 -0700] "GET /?e=3438486920c0i HTTP/1.1" 200 4315 "-" "Mozilla/5.0 AppleWebKit/537.36 (KHTML, like Gecko; compatible; ClaudeBot/1.0; +claudebot@anthropic.com)" 506 **0/506736**
216.73.216.56 - - [16/Jan/2026:12:37:05 -0700] "GET /?e=543640288fi91 HTTP/1.1" 200 4315 "-" "Mozilla/5.0 AppleWebKit/537.36 (KHTML, like Gecko; compatible; ClaudeBot/1.0; +claudebot@anthropic.com)" 496 **0/496788**
216.73.216.56 - - [16/Jan/2026:12:37:05 -0700] "GET /?e=2767190j32189 HTTP/1.1" 200 4315 "-" "Mozilla/5.0 AppleWebKit/537.36 (KHTML, like Gecko; compatible; ClaudeBot/1.0; +claudebot@anthropic.com)" 511 **0/511422**
216.73.216.56 - - [16/Jan/2026:12:37:05 -0700] "GET /?e=2241457ff83bg HTTP/1.1" 200 4315 "-" "Mozilla/5.0 AppleWebKit/537.36 (KHTML, like Gecko; compatible; ClaudeBot/1.0; +claudebot@anthropic.com)" 599 **0/599145**
216.73.216.56 - - [16/Jan/2026:12:37:05 -0700] "GET /?e=29827498gfe04 HTTP/1.1" 200 4315 "-" "Mozilla/5.0 AppleWebKit/537.36 (KHTML, like Gecko; compatible; ClaudeBot/1.0; +claudebot@anthropic.com)" 599 **0/599813**
216.73.216.56 - - [16/Jan/2026:12:37:05 -0700] "GET /?e=2896855342ic6 HTTP/1.1" 200 4315 "-" "Mozilla/5.0 AppleWebKit/537.36 (KHTML, like Gecko; compatible; ClaudeBot/1.0; +claudebot@anthropic.com)" 693 **0/693296**
216.73.216.56 - - [16/Jan/2026:12:37:05 -0700] "GET /?e=4215958hh6540 HTTP/1.1" 200 4315 "-" "Mozilla/5.0 AppleWebKit/537.36 (KHTML, like Gecko; compatible; ClaudeBot/1.0; +claudebot@anthropic.com)" 655 **0/655816**
216.73.216.56 - - [16/Jan/2026:12:37:05 -0700] "GET /?e=674203jgjgca HTTP/1.1" 200 4315 "-" "Mozilla/5.0 AppleWebKit/537.36 (KHTML, like Gecko; compatible; ClaudeBot/1.0; +claudebot@anthropic.com)" 789 **0/789935**
216.73.216.56 - - [16/Jan/2026:12:37:05 -0700] "GET /?e=226239818550f HTTP/1.1" 200 4315 "-" "Mozilla/5.0 AppleWebKit/537.36 (KHTML, like Gecko; compatible; ClaudeBot/1.0; +claudebot@anthropic.com)" 742 **0/742990**
216.73.216.56 - - [16/Jan/2026:12:37:06 -0700] "GET /?e=22148970i5202 HTTP/1.1" 200 4315 "-" "Mozilla/5.0 AppleWebKit/537.36 (KHTML, like Gecko; compatible; ClaudeBot/1.0; +claudebot@anthropic.com)" 682 **0/682063**
