114.119.129.113 - - [16/Jan/2026:08:33:12 -0700] "GET /uwx11/volvo-xc90-range-electric.html HTTP/1.1" 404 59131 "http://proind.com.ar/gqbdxkw/healthstone-macro-dragonflight.html" "Mozilla/5.0 (Linux; Android 7.0;) AppleWebKit/537.36 (KHTML, like Gecko) Mobile Safari/537.36 (compatible; PetalBot;+https://webmaster.petalsearch.com/site/petalbot)" 1312 **1/1312430**
216.73.216.56 - - [16/Jan/2026:08:33:27 -0700] "GET /?e=4211750a96j9i HTTP/1.1" 301 149 "-" "Mozilla/5.0 AppleWebKit/537.36 (KHTML, like Gecko; compatible; ClaudeBot/1.0; +claudebot@anthropic.com)" 907 **0/907621**
216.73.216.56 - - [16/Jan/2026:08:33:43 -0700] "GET /?e=2505571ababb7 HTTP/1.1" 301 149 "-" "Mozilla/5.0 AppleWebKit/537.36 (KHTML, like Gecko; compatible; ClaudeBot/1.0; +claudebot@anthropic.com)" 957 **0/957163**
216.73.216.56 - - [16/Jan/2026:08:33:56 -0700] "GET /?e=4477105971b8f HTTP/1.1" 301 149 "-" "Mozilla/5.0 AppleWebKit/537.36 (KHTML, like Gecko; compatible; ClaudeBot/1.0; +claudebot@anthropic.com)" 1312 **1/1312253**
216.73.216.56 - - [16/Jan/2026:08:34:11 -0700] "GET /?e=50835353hig31 HTTP/1.1" 301 149 "-" "Mozilla/5.0 AppleWebKit/537.36 (KHTML, like Gecko; compatible; ClaudeBot/1.0; +claudebot@anthropic.com)" 1113 **1/1113155**
216.73.216.56 - - [16/Jan/2026:08:34:27 -0700] "GET /?e=2861931g5hibj HTTP/1.1" 301 149 "-" "Mozilla/5.0 AppleWebKit/537.36 (KHTML, like Gecko; compatible; ClaudeBot/1.0; +claudebot@anthropic.com)" 1043 **1/1043585**
114.119.130.18 - - [16/Jan/2026:08:34:41 -0700] "GET /uwx11/vmware-workspace-one-download.html HTTP/1.1" 301 337 "http://161.67.138.12/nbi1pc/charlotte-commercial-real-estate-events.html" "Mozilla/5.0 (Linux; Android 7.0;) AppleWebKit/537.36 (KHTML, like Gecko) Mobile Safari/537.36 (compatible; PetalBot;+https://webmaster.petalsearch.com/site/petalbot)" 902 **0/902503**
114.119.130.18 - - [16/Jan/2026:08:34:42 -0700] "GET /uwx11/vmware-workspace-one-download.html HTTP/1.1" 404 59131 "http://161.67.138.12/nbi1pc/charlotte-commercial-real-estate-events.html" "Mozilla/5.0 (Linux; Android 7.0;) AppleWebKit/537.36 (KHTML, like Gecko) Mobile Safari/537.36 (compatible; PetalBot;+https://webmaster.petalsearch.com/site/petalbot)" 1142 **1/1142277**
216.73.216.56 - - [16/Jan/2026:08:34:42 -0700] "GET /?fileloc=%2F%2Fusr%2Flib%2Ffirmware%2Fqat_c62x_mmp.bin&path=%2F%2Fusr%2Flib%2Ffirmware HTTP/1.1" 301 149 "-" "Mozilla/5.0 AppleWebKit/537.36 (KHTML, like Gecko; compatible; ClaudeBot/1.0; +claudebot@anthropic.com)" 1251 **1/1251735**
216.73.216.56 - - [16/Jan/2026:08:34:52 -0700] "GET /?fileloc=%2F%2Fusr%2Flib%2Ffirmware%2Fintel%2Fiwlwifi%2Fiwlwifi-Qu-b0-jf-b0-72.ucode&path=%2F%2Fusr%2Flib%2Ffirmware%2Fintel%2Fiwlwifi HTTP/1.1" 301 149 "-" "Mozilla/5.0 AppleWebKit/537.36 (KHTML, like Gecko; compatible; ClaudeBot/1.0; +claudebot@anthropic.com)" 1053 **1/1053213**
216.73.216.56 - - [16/Jan/2026:08:35:08 -0700] "GET /?fileloc=%2F%2Flib%2Ffirmware%2Fnvidia%2Fga107%2Fgr%2Ffecs_bl.bin&path=%2F%2Flib%2Ffirmware%2Fnvidia%2Fga107%2Fgr HTTP/1.1" 301 149 "-" "Mozilla/5.0 AppleWebKit/537.36 (KHTML, like Gecko; compatible; ClaudeBot/1.0; +claudebot@anthropic.com)" 1515 **1/1515464**
216.73.216.56 - - [16/Jan/2026:08:35:13 -0700] "GET /?fileloc=%2F%2Fusr%2Flib%2Ffirmware%2Fradeon%2FR700_rlc.bin&path=%2F%2Fusr%2Flib%2Ffirmware%2Fradeon HTTP/1.1" 301 149 "-" "Mozilla/5.0 AppleWebKit/537.36 (KHTML, like Gecko; compatible; ClaudeBot/1.0; +claudebot@anthropic.com)" 1303 **1/1303770**
216.73.216.56 - - [16/Jan/2026:08:35:29 -0700] "GET /?e=39148401fgafh HTTP/1.1" 301 149 "-" "Mozilla/5.0 AppleWebKit/537.36 (KHTML, like Gecko; compatible; ClaudeBot/1.0; +claudebot@anthropic.com)" 1462 **1/1462039**
114.119.157.158 - - [16/Jan/2026:08:35:56 -0700] "GET /uwx11/venezuela-miss-universe-winners.html HTTP/1.1" 301 337 "https://greenboatlogistics.com/jpzrtfx/signs-clomid-is-working.html" "Mozilla/5.0 (Linux; Android 7.0;) AppleWebKit/537.36 (KHTML, like Gecko) Mobile Safari/537.36 (compatible; PetalBot;+https://webmaster.petalsearch.com/site/petalbot)" 1759 **1/1759534**
114.119.157.158 - - [16/Jan/2026:08:35:58 -0700] "GET /uwx11/venezuela-miss-universe-winners.html HTTP/1.1" 404 59131 "https://greenboatlogistics.com/jpzrtfx/signs-clomid-is-working.html" "Mozilla/5.0 (Linux; Android 7.0;) AppleWebKit/537.36 (KHTML, like Gecko) Mobile Safari/537.36 (compatible; PetalBot;+https://webmaster.petalsearch.com/site/petalbot)" 1166 **1/1166058**
52.167.144.16 - - [16/Jan/2026:08:36:05 -0700] "GET /v15155070.asp HTTP/1.1" 200 22945 "-" "Mozilla/5.0 AppleWebKit/537.36 (KHTML, like Gecko; compatible; bingbot/2.0; +http://www.bing.com/bingbot.htm) Chrome/116.0.1938.76 Safari/537.36" 1629 **1/1629552**
57.141.20.49 - - [16/Jan/2026:08:36:45 -0700] "GET /?e=5286111087h52 HTTP/1.1" 301 337 "-" "meta-externalagent/1.1 (+https://developers.facebook.com/docs/sharing/webmasters/crawler)" 1110 **1/1110375**
114.119.133.194 - - [16/Jan/2026:08:37:17 -0700] "GET /robots.txt HTTP/1.1" 200 243 "-" "Mozilla/5.0 (compatible;PetalBot;+https://webmaster.petalsearch.com/site/petalbot)" 1467 **1/1467873**
114.119.157.158 - - [16/Jan/2026:08:37:20 -0700] "GET /uwx11/venetian-names-and-meanings.html HTTP/1.1" 301 337 "http://deutschebrands.de/y0nf/fishing-boats-for-sale-in-michigan-on-craigslist.html" "Mozilla/5.0 (Linux; Android 7.0;) AppleWebKit/537.36 (KHTML, like Gecko) Mobile Safari/537.36 (compatible; PetalBot;+https://webmaster.petalsearch.com/site/petalbot)" 1508 **1/1508462**
114.119.157.158 - - [16/Jan/2026:08:37:22 -0700] "GET /uwx11/venetian-names-and-meanings.html HTTP/1.1" 404 59131 "http://deutschebrands.de/y0nf/fishing-boats-for-sale-in-michigan-on-craigslist.html" "Mozilla/5.0 (Linux; Android 7.0;) AppleWebKit/537.36 (KHTML, like Gecko) Mobile Safari/537.36 (compatible; PetalBot;+https://webmaster.petalsearch.com/site/petalbot)" 1523 **1/1523845**
114.119.158.251 - - [16/Jan/2026:08:37:39 -0700] "GET /robots.txt HTTP/1.1" 200 243 "-" "Mozilla/5.0 (compatible;PetalBot;+https://webmaster.petalsearch.com/site/petalbot)" 920 **0/920334**
114.119.130.251 - - [16/Jan/2026:08:38:43 -0700] "GET /uwx11/venetian-names-and-meanings.html HTTP/1.1" 301 337 "http://deutschebrands.de/y0nf/fishing-boats-for-sale-in-michigan-on-craigslist.html" "Mozilla/5.0 (Linux; Android 7.0;) AppleWebKit/537.36 (KHTML, like Gecko) Mobile Safari/537.36 (compatible; PetalBot;+https://webmaster.petalsearch.com/site/petalbot)" 1386 **1/1386236**
114.119.130.251 - - [16/Jan/2026:08:38:45 -0700] "GET /uwx11/venetian-names-and-meanings.html HTTP/1.1" 404 59131 "http://deutschebrands.de/y0nf/fishing-boats-for-sale-in-michigan-on-craigslist.html" "Mozilla/5.0 (Linux; Android 7.0;) AppleWebKit/537.36 (KHTML, like Gecko) Mobile Safari/537.36 (compatible; PetalBot;+https://webmaster.petalsearch.com/site/petalbot)" 1985 **1/1985439**
114.119.129.113 - - [16/Jan/2026:08:40:07 -0700] "GET /uwx11/vegas-free-slots-on-facebook.html HTTP/1.1" 301 337 "http://xn--fhqx72d11j0um.com/gemdf/12x12-matte-white-floor-tile.html" "Mozilla/5.0 (Linux; Android 7.0;) AppleWebKit/537.36 (KHTML, like Gecko) Mobile Safari/537.36 (compatible; PetalBot;+https://webmaster.petalsearch.com/site/petalbot)" 1195 **1/1195798**
114.119.129.113 - - [16/Jan/2026:08:40:09 -0700] "GET /uwx11/vegas-free-slots-on-facebook.html HTTP/1.1" 404 59131 "http://xn--fhqx72d11j0um.com/gemdf/12x12-matte-white-floor-tile.html" "Mozilla/5.0 (Linux; Android 7.0;) AppleWebKit/537.36 (KHTML, like Gecko) Mobile Safari/537.36 (compatible; PetalBot;+https://webmaster.petalsearch.com/site/petalbot)" 1629 **1/1629926**
114.119.151.233 - - [16/Jan/2026:08:41:30 -0700] "GET /uwx11/vance-and-hines-baffles.html HTTP/1.1" 301 337 "http://acoservice.pl/kifkqq/14-karat-gold-ring-price.html" "Mozilla/5.0 (Linux; Android 7.0;) AppleWebKit/537.36 (KHTML, like Gecko) Mobile Safari/537.36 (compatible; PetalBot;+https://webmaster.petalsearch.com/site/petalbot)" 1368 **1/1368295**
114.119.151.233 - - [16/Jan/2026:08:41:32 -0700] "GET /uwx11/vance-and-hines-baffles.html HTTP/1.1" 404 59131 "http://acoservice.pl/kifkqq/14-karat-gold-ring-price.html" "Mozilla/5.0 (Linux; Android 7.0;) AppleWebKit/537.36 (KHTML, like Gecko) Mobile Safari/537.36 (compatible; PetalBot;+https://webmaster.petalsearch.com/site/petalbot)" 1645 **1/1645644**
114.119.130.18 - - [16/Jan/2026:08:42:56 -0700] "GET /uwx11/utah-drop-camps.html HTTP/1.1" 301 337 "http://informdesignstudio.com/t5dy/types-of-rapists.html" "Mozilla/5.0 (Linux; Android 7.0;) AppleWebKit/537.36 (KHTML, like Gecko) Mobile Safari/537.36 (compatible; PetalBot;+https://webmaster.petalsearch.com/site/petalbot)" 894 **0/894739**
114.119.130.18 - - [16/Jan/2026:08:42:58 -0700] "GET /uwx11/utah-drop-camps.html HTTP/1.1" 404 59131 "http://informdesignstudio.com/t5dy/types-of-rapists.html" "Mozilla/5.0 (Linux; Android 7.0;) AppleWebKit/537.36 (KHTML, like Gecko) Mobile Safari/537.36 (compatible; PetalBot;+https://webmaster.petalsearch.com/site/petalbot)" 1704 **1/1704975**
114.119.130.18 - - [16/Jan/2026:08:44:18 -0700] "GET /uwx11/used-guitar-amps-on-ebay.html HTTP/1.1" 301 337 "https://teampottersgateschool.com/jibpptr/humane-society-fontana.html" "Mozilla/5.0 (Linux; Android 7.0;) AppleWebKit/537.36 (KHTML, like Gecko) Mobile Safari/537.36 (compatible; PetalBot;+https://webmaster.petalsearch.com/site/petalbot)" 989 **0/989221**
114.119.130.18 - - [16/Jan/2026:08:44:19 -0700] "GET /uwx11/used-guitar-amps-on-ebay.html HTTP/1.1" 404 59131 "https://teampottersgateschool.com/jibpptr/humane-society-fontana.html" "Mozilla/5.0 (Linux; Android 7.0;) AppleWebKit/537.36 (KHTML, like Gecko) Mobile Safari/537.36 (compatible; PetalBot;+https://webmaster.petalsearch.com/site/petalbot)" 1226 **1/1226115**
114.119.151.233 - - [16/Jan/2026:08:45:43 -0700] "GET /uwx11/used-3-wheel-electric-scooter-for-adults.html HTTP/1.1" 301 337 "http://car-rentage.fhicameroon.org/rnxmsn/electric-scooter-puncture-repair.html" "Mozilla/5.0 (Linux; Android 7.0;) AppleWebKit/537.36 (KHTML, like Gecko) Mobile Safari/537.36 (compatible; PetalBot;+https://webmaster.petalsearch.com/site/petalbot)" 944 **0/944065**
114.119.151.233 - - [16/Jan/2026:08:45:45 -0700] "GET /uwx11/used-3-wheel-electric-scooter-for-adults.html HTTP/1.1" 404 59131 "http://car-rentage.fhicameroon.org/rnxmsn/electric-scooter-puncture-repair.html" "Mozilla/5.0 (Linux; Android 7.0;) AppleWebKit/537.36 (KHTML, like Gecko) Mobile Safari/537.36 (compatible; PetalBot;+https://webmaster.petalsearch.com/site/petalbot)" 1455 **1/1455379**
43.133.66.51 - - [16/Jan/2026:08:46:55 -0700] "GET / HTTP/1.1" 301 337 "-" "Mozilla/5.0 (iPhone; CPU iPhone OS 13_2_3 like Mac OS X) AppleWebKit/605.1.15 (KHTML, like Gecko) Version/13.0.3 Mobile/15E148 Safari/604.1" 986 **0/986231**
114.119.151.233 - - [16/Jan/2026:08:47:05 -0700] "GET /uwx11/unsolved-murders-in-springfield-illinois.html HTTP/1.1" 301 337 "https://promark-egy.com/vtjz0o/25x25x4-outdoor-cushion-covers.html" "Mozilla/5.0 (Linux; Android 7.0;) AppleWebKit/537.36 (KHTML, like Gecko) Mobile Safari/537.36 (compatible; PetalBot;+https://webmaster.petalsearch.com/site/petalbot)" 1196 **1/1196676**
114.119.151.233 - - [16/Jan/2026:08:47:06 -0700] "GET /uwx11/unsolved-murders-in-springfield-illinois.html HTTP/1.1" 404 59131 "https://promark-egy.com/vtjz0o/25x25x4-outdoor-cushion-covers.html" "Mozilla/5.0 (Linux; Android 7.0;) AppleWebKit/537.36 (KHTML, like Gecko) Mobile Safari/537.36 (compatible; PetalBot;+https://webmaster.petalsearch.com/site/petalbot)" 1411 **1/1411912**
216.73.216.56 - - [16/Jan/2026:08:47:27 -0700] "GET /?e=358525ib0jhe HTTP/1.1" 301 149 "-" "Mozilla/5.0 AppleWebKit/537.36 (KHTML, like Gecko; compatible; ClaudeBot/1.0; +claudebot@anthropic.com)" 1758 **1/1758146**
216.73.216.56 - - [16/Jan/2026:08:47:43 -0700] "GET /?fileloc=%2F%2Fusr%2Flib%2Ffirmware%2Fradeon%2FRS600_cp.bin&path=%2F%2Fusr%2Flib%2Ffirmware%2Fradeon HTTP/1.1" 301 149 "-" "Mozilla/5.0 AppleWebKit/537.36 (KHTML, like Gecko; compatible; ClaudeBot/1.0; +claudebot@anthropic.com)" 870 **0/870937**
216.73.216.56 - - [16/Jan/2026:08:47:57 -0700] "GET /?e=30719930ghff8 HTTP/1.1" 301 149 "-" "Mozilla/5.0 AppleWebKit/537.36 (KHTML, like Gecko; compatible; ClaudeBot/1.0; +claudebot@anthropic.com)" 1073 **1/1073993**
216.73.216.56 - - [16/Jan/2026:08:48:00 -0700] "GET /?e=2300475451a93 HTTP/1.1" 301 149 "-" "Mozilla/5.0 AppleWebKit/537.36 (KHTML, like Gecko; compatible; ClaudeBot/1.0; +claudebot@anthropic.com)" 1094 **1/1094632**
216.73.216.56 - - [16/Jan/2026:08:48:16 -0700] "GET /?fileloc=%2F%2Fusr%2Flib%2Ffirmware%2Fradeon%2Fbonaire_vce.bin&path=%2F%2Fusr%2Flib%2Ffirmware%2Fradeon HTTP/1.1" 301 149 "-" "Mozilla/5.0 AppleWebKit/537.36 (KHTML, like Gecko; compatible; ClaudeBot/1.0; +claudebot@anthropic.com)" 983 **0/983090**
114.119.130.18 - - [16/Jan/2026:08:48:31 -0700] "GET /uwx11/university-of-houston-baseball-schedule-2023.html HTTP/1.1" 301 337 "http://cavedsgn.com/8zll/multiple-image-slider-using-javascript.html" "Mozilla/5.0 (Linux; Android 7.0;) AppleWebKit/537.36 (KHTML, like Gecko) Mobile Safari/537.36 (compatible; PetalBot;+https://webmaster.petalsearch.com/site/petalbot)" 1443 **1/1443974**
184.168.114.89 - - [16/Jan/2026:08:48:34 -0700] "POST /wp-cron.php?doing_wp_cron=1768578514.0080120563507080078125 HTTP/1.1" 200 - "-" "WordPress/6.8.1; https://www.veronaae.com" 21 **0/21840**
216.73.216.56 - - [16/Jan/2026:08:48:32 -0700] "GET /?e=450964598j2j7 HTTP/1.1" 301 149 "-" "Mozilla/5.0 AppleWebKit/537.36 (KHTML, like Gecko; compatible; ClaudeBot/1.0; +claudebot@anthropic.com)" 1718 **1/1718678**
114.119.130.18 - - [16/Jan/2026:08:48:33 -0700] "GET /uwx11/university-of-houston-baseball-schedule-2023.html HTTP/1.1" 404 59131 "http://cavedsgn.com/8zll/multiple-image-slider-using-javascript.html" "Mozilla/5.0 (Linux; Android 7.0;) AppleWebKit/537.36 (KHTML, like Gecko) Mobile Safari/537.36 (compatible; PetalBot;+https://webmaster.petalsearch.com/site/petalbot)" 2329 **2/2329960**
216.73.216.56 - - [16/Jan/2026:08:48:47 -0700] "GET /?e=4070620805f95 HTTP/1.1" 301 149 "-" "Mozilla/5.0 AppleWebKit/537.36 (KHTML, like Gecko; compatible; ClaudeBot/1.0; +claudebot@anthropic.com)" 1386 **1/1386776**
216.73.216.56 - - [16/Jan/2026:08:49:03 -0700] "GET /?e=1163798521120 HTTP/1.1" 301 149 "-" "Mozilla/5.0 AppleWebKit/537.36 (KHTML, like Gecko; compatible; ClaudeBot/1.0; +claudebot@anthropic.com)" 1169 **1/1169320**
216.73.216.56 - - [16/Jan/2026:08:49:18 -0700] "GET /?fileloc=%2Fhome%2Fbpw3460lz1vy%2Fwww%2Fwp-includes%2Fblock-supports%2Fclass-wp-embed.php&path=%2Fhome%2Fbpw3460lz1vy%2Fwww%2Fwp-includes%2Fblock-supports HTTP/1.1" 301 149 "-" "Mozilla/5.0 AppleWebKit/537.36 (KHTML, like Gecko; compatible; ClaudeBot/1.0; +claudebot@anthropic.com)" 1404 **1/1404925**
216.73.216.56 - - [16/Jan/2026:08:49:30 -0700] "GET /?e=1135952ja1ahe HTTP/1.1" 301 149 "-" "Mozilla/5.0 AppleWebKit/537.36 (KHTML, like Gecko; compatible; ClaudeBot/1.0; +claudebot@anthropic.com)" 1140 **1/1140681**
216.73.216.56 - - [16/Jan/2026:08:49:47 -0700] "GET /?e=11554919ebagh HTTP/1.1" 301 149 "-" "Mozilla/5.0 AppleWebKit/537.36 (KHTML, like Gecko; compatible; ClaudeBot/1.0; +claudebot@anthropic.com)" 1276 **1/1276500**
114.119.151.233 - - [16/Jan/2026:08:50:00 -0700] "GET /uwx11/united-healthcare-otc-catalog-2021-walmart.html HTTP/1.1" 301 337 "http://miamiwaterfrontestaterentals.com/xs97rqpiy/housing-benefit-accepted-properties.html" "Mozilla/5.0 (Linux; Android 7.0;) AppleWebKit/537.36 (KHTML, like Gecko) Mobile Safari/537.36 (compatible; PetalBot;+https://webmaster.petalsearch.com/site/petalbot)" 1863 **1/1863231**
114.119.151.233 - - [16/Jan/2026:08:50:03 -0700] "GET /uwx11/united-healthcare-otc-catalog-2021-walmart.html HTTP/1.1" 404 59131 "http://miamiwaterfrontestaterentals.com/xs97rqpiy/housing-benefit-accepted-properties.html" "Mozilla/5.0 (Linux; Android 7.0;) AppleWebKit/537.36 (KHTML, like Gecko) Mobile Safari/537.36 (compatible; PetalBot;+https://webmaster.petalsearch.com/site/petalbot)" 1404 **1/1404447**
216.73.216.56 - - [16/Jan/2026:08:50:10 -0700] "GET /?fileloc=%2Fhome%2Fbpw3460lz1vy%2Fwww%2Fwp-includes%2Fblock-supports%2Fclass-wp-dependencies.php&path=%2Fhome%2Fbpw3460lz1vy%2Fwww%2Fwp-includes%2Fblock-supports HTTP/1.1" 301 149 "-" "Mozilla/5.0 AppleWebKit/537.36 (KHTML, like Gecko; compatible; ClaudeBot/1.0; +claudebot@anthropic.com)" 1321 **1/1321085**
216.73.216.56 - - [16/Jan/2026:08:50:30 -0700] "GET /?fileloc=%2F%2Fusr%2Flib%2Ffirmware%2Fbrcm%2Fbrcmfmac4356-pcie.Intel+Corporation-CHERRYVIEW+D1+PLATFORM.txt&path=%2F%2Fusr%2Flib%2Ffirmware%2Fbrcm HTTP/1.1" 301 149 "-" "Mozilla/5.0 AppleWebKit/537.36 (KHTML, like Gecko; compatible; ClaudeBot/1.0; +claudebot@anthropic.com)" 1476 **1/1476786**
216.73.216.56 - - [16/Jan/2026:08:50:42 -0700] "GET /?fileloc=%2F%2Fusr%2Flib%2Fkbd%2Fconsolefonts%2FLatGrkCyr-12x22.psfu.gz&path=%2F%2Fusr%2Flib%2Fkbd%2Fconsolefonts HTTP/1.1" 301 149 "-" "Mozilla/5.0 AppleWebKit/537.36 (KHTML, like Gecko; compatible; ClaudeBot/1.0; +claudebot@anthropic.com)" 973 **0/973004**
216.73.216.56 - - [16/Jan/2026:08:50:57 -0700] "GET /?fileloc=%2F%2Flib%2Fkbd%2Fkeymaps%2Fxkb%2Fir-ku.map.gz&path=%2F%2Flib%2Fkbd%2Fkeymaps%2Fxkb HTTP/1.1" 301 149 "-" "Mozilla/5.0 AppleWebKit/537.36 (KHTML, like Gecko; compatible; ClaudeBot/1.0; +claudebot@anthropic.com)" 1312 **1/1312210**
216.73.216.56 - - [16/Jan/2026:08:51:14 -0700] "GET /?path=%2Fhome%2Fbpw3460lz1vy%2Ftmp%2Fpma_template_compiles_bpw3460lz1vy%2Ftwig%2F6a HTTP/1.1" 301 149 "-" "Mozilla/5.0 AppleWebKit/537.36 (KHTML, like Gecko; compatible; ClaudeBot/1.0; +claudebot@anthropic.com)" 1030 **1/1030909**
114.119.129.113 - - [16/Jan/2026:08:51:15 -0700] "GET /uwx11/two-person-escape-room.html HTTP/1.1" 301 337 "https://cryptoservice.7am-groups.com/5cwkxg/best-admin-template-free.html" "Mozilla/5.0 (Linux; Android 7.0;) AppleWebKit/537.36 (KHTML, like Gecko) Mobile Safari/537.36 (compatible; PetalBot;+https://webmaster.petalsearch.com/site/petalbot)" 1031 **1/1031989**
114.119.129.113 - - [16/Jan/2026:08:51:17 -0700] "GET /uwx11/two-person-escape-room.html HTTP/1.1" 404 59131 "https://cryptoservice.7am-groups.com/5cwkxg/best-admin-template-free.html" "Mozilla/5.0 (Linux; Android 7.0;) AppleWebKit/537.36 (KHTML, like Gecko) Mobile Safari/537.36 (compatible; PetalBot;+https://webmaster.petalsearch.com/site/petalbot)" 2198 **2/2198449**
216.73.216.56 - - [16/Jan/2026:08:51:39 -0700] "GET /?fileloc=%2F%2Flib%2Fkbd%2Fkeymaps%2Fxkb%2Ffi-winkeys.map.gz&path=%2F%2Flib%2Fkbd%2Fkeymaps%2Fxkb HTTP/1.1" 301 149 "-" "Mozilla/5.0 AppleWebKit/537.36 (KHTML, like Gecko; compatible; ClaudeBot/1.0; +claudebot@anthropic.com)" 1555 **1/1555237**
216.73.216.56 - - [16/Jan/2026:08:51:58 -0700] "GET /?fileloc=%2F%2Flib%2Fkbd%2Fkeymaps%2Fxkb%2Fhu.map.gz&path=%2F%2Flib%2Fkbd%2Fkeymaps%2Fxkb HTTP/1.1" 301 149 "-" "Mozilla/5.0 AppleWebKit/537.36 (KHTML, like Gecko; compatible; ClaudeBot/1.0; +claudebot@anthropic.com)" 1539 **1/1539359**
114.119.153.246 - - [16/Jan/2026:08:52:39 -0700] "GET /uwx11/trout-fishing-mad-river-ohio.html HTTP/1.1" 301 337 "https://www.pjcatamarca.ar/3ocvfzmq/the-real-real-first-look.html" "Mozilla/5.0 (Linux; Android 7.0;) AppleWebKit/537.36 (KHTML, like Gecko) Mobile Safari/537.36 (compatible; PetalBot;+https://webmaster.petalsearch.com/site/petalbot)" 950 **0/950139**
114.119.153.246 - - [16/Jan/2026:08:52:40 -0700] "GET /uwx11/trout-fishing-mad-river-ohio.html HTTP/1.1" 404 59131 "https://www.pjcatamarca.ar/3ocvfzmq/the-real-real-first-look.html" "Mozilla/5.0 (Linux; Android 7.0;) AppleWebKit/537.36 (KHTML, like Gecko) Mobile Safari/537.36 (compatible; PetalBot;+https://webmaster.petalsearch.com/site/petalbot)" 1066 **1/1066224**
57.141.20.20 - - [16/Jan/2026:08:53:13 -0700] "GET /?e=2250784bii68a HTTP/1.1" 301 337 "-" "meta-externalagent/1.1 (+https://developers.facebook.com/docs/sharing/webmasters/crawler)" 1583 **1/1583311**
57.141.20.5 - - [16/Jan/2026:08:53:35 -0700] "GET /?e=4210927djgi75 HTTP/1.1" 301 337 "-" "meta-externalagent/1.1 (+https://developers.facebook.com/docs/sharing/webmasters/crawler)" 2094 **2/2094968**
114.119.157.189 - - [16/Jan/2026:08:54:03 -0700] "GET /uwx11/tres-palapas-for-sale.html HTTP/1.1" 301 337 "https://www.ballthai.com/page/2008/?page_id=0%2B%3Cspan%2Bclass%3D" "Mozilla/5.0 (Linux; Android 7.0;) AppleWebKit/537.36 (KHTML, like Gecko) Mobile Safari/537.36 (compatible; PetalBot;+https://webmaster.petalsearch.com/site/petalbot)" 1340 **1/1340607**
114.119.157.189 - - [16/Jan/2026:08:54:04 -0700] "GET /uwx11/tres-palapas-for-sale.html HTTP/1.1" 404 59131 "https://www.ballthai.com/page/2008/?page_id=0%2B%3Cspan%2Bclass%3D" "Mozilla/5.0 (Linux; Android 7.0;) AppleWebKit/537.36 (KHTML, like Gecko) Mobile Safari/537.36 (compatible; PetalBot;+https://webmaster.petalsearch.com/site/petalbot)" 1220 **1/1220843**
114.119.129.113 - - [16/Jan/2026:08:55:29 -0700] "GET /uwx11/tree-air-freshener-scents.html HTTP/1.1" 301 337 "https://www.ballthai.com/page/2008/?page_id=0%2B%3Cspan%2Bclass%3D" "Mozilla/5.0 (Linux; Android 7.0;) AppleWebKit/537.36 (KHTML, like Gecko) Mobile Safari/537.36 (compatible; PetalBot;+https://webmaster.petalsearch.com/site/petalbot)" 1271 **1/1271825**
114.119.129.113 - - [16/Jan/2026:08:55:31 -0700] "GET /uwx11/tree-air-freshener-scents.html HTTP/1.1" 404 59131 "https://www.ballthai.com/page/2008/?page_id=0%2B%3Cspan%2Bclass%3D" "Mozilla/5.0 (Linux; Android 7.0;) AppleWebKit/537.36 (KHTML, like Gecko) Mobile Safari/537.36 (compatible; PetalBot;+https://webmaster.petalsearch.com/site/petalbot)" 2271 **2/2271627**
114.119.130.251 - - [16/Jan/2026:08:56:51 -0700] "GET /uwx11/top-substack-authors.html HTTP/1.1" 301 337 "http://blueravenfilms.com/5kikd/list-of-company-names.html" "Mozilla/5.0 (Linux; Android 7.0;) AppleWebKit/537.36 (KHTML, like Gecko) Mobile Safari/537.36 (compatible; PetalBot;+https://webmaster.petalsearch.com/site/petalbot)" 1210 **1/1210465**
114.119.130.251 - - [16/Jan/2026:08:56:53 -0700] "GET /uwx11/top-substack-authors.html HTTP/1.1" 404 59131 "http://blueravenfilms.com/5kikd/list-of-company-names.html" "Mozilla/5.0 (Linux; Android 7.0;) AppleWebKit/537.36 (KHTML, like Gecko) Mobile Safari/537.36 (compatible; PetalBot;+https://webmaster.petalsearch.com/site/petalbot)" 1168 **1/1168230**
136.243.228.198 - - [16/Jan/2026:08:56:55 -0700] "GET /robots.txt HTTP/1.1" 200 214 "-" "Mozilla/5.0 (compatible; DataForSeoBot/1.0; +https://dataforseo.com/dataforseo-bot)" 1023 **1/1023547**
136.243.228.198 - - [16/Jan/2026:08:56:58 -0700] "GET /search-engine-optimization-tips-your-online-business-site/ HTTP/1.1" 404 10982 "-" "Mozilla/5.0 (compatible; DataForSeoBot/1.0; +https://dataforseo.com/dataforseo-bot)" 1292 **1/1292296**
136.243.228.198 - - [16/Jan/2026:08:56:59 -0700] "GET /robots.txt HTTP/1.1" 200 214 "-" "Mozilla/5.0 (compatible; DataForSeoBot/1.0; +https://dataforseo.com/dataforseo-bot)" 1355 **1/1355189**
114.119.130.251 - - [16/Jan/2026:08:58:14 -0700] "GET /uwx11/top-japanese-jazz-albums.html HTTP/1.1" 301 337 "https://studycampus.live/xbr95i/2013-chevy-equinox-timing-chain-issues.html" "Mozilla/5.0 (Linux; Android 7.0;) AppleWebKit/537.36 (KHTML, like Gecko) Mobile Safari/537.36 (compatible; PetalBot;+https://webmaster.petalsearch.com/site/petalbot)" 1156 **1/1156936**
114.119.130.251 - - [16/Jan/2026:08:58:16 -0700] "GET /uwx11/top-japanese-jazz-albums.html HTTP/1.1" 404 59131 "https://studycampus.live/xbr95i/2013-chevy-equinox-timing-chain-issues.html" "Mozilla/5.0 (Linux; Android 7.0;) AppleWebKit/537.36 (KHTML, like Gecko) Mobile Safari/537.36 (compatible; PetalBot;+https://webmaster.petalsearch.com/site/petalbot)" 1145 **1/1145844**
114.119.157.189 - - [16/Jan/2026:08:59:39 -0700] "GET /uwx11/top-5-most-attractive-zodiac-signs-male.html HTTP/1.1" 301 337 "http://3gestudio.com/8yfbyc9y/renogy-200-watt-solar-panel-dimensions.html" "Mozilla/5.0 (Linux; Android 7.0;) AppleWebKit/537.36 (KHTML, like Gecko) Mobile Safari/537.36 (compatible; PetalBot;+https://webmaster.petalsearch.com/site/petalbot)" 1346 **1/1346959**
114.119.157.189 - - [16/Jan/2026:08:59:41 -0700] "GET /uwx11/top-5-most-attractive-zodiac-signs-male.html HTTP/1.1" 404 59131 "http://3gestudio.com/8yfbyc9y/renogy-200-watt-solar-panel-dimensions.html" "Mozilla/5.0 (Linux; Android 7.0;) AppleWebKit/537.36 (KHTML, like Gecko) Mobile Safari/537.36 (compatible; PetalBot;+https://webmaster.petalsearch.com/site/petalbot)" 1663 **1/1663252**
57.141.20.46 - - [16/Jan/2026:08:59:44 -0700] "GET /?e=874404gcd2i HTTP/1.1" 301 337 "-" "meta-externalagent/1.1 (+https://developers.facebook.com/docs/sharing/webmasters/crawler)" 1095 **1/1095969**
57.141.20.29 - - [16/Jan/2026:09:00:25 -0700] "GET /?e=44953691gfa8 HTTP/1.1" 301 337 "-" "meta-externalagent/1.1 (+https://developers.facebook.com/docs/sharing/webmasters/crawler)" 1272 **1/1272662**
57.141.20.6 - - [16/Jan/2026:09:00:45 -0700] "GET /?e=4826247f19ea8 HTTP/1.1" 301 337 "-" "meta-externalagent/1.1 (+https://developers.facebook.com/docs/sharing/webmasters/crawler)" 1300 **1/1300173**
114.119.159.152 - - [16/Jan/2026:09:01:02 -0700] "GET /uwx11/toddler-dance-classes-chicago.html HTTP/1.1" 301 337 "https://dev.medianationoutdoor.com/a3ae/bible-powerpoint-slides.html" "Mozilla/5.0 (Linux; Android 7.0;) AppleWebKit/537.36 (KHTML, like Gecko) Mobile Safari/537.36 (compatible; PetalBot;+https://webmaster.petalsearch.com/site/petalbot)" 1450 **1/1450855**
114.119.159.152 - - [16/Jan/2026:09:01:05 -0700] "GET /uwx11/toddler-dance-classes-chicago.html HTTP/1.1" 404 59131 "https://dev.medianationoutdoor.com/a3ae/bible-powerpoint-slides.html" "Mozilla/5.0 (Linux; Android 7.0;) AppleWebKit/537.36 (KHTML, like Gecko) Mobile Safari/537.36 (compatible; PetalBot;+https://webmaster.petalsearch.com/site/petalbot)" 2355 **2/2355933**
114.119.157.189 - - [16/Jan/2026:09:02:24 -0700] "GET /uwx11/time-travel-novel.html HTTP/1.1" 301 337 "http://www.ballthai.com" "Mozilla/5.0 (Linux; Android 7.0;) AppleWebKit/537.36 (KHTML, like Gecko) Mobile Safari/537.36 (compatible; PetalBot;+https://webmaster.petalsearch.com/site/petalbot)" 1001 **1/1001608**
114.119.157.189 - - [16/Jan/2026:09:02:25 -0700] "GET /uwx11/time-travel-novel.html HTTP/1.1" 404 59131 "http://www.ballthai.com" "Mozilla/5.0 (Linux; Android 7.0;) AppleWebKit/537.36 (KHTML, like Gecko) Mobile Safari/537.36 (compatible; PetalBot;+https://webmaster.petalsearch.com/site/petalbot)" 1263 **1/1263259**
114.119.130.251 - - [16/Jan/2026:09:03:48 -0700] "GET /uwx11/timberline-middle-school.html HTTP/1.1" 301 337 "http://xn--fhqx72d11j0um.com/gemdf/12x12-matte-white-floor-tile.html" "Mozilla/5.0 (Linux; Android 7.0;) AppleWebKit/537.36 (KHTML, like Gecko) Mobile Safari/537.36 (compatible; PetalBot;+https://webmaster.petalsearch.com/site/petalbot)" 908 **0/908327**
114.119.130.251 - - [16/Jan/2026:09:03:49 -0700] "GET /uwx11/timberline-middle-school.html HTTP/1.1" 404 59131 "http://xn--fhqx72d11j0um.com/gemdf/12x12-matte-white-floor-tile.html" "Mozilla/5.0 (Linux; Android 7.0;) AppleWebKit/537.36 (KHTML, like Gecko) Mobile Safari/537.36 (compatible; PetalBot;+https://webmaster.petalsearch.com/site/petalbot)" 1401 **1/1401721**
114.119.130.251 - - [16/Jan/2026:09:05:12 -0700] "GET /uwx11/this-man-manga.html HTTP/1.1" 301 337 "https://lansirlin.org.tw/wp-content/uploads/2022/12/g76xkk/pictures-of-skin-after-cryosurgery.html" "Mozilla/5.0 (Linux; Android 7.0;) AppleWebKit/537.36 (KHTML, like Gecko) Mobile Safari/537.36 (compatible; PetalBot;+https://webmaster.petalsearch.com/site/petalbot)" 1477 **1/1477057**
114.119.130.251 - - [16/Jan/2026:09:05:13 -0700] "GET /uwx11/this-man-manga.html HTTP/1.1" 404 59131 "https://lansirlin.org.tw/wp-content/uploads/2022/12/g76xkk/pictures-of-skin-after-cryosurgery.html" "Mozilla/5.0 (Linux; Android 7.0;) AppleWebKit/537.36 (KHTML, like Gecko) Mobile Safari/537.36 (compatible; PetalBot;+https://webmaster.petalsearch.com/site/petalbot)" 1743 **1/1743511**
57.141.20.24 - - [16/Jan/2026:09:06:09 -0700] "GET /?e=4825945j33235 HTTP/1.1" 301 337 "-" "meta-externalagent/1.1 (+https://developers.facebook.com/docs/sharing/webmasters/crawler)" 1046 **1/1046376**
114.119.153.246 - - [16/Jan/2026:09:06:35 -0700] "GET /uwx11/the-other-me-meaning.html HTTP/1.1" 301 337 "https://picsart-modapk.com/rnoqgbtd/power-moves-after-breakup.html" "Mozilla/5.0 (Linux; Android 7.0;) AppleWebKit/537.36 (KHTML, like Gecko) Mobile Safari/537.36 (compatible; PetalBot;+https://webmaster.petalsearch.com/site/petalbot)" 1382 **1/1382418**
114.119.153.246 - - [16/Jan/2026:09:06:37 -0700] "GET /uwx11/the-other-me-meaning.html HTTP/1.1" 404 59131 "https://picsart-modapk.com/rnoqgbtd/power-moves-after-breakup.html" "Mozilla/5.0 (Linux; Android 7.0;) AppleWebKit/537.36 (KHTML, like Gecko) Mobile Safari/537.36 (compatible; PetalBot;+https://webmaster.petalsearch.com/site/petalbot)" 1618 **1/1618215**
114.119.159.152 - - [16/Jan/2026:09:09:00 -0700] "GET /uwx11/the-millennium-wolves-book-2-pdf-free-download.html HTTP/1.1" 301 337 "http://letsgoexpress.co.uk/3o9ymjs/virginia-rims-and-tires-for-sale-by-owners.html" "Mozilla/5.0 (Linux; Android 7.0;) AppleWebKit/537.36 (KHTML, like Gecko) Mobile Safari/537.36 (compatible; PetalBot;+https://webmaster.petalsearch.com/site/petalbot)" 1062 **1/1062478**
114.119.159.152 - - [16/Jan/2026:09:09:01 -0700] "GET /uwx11/the-millennium-wolves-book-2-pdf-free-download.html HTTP/1.1" 404 59131 "http://letsgoexpress.co.uk/3o9ymjs/virginia-rims-and-tires-for-sale-by-owners.html" "Mozilla/5.0 (Linux; Android 7.0;) AppleWebKit/537.36 (KHTML, like Gecko) Mobile Safari/537.36 (compatible; PetalBot;+https://webmaster.petalsearch.com/site/petalbot)" 2303 **2/2303192**
216.73.216.56 - - [16/Jan/2026:09:09:31 -0700] "GET /robots.txt HTTP/1.1" 301 149 "-" "Mozilla/5.0 AppleWebKit/537.36 (KHTML, like Gecko; compatible; ClaudeBot/1.0; +claudebot@anthropic.com)" 1815 **1/1815239**
216.73.216.56 - - [16/Jan/2026:09:09:34 -0700] "GET /robots.txt HTTP/1.1" 200 214 "http://veronaae.com/robots.txt" "Mozilla/5.0 AppleWebKit/537.36 (KHTML, like Gecko; compatible; ClaudeBot/1.0; +claudebot@anthropic.com)" 1818 **1/1818292**
57.141.20.48 - - [16/Jan/2026:09:09:44 -0700] "GET /?e=491883bah1f0 HTTP/1.1" 301 337 "-" "meta-externalagent/1.1 (+https://developers.facebook.com/docs/sharing/webmasters/crawler)" 974 **0/974412**
57.141.20.43 - - [16/Jan/2026:09:10:13 -0700] "GET /?e=2481770g9a5h5 HTTP/1.1" 301 337 "-" "meta-externalagent/1.1 (+https://developers.facebook.com/docs/sharing/webmasters/crawler)" 2055 **2/2055529**
114.119.159.152 - - [16/Jan/2026:09:10:47 -0700] "GET /uwx11/testosterone-patch-cost-with-insurance.html HTTP/1.1" 301 337 "http://dhcorretora.com.br/r70y/my-little-brother-is-a-selfish-brat.html" "Mozilla/5.0 (Linux; Android 7.0;) AppleWebKit/537.36 (KHTML, like Gecko) Mobile Safari/537.36 (compatible; PetalBot;+https://webmaster.petalsearch.com/site/petalbot)" 1132 **1/1132585**
114.119.159.152 - - [16/Jan/2026:09:10:48 -0700] "GET /uwx11/testosterone-patch-cost-with-insurance.html HTTP/1.1" 404 59131 "http://dhcorretora.com.br/r70y/my-little-brother-is-a-selfish-brat.html" "Mozilla/5.0 (Linux; Android 7.0;) AppleWebKit/537.36 (KHTML, like Gecko) Mobile Safari/537.36 (compatible; PetalBot;+https://webmaster.petalsearch.com/site/petalbot)" 2612 **2/2612894**
184.168.114.89 - - [16/Jan/2026:09:11:03 -0700] "GET /.well-known/acme-challenge/SMNS0HJ9L4NPPAOOWVG1X0JK5UPSN2KR HTTP/1.1" 200 64 "-" "Cpanel-HTTP-Client/1.0" 16 **0/16878**
184.168.114.89 - - [16/Jan/2026:09:11:03 -0700] "GET /.well-known/acme-challenge/A-4R89LMNM9JHO0NZ017-RX_1K8ZV8J6 HTTP/1.1" 200 64 "-" "Cpanel-HTTP-Client/1.0" 8 **0/8580**
114.119.151.233 - - [16/Jan/2026:09:11:16 -0700] "GET /uwx11/tensorflow-version-history.html HTTP/1.1" 301 337 "http://veronaae.com/uwx11/free-property-for-nonprofits.html" "Mozilla/5.0 (Linux; Android 7.0;) AppleWebKit/537.36 (KHTML, like Gecko) Mobile Safari/537.36 (compatible; PetalBot;+https://webmaster.petalsearch.com/site/petalbot)" 1139 **1/1139556**
114.119.151.233 - - [16/Jan/2026:09:11:17 -0700] "GET /uwx11/tensorflow-version-history.html HTTP/1.1" 404 59131 "http://veronaae.com/uwx11/free-property-for-nonprofits.html" "Mozilla/5.0 (Linux; Android 7.0;) AppleWebKit/537.36 (KHTML, like Gecko) Mobile Safari/537.36 (compatible; PetalBot;+https://webmaster.petalsearch.com/site/petalbot)" 2032 **2/2032870**
114.119.157.189 - - [16/Jan/2026:09:12:09 -0700] "GET /uwx11/telegram-android-programming-language.html HTTP/1.1" 301 337 "http://hoahaudoanhnhanvietnam.vn/s952eq/21st-century-kdrama.html" "Mozilla/5.0 (Linux; Android 7.0;) AppleWebKit/537.36 (KHTML, like Gecko) Mobile Safari/537.36 (compatible; PetalBot;+https://webmaster.petalsearch.com/site/petalbot)" 1704 **1/1704604**
114.119.157.189 - - [16/Jan/2026:09:12:11 -0700] "GET /uwx11/telegram-android-programming-language.html HTTP/1.1" 404 59131 "http://hoahaudoanhnhanvietnam.vn/s952eq/21st-century-kdrama.html" "Mozilla/5.0 (Linux; Android 7.0;) AppleWebKit/537.36 (KHTML, like Gecko) Mobile Safari/537.36 (compatible; PetalBot;+https://webmaster.petalsearch.com/site/petalbot)" 1366 **1/1366262**
114.119.157.158 - - [16/Jan/2026:09:13:33 -0700] "GET /uwx11/tech-box-71-injector-ff.html HTTP/1.1" 301 337 "https://insidenarayanganj.net/rl2eif/natural-deodorant-scents.html" "Mozilla/5.0 (Linux; Android 7.0;) AppleWebKit/537.36 (KHTML, like Gecko) Mobile Safari/537.36 (compatible; PetalBot;+https://webmaster.petalsearch.com/site/petalbot)" 1948 **1/1948412**
114.119.157.158 - - [16/Jan/2026:09:13:36 -0700] "GET /uwx11/tech-box-71-injector-ff.html HTTP/1.1" 404 59131 "https://insidenarayanganj.net/rl2eif/natural-deodorant-scents.html" "Mozilla/5.0 (Linux; Android 7.0;) AppleWebKit/537.36 (KHTML, like Gecko) Mobile Safari/537.36 (compatible; PetalBot;+https://webmaster.petalsearch.com/site/petalbot)" 1393 **1/1393054**
114.119.159.152 - - [16/Jan/2026:09:14:57 -0700] "GET /uwx11/tamil-yogi-2021-new-movie.html HTTP/1.1" 301 337 "https://betflix688.com/ekkiw3/chat-conversation-with-a-girl-examples.html" "Mozilla/5.0 (Linux; Android 7.0;) AppleWebKit/537.36 (KHTML, like Gecko) Mobile Safari/537.36 (compatible; PetalBot;+https://webmaster.petalsearch.com/site/petalbot)" 1433 **1/1433243**
114.119.159.152 - - [16/Jan/2026:09:15:00 -0700] "GET /uwx11/tamil-yogi-2021-new-movie.html HTTP/1.1" 404 59131 "https://betflix688.com/ekkiw3/chat-conversation-with-a-girl-examples.html" "Mozilla/5.0 (Linux; Android 7.0;) AppleWebKit/537.36 (KHTML, like Gecko) Mobile Safari/537.36 (compatible; PetalBot;+https://webmaster.petalsearch.com/site/petalbot)" 1825 **1/1825543**
57.141.20.19 - - [16/Jan/2026:09:16:26 -0700] "GET /?e=1315641ghec48 HTTP/1.1" 301 337 "-" "meta-externalagent/1.1 (+https://developers.facebook.com/docs/sharing/webmasters/crawler)" 1366 **1/1366020**
114.119.157.189 - - [16/Jan/2026:09:16:27 -0700] "GET /uwx11/tales-to-terrify-submissions.html HTTP/1.1" 301 337 "http://veronaae.com/uwx11/free-property-for-nonprofits.html" "Mozilla/5.0 (Linux; Android 7.0;) AppleWebKit/537.36 (KHTML, like Gecko) Mobile Safari/537.36 (compatible; PetalBot;+https://webmaster.petalsearch.com/site/petalbot)" 1302 **1/1302520**
114.119.157.189 - - [16/Jan/2026:09:16:29 -0700] "GET /uwx11/tales-to-terrify-submissions.html HTTP/1.1" 404 59131 "http://veronaae.com/uwx11/free-property-for-nonprofits.html" "Mozilla/5.0 (Linux; Android 7.0;) AppleWebKit/537.36 (KHTML, like Gecko) Mobile Safari/537.36 (compatible; PetalBot;+https://webmaster.petalsearch.com/site/petalbot)" 1561 **1/1561472**
57.141.20.22 - - [16/Jan/2026:09:17:24 -0700] "GET /?e=840356fj2c7d HTTP/1.1" 301 337 "-" "meta-externalagent/1.1 (+https://developers.facebook.com/docs/sharing/webmasters/crawler)" 1779 **1/1779314**
114.119.159.152 - - [16/Jan/2026:09:17:44 -0700] "GET /uwx11/sure-home-win-prediction.html HTTP/1.1" 301 337 "https://breezypointdisasterrelief.org/vcqu/can-u-id-me-oregon.html" "Mozilla/5.0 (Linux; Android 7.0;) AppleWebKit/537.36 (KHTML, like Gecko) Mobile Safari/537.36 (compatible; PetalBot;+https://webmaster.petalsearch.com/site/petalbot)" 1611 **1/1611557**
114.119.159.152 - - [16/Jan/2026:09:17:46 -0700] "GET /uwx11/sure-home-win-prediction.html HTTP/1.1" 404 59131 "https://breezypointdisasterrelief.org/vcqu/can-u-id-me-oregon.html" "Mozilla/5.0 (Linux; Android 7.0;) AppleWebKit/537.36 (KHTML, like Gecko) Mobile Safari/537.36 (compatible; PetalBot;+https://webmaster.petalsearch.com/site/petalbot)" 1244 **1/1244827**
216.73.216.56 - - [16/Jan/2026:09:18:07 -0700] "GET /?e=2924436ibidhf HTTP/1.1" 301 149 "-" "Mozilla/5.0 AppleWebKit/537.36 (KHTML, like Gecko; compatible; ClaudeBot/1.0; +claudebot@anthropic.com)" 1417 **1/1417792**
57.141.20.30 - - [16/Jan/2026:09:18:21 -0700] "GET /?e=508492db6ai3 HTTP/1.1" 301 337 "-" "meta-externalagent/1.1 (+https://developers.facebook.com/docs/sharing/webmasters/crawler)" 1877 **1/1877439**
216.73.216.56 - - [16/Jan/2026:09:18:27 -0700] "GET /?e=3303139fiiah2 HTTP/1.1" 301 149 "-" "Mozilla/5.0 AppleWebKit/537.36 (KHTML, like Gecko; compatible; ClaudeBot/1.0; +claudebot@anthropic.com)" 1589 **1/1589374**
216.73.216.56 - - [16/Jan/2026:09:18:36 -0700] "GET /?e=635276h97ii2 HTTP/1.1" 301 149 "-" "Mozilla/5.0 AppleWebKit/537.36 (KHTML, like Gecko; compatible; ClaudeBot/1.0; +claudebot@anthropic.com)" 1162 **1/1162034**
216.73.216.56 - - [16/Jan/2026:09:18:51 -0700] "GET /?e=4620429je2c35 HTTP/1.1" 301 149 "-" "Mozilla/5.0 AppleWebKit/537.36 (KHTML, like Gecko; compatible; ClaudeBot/1.0; +claudebot@anthropic.com)" 1381 **1/1381809**
114.119.130.18 - - [16/Jan/2026:09:19:09 -0700] "GET /uwx11/supreme-eiye-confraternity-orientation-book-free-pdf-download.html HTTP/1.1" 301 337 "https://articlegallore.com/cahlvh/chinatown-chicago-crime.html" "Mozilla/5.0 (Linux; Android 7.0;) AppleWebKit/537.36 (KHTML, like Gecko) Mobile Safari/537.36 (compatible; PetalBot;+https://webmaster.petalsearch.com/site/petalbot)" 1184 **1/1184820**
114.119.130.18 - - [16/Jan/2026:09:19:10 -0700] "GET /uwx11/supreme-eiye-confraternity-orientation-book-free-pdf-download.html HTTP/1.1" 404 59131 "https://articlegallore.com/cahlvh/chinatown-chicago-crime.html" "Mozilla/5.0 (Linux; Android 7.0;) AppleWebKit/537.36 (KHTML, like Gecko) Mobile Safari/537.36 (compatible; PetalBot;+https://webmaster.petalsearch.com/site/petalbot)" 1771 **1/1771593**
216.73.216.56 - - [16/Jan/2026:09:19:13 -0700] "GET /?e=53138951fgic7 HTTP/1.1" 301 149 "-" "Mozilla/5.0 AppleWebKit/537.36 (KHTML, like Gecko; compatible; ClaudeBot/1.0; +claudebot@anthropic.com)" 1436 **1/1436530**
57.141.20.10 - - [16/Jan/2026:09:19:15 -0700] "GET /?e=49172788569i7 HTTP/1.1" 301 337 "-" "meta-externalagent/1.1 (+https://developers.facebook.com/docs/sharing/webmasters/crawler)" 982 **0/982336**
57.141.20.50 - - [16/Jan/2026:09:19:37 -0700] "GET /?e=2455786i8fe3i HTTP/1.1" 301 337 "-" "meta-externalagent/1.1 (+https://developers.facebook.com/docs/sharing/webmasters/crawler)" 1132 **1/1132128**
216.73.216.56 - - [16/Jan/2026:09:19:44 -0700] "GET /?e=379940689jed1 HTTP/1.1" 301 149 "-" "Mozilla/5.0 AppleWebKit/537.36 (KHTML, like Gecko; compatible; ClaudeBot/1.0; +claudebot@anthropic.com)" 1430 **1/1430479**
216.73.216.56 - - [16/Jan/2026:09:19:55 -0700] "GET /?e=136673872gdef HTTP/1.1" 301 149 "-" "Mozilla/5.0 AppleWebKit/537.36 (KHTML, like Gecko; compatible; ClaudeBot/1.0; +claudebot@anthropic.com)" 1539 **1/1539230**
216.73.216.56 - - [16/Jan/2026:09:20:16 -0700] "GET /?e=957272eb661i HTTP/1.1" 301 149 "-" "Mozilla/5.0 AppleWebKit/537.36 (KHTML, like Gecko; compatible; ClaudeBot/1.0; +claudebot@anthropic.com)" 1228 **1/1228657**
184.168.114.89 - - [16/Jan/2026:09:20:34 -0700] "POST /wp-cron.php?doing_wp_cron=1768580434.3268690109252929687500 HTTP/1.1" 200 - "-" "WordPress/6.8.1; https://www.veronaae.com" 25 **0/25856**
114.119.157.189 - - [16/Jan/2026:09:20:32 -0700] "GET /uwx11/sunpower-panel-cost.html HTTP/1.1" 301 337 "https://zeehurmaz.com/zqhyj/ford-f100-for-sale-craigslist-georgia.html" "Mozilla/5.0 (Linux; Android 7.0;) AppleWebKit/537.36 (KHTML, like Gecko) Mobile Safari/537.36 (compatible; PetalBot;+https://webmaster.petalsearch.com/site/petalbot)" 2480 **2/2480634**
114.119.157.189 - - [16/Jan/2026:09:20:34 -0700] "GET /uwx11/sunpower-panel-cost.html HTTP/1.1" 404 59131 "https://zeehurmaz.com/zqhyj/ford-f100-for-sale-craigslist-georgia.html" "Mozilla/5.0 (Linux; Android 7.0;) AppleWebKit/537.36 (KHTML, like Gecko) Mobile Safari/537.36 (compatible; PetalBot;+https://webmaster.petalsearch.com/site/petalbot)" 3109 **3/3109973**
57.141.20.28 - - [16/Jan/2026:09:21:24 -0700] "GET /?e=1110917e8a55f HTTP/1.1" 301 337 "-" "meta-externalagent/1.1 (+https://developers.facebook.com/docs/sharing/webmasters/crawler)" 1049 **1/1049844**
114.119.157.158 - - [16/Jan/2026:09:21:54 -0700] "GET /uwx11/suisun-police-officer-fired.html HTTP/1.1" 301 337 "https://manantial-asesorias.cl/nkon7/shooting-in-gainesville-fl.html" "Mozilla/5.0 (Linux; Android 7.0;) AppleWebKit/537.36 (KHTML, like Gecko) Mobile Safari/537.36 (compatible; PetalBot;+https://webmaster.petalsearch.com/site/petalbot)" 1878 **1/1878146**
114.119.157.158 - - [16/Jan/2026:09:21:56 -0700] "GET /uwx11/suisun-police-officer-fired.html HTTP/1.1" 404 59131 "https://manantial-asesorias.cl/nkon7/shooting-in-gainesville-fl.html" "Mozilla/5.0 (Linux; Android 7.0;) AppleWebKit/537.36 (KHTML, like Gecko) Mobile Safari/537.36 (compatible; PetalBot;+https://webmaster.petalsearch.com/site/petalbot)" 1500 **1/1500530**
216.73.216.56 - - [16/Jan/2026:09:22:17 -0700] "GET /?e=4901141dbbg1g HTTP/1.1" 301 149 "-" "Mozilla/5.0 AppleWebKit/537.36 (KHTML, like Gecko; compatible; ClaudeBot/1.0; +claudebot@anthropic.com)" 1312 **1/1312156**
216.73.216.56 - - [16/Jan/2026:09:22:38 -0700] "GET /?fileloc=%2F%2Fusr%2Flib%2Fkbd%2Fkeymaps%2Fxkb%2Ffo-nodeadkeys.map.gz&path=%2F%2Fusr%2Flib%2Fkbd%2Fkeymaps%2Fxkb HTTP/1.1" 301 149 "-" "Mozilla/5.0 AppleWebKit/537.36 (KHTML, like Gecko; compatible; ClaudeBot/1.0; +claudebot@anthropic.com)" 1378 **1/1378868**
57.141.20.55 - - [16/Jan/2026:09:23:13 -0700] "GET /?e=15256187f1idd HTTP/1.1" 301 337 "-" "meta-externalagent/1.1 (+https://developers.facebook.com/docs/sharing/webmasters/crawler)" 1407 **1/1407366**
114.119.129.113 - - [16/Jan/2026:09:23:20 -0700] "GET /uwx11/strongest-sense-human-design-feeling.html HTTP/1.1" 301 337 "http://supercleaningdubai.com/3s428nqb/tennessee-utv-trail-maps.html" "Mozilla/5.0 (Linux; Android 7.0;) AppleWebKit/537.36 (KHTML, like Gecko) Mobile Safari/537.36 (compatible; PetalBot;+https://webmaster.petalsearch.com/site/petalbot)" 1277 **1/1277288**
216.73.216.56 - - [16/Jan/2026:09:23:21 -0700] "GET /?e=2972165ggd7ed HTTP/1.1" 301 149 "-" "Mozilla/5.0 AppleWebKit/537.36 (KHTML, like Gecko; compatible; ClaudeBot/1.0; +claudebot@anthropic.com)" 2278 **2/2278888**
114.119.129.113 - - [16/Jan/2026:09:23:22 -0700] "GET /uwx11/strongest-sense-human-design-feeling.html HTTP/1.1" 404 59131 "http://supercleaningdubai.com/3s428nqb/tennessee-utv-trail-maps.html" "Mozilla/5.0 (Linux; Android 7.0;) AppleWebKit/537.36 (KHTML, like Gecko) Mobile Safari/537.36 (compatible; PetalBot;+https://webmaster.petalsearch.com/site/petalbot)" 2403 **2/2403998**
57.141.20.43 - - [16/Jan/2026:09:23:55 -0700] "GET /?e=47831553jbde5 HTTP/1.1" 301 337 "-" "meta-externalagent/1.1 (+https://developers.facebook.com/docs/sharing/webmasters/crawler)" 1102 **1/1102230**
114.119.153.246 - - [16/Jan/2026:09:24:42 -0700] "GET /uwx11/stick-war-2-unblocked-tyrone.html HTTP/1.1" 301 337 "http://frommyhouse2thewhitehouse.com/jiewtybzk/private-proxy-browser-download.html" "Mozilla/5.0 (Linux; Android 7.0;) AppleWebKit/537.36 (KHTML, like Gecko) Mobile Safari/537.36 (compatible; PetalBot;+https://webmaster.petalsearch.com/site/petalbot)" 1145 **1/1145455**
114.119.153.246 - - [16/Jan/2026:09:24:44 -0700] "GET /uwx11/stick-war-2-unblocked-tyrone.html HTTP/1.1" 404 59131 "http://frommyhouse2thewhitehouse.com/jiewtybzk/private-proxy-browser-download.html" "Mozilla/5.0 (Linux; Android 7.0;) AppleWebKit/537.36 (KHTML, like Gecko) Mobile Safari/537.36 (compatible; PetalBot;+https://webmaster.petalsearch.com/site/petalbot)" 1290 **1/1290291**
114.119.130.18 - - [16/Jan/2026:09:26:06 -0700] "GET /uwx11/stable-diffusion-on-cpu.html HTTP/1.1" 301 337 "https://nw.wedigits.codes/admin/view/stylesheet/edceriww/best-handgun-for-beginner.html" "Mozilla/5.0 (Linux; Android 7.0;) AppleWebKit/537.36 (KHTML, like Gecko) Mobile Safari/537.36 (compatible; PetalBot;+https://webmaster.petalsearch.com/site/petalbot)" 1292 **1/1292800**
114.119.130.18 - - [16/Jan/2026:09:26:07 -0700] "GET /uwx11/stable-diffusion-on-cpu.html HTTP/1.1" 404 59131 "https://nw.wedigits.codes/admin/view/stylesheet/edceriww/best-handgun-for-beginner.html" "Mozilla/5.0 (Linux; Android 7.0;) AppleWebKit/537.36 (KHTML, like Gecko) Mobile Safari/537.36 (compatible; PetalBot;+https://webmaster.petalsearch.com/site/petalbot)" 1427 **1/1427169**
57.141.20.20 - - [16/Jan/2026:09:26:48 -0700] "GET /?e=52342538gfdbg HTTP/1.1" 301 337 "-" "meta-externalagent/1.1 (+https://developers.facebook.com/docs/sharing/webmasters/crawler)" 1240 **1/1240566**
114.119.157.189 - - [16/Jan/2026:09:27:30 -0700] "GET /uwx11/spoof-call-online.html HTTP/1.1" 301 337 "http://unicom-chemie.com/ngnsvqz/unfinished-kit-cars-for-sale-on-craigslist.html" "Mozilla/5.0 (Linux; Android 7.0;) AppleWebKit/537.36 (KHTML, like Gecko) Mobile Safari/537.36 (compatible; PetalBot;+https://webmaster.petalsearch.com/site/petalbot)" 2296 **2/2296105**
184.168.114.89 - - [16/Jan/2026:09:27:34 -0700] "POST /wp-cron.php?doing_wp_cron=1768580854.4390978813171386718750 HTTP/1.1" 200 - "-" "WordPress/6.8.1; https://www.veronaae.com" 20 **0/20428**
114.119.157.189 - - [16/Jan/2026:09:27:33 -0700] "GET /uwx11/spoof-call-online.html HTTP/1.1" 404 59131 "http://unicom-chemie.com/ngnsvqz/unfinished-kit-cars-for-sale-on-craigslist.html" "Mozilla/5.0 (Linux; Android 7.0;) AppleWebKit/537.36 (KHTML, like Gecko) Mobile Safari/537.36 (compatible; PetalBot;+https://webmaster.petalsearch.com/site/petalbot)" 1205 **1/1205344**
57.141.20.52 - - [16/Jan/2026:09:27:39 -0700] "GET /?e=1131187f80c04 HTTP/1.1" 301 337 "-" "meta-externalagent/1.1 (+https://developers.facebook.com/docs/sharing/webmasters/crawler)" 1408 **1/1408335**
57.141.20.29 - - [16/Jan/2026:09:28:35 -0700] "GET /?e=332168cghdae HTTP/1.1" 301 337 "-" "meta-externalagent/1.1 (+https://developers.facebook.com/docs/sharing/webmasters/crawler)" 1239 **1/1239857**
57.141.20.52 - - [16/Jan/2026:09:28:44 -0700] "GET /?e=4910762g31dg3 HTTP/1.1" 301 337 "-" "meta-externalagent/1.1 (+https://developers.facebook.com/docs/sharing/webmasters/crawler)" 972 **0/972576**
114.119.129.113 - - [16/Jan/2026:09:28:53 -0700] "GET /uwx11/spiritual-meaning-of-four-eyes.html HTTP/1.1" 301 337 "http://xn--fhqx72d11j0um.com/gemdf/12x12-matte-white-floor-tile.html" "Mozilla/5.0 (Linux; Android 7.0;) AppleWebKit/537.36 (KHTML, like Gecko) Mobile Safari/537.36 (compatible; PetalBot;+https://webmaster.petalsearch.com/site/petalbot)" 1631 **1/1631926**
114.119.129.113 - - [16/Jan/2026:09:28:55 -0700] "GET /uwx11/spiritual-meaning-of-four-eyes.html HTTP/1.1" 404 59131 "http://xn--fhqx72d11j0um.com/gemdf/12x12-matte-white-floor-tile.html" "Mozilla/5.0 (Linux; Android 7.0;) AppleWebKit/537.36 (KHTML, like Gecko) Mobile Safari/537.36 (compatible; PetalBot;+https://webmaster.petalsearch.com/site/petalbot)" 1032 **1/1032094**
216.73.216.56 - - [16/Jan/2026:09:29:19 -0700] "GET /?e=1640430ejcaee HTTP/1.1" 301 149 "-" "Mozilla/5.0 AppleWebKit/537.36 (KHTML, like Gecko; compatible; ClaudeBot/1.0; +claudebot@anthropic.com)" 954 **0/954489**
74.7.230.56 - - [16/Jan/2026:09:29:36 -0700] "GET /robots.txt HTTP/1.1" 200 214 "-" "Mozilla/5.0 (Macintosh; Intel Mac OS X 10_15_7) AppleWebKit/537.36 (KHTML, like Gecko) Chrome/131.0.0.0 Safari/537.36; compatible; OAI-SearchBot/1.3; robots.txt; +https://openai.com/searchbot" 1584 **1/1584550**
57.141.20.38 - - [16/Jan/2026:09:30:00 -0700] "GET /?e=3768639e032d2 HTTP/1.1" 301 337 "-" "meta-externalagent/1.1 (+https://developers.facebook.com/docs/sharing/webmasters/crawler)" 1828 **1/1828553**
74.7.227.58 - - [16/Jan/2026:09:30:05 -0700] "GET /category/women-seeking-women-hookuphotties-search HTTP/1.1" 404 10982 "https://veronaae.com" "Mozilla/5.0 AppleWebKit/537.36 (KHTML, like Gecko; compatible; GPTBot/1.3; +https://openai.com/gptbot)" 1631 **1/1631487**
74.7.227.58 - - [16/Jan/2026:09:30:07 -0700] "GET /14-1xbet-mobile-app-how-to-download-ideas/ HTTP/1.1" 404 10982 "https://veronaae.com" "Mozilla/5.0 AppleWebKit/537.36 (KHTML, like Gecko; compatible; GPTBot/1.3; +https://openai.com/gptbot)" 1322 **1/1322194**
114.119.157.189 - - [16/Jan/2026:09:30:16 -0700] "GET /uwx11/spelling-test-meaning.html HTTP/1.1" 301 337 "https://seopgslot.xyz/lftowrt/amethi-news-whatsapp-group-link.html" "Mozilla/5.0 (Linux; Android 7.0;) AppleWebKit/537.36 (KHTML, like Gecko) Mobile Safari/537.36 (compatible; PetalBot;+https://webmaster.petalsearch.com/site/petalbot)" 1431 **1/1431067**
114.119.157.189 - - [16/Jan/2026:09:30:18 -0700] "GET /uwx11/spelling-test-meaning.html HTTP/1.1" 404 59131 "https://seopgslot.xyz/lftowrt/amethi-news-whatsapp-group-link.html" "Mozilla/5.0 (Linux; Android 7.0;) AppleWebKit/537.36 (KHTML, like Gecko) Mobile Safari/537.36 (compatible; PetalBot;+https://webmaster.petalsearch.com/site/petalbot)" 2224 **2/2224284**
216.73.216.56 - - [16/Jan/2026:09:30:25 -0700] "GET /?fileloc=%2F%2Fusr%2Flib%2Fkbd%2Fconsoletrans%2Fcp853_to_uni.trans&path=%2F%2Fusr%2Flib%2Fkbd%2Fconsoletrans HTTP/1.1" 301 149 "-" "Mozilla/5.0 AppleWebKit/537.36 (KHTML, like Gecko; compatible; ClaudeBot/1.0; +claudebot@anthropic.com)" 1452 **1/1452441**
74.7.227.58 - - [16/Jan/2026:09:30:25 -0700] "GET /category/craigslist-hookup-hookuphotties-mobile-site HTTP/1.1" 404 10982 "https://veronaae.com" "Mozilla/5.0 AppleWebKit/537.36 (KHTML, like Gecko; compatible; GPTBot/1.3; +https://openai.com/gptbot)" 1582 **1/1582517**
