114.119.157.189 - - [16/Jan/2026:11:07:54 -0700] "GET /uwx11/random-live-app.html HTTP/1.1" 404 59131 "https://accessnowgroup.com/w29afz/rainbow-friends-vs-poppy-playtime-vs-doors.html" "Mozilla/5.0 (Linux; Android 7.0;) AppleWebKit/537.36 (KHTML, like Gecko) Mobile Safari/537.36 (compatible; PetalBot;+https://webmaster.petalsearch.com/site/petalbot)" 1166 **1/1166618**
135.181.166.38 - - [16/Jan/2026:11:08:02 -0700] "GET /?e=227686 HTTP/1.1" 301 337 "-" "Mozilla/5.0 (compatible; SERankingBacklinksBot/1.0; +https://seranking.com/backlinks-crawler)" 1626 **1/1626193**
57.141.20.17 - - [16/Jan/2026:11:08:28 -0700] "GET /?e=20852738a750h HTTP/1.1" 301 337 "-" "meta-externalagent/1.1 (+https://developers.facebook.com/docs/sharing/webmasters/crawler)" 1399 **1/1399848**
135.181.166.38 - - [16/Jan/2026:11:08:30 -0700] "GET /?e=227844 HTTP/1.1" 301 337 "-" "Mozilla/5.0 (compatible; SERankingBacklinksBot/1.0; +https://seranking.com/backlinks-crawler)" 1486 **1/1486237**
74.7.227.58 - - [16/Jan/2026:11:08:38 -0700] "GET /category/swapfinder-dating HTTP/1.1" 404 10982 "https://veronaae.com" "Mozilla/5.0 AppleWebKit/537.36 (KHTML, like Gecko; compatible; GPTBot/1.3; +https://openai.com/gptbot)" 1012 **1/1012818**
57.141.20.57 - - [16/Jan/2026:11:08:43 -0700] "GET /?e=14320079a8b0 HTTP/1.1" 301 337 "-" "meta-externalagent/1.1 (+https://developers.facebook.com/docs/sharing/webmasters/crawler)" 975 **0/975924**
57.141.20.56 - - [16/Jan/2026:11:08:49 -0700] "GET /?e=859301747a66 HTTP/1.1" 301 337 "-" "meta-externalagent/1.1 (+https://developers.facebook.com/docs/sharing/webmasters/crawler)" 1105 **1/1105607**
57.141.20.40 - - [16/Jan/2026:11:08:53 -0700] "GET /?e=4852726ag03hj HTTP/1.1" 301 337 "-" "meta-externalagent/1.1 (+https://developers.facebook.com/docs/sharing/webmasters/crawler)" 1038 **1/1038237**
57.141.20.20 - - [16/Jan/2026:11:08:55 -0700] "GET /?e=5361188e9a1gh HTTP/1.1" 301 337 "-" "meta-externalagent/1.1 (+https://developers.facebook.com/docs/sharing/webmasters/crawler)" 921 **0/921041**
74.7.227.58 - - [16/Jan/2026:11:09:06 -0700] "GET /category/internationalcupid-review-2 HTTP/1.1" 404 10982 "https://veronaae.com" "Mozilla/5.0 AppleWebKit/537.36 (KHTML, like Gecko; compatible; GPTBot/1.3; +https://openai.com/gptbot)" 1142 **1/1142716**
74.7.227.58 - - [16/Jan/2026:11:09:08 -0700] "GET /category/seniorfriendfinder-review HTTP/1.1" 404 10982 "https://veronaae.com" "Mozilla/5.0 AppleWebKit/537.36 (KHTML, like Gecko; compatible; GPTBot/1.3; +https://openai.com/gptbot)" 1081 **1/1081750**
57.141.20.36 - - [16/Jan/2026:11:09:09 -0700] "GET /?e=3163822ib48hh HTTP/1.1" 301 337 "-" "meta-externalagent/1.1 (+https://developers.facebook.com/docs/sharing/webmasters/crawler)" 1383 **1/1383889**
74.7.227.58 - - [16/Jan/2026:11:09:09 -0700] "GET /category/blk-zaloguj-si-2 HTTP/1.1" 404 10982 "https://veronaae.com" "Mozilla/5.0 AppleWebKit/537.36 (KHTML, like Gecko; compatible; GPTBot/1.3; +https://openai.com/gptbot)" 1779 **1/1779134**
135.181.166.38 - - [16/Jan/2026:11:09:11 -0700] "GET /?e=232763 HTTP/1.1" 301 337 "-" "Mozilla/5.0 (compatible; SERankingBacklinksBot/1.0; +https://seranking.com/backlinks-crawler)" 939 **0/939565**
74.7.227.58 - - [16/Jan/2026:11:09:12 -0700] "GET /category/muzmatch-reviews-2 HTTP/1.1" 404 10982 "https://veronaae.com" "Mozilla/5.0 AppleWebKit/537.36 (KHTML, like Gecko; compatible; GPTBot/1.3; +https://openai.com/gptbot)" 1027 **1/1027746**
114.119.151.233 - - [16/Jan/2026:11:09:13 -0700] "GET /uwx11/raccoon-names-girl.html HTTP/1.1" 301 337 "http://cleanerdubai.com/blh00/evolution-golf-cart-vs-club-car.html" "Mozilla/5.0 (Linux; Android 7.0;) AppleWebKit/537.36 (KHTML, like Gecko) Mobile Safari/537.36 (compatible; PetalBot;+https://webmaster.petalsearch.com/site/petalbot)" 957 **0/957852**
114.119.151.233 - - [16/Jan/2026:11:09:14 -0700] "GET /uwx11/raccoon-names-girl.html HTTP/1.1" 404 59131 "http://cleanerdubai.com/blh00/evolution-golf-cart-vs-club-car.html" "Mozilla/5.0 (Linux; Android 7.0;) AppleWebKit/537.36 (KHTML, like Gecko) Mobile Safari/537.36 (compatible; PetalBot;+https://webmaster.petalsearch.com/site/petalbot)" 1244 **1/1244213**
135.181.166.38 - - [16/Jan/2026:11:09:39 -0700] "GET /?e=233250 HTTP/1.1" 301 337 "-" "Mozilla/5.0 (compatible; SERankingBacklinksBot/1.0; +https://seranking.com/backlinks-crawler)" 2678 **2/2678507**
74.7.227.58 - - [16/Jan/2026:11:09:55 -0700] "GET /public/plugins/Ueditor/dialogs/attachment/fileTypeImages/icon_psd.gif HTTP/1.1" 404 10982 "https://veronaae.com" "Mozilla/5.0 AppleWebKit/537.36 (KHTML, like Gecko; compatible; GPTBot/1.3; +https://openai.com/gptbot)" 1039 **1/1039592**
74.7.227.58 - - [16/Jan/2026:11:10:04 -0700] "GET /category/upforit-visitors-2 HTTP/1.1" 404 10982 "https://veronaae.com" "Mozilla/5.0 AppleWebKit/537.36 (KHTML, like Gecko; compatible; GPTBot/1.3; +https://openai.com/gptbot)" 3152 **3/3152341**
135.181.166.38 - - [16/Jan/2026:11:10:12 -0700] "GET /?e=234146 HTTP/1.1" 301 337 "-" "Mozilla/5.0 (compatible; SERankingBacklinksBot/1.0; +https://seranking.com/backlinks-crawler)" 1548 **1/1548433**
74.7.227.58 - - [16/Jan/2026:11:10:27 -0700] "GET /category/latin-brides HTTP/1.1" 404 10982 "https://veronaae.com" "Mozilla/5.0 AppleWebKit/537.36 (KHTML, like Gecko; compatible; GPTBot/1.3; +https://openai.com/gptbot)" 2344 **2/2344181**
74.7.227.58 - - [16/Jan/2026:11:10:30 -0700] "GET /category/maiotaku-hookup-2 HTTP/1.1" 404 10982 "https://veronaae.com" "Mozilla/5.0 AppleWebKit/537.36 (KHTML, like Gecko; compatible; GPTBot/1.3; +https://openai.com/gptbot)" 2378 **2/2378425**
184.168.114.89 - - [16/Jan/2026:11:10:34 -0700] "POST /wp-cron.php?doing_wp_cron=1768587034.5171220302581787109375 HTTP/1.1" 200 - "-" "WordPress/6.8.1; https://www.veronaae.com" 61 **0/61080**
74.7.227.58 - - [16/Jan/2026:11:10:33 -0700] "GET /category/snapsext-aplikacja-2 HTTP/1.1" 404 10982 "https://veronaae.com" "Mozilla/5.0 AppleWebKit/537.36 (KHTML, like Gecko; compatible; GPTBot/1.3; +https://openai.com/gptbot)" 1502 **1/1502344**
114.119.129.113 - - [16/Jan/2026:11:10:37 -0700] "GET /uwx11/quitting-after-not-getting-promotion.html HTTP/1.1" 301 337 "http://frommyhouse2thewhitehouse.com/jiewtybzk/hawk-250-parts-list.html" "Mozilla/5.0 (Linux; Android 7.0;) AppleWebKit/537.36 (KHTML, like Gecko) Mobile Safari/537.36 (compatible; PetalBot;+https://webmaster.petalsearch.com/site/petalbot)" 2476 **2/2476828**
57.141.20.27 - - [16/Jan/2026:11:10:39 -0700] "GET /?e=1453334bbe11 HTTP/1.1" 301 337 "-" "meta-externalagent/1.1 (+https://developers.facebook.com/docs/sharing/webmasters/crawler)" 2014 **2/2014075**
114.119.129.113 - - [16/Jan/2026:11:10:39 -0700] "GET /uwx11/quitting-after-not-getting-promotion.html HTTP/1.1" 404 59131 "http://frommyhouse2thewhitehouse.com/jiewtybzk/hawk-250-parts-list.html" "Mozilla/5.0 (Linux; Android 7.0;) AppleWebKit/537.36 (KHTML, like Gecko) Mobile Safari/537.36 (compatible; PetalBot;+https://webmaster.petalsearch.com/site/petalbot)" 2461 **2/2461471**
135.181.166.38 - - [16/Jan/2026:11:10:42 -0700] "GET /?e=237725 HTTP/1.1" 301 337 "-" "Mozilla/5.0 (compatible; SERankingBacklinksBot/1.0; +https://seranking.com/backlinks-crawler)" 1354 **1/1354420**
57.141.20.13 - - [16/Jan/2026:11:10:56 -0700] "GET /?e=50995213a80f0 HTTP/1.1" 301 337 "-" "meta-externalagent/1.1 (+https://developers.facebook.com/docs/sharing/webmasters/crawler)" 1783 **1/1783720**
135.181.166.38 - - [16/Jan/2026:11:10:58 -0700] "GET /?e=245809 HTTP/1.1" 301 337 "-" "Mozilla/5.0 (compatible; SERankingBacklinksBot/1.0; +https://seranking.com/backlinks-crawler)" 1611 **1/1611390**
57.141.20.17 - - [16/Jan/2026:11:11:00 -0700] "GET /?e=88392805bebb HTTP/1.1" 301 337 "-" "meta-externalagent/1.1 (+https://developers.facebook.com/docs/sharing/webmasters/crawler)" 1404 **1/1404958**
74.7.227.58 - - [16/Jan/2026:11:11:04 -0700] "GET /category/match-visitors HTTP/1.1" 404 10982 "https://veronaae.com" "Mozilla/5.0 AppleWebKit/537.36 (KHTML, like Gecko; compatible; GPTBot/1.3; +https://openai.com/gptbot)" 1667 **1/1667797**
57.141.20.57 - - [16/Jan/2026:11:11:33 -0700] "GET /?e=348921216f2b8 HTTP/1.1" 301 337 "-" "meta-externalagent/1.1 (+https://developers.facebook.com/docs/sharing/webmasters/crawler)" 2065 **2/2065570**
135.181.166.38 - - [16/Jan/2026:11:11:44 -0700] "GET /?e=246479 HTTP/1.1" 301 337 "-" "Mozilla/5.0 (compatible; SERankingBacklinksBot/1.0; +https://seranking.com/backlinks-crawler)" 1278 **1/1278472**
57.141.20.39 - - [16/Jan/2026:11:11:49 -0700] "GET /?e=1790288ch6a38 HTTP/1.1" 301 337 "-" "meta-externalagent/1.1 (+https://developers.facebook.com/docs/sharing/webmasters/crawler)" 1455 **1/1455204**
114.119.159.152 - - [16/Jan/2026:11:12:00 -0700] "GET /uwx11/pyramid-club-philadelphia.html HTTP/1.1" 301 337 "https://kalasanmultimedia.com/afafgsa/the-mirror-commercial-cindy-laura.html" "Mozilla/5.0 (Linux; Android 7.0;) AppleWebKit/537.36 (KHTML, like Gecko) Mobile Safari/537.36 (compatible; PetalBot;+https://webmaster.petalsearch.com/site/petalbot)" 2281 **2/2281007**
114.119.159.152 - - [16/Jan/2026:11:12:02 -0700] "GET /uwx11/pyramid-club-philadelphia.html HTTP/1.1" 404 59131 "https://kalasanmultimedia.com/afafgsa/the-mirror-commercial-cindy-laura.html" "Mozilla/5.0 (Linux; Android 7.0;) AppleWebKit/537.36 (KHTML, like Gecko) Mobile Safari/537.36 (compatible; PetalBot;+https://webmaster.petalsearch.com/site/petalbot)" 3354 **3/3354362**
57.141.20.45 - - [16/Jan/2026:11:12:11 -0700] "GET /?e=479839667if12 HTTP/1.1" 301 337 "-" "meta-externalagent/1.1 (+https://developers.facebook.com/docs/sharing/webmasters/crawler)" 970 **0/970161**
135.181.166.38 - - [16/Jan/2026:11:12:16 -0700] "GET /?e=250006 HTTP/1.1" 301 337 "-" "Mozilla/5.0 (compatible; SERankingBacklinksBot/1.0; +https://seranking.com/backlinks-crawler)" 1991 **1/1991850**
57.141.20.51 - - [16/Jan/2026:11:12:22 -0700] "GET /?e=4589019b6ibi5 HTTP/1.1" 301 337 "-" "meta-externalagent/1.1 (+https://developers.facebook.com/docs/sharing/webmasters/crawler)" 1552 **1/1552351**
184.168.114.89 - - [16/Jan/2026:11:12:34 -0700] "POST /wp-cron.php?doing_wp_cron=1768587154.3936030864715576171875 HTTP/1.1" 200 - "-" "WordPress/6.8.1; https://www.veronaae.com" 21 **0/21536**
57.141.20.57 - - [16/Jan/2026:11:12:32 -0700] "GET /?e=117259fi1hg HTTP/1.1" 301 337 "-" "meta-externalagent/1.1 (+https://developers.facebook.com/docs/sharing/webmasters/crawler)" 1825 **1/1825368**
74.7.227.58 - - [16/Jan/2026:11:12:39 -0700] "GET /public/plugins/Ueditor/dialogs/attachment/images/alignicon.gif HTTP/1.1" 404 10982 "https://veronaae.com" "Mozilla/5.0 AppleWebKit/537.36 (KHTML, like Gecko; compatible; GPTBot/1.3; +https://openai.com/gptbot)" 1586 **1/1586817**
57.141.20.24 - - [16/Jan/2026:11:12:40 -0700] "GET /?e=5217224736dc2 HTTP/1.1" 301 337 "-" "meta-externalagent/1.1 (+https://developers.facebook.com/docs/sharing/webmasters/crawler)" 993 **0/993531**
74.7.227.58 - - [16/Jan/2026:11:12:41 -0700] "GET /category/friendfinderx-szukaj-2 HTTP/1.1" 404 10982 "https://veronaae.com" "Mozilla/5.0 AppleWebKit/537.36 (KHTML, like Gecko; compatible; GPTBot/1.3; +https://openai.com/gptbot)" 1418 **1/1418828**
135.181.166.38 - - [16/Jan/2026:11:12:49 -0700] "GET /?e=253000 HTTP/1.1" 301 337 "-" "Mozilla/5.0 (compatible; SERankingBacklinksBot/1.0; +https://seranking.com/backlinks-crawler)" 1669 **1/1669121**
57.141.20.21 - - [16/Jan/2026:11:12:56 -0700] "GET /?e=2151755e0hhjc HTTP/1.1" 301 337 "-" "meta-externalagent/1.1 (+https://developers.facebook.com/docs/sharing/webmasters/crawler)" 1525 **1/1525719**
57.141.20.20 - - [16/Jan/2026:11:12:58 -0700] "GET /?e=5925510jbb4g HTTP/1.1" 301 337 "-" "meta-externalagent/1.1 (+https://developers.facebook.com/docs/sharing/webmasters/crawler)" 1226 **1/1226005**
135.181.166.38 - - [16/Jan/2026:11:13:06 -0700] "GET /?e=256269 HTTP/1.1" 301 337 "-" "Mozilla/5.0 (compatible; SERankingBacklinksBot/1.0; +https://seranking.com/backlinks-crawler)" 2103 **2/2103490**
114.119.157.189 - - [16/Jan/2026:11:13:25 -0700] "GET /uwx11/pure-sweat-gilbert.html HTTP/1.1" 301 337 "https://hsdesign.fr/vpov2fell/savage-110-bolt-upgrades.html" "Mozilla/5.0 (Linux; Android 7.0;) AppleWebKit/537.36 (KHTML, like Gecko) Mobile Safari/537.36 (compatible; PetalBot;+https://webmaster.petalsearch.com/site/petalbot)" 2638 **2/2638706**
57.141.20.42 - - [16/Jan/2026:11:13:26 -0700] "GET /?e=19977846817c1 HTTP/1.1" 301 337 "-" "meta-externalagent/1.1 (+https://developers.facebook.com/docs/sharing/webmasters/crawler)" 2769 **2/2769556**
114.119.157.189 - - [16/Jan/2026:11:13:27 -0700] "GET /uwx11/pure-sweat-gilbert.html HTTP/1.1" 404 59131 "https://hsdesign.fr/vpov2fell/savage-110-bolt-upgrades.html" "Mozilla/5.0 (Linux; Android 7.0;) AppleWebKit/537.36 (KHTML, like Gecko) Mobile Safari/537.36 (compatible; PetalBot;+https://webmaster.petalsearch.com/site/petalbot)" 2122 **2/2122374**
57.141.20.52 - - [16/Jan/2026:11:13:38 -0700] "GET /?e=15865216dc7c6 HTTP/1.1" 301 337 "-" "meta-externalagent/1.1 (+https://developers.facebook.com/docs/sharing/webmasters/crawler)" 1843 **1/1843080**
57.141.20.57 - - [16/Jan/2026:11:13:51 -0700] "GET /?e=5335090jj6cb1 HTTP/1.1" 301 337 "-" "meta-externalagent/1.1 (+https://developers.facebook.com/docs/sharing/webmasters/crawler)" 2008 **2/2008466**
57.141.20.57 - - [16/Jan/2026:11:13:56 -0700] "GET /?e=3770038f15b1a HTTP/1.1" 301 337 "-" "meta-externalagent/1.1 (+https://developers.facebook.com/docs/sharing/webmasters/crawler)" 2456 **2/2456959**
135.181.166.38 - - [16/Jan/2026:11:13:56 -0700] "GET /?e=260802 HTTP/1.1" 301 337 "-" "Mozilla/5.0 (compatible; SERankingBacklinksBot/1.0; +https://seranking.com/backlinks-crawler)" 2306 **2/2306254**
135.181.166.38 - - [16/Jan/2026:11:14:15 -0700] "GET /?e=261454 HTTP/1.1" 301 337 "-" "Mozilla/5.0 (compatible; SERankingBacklinksBot/1.0; +https://seranking.com/backlinks-crawler)" 2047 **2/2047818**
57.141.20.37 - - [16/Jan/2026:11:14:19 -0700] "GET /?e=374955164h5di HTTP/1.1" 301 337 "-" "meta-externalagent/1.1 (+https://developers.facebook.com/docs/sharing/webmasters/crawler)" 2442 **2/2442555**
57.141.20.57 - - [16/Jan/2026:11:14:34 -0700] "GET /?e=4210064f368ai HTTP/1.1" 301 337 "-" "meta-externalagent/1.1 (+https://developers.facebook.com/docs/sharing/webmasters/crawler)" 3531 **3/3531987**
114.119.130.18 - - [16/Jan/2026:11:14:48 -0700] "GET /xlnbgql/youth-week-of-prayer-2023-pdf.html HTTP/1.1" 301 337 "https://educationonebd.com/qytajol9w/shooting-videos-on-winchester-model-255-22-mag.html" "Mozilla/5.0 (Linux; Android 7.0;) AppleWebKit/537.36 (KHTML, like Gecko) Mobile Safari/537.36 (compatible; PetalBot;+https://webmaster.petalsearch.com/site/petalbot)" 2022 **2/2022975**
135.181.166.38 - - [16/Jan/2026:11:14:51 -0700] "GET /?e=265706 HTTP/1.1" 301 337 "-" "Mozilla/5.0 (compatible; SERankingBacklinksBot/1.0; +https://seranking.com/backlinks-crawler)" 3457 **3/3457245**
114.119.130.18 - - [16/Jan/2026:11:14:50 -0700] "GET /xlnbgql/youth-week-of-prayer-2023-pdf.html HTTP/1.1" 404 59131 "https://educationonebd.com/qytajol9w/shooting-videos-on-winchester-model-255-22-mag.html" "Mozilla/5.0 (Linux; Android 7.0;) AppleWebKit/537.36 (KHTML, like Gecko) Mobile Safari/537.36 (compatible; PetalBot;+https://webmaster.petalsearch.com/site/petalbot)" 4473 **4/4473410**
57.141.20.0 - - [16/Jan/2026:11:14:59 -0700] "GET /?e=49208133d919a HTTP/1.1" 301 337 "-" "meta-externalagent/1.1 (+https://developers.facebook.com/docs/sharing/webmasters/crawler)" 1776 **1/1776404**
57.141.20.33 - - [16/Jan/2026:11:15:11 -0700] "GET /?e=49837209ah6f2 HTTP/1.1" 301 337 "-" "meta-externalagent/1.1 (+https://developers.facebook.com/docs/sharing/webmasters/crawler)" 2130 **2/2130229**
57.141.20.39 - - [16/Jan/2026:11:15:24 -0700] "GET /?e=5453689f50if2 HTTP/1.1" 301 337 "-" "meta-externalagent/1.1 (+https://developers.facebook.com/docs/sharing/webmasters/crawler)" 1306 **1/1306544**
135.181.166.38 - - [16/Jan/2026:11:15:27 -0700] "GET /?e=265875 HTTP/1.1" 301 337 "-" "Mozilla/5.0 (compatible; SERankingBacklinksBot/1.0; +https://seranking.com/backlinks-crawler)" 2040 **2/2040364**
216.73.216.56 - - [16/Jan/2026:11:15:33 -0700] "GET /robots.txt HTTP/1.1" 301 149 "-" "Mozilla/5.0 AppleWebKit/537.36 (KHTML, like Gecko; compatible; ClaudeBot/1.0; +claudebot@anthropic.com)" 2196 **2/2196185**
216.73.216.56 - - [16/Jan/2026:11:15:36 -0700] "GET /robots.txt HTTP/1.1" 200 214 "http://veronaae.com/robots.txt" "Mozilla/5.0 AppleWebKit/537.36 (KHTML, like Gecko; compatible; ClaudeBot/1.0; +claudebot@anthropic.com)" 1849 **1/1849415**
216.73.216.56 - - [16/Jan/2026:11:15:41 -0700] "GET /?fileloc=%2F%2Flib%2Fpython3.6%2Fsite-packages%2Fpip%2Futils%2Foutdated.py&path=%2F%2Flib%2Fpython3.6%2Fsite-packages%2Fpip%2Futils HTTP/1.1" 301 149 "-" "Mozilla/5.0 AppleWebKit/537.36 (KHTML, like Gecko; compatible; ClaudeBot/1.0; +claudebot@anthropic.com)" 1256 **1/1256637**
57.141.20.13 - - [16/Jan/2026:11:15:49 -0700] "GET /?e=35636997agbi4 HTTP/1.1" 301 337 "-" "meta-externalagent/1.1 (+https://developers.facebook.com/docs/sharing/webmasters/crawler)" 2465 **2/2465859**
216.73.216.56 - - [16/Jan/2026:11:15:54 -0700] "GET /?fileloc=%2F%2Flib64%2Fpython3.6%2Flib2to3%2Ffixes%2F__pycache__%2Ffix_basestring.cpython-36.opt-2.pyc&path=%2F%2Flib64%2Fpython3.6%2Flib2to3%2Ffixes%2F__pycache__ HTTP/1.1" 301 149 "-" "Mozilla/5.0 AppleWebKit/537.36 (KHTML, like Gecko; compatible; ClaudeBot/1.0; +claudebot@anthropic.com)" 2091 **2/2091296**
135.181.166.38 - - [16/Jan/2026:11:16:02 -0700] "GET /?e=265923 HTTP/1.1" 301 337 "-" "Mozilla/5.0 (compatible; SERankingBacklinksBot/1.0; +https://seranking.com/backlinks-crawler)" 2839 **2/2839400**
216.73.216.56 - - [16/Jan/2026:11:16:03 -0700] "GET /?fileloc=%2F%2Flib64%2Fpython3.6%2Flib2to3%2Ffixes%2F__pycache__%2F__init__.cpython-36.opt-1.pyc&path=%2F%2Flib64%2Fpython3.6%2Flib2to3%2Ffixes%2F__pycache__ HTTP/1.1" 301 149 "-" "Mozilla/5.0 AppleWebKit/537.36 (KHTML, like Gecko; compatible; ClaudeBot/1.0; +claudebot@anthropic.com)" 3036 **3/3036331**
114.119.130.18 - - [16/Jan/2026:11:16:11 -0700] "GET /xlnbgql/why-is-everyone-leaving-instagram-2022-reddit.html HTTP/1.1" 301 337 "https://www.ballthai.com/author/boykungred/page/35" "Mozilla/5.0 (Linux; Android 7.0;) AppleWebKit/537.36 (KHTML, like Gecko) Mobile Safari/537.36 (compatible; PetalBot;+https://webmaster.petalsearch.com/site/petalbot)" 2726 **2/2726206**
57.141.20.44 - - [16/Jan/2026:11:16:12 -0700] "GET /?e=1341675hj232h HTTP/1.1" 301 337 "-" "meta-externalagent/1.1 (+https://developers.facebook.com/docs/sharing/webmasters/crawler)" 2264 **2/2264715**
114.119.130.18 - - [16/Jan/2026:11:16:14 -0700] "GET /xlnbgql/why-is-everyone-leaving-instagram-2022-reddit.html HTTP/1.1" 404 59131 "https://www.ballthai.com/author/boykungred/page/35" "Mozilla/5.0 (Linux; Android 7.0;) AppleWebKit/537.36 (KHTML, like Gecko) Mobile Safari/537.36 (compatible; PetalBot;+https://webmaster.petalsearch.com/site/petalbot)" 1734 **1/1734308**
57.141.20.30 - - [16/Jan/2026:11:16:22 -0700] "GET /?e=1296781f7ic58 HTTP/1.1" 301 337 "-" "meta-externalagent/1.1 (+https://developers.facebook.com/docs/sharing/webmasters/crawler)" 1908 **1/1908612**
57.141.20.18 - - [16/Jan/2026:11:16:34 -0700] "GET /?e=4432781eg7a69 HTTP/1.1" 301 337 "-" "meta-externalagent/1.1 (+https://developers.facebook.com/docs/sharing/webmasters/crawler)" 1437 **1/1437619**
135.181.166.38 - - [16/Jan/2026:11:16:37 -0700] "GET /?e=268740 HTTP/1.1" 301 337 "-" "Mozilla/5.0 (compatible; SERankingBacklinksBot/1.0; +https://seranking.com/backlinks-crawler)" 1510 **1/1510266**
216.73.216.56 - - [16/Jan/2026:11:16:50 -0700] "GET /?fileloc=%2F%2Flib64%2Fpython3.6%2Fencodings%2F__pycache__%2Fcp1253.cpython-36.opt-2.pyc&path=%2F%2Flib64%2Fpython3.6%2Fencodings%2F__pycache__ HTTP/1.1" 301 149 "-" "Mozilla/5.0 AppleWebKit/537.36 (KHTML, like Gecko; compatible; ClaudeBot/1.0; +claudebot@anthropic.com)" 10776 **10/10776053**
216.73.216.56 - - [16/Jan/2026:11:17:00 -0700] "GET /?path=%2F%2Fusr%2Flib%2Frpm%2Fplatform%2Falpha-linux HTTP/1.1" 301 149 "-" "Mozilla/5.0 AppleWebKit/537.36 (KHTML, like Gecko; compatible; ClaudeBot/1.0; +claudebot@anthropic.com)" 3541 **3/3541886**
57.141.20.29 - - [16/Jan/2026:11:17:04 -0700] "GET /?e=268328892cg34 HTTP/1.1" 301 337 "-" "meta-externalagent/1.1 (+https://developers.facebook.com/docs/sharing/webmasters/crawler)" 1775 **1/1775832**
216.73.216.56 - - [16/Jan/2026:11:17:08 -0700] "GET /?fileloc=%2F%2Flib%2Fpython3.6%2Fsite-packages%2Fdnf%2F__pycache__%2Frepo.cpython-36.pyc&path=%2F%2Flib%2Fpython3.6%2Fsite-packages%2Fdnf%2F__pycache__ HTTP/1.1" 301 149 "-" "Mozilla/5.0 AppleWebKit/537.36 (KHTML, like Gecko; compatible; ClaudeBot/1.0; +claudebot@anthropic.com)" 1471 **1/1471176**
216.73.216.56 - - [16/Jan/2026:11:17:12 -0700] "GET /?fileloc=%2F%2Flib64%2Fpython3.6%2Fencodings%2F__pycache__%2Ftis_620.cpython-36.pyc&path=%2F%2Flib64%2Fpython3.6%2Fencodings%2F__pycache__ HTTP/1.1" 301 149 "-" "Mozilla/5.0 AppleWebKit/537.36 (KHTML, like Gecko; compatible; ClaudeBot/1.0; +claudebot@anthropic.com)" 2239 **2/2239937**
57.141.20.51 - - [16/Jan/2026:11:17:30 -0700] "GET /?e=6858126g9fdh HTTP/1.1" 301 337 "-" "meta-externalagent/1.1 (+https://developers.facebook.com/docs/sharing/webmasters/crawler)" 1873 **1/1873033**
216.73.216.56 - - [16/Jan/2026:11:17:33 -0700] "GET /?fileloc=%2F%2Flib%2Fpython2.7%2Fsite-packages%2Fpip%2Futils%2Fpackaging.pyo&path=%2F%2Flib%2Fpython2.7%2Fsite-packages%2Fpip%2Futils HTTP/1.1" 301 149 "-" "Mozilla/5.0 AppleWebKit/537.36 (KHTML, like Gecko; compatible; ClaudeBot/1.0; +claudebot@anthropic.com)" 1784 **1/1784559**
135.181.166.38 - - [16/Jan/2026:11:17:35 -0700] "GET /?e=269313 HTTP/1.1" 301 337 "-" "Mozilla/5.0 (compatible; SERankingBacklinksBot/1.0; +https://seranking.com/backlinks-crawler)" 3157 **3/3157241**
114.119.129.113 - - [16/Jan/2026:11:17:36 -0700] "GET /xlnbgql/what-foods-kill-breast-cancer-cells.html HTTP/1.1" 301 337 "https://www.ballthai.com/%e0%b8%9c%e0%b8%b9%e0%b9%89%e0%b9%83%e0%b8%ab%e0%b8%8d%e0%b9%88%e0%b8%ad%e0%b8%b1%e0%b8%90-%e0%b8%a1%e0%b8%b1%e0%b9%88%e0%b8%99%e0%b9%83%e0%b8%88-%e0%b9%82%e0%b8%84%e0%b9%89%e0%b8%8a%e0%b8%81%e0%b8%ad%e0%b8%a5%e0%b9%8c%e0%b8%9f-%e0%b8%88%e0%b8%b0%e0%b8%9e%e0%b8%b2-%e0%b8%99%e0%b8%b1%e0%b8%81%e0%b8%a3%e0%b8%9a%e0%b8%aa%e0%b8%a3%e0%b8%b0%e0%b8%9a%e0%b8%b8%e0%b8%a3%e0%b8%b5-%e0%b8%94%e0%b8%b5%e0%b8%82%e0%b8%b6%e0%b9%89%e0%b8%99%e0%b9%84%e0%b8%94%e0%b9%89%e0%b9%81%e0%b8%99%e0%b9%88%e0%b8%99%e0%b8%ad%e0%b8%99/" "Mozilla/5.0 (Linux; Android 7.0;) AppleWebKit/537.36 (KHTML, like Gecko) Mobile Safari/537.36 (compatible; PetalBot;+https://webmaster.petalsearch.com/site/petalbot)" 3046 **3/3046548**
114.119.129.113 - - [16/Jan/2026:11:17:39 -0700] "GET /xlnbgql/what-foods-kill-breast-cancer-cells.html HTTP/1.1" 404 59131 "https://www.ballthai.com/%e0%b8%9c%e0%b8%b9%e0%b9%89%e0%b9%83%e0%b8%ab%e0%b8%8d%e0%b9%88%e0%b8%ad%e0%b8%b1%e0%b8%90-%e0%b8%a1%e0%b8%b1%e0%b9%88%e0%b8%99%e0%b9%83%e0%b8%88-%e0%b9%82%e0%b8%84%e0%b9%89%e0%b8%8a%e0%b8%81%e0%b8%ad%e0%b8%a5%e0%b9%8c%e0%b8%9f-%e0%b8%88%e0%b8%b0%e0%b8%9e%e0%b8%b2-%e0%b8%99%e0%b8%b1%e0%b8%81%e0%b8%a3%e0%b8%9a%e0%b8%aa%e0%b8%a3%e0%b8%b0%e0%b8%9a%e0%b8%b8%e0%b8%a3%e0%b8%b5-%e0%b8%94%e0%b8%b5%e0%b8%82%e0%b8%b6%e0%b9%89%e0%b8%99%e0%b9%84%e0%b8%94%e0%b9%89%e0%b9%81%e0%b8%99%e0%b9%88%e0%b8%99%e0%b8%ad%e0%b8%99/" "Mozilla/5.0 (Linux; Android 7.0;) AppleWebKit/537.36 (KHTML, like Gecko) Mobile Safari/537.36 (compatible; PetalBot;+https://webmaster.petalsearch.com/site/petalbot)" 4562 **4/4562132**
74.7.227.58 - - [16/Jan/2026:11:17:42 -0700] "GET /category/fabswingers-review HTTP/1.1" 404 10982 "https://veronaae.com" "Mozilla/5.0 AppleWebKit/537.36 (KHTML, like Gecko; compatible; GPTBot/1.3; +https://openai.com/gptbot)" 2488 **2/2488182**
216.73.216.56 - - [16/Jan/2026:11:17:44 -0700] "GET /?fileloc=%2F%2Flib64%2Fpython3.6%2Fencodings%2F__pycache__%2Feuc_jp.cpython-36.opt-1.pyc&path=%2F%2Flib64%2Fpython3.6%2Fencodings%2F__pycache__ HTTP/1.1" 301 149 "-" "Mozilla/5.0 AppleWebKit/537.36 (KHTML, like Gecko; compatible; ClaudeBot/1.0; +claudebot@anthropic.com)" 1433 **1/1433838**
74.7.227.58 - - [16/Jan/2026:11:17:45 -0700] "GET /category/wildbuddies-visitors-2 HTTP/1.1" 404 10982 "https://veronaae.com" "Mozilla/5.0 AppleWebKit/537.36 (KHTML, like Gecko; compatible; GPTBot/1.3; +https://openai.com/gptbot)" 2414 **2/2414945**
74.7.227.58 - - [16/Jan/2026:11:17:48 -0700] "GET /category/flirtymature-reviews-2 HTTP/1.1" 404 10982 "https://veronaae.com" "Mozilla/5.0 AppleWebKit/537.36 (KHTML, like Gecko; compatible; GPTBot/1.3; +https://openai.com/gptbot)" 1023 **1/1023742**
216.73.216.56 - - [16/Jan/2026:11:17:51 -0700] "GET /?fileloc=%2F%2Flib64%2Fpython3.12%2Fencodings%2F__pycache__%2Fbig5.cpython-312.opt-2.pyc&path=%2F%2Flib64%2Fpython3.12%2Fencodings%2F__pycache__ HTTP/1.1" 301 149 "-" "Mozilla/5.0 AppleWebKit/537.36 (KHTML, like Gecko; compatible; ClaudeBot/1.0; +claudebot@anthropic.com)" 1115 **1/1115379**
216.73.216.56 - - [16/Jan/2026:11:18:01 -0700] "GET /?fileloc=%2F%2Flib%2Fpython3.6%2Fsite-packages%2Fchardet%2F__pycache__%2Fversion.cpython-36.opt-1.pyc&path=%2F%2Flib%2Fpython3.6%2Fsite-packages%2Fchardet%2F__pycache__ HTTP/1.1" 301 149 "-" "Mozilla/5.0 AppleWebKit/537.36 (KHTML, like Gecko; compatible; ClaudeBot/1.0; +claudebot@anthropic.com)" 1954 **1/1954687**
216.73.216.56 - - [16/Jan/2026:11:18:03 -0700] "GET /?e=42357207f6bff HTTP/1.1" 301 149 "-" "Mozilla/5.0 AppleWebKit/537.36 (KHTML, like Gecko; compatible; ClaudeBot/1.0; +claudebot@anthropic.com)" 1272 **1/1272294**
135.181.166.38 - - [16/Jan/2026:11:18:13 -0700] "GET /?e=272496 HTTP/1.1" 301 337 "-" "Mozilla/5.0 (compatible; SERankingBacklinksBot/1.0; +https://seranking.com/backlinks-crawler)" 955 **0/955787**
135.181.166.38 - - [16/Jan/2026:11:18:30 -0700] "GET /?e=277493 HTTP/1.1" 301 337 "-" "Mozilla/5.0 (compatible; SERankingBacklinksBot/1.0; +https://seranking.com/backlinks-crawler)" 1364 **1/1364543**
57.141.20.1 - - [16/Jan/2026:11:18:34 -0700] "GET /?e=26975140071a6 HTTP/1.1" 301 337 "-" "meta-externalagent/1.1 (+https://developers.facebook.com/docs/sharing/webmasters/crawler)" 1906 **1/1906983**
216.73.216.56 - - [16/Jan/2026:11:18:51 -0700] "GET /?e=2330101243cbi HTTP/1.1" 301 149 "-" "Mozilla/5.0 AppleWebKit/537.36 (KHTML, like Gecko; compatible; ClaudeBot/1.0; +claudebot@anthropic.com)" 2184 **2/2184312**
216.73.216.56 - - [16/Jan/2026:11:18:55 -0700] "GET /?fileloc=%2F%2Flib64%2Fpython3.6%2Fencodings%2F__pycache__%2Fmac_arabic.cpython-36.opt-1.pyc&path=%2F%2Flib64%2Fpython3.6%2Fencodings%2F__pycache__ HTTP/1.1" 301 149 "-" "Mozilla/5.0 AppleWebKit/537.36 (KHTML, like Gecko; compatible; ClaudeBot/1.0; +claudebot@anthropic.com)" 1132 **1/1132876**
114.119.130.251 - - [16/Jan/2026:11:18:59 -0700] "GET /xlnbgql/university-of-minnesota-gender-reassignment-surgery.html HTTP/1.1" 301 337 "https://feedita.com/6sceoi4p/frac-sand-hauling-owner-operator.html" "Mozilla/5.0 (Linux; Android 7.0;) AppleWebKit/537.36 (KHTML, like Gecko) Mobile Safari/537.36 (compatible; PetalBot;+https://webmaster.petalsearch.com/site/petalbot)" 1360 **1/1360520**
114.119.130.251 - - [16/Jan/2026:11:19:00 -0700] "GET /xlnbgql/university-of-minnesota-gender-reassignment-surgery.html HTTP/1.1" 404 59131 "https://feedita.com/6sceoi4p/frac-sand-hauling-owner-operator.html" "Mozilla/5.0 (Linux; Android 7.0;) AppleWebKit/537.36 (KHTML, like Gecko) Mobile Safari/537.36 (compatible; PetalBot;+https://webmaster.petalsearch.com/site/petalbot)" 1850 **1/1850297**
216.73.216.56 - - [16/Jan/2026:11:19:11 -0700] "GET /?e=2114003di2576 HTTP/1.1" 301 149 "-" "Mozilla/5.0 AppleWebKit/537.36 (KHTML, like Gecko; compatible; ClaudeBot/1.0; +claudebot@anthropic.com)" 1562 **1/1562007**
216.73.216.56 - - [16/Jan/2026:11:19:14 -0700] "GET /?e=968264iecfh5 HTTP/1.1" 301 149 "-" "Mozilla/5.0 AppleWebKit/537.36 (KHTML, like Gecko; compatible; ClaudeBot/1.0; +claudebot@anthropic.com)" 2146 **2/2146347**
57.141.20.57 - - [16/Jan/2026:11:19:15 -0700] "GET /?e=705991a77g2f HTTP/1.1" 301 337 "-" "meta-externalagent/1.1 (+https://developers.facebook.com/docs/sharing/webmasters/crawler)" 1573 **1/1573177**
135.181.166.38 - - [16/Jan/2026:11:19:20 -0700] "GET /?e=278322 HTTP/1.1" 301 337 "-" "Mozilla/5.0 (compatible; SERankingBacklinksBot/1.0; +https://seranking.com/backlinks-crawler)" 1148 **1/1148760**
135.181.166.38 - - [16/Jan/2026:11:19:39 -0700] "GET /?e=284237 HTTP/1.1" 301 337 "-" "Mozilla/5.0 (compatible; SERankingBacklinksBot/1.0; +https://seranking.com/backlinks-crawler)" 1107 **1/1107812**
216.73.216.56 - - [16/Jan/2026:11:19:54 -0700] "GET /?e=2904849fi5ijj HTTP/1.1" 301 149 "-" "Mozilla/5.0 AppleWebKit/537.36 (KHTML, like Gecko; compatible; ClaudeBot/1.0; +claudebot@anthropic.com)" 1112 **1/1112953**
135.181.166.38 - - [16/Jan/2026:11:20:16 -0700] "GET /?e=285967 HTTP/1.1" 301 337 "-" "Mozilla/5.0 (compatible; SERankingBacklinksBot/1.0; +https://seranking.com/backlinks-crawler)" 1256 **1/1256491**
57.141.20.19 - - [16/Jan/2026:11:20:17 -0700] "GET /?e=3327395i146j1 HTTP/1.1" 301 337 "-" "meta-externalagent/1.1 (+https://developers.facebook.com/docs/sharing/webmasters/crawler)" 1270 **1/1270034**
114.119.130.18 - - [16/Jan/2026:11:20:22 -0700] "GET /xlnbgql/react-excel-table.html HTTP/1.1" 301 337 "https://kesornspa.com/cpjvjn/unicorn-poop-strain-effects.html" "Mozilla/5.0 (Linux; Android 7.0;) AppleWebKit/537.36 (KHTML, like Gecko) Mobile Safari/537.36 (compatible; PetalBot;+https://webmaster.petalsearch.com/site/petalbot)" 1528 **1/1528152**
216.73.216.56 - - [16/Jan/2026:11:20:24 -0700] "GET /?e=2797727g5h29h HTTP/1.1" 301 149 "-" "Mozilla/5.0 AppleWebKit/537.36 (KHTML, like Gecko; compatible; ClaudeBot/1.0; +claudebot@anthropic.com)" 2065 **2/2065031**
114.119.130.18 - - [16/Jan/2026:11:20:24 -0700] "GET /xlnbgql/react-excel-table.html HTTP/1.1" 404 59131 "https://kesornspa.com/cpjvjn/unicorn-poop-strain-effects.html" "Mozilla/5.0 (Linux; Android 7.0;) AppleWebKit/537.36 (KHTML, like Gecko) Mobile Safari/537.36 (compatible; PetalBot;+https://webmaster.petalsearch.com/site/petalbot)" 2399 **2/2399122**
57.141.20.57 - - [16/Jan/2026:11:20:31 -0700] "GET /?e=5239004586dfc HTTP/1.1" 301 337 "-" "meta-externalagent/1.1 (+https://developers.facebook.com/docs/sharing/webmasters/crawler)" 1231 **1/1231387**
216.73.216.56 - - [16/Jan/2026:11:20:40 -0700] "GET /?fileloc=%2F%2Flib%2Fgrub%2Fi386-pc%2Fprocfs.mod&path=%2F%2Flib%2Fgrub%2Fi386-pc HTTP/1.1" 301 149 "-" "Mozilla/5.0 AppleWebKit/537.36 (KHTML, like Gecko; compatible; ClaudeBot/1.0; +claudebot@anthropic.com)" 1566 **1/1566536**
57.141.20.41 - - [16/Jan/2026:11:20:51 -0700] "GET /?e=332002507c7e8 HTTP/1.1" 301 337 "-" "meta-externalagent/1.1 (+https://developers.facebook.com/docs/sharing/webmasters/crawler)" 1337 **1/1337334**
135.181.166.38 - - [16/Jan/2026:11:20:52 -0700] "GET /?e=288448 HTTP/1.1" 301 337 "-" "Mozilla/5.0 (compatible; SERankingBacklinksBot/1.0; +https://seranking.com/backlinks-crawler)" 912 **0/912049**
216.73.216.56 - - [16/Jan/2026:11:21:07 -0700] "GET /?fileloc=%2F%2Fusr%2Flib%2F.build-id%2F75%2Fe073fa5230abc7d3cec652fe701cd1cf44cdca&path=%2F%2Fusr%2Flib%2F.build-id%2F75 HTTP/1.1" 301 149 "-" "Mozilla/5.0 AppleWebKit/537.36 (KHTML, like Gecko; compatible; ClaudeBot/1.0; +claudebot@anthropic.com)" 1411 **1/1411661**
57.141.20.3 - - [16/Jan/2026:11:21:24 -0700] "GET /?e=4062345b08g4c HTTP/1.1" 301 337 "-" "meta-externalagent/1.1 (+https://developers.facebook.com/docs/sharing/webmasters/crawler)" 1087 **1/1087056**
135.181.166.38 - - [16/Jan/2026:11:21:46 -0700] "GET /?e=288520 HTTP/1.1" 301 337 "-" "Mozilla/5.0 (compatible; SERankingBacklinksBot/1.0; +https://seranking.com/backlinks-crawler)" 836 **0/836915**
114.119.157.158 - - [16/Jan/2026:11:21:47 -0700] "GET /xlnbgql/pid-tuning-python.html HTTP/1.1" 301 337 "http://klaskeypma-prins.nl/k2naj33/lkq-heavy-truck-locations.html" "Mozilla/5.0 (Linux; Android 7.0;) AppleWebKit/537.36 (KHTML, like Gecko) Mobile Safari/537.36 (compatible; PetalBot;+https://webmaster.petalsearch.com/site/petalbot)" 1570 **1/1570499**
114.119.157.158 - - [16/Jan/2026:11:21:49 -0700] "GET /xlnbgql/pid-tuning-python.html HTTP/1.1" 404 59131 "http://klaskeypma-prins.nl/k2naj33/lkq-heavy-truck-locations.html" "Mozilla/5.0 (Linux; Android 7.0;) AppleWebKit/537.36 (KHTML, like Gecko) Mobile Safari/537.36 (compatible; PetalBot;+https://webmaster.petalsearch.com/site/petalbot)" 1655 **1/1655347**
57.141.20.6 - - [16/Jan/2026:11:21:51 -0700] "GET /?e=59777195a2d6 HTTP/1.1" 301 337 "-" "meta-externalagent/1.1 (+https://developers.facebook.com/docs/sharing/webmasters/crawler)" 2080 **2/2080704**
216.73.216.56 - - [16/Jan/2026:11:21:52 -0700] "GET /?fileloc=%2F%2Fusr%2Flib%2Fkbd%2Fkeymaps%2Fxkb%2Flv-apostrophe.map.gz&path=%2F%2Fusr%2Flib%2Fkbd%2Fkeymaps%2Fxkb HTTP/1.1" 301 149 "-" "Mozilla/5.0 AppleWebKit/537.36 (KHTML, like Gecko; compatible; ClaudeBot/1.0; +claudebot@anthropic.com)" 1626 **1/1626479**
57.141.20.57 - - [16/Jan/2026:11:21:57 -0700] "GET /?e=4403937af9ij1 HTTP/1.1" 301 337 "-" "meta-externalagent/1.1 (+https://developers.facebook.com/docs/sharing/webmasters/crawler)" 1139 **1/1139408**
57.141.20.59 - - [16/Jan/2026:11:22:10 -0700] "GET /?e=59777195a2d6 HTTP/1.1" 301 337 "-" "meta-externalagent/1.1 (+https://developers.facebook.com/docs/sharing/webmasters/crawler)" 1425 **1/1425281**
57.141.20.42 - - [16/Jan/2026:11:22:16 -0700] "GET /?e=4403937af9ij1 HTTP/1.1" 301 337 "-" "meta-externalagent/1.1 (+https://developers.facebook.com/docs/sharing/webmasters/crawler)" 1015 **1/1015837**
135.181.166.38 - - [16/Jan/2026:11:22:24 -0700] "GET /?e=292942 HTTP/1.1" 301 337 "-" "Mozilla/5.0 (compatible; SERankingBacklinksBot/1.0; +https://seranking.com/backlinks-crawler)" 829 **0/829515**
57.141.20.30 - - [16/Jan/2026:11:22:26 -0700] "GET /?e=267292776af0c HTTP/1.1" 301 337 "-" "meta-externalagent/1.1 (+https://developers.facebook.com/docs/sharing/webmasters/crawler)" 1179 **1/1179664**
57.141.20.52 - - [16/Jan/2026:11:22:35 -0700] "GET /?e=263794460h5i0 HTTP/1.1" 301 337 "-" "meta-externalagent/1.1 (+https://developers.facebook.com/docs/sharing/webmasters/crawler)" 1111 **1/1111747**
135.181.166.38 - - [16/Jan/2026:11:22:42 -0700] "GET /?e=300259 HTTP/1.1" 301 337 "-" "Mozilla/5.0 (compatible; SERankingBacklinksBot/1.0; +https://seranking.com/backlinks-crawler)" 1201 **1/1201233**
57.141.20.53 - - [16/Jan/2026:11:22:58 -0700] "GET /?e=3771561f26j7d HTTP/1.1" 301 337 "-" "meta-externalagent/1.1 (+https://developers.facebook.com/docs/sharing/webmasters/crawler)" 1392 **1/1392524**
57.141.20.41 - - [16/Jan/2026:11:23:07 -0700] "GET /?e=173224632aj9g HTTP/1.1" 301 337 "-" "meta-externalagent/1.1 (+https://developers.facebook.com/docs/sharing/webmasters/crawler)" 1495 **1/1495735**
114.119.130.18 - - [16/Jan/2026:11:23:09 -0700] "GET /xlnbgql/lodi-high-football-tickets.html HTTP/1.1" 301 337 "http://miamiwaterfrontestaterentals.com/bp2y/general-biology-1-pdf-module.html" "Mozilla/5.0 (Linux; Android 7.0;) AppleWebKit/537.36 (KHTML, like Gecko) Mobile Safari/537.36 (compatible; PetalBot;+https://webmaster.petalsearch.com/site/petalbot)" 1196 **1/1196533**
114.119.130.18 - - [16/Jan/2026:11:23:11 -0700] "GET /xlnbgql/lodi-high-football-tickets.html HTTP/1.1" 404 59131 "http://miamiwaterfrontestaterentals.com/bp2y/general-biology-1-pdf-module.html" "Mozilla/5.0 (Linux; Android 7.0;) AppleWebKit/537.36 (KHTML, like Gecko) Mobile Safari/537.36 (compatible; PetalBot;+https://webmaster.petalsearch.com/site/petalbot)" 1396 **1/1396163**
135.181.166.38 - - [16/Jan/2026:11:23:21 -0700] "GET /?e=300999 HTTP/1.1" 301 337 "-" "Mozilla/5.0 (compatible; SERankingBacklinksBot/1.0; +https://seranking.com/backlinks-crawler)" 1148 **1/1148312**
57.141.20.41 - - [16/Jan/2026:11:24:10 -0700] "GET /?fileloc=/home/bpw3460lz1vy/public_html/wp-admin/js/widgets/media-gallery-widget.js&path=/home/bpw3460lz1vy/public_html/wp-admin/js/widgets HTTP/1.1" 301 337 "-" "meta-externalagent/1.1 (+https://developers.facebook.com/docs/sharing/webmasters/crawler)" 1298 **1/1298790**
135.181.166.38 - - [16/Jan/2026:11:24:19 -0700] "GET /?e=304057 HTTP/1.1" 301 337 "-" "Mozilla/5.0 (compatible; SERankingBacklinksBot/1.0; +https://seranking.com/backlinks-crawler)" 1188 **1/1188729**
57.141.20.44 - - [16/Jan/2026:11:24:23 -0700] "GET /?e=5080605643353 HTTP/1.1" 301 337 "-" "meta-externalagent/1.1 (+https://developers.facebook.com/docs/sharing/webmasters/crawler)" 1446 **1/1446696**
184.168.114.89 - - [16/Jan/2026:11:24:34 -0700] "POST /wp-cron.php?doing_wp_cron=1768587874.6951889991760253906250 HTTP/1.1" 200 - "-" "WordPress/6.8.1; https://www.veronaae.com" 85 **0/85670**
114.119.130.18 - - [16/Jan/2026:11:24:33 -0700] "GET /xlnbgql/iron-rooster-menu.html HTTP/1.1" 301 337 "https://www.ballthai.com/%E0%B8%9A%E0%B8%AD%E0%B8%A5%E0%B9%84%E0%B8%97%E0%B8%A2%E0%B8%A7%E0%B8%B1%E0%B8%99%E0%B8%99%E0%B8%B5%E0%B9%89/page/1260" "Mozilla/5.0 (Linux; Android 7.0;) AppleWebKit/537.36 (KHTML, like Gecko) Mobile Safari/537.36 (compatible; PetalBot;+https://webmaster.petalsearch.com/site/petalbot)" 1462 **1/1462577**
114.119.130.18 - - [16/Jan/2026:11:24:34 -0700] "GET /xlnbgql/iron-rooster-menu.html HTTP/1.1" 404 59131 "https://www.ballthai.com/%E0%B8%9A%E0%B8%AD%E0%B8%A5%E0%B9%84%E0%B8%97%E0%B8%A2%E0%B8%A7%E0%B8%B1%E0%B8%99%E0%B8%99%E0%B8%B5%E0%B9%89/page/1260" "Mozilla/5.0 (Linux; Android 7.0;) AppleWebKit/537.36 (KHTML, like Gecko) Mobile Safari/537.36 (compatible; PetalBot;+https://webmaster.petalsearch.com/site/petalbot)" 2901 **2/2901354**
135.181.166.38 - - [16/Jan/2026:11:24:42 -0700] "GET /?e=310088 HTTP/1.1" 301 337 "-" "Mozilla/5.0 (compatible; SERankingBacklinksBot/1.0; +https://seranking.com/backlinks-crawler)" 1198 **1/1198034**
57.141.20.11 - - [16/Jan/2026:11:25:18 -0700] "GET /?e=39498423h732c HTTP/1.1" 301 337 "-" "meta-externalagent/1.1 (+https://developers.facebook.com/docs/sharing/webmasters/crawler)" 1149 **1/1149744**
57.141.20.6 - - [16/Jan/2026:11:25:21 -0700] "GET /?e=1188346hjjd9j HTTP/1.1" 301 337 "-" "meta-externalagent/1.1 (+https://developers.facebook.com/docs/sharing/webmasters/crawler)" 1865 **1/1865242**
103.131.71.169 - - [16/Jan/2026:11:25:21 -0700] "GET /robots.txt HTTP/1.1" 301 337 "-" "Mozilla/5.0 (compatible; coccocbot-web/1.0; +http://help.coccoc.com/searchengine)" 2084 **2/2084655**
135.181.166.38 - - [16/Jan/2026:11:25:22 -0700] "GET /?e=311573 HTTP/1.1" 301 337 "-" "Mozilla/5.0 (compatible; SERankingBacklinksBot/1.0; +https://seranking.com/backlinks-crawler)" 1688 **1/1688363**
103.131.71.169 - - [16/Jan/2026:11:25:24 -0700] "GET /robots.txt HTTP/1.1" 200 243 "-" "Mozilla/5.0 (compatible; coccocbot-web/1.0; +http://help.coccoc.com/searchengine)" 1459 **1/1459542**
184.168.114.89 - - [16/Jan/2026:11:25:34 -0700] "POST /wp-cron.php?doing_wp_cron=1768587934.6135749816894531250000 HTTP/1.1" 200 - "-" "WordPress/6.8.1; https://www.veronaae.com" 21 **0/21819**
57.141.20.21 - - [16/Jan/2026:11:25:33 -0700] "GET /?e=385391753e424 HTTP/1.1" 301 337 "-" "meta-externalagent/1.1 (+https://developers.facebook.com/docs/sharing/webmasters/crawler)" 1478 **1/1478533**
74.7.227.58 - - [16/Jan/2026:11:25:36 -0700] "GET /category/hiki-datings-2 HTTP/1.1" 404 10982 "https://veronaae.com" "Mozilla/5.0 AppleWebKit/537.36 (KHTML, like Gecko; compatible; GPTBot/1.3; +https://openai.com/gptbot)" 997 **0/997148**
57.141.20.11 - - [16/Jan/2026:11:25:40 -0700] "GET /?e=52405240fdfg2 HTTP/1.1" 301 337 "-" "meta-externalagent/1.1 (+https://developers.facebook.com/docs/sharing/webmasters/crawler)" 1362 **1/1362116**
57.141.20.42 - - [16/Jan/2026:11:25:47 -0700] "GET /?e=1126046gi57fi HTTP/1.1" 301 337 "-" "meta-externalagent/1.1 (+https://developers.facebook.com/docs/sharing/webmasters/crawler)" 1321 **1/1321711**
114.119.129.113 - - [16/Jan/2026:11:25:58 -0700] "GET /xlnbgql/frisco-date-night-restaurants.html HTTP/1.1" 301 337 "https://djholzwurm.de/81ldgb1/nes-roms-zip.html" "Mozilla/5.0 (Linux; Android 7.0;) AppleWebKit/537.36 (KHTML, like Gecko) Mobile Safari/537.36 (compatible; PetalBot;+https://webmaster.petalsearch.com/site/petalbot)" 1256 **1/1256891**
114.119.129.113 - - [16/Jan/2026:11:26:01 -0700] "GET /xlnbgql/frisco-date-night-restaurants.html HTTP/1.1" 404 59131 "https://djholzwurm.de/81ldgb1/nes-roms-zip.html" "Mozilla/5.0 (Linux; Android 7.0;) AppleWebKit/537.36 (KHTML, like Gecko) Mobile Safari/537.36 (compatible; PetalBot;+https://webmaster.petalsearch.com/site/petalbot)" 1423 **1/1423629**
57.141.20.30 - - [16/Jan/2026:11:26:18 -0700] "GET /?e=5448635614a0f HTTP/1.1" 301 337 "-" "meta-externalagent/1.1 (+https://developers.facebook.com/docs/sharing/webmasters/crawler)" 989 **0/989468**
135.181.166.38 - - [16/Jan/2026:11:26:24 -0700] "GET /?e=317555 HTTP/1.1" 301 337 "-" "Mozilla/5.0 (compatible; SERankingBacklinksBot/1.0; +https://seranking.com/backlinks-crawler)" 874 **0/874786**
57.141.20.59 - - [16/Jan/2026:11:26:30 -0700] "GET /?e=25537125fc2d8 HTTP/1.1" 301 337 "-" "meta-externalagent/1.1 (+https://developers.facebook.com/docs/sharing/webmasters/crawler)" 970 **0/970261**
57.141.20.0 - - [16/Jan/2026:11:26:42 -0700] "GET /?e=540566195g32a HTTP/1.1" 301 337 "-" "meta-externalagent/1.1 (+https://developers.facebook.com/docs/sharing/webmasters/crawler)" 1410 **1/1410648**
57.141.20.14 - - [16/Jan/2026:11:26:46 -0700] "GET /?e=42883877e70di HTTP/1.1" 301 337 "-" "meta-externalagent/1.1 (+https://developers.facebook.com/docs/sharing/webmasters/crawler)" 1356 **1/1356287**
57.141.20.14 - - [16/Jan/2026:11:27:00 -0700] "GET /?e=509086gjbd72 HTTP/1.1" 301 337 "-" "meta-externalagent/1.1 (+https://developers.facebook.com/docs/sharing/webmasters/crawler)" 1639 **1/1639462**
216.244.66.247 - - [16/Jan/2026:11:27:03 -0700] "GET /robots.txt HTTP/1.1" 301 337 "-" "Mozilla/5.0 (compatible; DotBot/1.2; +https://opensiteexplorer.org/dotbot; help@moz.com)" 1802 **1/1802558**
216.244.66.247 - - [16/Jan/2026:11:27:06 -0700] "GET /robots.txt HTTP/1.1" 200 454 "-" "Mozilla/5.0 (compatible; DotBot/1.2; +https://opensiteexplorer.org/dotbot; help@moz.com)" 1956 **1/1956080**
135.181.166.38 - - [16/Jan/2026:11:27:06 -0700] "GET /?e=319074 HTTP/1.1" 301 337 "-" "Mozilla/5.0 (compatible; SERankingBacklinksBot/1.0; +https://seranking.com/backlinks-crawler)" 1866 **1/1866334**
216.73.216.56 - - [16/Jan/2026:11:27:11 -0700] "GET /?fileloc=%2F%2Flib64%2Fpython3.6%2Fencodings%2F__pycache__%2Fgbk.cpython-36.opt-1.pyc&path=%2F%2Flib64%2Fpython3.6%2Fencodings%2F__pycache__ HTTP/1.1" 301 149 "-" "Mozilla/5.0 AppleWebKit/537.36 (KHTML, like Gecko; compatible; ClaudeBot/1.0; +claudebot@anthropic.com)" 1363 **1/1363818**
57.141.20.24 - - [16/Jan/2026:11:27:12 -0700] "GET /?e=2178817dh9b5g HTTP/1.1" 301 337 "-" "meta-externalagent/1.1 (+https://developers.facebook.com/docs/sharing/webmasters/crawler)" 1358 **1/1358733**
57.141.20.21 - - [16/Jan/2026:11:27:16 -0700] "GET /?e=331836363gc9g HTTP/1.1" 301 337 "-" "meta-externalagent/1.1 (+https://developers.facebook.com/docs/sharing/webmasters/crawler)" 1419 **1/1419506**
114.119.159.152 - - [16/Jan/2026:11:27:20 -0700] "GET /xlnbgql/concerts-in-new-york-january-2023.html HTTP/1.1" 301 337 "https://www.ballthai.com/%e0%b8%a7%e0%b8%b4%e0%b9%80%e0%b8%84%e0%b8%a3%e0%b8%b2%e0%b8%b0%e0%b8%ab%e0%b9%8c%e0%b8%9a%e0%b8%ad%e0%b8%a5-%e0%b9%84%e0%b8%97%e0%b8%a2%e0%b8%a5%e0%b8%b5%e0%b8%81-2022-23-%e0%b8%99%e0%b8%b1%e0%b8%94%e0%b8%97%e0%b8%b5%e0%b9%88-17-%e0%b9%80%e0%b8%a1%e0%b8%b7%e0%b8%ad%e0%b8%87%e0%b8%97%e0%b8%ad%e0%b8%87-vs-%e0%b8%99%e0%b8%84%e0%b8%a3%e0%b8%a3%e0%b8%b2%e0%b8%8a%e0%b8%aa%e0%b8%b5%e0%b8%a1%e0%b8%b2-28-01-65/" "Mozilla/5.0 (Linux; Android 7.0;) AppleWebKit/537.36 (KHTML, like Gecko) Mobile Safari/537.36 (compatible; PetalBot;+https://webmaster.petalsearch.com/site/petalbot)" 1532 **1/1532607**
114.119.159.152 - - [16/Jan/2026:11:27:22 -0700] "GET /xlnbgql/concerts-in-new-york-january-2023.html HTTP/1.1" 404 59131 "https://www.ballthai.com/%e0%b8%a7%e0%b8%b4%e0%b9%80%e0%b8%84%e0%b8%a3%e0%b8%b2%e0%b8%b0%e0%b8%ab%e0%b9%8c%e0%b8%9a%e0%b8%ad%e0%b8%a5-%e0%b9%84%e0%b8%97%e0%b8%a2%e0%b8%a5%e0%b8%b5%e0%b8%81-2022-23-%e0%b8%99%e0%b8%b1%e0%b8%94%e0%b8%97%e0%b8%b5%e0%b9%88-17-%e0%b9%80%e0%b8%a1%e0%b8%b7%e0%b8%ad%e0%b8%87%e0%b8%97%e0%b8%ad%e0%b8%87-vs-%e0%b8%99%e0%b8%84%e0%b8%a3%e0%b8%a3%e0%b8%b2%e0%b8%8a%e0%b8%aa%e0%b8%b5%e0%b8%a1%e0%b8%b2-28-01-65/" "Mozilla/5.0 (Linux; Android 7.0;) AppleWebKit/537.36 (KHTML, like Gecko) Mobile Safari/537.36 (compatible; PetalBot;+https://webmaster.petalsearch.com/site/petalbot)" 1616 **1/1616115**
135.181.166.38 - - [16/Jan/2026:11:27:29 -0700] "GET /?e=320024 HTTP/1.1" 301 337 "-" "Mozilla/5.0 (compatible; SERankingBacklinksBot/1.0; +https://seranking.com/backlinks-crawler)" 1350 **1/1350402**
57.141.20.2 - - [16/Jan/2026:11:27:38 -0700] "GET /?e=4861054j4fh4i HTTP/1.1" 301 337 "-" "meta-externalagent/1.1 (+https://developers.facebook.com/docs/sharing/webmasters/crawler)" 956 **0/956023**
57.141.20.51 - - [16/Jan/2026:11:27:49 -0700] "GET /?e=52240919ee22d HTTP/1.1" 301 337 "-" "meta-externalagent/1.1 (+https://developers.facebook.com/docs/sharing/webmasters/crawler)" 931 **0/931411**
57.141.20.57 - - [16/Jan/2026:11:27:51 -0700] "GET /?e=4119096hfdj3a HTTP/1.1" 301 337 "-" "meta-externalagent/1.1 (+https://developers.facebook.com/docs/sharing/webmasters/crawler)" 1499 **1/1499157**
57.141.20.25 - - [16/Jan/2026:11:27:55 -0700] "GET /?e=4813117f28j30 HTTP/1.1" 301 337 "-" "meta-externalagent/1.1 (+https://developers.facebook.com/docs/sharing/webmasters/crawler)" 1310 **1/1310798**
57.141.20.11 - - [16/Jan/2026:11:27:57 -0700] "GET /?e=279140302b986 HTTP/1.1" 301 337 "-" "meta-externalagent/1.1 (+https://developers.facebook.com/docs/sharing/webmasters/crawler)" 1129 **1/1129145**
57.141.20.53 - - [16/Jan/2026:11:28:00 -0700] "GET /?e=43943940ib32e HTTP/1.1" 301 337 "-" "meta-externalagent/1.1 (+https://developers.facebook.com/docs/sharing/webmasters/crawler)" 1402 **1/1402602**
216.73.216.56 - - [16/Jan/2026:11:28:07 -0700] "GET /?fileloc=%2F%2Flib%2Fpython2.7%2Fsite-packages%2Fpip%2Futils%2F__init__.pyc&path=%2F%2Flib%2Fpython2.7%2Fsite-packages%2Fpip%2Futils HTTP/1.1" 301 149 "-" "Mozilla/5.0 AppleWebKit/537.36 (KHTML, like Gecko; compatible; ClaudeBot/1.0; +claudebot@anthropic.com)" 1260 **1/1260773**
135.181.166.38 - - [16/Jan/2026:11:28:11 -0700] "GET /?e=328001 HTTP/1.1" 301 337 "-" "Mozilla/5.0 (compatible; SERankingBacklinksBot/1.0; +https://seranking.com/backlinks-crawler)" 1081 **1/1081373**
74.7.227.58 - - [16/Jan/2026:11:28:16 -0700] "GET /category/latinomeetup-review HTTP/1.1" 404 10982 "https://veronaae.com" "Mozilla/5.0 AppleWebKit/537.36 (KHTML, like Gecko; compatible; GPTBot/1.3; +https://openai.com/gptbot)" 1328 **1/1328333**
57.141.20.10 - - [16/Jan/2026:11:28:35 -0700] "GET /?e=2464625f1b3j0 HTTP/1.1" 301 337 "-" "meta-externalagent/1.1 (+https://developers.facebook.com/docs/sharing/webmasters/crawler)" 1464 **1/1464233**
114.119.153.246 - - [16/Jan/2026:11:28:44 -0700] "GET /xlnbgql/best-paint-for-filling-engraving.html HTTP/1.1" 301 337 "https://uaac.org/gn76uft/korean-girl-names-with-kim.html" "Mozilla/5.0 (Linux; Android 7.0;) AppleWebKit/537.36 (KHTML, like Gecko) Mobile Safari/537.36 (compatible; PetalBot;+https://webmaster.petalsearch.com/site/petalbot)" 1473 **1/1473218**
114.119.153.246 - - [16/Jan/2026:11:28:45 -0700] "GET /xlnbgql/best-paint-for-filling-engraving.html HTTP/1.1" 404 59131 "https://uaac.org/gn76uft/korean-girl-names-with-kim.html" "Mozilla/5.0 (Linux; Android 7.0;) AppleWebKit/537.36 (KHTML, like Gecko) Mobile Safari/537.36 (compatible; PetalBot;+https://webmaster.petalsearch.com/site/petalbot)" 1223 **1/1223901**
74.208.174.68 - - [16/Jan/2026:11:28:56 -0700] "GET /about.php?520 HTTP/1.1" 301 337 "-" "Mozilla/5.0 (Windows NT 10.0; Win64; x64) AppleWebKit/537.36 (KHTML, like Gecko) Chrome/143.0.0.0 Safari/537.36" 1083 **1/1083842**
74.208.174.68 - - [16/Jan/2026:11:28:58 -0700] "GET /about.php?520 HTTP/1.1" 404 59131 "-" "Mozilla/5.0 (Windows NT 10.0; Win64; x64) AppleWebKit/537.36 (KHTML, like Gecko) Chrome/143.0.0.0 Safari/537.36" 1198 **1/1198500**
74.208.174.68 - - [16/Jan/2026:11:28:59 -0700] "GET /admin.php?520 HTTP/1.1" 301 337 "-" "Mozilla/5.0 (Windows NT 10.0; Win64; x64) AppleWebKit/537.36 (KHTML, like Gecko) Chrome/143.0.0.0 Safari/537.36" 1982 **1/1982392**
216.73.216.56 - - [16/Jan/2026:11:29:01 -0700] "GET /?fileloc=%2F%2Flib64%2Fpython3.6%2Fencodings%2F__pycache__%2Fjohab.cpython-36.pyc&path=%2F%2Flib64%2Fpython3.6%2Fencodings%2F__pycache__ HTTP/1.1" 301 149 "-" "Mozilla/5.0 AppleWebKit/537.36 (KHTML, like Gecko; compatible; ClaudeBot/1.0; +claudebot@anthropic.com)" 3254 **3/3254886**
74.208.174.68 - - [16/Jan/2026:11:29:02 -0700] "GET /admin.php?520 HTTP/1.1" 404 59131 "-" "Mozilla/5.0 (Windows NT 10.0; Win64; x64) AppleWebKit/537.36 (KHTML, like Gecko) Chrome/143.0.0.0 Safari/537.36" 3232 **3/3232187**
57.141.20.21 - - [16/Jan/2026:11:29:11 -0700] "GET /?e=595836317380 HTTP/1.1" 301 337 "-" "meta-externalagent/1.1 (+https://developers.facebook.com/docs/sharing/webmasters/crawler)" 1107 **1/1107858**
135.181.166.38 - - [16/Jan/2026:11:29:14 -0700] "GET /?e=337900 HTTP/1.1" 301 337 "-" "Mozilla/5.0 (compatible; SERankingBacklinksBot/1.0; +https://seranking.com/backlinks-crawler)" 1387 **1/1387679**
57.141.20.4 - - [16/Jan/2026:11:29:17 -0700] "GET /?e=4279604j2de32 HTTP/1.1" 301 337 "-" "meta-externalagent/1.1 (+https://developers.facebook.com/docs/sharing/webmasters/crawler)" 1597 **1/1597637**
57.141.20.50 - - [16/Jan/2026:11:29:35 -0700] "GET /?e=3181223dh50hj HTTP/1.1" 301 337 "-" "meta-externalagent/1.1 (+https://developers.facebook.com/docs/sharing/webmasters/crawler)" 1682 **1/1682023**
57.141.20.43 - - [16/Jan/2026:11:29:50 -0700] "GET /?e=41879897e22j HTTP/1.1" 301 337 "-" "meta-externalagent/1.1 (+https://developers.facebook.com/docs/sharing/webmasters/crawler)" 861 **0/861506**
135.181.166.38 - - [16/Jan/2026:11:29:58 -0700] "GET /?e=344471 HTTP/1.1" 301 337 "-" "Mozilla/5.0 (compatible; SERankingBacklinksBot/1.0; +https://seranking.com/backlinks-crawler)" 1194 **1/1194104**
