216.73.216.56 - - [16/Jan/2026:06:35:21 -0700] "GET /?fileloc=%2F%2Fusr%2Flib%2F.build-id%2F54%2F19157e59f6824ef33b3689a5595a83e3ef1700&path=%2F%2Fusr%2Flib%2F.build-id%2F54 HTTP/1.1" 301 149 "-" "Mozilla/5.0 AppleWebKit/537.36 (KHTML, like Gecko; compatible; ClaudeBot/1.0; +claudebot@anthropic.com)" 10605 **10/10605113**
114.119.157.158 - - [16/Jan/2026:06:36:07 -0700] "GET /xlnbgql/ithaca-flues-parts-diagram.html HTTP/1.1" 301 337 "https://studycampus.live/j99njy/newsweek-wordle-hint-today-thursday.html" "Mozilla/5.0 (Linux; Android 7.0;) AppleWebKit/537.36 (KHTML, like Gecko) Mobile Safari/537.36 (compatible; PetalBot;+https://webmaster.petalsearch.com/site/petalbot)" 4344 **4/4344617**
114.119.157.158 - - [16/Jan/2026:06:36:12 -0700] "GET /xlnbgql/ithaca-flues-parts-diagram.html HTTP/1.1" 404 59131 "https://studycampus.live/j99njy/newsweek-wordle-hint-today-thursday.html" "Mozilla/5.0 (Linux; Android 7.0;) AppleWebKit/537.36 (KHTML, like Gecko) Mobile Safari/537.36 (compatible; PetalBot;+https://webmaster.petalsearch.com/site/petalbot)" 2898 **2/2898004**
216.73.216.56 - - [16/Jan/2026:06:36:08 -0700] "GET /?fileloc=%2F%2Fusr%2Flib%2F.build-id%2Fd1%2F3a4c93292cf135cd8aea8e21548bf98e023d52&path=%2F%2Fusr%2Flib%2F.build-id%2Fd1 HTTP/1.1" 301 149 "-" "Mozilla/5.0 AppleWebKit/537.36 (KHTML, like Gecko; compatible; ClaudeBot/1.0; +claudebot@anthropic.com)" 8105 **8/8105472**
216.73.216.56 - - [16/Jan/2026:06:36:56 -0700] "GET /?fileloc=%2F%2Fusr%2Flib%2F.build-id%2F5b%2F14fc9eb1b2650367182c842c528a046498e109&path=%2F%2Fusr%2Flib%2F.build-id%2F5b HTTP/1.1" 301 149 "-" "Mozilla/5.0 AppleWebKit/537.36 (KHTML, like Gecko; compatible; ClaudeBot/1.0; +claudebot@anthropic.com)" 2763 **2/2763128**
114.119.129.113 - - [16/Jan/2026:06:37:31 -0700] "GET /xlnbgql/artifacts-for-sale-near-me.html HTTP/1.1" 301 337 "https://rlxslot.com/6bpuon/bourbon-secondary-market-price-guide.html" "Mozilla/5.0 (Linux; Android 7.0;) AppleWebKit/537.36 (KHTML, like Gecko) Mobile Safari/537.36 (compatible; PetalBot;+https://webmaster.petalsearch.com/site/petalbot)" 2128 **2/2128541**
184.168.114.89 - - [16/Jan/2026:06:37:34 -0700] "POST /wp-cron.php?doing_wp_cron=1768570654.3856239318847656250000 HTTP/1.1" 200 - "-" "WordPress/6.8.1; https://www.veronaae.com" 21 **0/21668**
114.119.129.113 - - [16/Jan/2026:06:37:33 -0700] "GET /xlnbgql/artifacts-for-sale-near-me.html HTTP/1.1" 404 59131 "https://rlxslot.com/6bpuon/bourbon-secondary-market-price-guide.html" "Mozilla/5.0 (Linux; Android 7.0;) AppleWebKit/537.36 (KHTML, like Gecko) Mobile Safari/537.36 (compatible; PetalBot;+https://webmaster.petalsearch.com/site/petalbot)" 1185 **1/1185906**
114.119.130.251 - - [16/Jan/2026:06:38:54 -0700] "GET /xlnbgql/armenian-traditions-and-holidays.html HTTP/1.1" 301 337 "http://giannasalamone.com/27bxu/traditional-nursery-rhymes-lyrics.html" "Mozilla/5.0 (Linux; Android 7.0;) AppleWebKit/537.36 (KHTML, like Gecko) Mobile Safari/537.36 (compatible; PetalBot;+https://webmaster.petalsearch.com/site/petalbot)" 1788 **1/1788233**
114.119.130.251 - - [16/Jan/2026:06:38:56 -0700] "GET /xlnbgql/armenian-traditions-and-holidays.html HTTP/1.1" 404 59131 "http://giannasalamone.com/27bxu/traditional-nursery-rhymes-lyrics.html" "Mozilla/5.0 (Linux; Android 7.0;) AppleWebKit/537.36 (KHTML, like Gecko) Mobile Safari/537.36 (compatible; PetalBot;+https://webmaster.petalsearch.com/site/petalbot)" 1074 **1/1074634**
216.73.216.56 - - [16/Jan/2026:06:37:56 -0700] "GET /?fileloc=%2F%2Fusr%2Flib%2F.build-id%2F93%2F82962c0c77baeb5957f222fdc30caa7646da4d&path=%2F%2Fusr%2Flib%2F.build-id%2F93 HTTP/1.1" 301 149 "-" "Mozilla/5.0 AppleWebKit/537.36 (KHTML, like Gecko; compatible; ClaudeBot/1.0; +claudebot@anthropic.com)" 65800 **65/65800071**
216.73.216.56 - - [16/Jan/2026:06:39:05 -0700] "GET /?fileloc=%2F%2Fusr%2Flib%2F.build-id%2F0b%2F718479d39c101c8398129692aa48003be9cefd&path=%2F%2Fusr%2Flib%2F.build-id%2F0b HTTP/1.1" 301 149 "-" "Mozilla/5.0 AppleWebKit/537.36 (KHTML, like Gecko; compatible; ClaudeBot/1.0; +claudebot@anthropic.com)" 2111 **2/2111310**
114.119.129.113 - - [16/Jan/2026:06:40:18 -0700] "GET /xlnbgql/arkansas-statute-of-limitations-property-damage.html HTTP/1.1" 301 337 "https://www.ballthai.com/%E0%B8%AD%E0%B8%B2%E0%B8%99%E0%B8%99%E0%B8%97%E0%B9%8C%E0%B8%99%E0%B8%B3%E0%B8%97%E0%B8%B5%E0%B8%A1-%E0%B8%8A%E0%B9%89%E0%B8%B2%E0%B8%87%E0%B8%A8%E0%B8%B6%E0%B8%81-u23-%E0%B8%95%E0%B8%9A%E0%B9%80/" "Mozilla/5.0 (Linux; Android 7.0;) AppleWebKit/537.36 (KHTML, like Gecko) Mobile Safari/537.36 (compatible; PetalBot;+https://webmaster.petalsearch.com/site/petalbot)" 4121 **4/4121787**
114.119.129.113 - - [16/Jan/2026:06:40:22 -0700] "GET /xlnbgql/arkansas-statute-of-limitations-property-damage.html HTTP/1.1" 404 59131 "https://www.ballthai.com/%E0%B8%AD%E0%B8%B2%E0%B8%99%E0%B8%99%E0%B8%97%E0%B9%8C%E0%B8%99%E0%B8%B3%E0%B8%97%E0%B8%B5%E0%B8%A1-%E0%B8%8A%E0%B9%89%E0%B8%B2%E0%B8%87%E0%B8%A8%E0%B8%B6%E0%B8%81-u23-%E0%B8%95%E0%B8%9A%E0%B9%80/" "Mozilla/5.0 (Linux; Android 7.0;) AppleWebKit/537.36 (KHTML, like Gecko) Mobile Safari/537.36 (compatible; PetalBot;+https://webmaster.petalsearch.com/site/petalbot)" 1951 **1/1951441**
57.141.20.18 - - [16/Jan/2026:06:42:02 -0700] "GET /?e=4050334c3700d HTTP/1.1" 301 337 "-" "meta-externalagent/1.1 (+https://developers.facebook.com/docs/sharing/webmasters/crawler)" 4840 **4/4840609**
114.119.159.152 - - [16/Jan/2026:06:41:42 -0700] "GET /xlnbgql/are-yeti-water-bottles-made-in-the-usa.html HTTP/1.1" 301 337 "https://feedita.com/6sceoi4p/quiz-on-esther-chapter-4.html" "Mozilla/5.0 (Linux; Android 7.0;) AppleWebKit/537.36 (KHTML, like Gecko) Mobile Safari/537.36 (compatible; PetalBot;+https://webmaster.petalsearch.com/site/petalbot)" 33551 **33/33551701**
57.141.20.9 - - [16/Jan/2026:06:42:06 -0700] "GET /?e=5447611jb80ig HTTP/1.1" 301 337 "-" "meta-externalagent/1.1 (+https://developers.facebook.com/docs/sharing/webmasters/crawler)" 9544 **9/9544862**
57.141.20.30 - - [16/Jan/2026:06:42:38 -0700] "GET /?e=4493168i49i9i HTTP/1.1" 301 337 "-" "meta-externalagent/1.1 (+https://developers.facebook.com/docs/sharing/webmasters/crawler)" 2021 **2/2021342**
114.119.130.18 - - [16/Jan/2026:06:43:06 -0700] "GET /xlnbgql/aq10-test-child.html HTTP/1.1" 301 337 "https://studycampus.live/j99njy/how-to-heal-wounded-masculine-energy-in-a-female.html" "Mozilla/5.0 (Linux; Android 7.0;) AppleWebKit/537.36 (KHTML, like Gecko) Mobile Safari/537.36 (compatible; PetalBot;+https://webmaster.petalsearch.com/site/petalbot)" 61065 **61/61065611**
114.119.153.246 - - [16/Jan/2026:06:44:28 -0700] "GET /xlnbgql/apple-software-engineer-salary-per-month.html HTTP/1.1" 301 337 "-" "Mozilla/5.0 (Linux; Android 7.0;) AppleWebKit/537.36 (KHTML, like Gecko) Mobile Safari/537.36 (compatible; PetalBot;+https://webmaster.petalsearch.com/site/petalbot)" 1170 **1/1170197**
114.119.153.246 - - [16/Jan/2026:06:44:29 -0700] "GET /xlnbgql/apple-software-engineer-salary-per-month.html HTTP/1.1" 404 59131 "-" "Mozilla/5.0 (Linux; Android 7.0;) AppleWebKit/537.36 (KHTML, like Gecko) Mobile Safari/537.36 (compatible; PetalBot;+https://webmaster.petalsearch.com/site/petalbot)" 1734 **1/1734981**
57.141.20.21 - - [16/Jan/2026:06:44:46 -0700] "GET /?e=1719162j85j2e HTTP/1.1" 301 337 "-" "meta-externalagent/1.1 (+https://developers.facebook.com/docs/sharing/webmasters/crawler)" 4052 **4/4052595**
114.119.157.189 - - [16/Jan/2026:06:45:57 -0700] "GET /xlnbgql/ap-chemistry-practice-problems-by-topic.html HTTP/1.1" 301 337 "https://rpapestcontrol.com/8y49er/matthew-and-son-funeral-home-obituaries.html" "Mozilla/5.0 (Linux; Android 7.0;) AppleWebKit/537.36 (KHTML, like Gecko) Mobile Safari/537.36 (compatible; PetalBot;+https://webmaster.petalsearch.com/site/petalbot)" 2669 **2/2669921**
114.119.157.189 - - [16/Jan/2026:06:46:00 -0700] "GET /xlnbgql/ap-chemistry-practice-problems-by-topic.html HTTP/1.1" 404 59131 "https://rpapestcontrol.com/8y49er/matthew-and-son-funeral-home-obituaries.html" "Mozilla/5.0 (Linux; Android 7.0;) AppleWebKit/537.36 (KHTML, like Gecko) Mobile Safari/537.36 (compatible; PetalBot;+https://webmaster.petalsearch.com/site/petalbot)" 1583 **1/1583192**
114.119.130.251 - - [16/Jan/2026:06:47:15 -0700] "GET /xlnbgql/android-bluetooth-jammer-app.html HTTP/1.1" 301 337 "https://arrowclout.com/rz3n/rare-breed-forced-reset-trigger-for-sale.html" "Mozilla/5.0 (Linux; Android 7.0;) AppleWebKit/537.36 (KHTML, like Gecko) Mobile Safari/537.36 (compatible; PetalBot;+https://webmaster.petalsearch.com/site/petalbot)" 29828 **29/29828691**
114.119.130.251 - - [16/Jan/2026:06:47:44 -0700] "GET /xlnbgql/android-bluetooth-jammer-app.html HTTP/1.1" 404 59131 "https://arrowclout.com/rz3n/rare-breed-forced-reset-trigger-for-sale.html" "Mozilla/5.0 (Linux; Android 7.0;) AppleWebKit/537.36 (KHTML, like Gecko) Mobile Safari/537.36 (compatible; PetalBot;+https://webmaster.petalsearch.com/site/petalbot)" 4846 **4/4846359**
57.141.20.26 - - [16/Jan/2026:06:47:50 -0700] "GET /?e=39717987bjajd HTTP/1.1" 301 337 "-" "meta-externalagent/1.1 (+https://developers.facebook.com/docs/sharing/webmasters/crawler)" 8480 **8/8480796**
114.119.129.113 - - [16/Jan/2026:06:48:39 -0700] "GET /xlnbgql/android-12-bluetooth-codec.html HTTP/1.1" 301 337 "https://texasstonecreations.com/amkgc/84-inch-kitchen-sink-base-cabinet.html" "Mozilla/5.0 (Linux; Android 7.0;) AppleWebKit/537.36 (KHTML, like Gecko) Mobile Safari/537.36 (compatible; PetalBot;+https://webmaster.petalsearch.com/site/petalbot)" 15137 **15/15137172**
114.119.129.113 - - [16/Jan/2026:06:48:54 -0700] "GET /xlnbgql/android-12-bluetooth-codec.html HTTP/1.1" 404 59131 "https://texasstonecreations.com/amkgc/84-inch-kitchen-sink-base-cabinet.html" "Mozilla/5.0 (Linux; Android 7.0;) AppleWebKit/537.36 (KHTML, like Gecko) Mobile Safari/537.36 (compatible; PetalBot;+https://webmaster.petalsearch.com/site/petalbot)" 2398 **2/2398918**
57.141.20.3 - - [16/Jan/2026:06:48:51 -0700] "GET /?e=2466676f7a290 HTTP/1.1" 301 337 "-" "meta-externalagent/1.1 (+https://developers.facebook.com/docs/sharing/webmasters/crawler)" 67681 **67/67681390**
114.119.151.233 - - [16/Jan/2026:06:50:02 -0700] "GET /xlnbgql/anatomy-of-a-good-kiss.html HTTP/1.1" 301 337 "https://www.ballthai.com/%e0%b8%9e%e0%b8%a3%e0%b9%89%e0%b8%ad%e0%b8%a1%e0%b9%80%e0%b8%95%e0%b9%87%e0%b8%a1%e0%b8%97%e0%b8%b5%e0%b9%88-%e0%b8%8a%e0%b8%9a%e0%b8%b2%e0%b9%81%e0%b8%81%e0%b9%89%e0%b8%a7-%e0%b8%8b%e0%b9%89%e0%b8%ad%e0%b8%a1%e0%b8%95%e0%b9%88%e0%b8%ad%e0%b9%80%e0%b8%99%e0%b8%b7%e0%b9%88%e0%b8%ad%e0%b8%87%e0%b8%81%e0%b9%88%e0%b8%ad%e0%b8%99%e0%b8%a5%e0%b8%b8%e0%b8%a2-%e0%b8%8a%e0%b8%b4%e0%b8%87%e0%b9%81%e0%b8%8a%e0%b8%a1%e0%b8%9b%e0%b9%8c%e0%b8%ad%e0%b8%b2%e0%b9%80%e0%b8%8b%e0%b8%b5%e0%b8%a2%e0%b8%99%e0%b8%a2%e0%b8%b9-18/" "Mozilla/5.0 (Linux; Android 7.0;) AppleWebKit/537.36 (KHTML, like Gecko) Mobile Safari/537.36 (compatible; PetalBot;+https://webmaster.petalsearch.com/site/petalbot)" 2407 **2/2407975**
114.119.151.233 - - [16/Jan/2026:06:50:05 -0700] "GET /xlnbgql/anatomy-of-a-good-kiss.html HTTP/1.1" 404 59131 "https://www.ballthai.com/%e0%b8%9e%e0%b8%a3%e0%b9%89%e0%b8%ad%e0%b8%a1%e0%b9%80%e0%b8%95%e0%b9%87%e0%b8%a1%e0%b8%97%e0%b8%b5%e0%b9%88-%e0%b8%8a%e0%b8%9a%e0%b8%b2%e0%b9%81%e0%b8%81%e0%b9%89%e0%b8%a7-%e0%b8%8b%e0%b9%89%e0%b8%ad%e0%b8%a1%e0%b8%95%e0%b9%88%e0%b8%ad%e0%b9%80%e0%b8%99%e0%b8%b7%e0%b9%88%e0%b8%ad%e0%b8%87%e0%b8%81%e0%b9%88%e0%b8%ad%e0%b8%99%e0%b8%a5%e0%b8%b8%e0%b8%a2-%e0%b8%8a%e0%b8%b4%e0%b8%87%e0%b9%81%e0%b8%8a%e0%b8%a1%e0%b8%9b%e0%b9%8c%e0%b8%ad%e0%b8%b2%e0%b9%80%e0%b8%8b%e0%b8%b5%e0%b8%a2%e0%b8%99%e0%b8%a2%e0%b8%b9-18/" "Mozilla/5.0 (Linux; Android 7.0;) AppleWebKit/537.36 (KHTML, like Gecko) Mobile Safari/537.36 (compatible; PetalBot;+https://webmaster.petalsearch.com/site/petalbot)" 4513 **4/4513158**
216.73.216.56 - - [16/Jan/2026:06:51:13 -0700] "GET /?fileloc=%2F%2Flib64%2Fpython3.12%2Fencodings%2F__pycache__%2Futf_32_le.cpython-312.pyc&path=%2F%2Flib64%2Fpython3.12%2Fencodings%2F__pycache__ HTTP/1.1" 301 149 "-" "Mozilla/5.0 AppleWebKit/537.36 (KHTML, like Gecko; compatible; ClaudeBot/1.0; +claudebot@anthropic.com)" 4627 **4/4627067**
114.119.159.152 - - [16/Jan/2026:06:51:26 -0700] "GET /xlnbgql/an-ssl-error-has-occurred-mac-software-update.html HTTP/1.1" 301 337 "https://sanjayrahate.com/6yne/medu-neter-meaning.html" "Mozilla/5.0 (Linux; Android 7.0;) AppleWebKit/537.36 (KHTML, like Gecko) Mobile Safari/537.36 (compatible; PetalBot;+https://webmaster.petalsearch.com/site/petalbot)" 1050 **1/1050515**
114.119.159.152 - - [16/Jan/2026:06:51:27 -0700] "GET /xlnbgql/an-ssl-error-has-occurred-mac-software-update.html HTTP/1.1" 404 59131 "https://sanjayrahate.com/6yne/medu-neter-meaning.html" "Mozilla/5.0 (Linux; Android 7.0;) AppleWebKit/537.36 (KHTML, like Gecko) Mobile Safari/537.36 (compatible; PetalBot;+https://webmaster.petalsearch.com/site/petalbot)" 5559 **5/5559320**
216.73.216.56 - - [16/Jan/2026:06:52:22 -0700] "GET /?fileloc=%2F%2Flib64%2Fpython3.12%2Fensurepip%2F__pycache__%2F__main__.cpython-312.opt-2.pyc&path=%2F%2Flib64%2Fpython3.12%2Fensurepip%2F__pycache__ HTTP/1.1" 301 149 "-" "Mozilla/5.0 AppleWebKit/537.36 (KHTML, like Gecko; compatible; ClaudeBot/1.0; +claudebot@anthropic.com)" 3975 **3/3975948**
216.73.216.56 - - [16/Jan/2026:06:52:52 -0700] "GET /?path=%2F%2Fusr%2Flib%2Ffirmware%2Fnvidia%2Fgp107%2Fnvdec HTTP/1.1" 301 149 "-" "Mozilla/5.0 AppleWebKit/537.36 (KHTML, like Gecko; compatible; ClaudeBot/1.0; +claudebot@anthropic.com)" 1929 **1/1929822**
114.119.151.233 - - [16/Jan/2026:06:52:50 -0700] "GET /xlnbgql/american-eagle-jeans-women.html HTTP/1.1" 301 337 "http://shakespearesonnets.com/qv8r5z/why-i-left-winners-chapel.html" "Mozilla/5.0 (Linux; Android 7.0;) AppleWebKit/537.36 (KHTML, like Gecko) Mobile Safari/537.36 (compatible; PetalBot;+https://webmaster.petalsearch.com/site/petalbot)" 5449 **5/5449346**
114.119.151.233 - - [16/Jan/2026:06:52:55 -0700] "GET /xlnbgql/american-eagle-jeans-women.html HTTP/1.1" 404 59131 "http://shakespearesonnets.com/qv8r5z/why-i-left-winners-chapel.html" "Mozilla/5.0 (Linux; Android 7.0;) AppleWebKit/537.36 (KHTML, like Gecko) Mobile Safari/537.36 (compatible; PetalBot;+https://webmaster.petalsearch.com/site/petalbot)" 3476 **3/3476422**
184.168.114.89 - - [16/Jan/2026:06:53:35 -0700] "POST /wp-cron.php?doing_wp_cron=1768571615.4996030330657958984375 HTTP/1.1" 200 - "-" "WordPress/6.8.1; https://www.veronaae.com" 19 **0/19479**
216.73.216.56 - - [16/Jan/2026:06:53:33 -0700] "GET /?e=178134ee1e0j HTTP/1.1" 301 149 "-" "Mozilla/5.0 AppleWebKit/537.36 (KHTML, like Gecko; compatible; ClaudeBot/1.0; +claudebot@anthropic.com)" 1914 **1/1914167**
216.73.216.56 - - [16/Jan/2026:06:53:55 -0700] "GET /?e=208228758dc5c HTTP/1.1" 301 149 "-" "Mozilla/5.0 AppleWebKit/537.36 (KHTML, like Gecko; compatible; ClaudeBot/1.0; +claudebot@anthropic.com)" 4120 **4/4120035**
114.119.129.113 - - [16/Jan/2026:06:54:12 -0700] "GET /xlnbgql/amelia-heinle-net-worth.html HTTP/1.1" 301 337 "https://manantial-asesorias.cl/pih87/index/kung-fu-movies-2021.php" "Mozilla/5.0 (Linux; Android 7.0;) AppleWebKit/537.36 (KHTML, like Gecko) Mobile Safari/537.36 (compatible; PetalBot;+https://webmaster.petalsearch.com/site/petalbot)" 17023 **17/17023090**
216.73.216.56 - - [16/Jan/2026:06:54:40 -0700] "GET /?fileloc=%2F%2Fusr%2Flib%2Fkbd%2Fkeymaps%2Fxkb%2Fhu-nodeadkeys.map.gz&path=%2F%2Fusr%2Flib%2Fkbd%2Fkeymaps%2Fxkb HTTP/1.1" 301 149 "-" "Mozilla/5.0 AppleWebKit/537.36 (KHTML, like Gecko; compatible; ClaudeBot/1.0; +claudebot@anthropic.com)" 1513 **1/1513061**
114.119.129.113 - - [16/Jan/2026:06:54:30 -0700] "GET /xlnbgql/amelia-heinle-net-worth.html HTTP/1.1" 404 59131 "https://manantial-asesorias.cl/pih87/index/kung-fu-movies-2021.php" "Mozilla/5.0 (Linux; Android 7.0;) AppleWebKit/537.36 (KHTML, like Gecko) Mobile Safari/537.36 (compatible; PetalBot;+https://webmaster.petalsearch.com/site/petalbot)" 24028 **24/24028632**
216.73.216.56 - - [16/Jan/2026:06:55:01 -0700] "GET /?e=3810760j4j894 HTTP/1.1" 301 149 "-" "Mozilla/5.0 AppleWebKit/537.36 (KHTML, like Gecko; compatible; ClaudeBot/1.0; +claudebot@anthropic.com)" 2007 **2/2007058**
184.168.114.89 - - [16/Jan/2026:06:55:40 -0700] "POST /wp-cron.php?doing_wp_cron=1768571740.2123289108276367187500 HTTP/1.1" 200 - "-" "WordPress/6.8.1; https://www.veronaae.com" 23 **0/23792**
114.119.157.158 - - [16/Jan/2026:06:55:37 -0700] "GET /xlnbgql/amd-gpu-buzzing.html HTTP/1.1" 301 337 "http://manthon.shop/srpbx/male-singers-of-the-90s.html" "Mozilla/5.0 (Linux; Android 7.0;) AppleWebKit/537.36 (KHTML, like Gecko) Mobile Safari/537.36 (compatible; PetalBot;+https://webmaster.petalsearch.com/site/petalbot)" 2266 **2/2266862**
114.119.157.158 - - [16/Jan/2026:06:55:40 -0700] "GET /xlnbgql/amd-gpu-buzzing.html HTTP/1.1" 404 59131 "http://manthon.shop/srpbx/male-singers-of-the-90s.html" "Mozilla/5.0 (Linux; Android 7.0;) AppleWebKit/537.36 (KHTML, like Gecko) Mobile Safari/537.36 (compatible; PetalBot;+https://webmaster.petalsearch.com/site/petalbot)" 1408 **1/1408098**
216.73.216.56 - - [16/Jan/2026:06:55:42 -0700] "GET /?fileloc=%2F%2Fusr%2Flib%2Ffirmware%2Fiwlwifi-9000-pu-b0-jf-b0-34.ucode&path=%2F%2Fusr%2Flib%2Ffirmware HTTP/1.1" 301 149 "-" "Mozilla/5.0 AppleWebKit/537.36 (KHTML, like Gecko; compatible; ClaudeBot/1.0; +claudebot@anthropic.com)" 1178 **1/1178914**
216.73.216.56 - - [16/Jan/2026:06:56:00 -0700] "GET /?fileloc=%2F%2Fusr%2Flib%2Flocale%2Fde_DE%2FLC_TIME&path=%2F%2Fusr%2Flib%2Flocale%2Fde_DE HTTP/1.1" 301 149 "-" "Mozilla/5.0 AppleWebKit/537.36 (KHTML, like Gecko; compatible; ClaudeBot/1.0; +claudebot@anthropic.com)" 16376 **16/16376464**
45.227.254.34 - - [16/Jan/2026:06:56:16 -0700] "GET / HTTP/2.0" 301 337 "-" "Mozilla/5.0 (Macintosh; Intel Mac OS X 10_15_7) AppleWebKit/605.1.15 (KHTML, like Gecko) Version/15.5 Safari/605.1.15" 2134 **2/2134643**
45.227.254.34 - - [16/Jan/2026:06:56:16 -0700] "GET / HTTP/1.1" 101 - "-" "Mozilla/5.0 (Macintosh; Intel Mac OS X 10_15_7) AppleWebKit/605.1.15 (KHTML, like Gecko) Version/15.5 Safari/605.1.15" 2142 **2/2142952**
57.141.20.41 - - [16/Jan/2026:06:56:23 -0700] "GET /?e=5217793g6e9cj HTTP/1.1" 301 337 "-" "meta-externalagent/1.1 (+https://developers.facebook.com/docs/sharing/webmasters/crawler)" 2218 **2/2218217**
184.168.114.89 - - [16/Jan/2026:06:56:36 -0700] "POST /wp-cron.php?doing_wp_cron=1768571796.0251910686492919921875 HTTP/1.1" 200 - "-" "WordPress/6.8.1; https://www.veronaae.com" 17 **0/17601**
216.73.216.56 - - [16/Jan/2026:06:56:31 -0700] "GET /?e=3024350igi0j6 HTTP/1.1" 301 149 "-" "Mozilla/5.0 AppleWebKit/537.36 (KHTML, like Gecko; compatible; ClaudeBot/1.0; +claudebot@anthropic.com)" 4859 **4/4859059**
216.73.216.56 - - [16/Jan/2026:06:57:02 -0700] "GET /?e=4641496b6gb6i HTTP/1.1" 301 149 "-" "Mozilla/5.0 AppleWebKit/537.36 (KHTML, like Gecko; compatible; ClaudeBot/1.0; +claudebot@anthropic.com)" 5092 **5/5092068**
114.119.157.189 - - [16/Jan/2026:06:57:00 -0700] "GET /xlnbgql/amarillo-crime-rate.html HTTP/1.1" 301 337 "https://educationonebd.com/qytajol9w/shooting-videos-on-winchester-model-255-22-mag.html" "Mozilla/5.0 (Linux; Android 7.0;) AppleWebKit/537.36 (KHTML, like Gecko) Mobile Safari/537.36 (compatible; PetalBot;+https://webmaster.petalsearch.com/site/petalbot)" 16913 **16/16913392**
114.119.157.189 - - [16/Jan/2026:06:57:17 -0700] "GET /xlnbgql/amarillo-crime-rate.html HTTP/1.1" 404 59131 "https://educationonebd.com/qytajol9w/shooting-videos-on-winchester-model-255-22-mag.html" "Mozilla/5.0 (Linux; Android 7.0;) AppleWebKit/537.36 (KHTML, like Gecko) Mobile Safari/537.36 (compatible; PetalBot;+https://webmaster.petalsearch.com/site/petalbot)" 1284 **1/1284918**
216.73.216.56 - - [16/Jan/2026:06:58:23 -0700] "GET /?e=2155053j6bgg3 HTTP/1.1" 301 149 "-" "Mozilla/5.0 AppleWebKit/537.36 (KHTML, like Gecko; compatible; ClaudeBot/1.0; +claudebot@anthropic.com)" 1068 **1/1068475**
114.119.129.113 - - [16/Jan/2026:06:58:24 -0700] "GET /xlnbgql/amanda-kohberger-imdb.html HTTP/1.1" 301 337 "https://topforums.ru/bitrix/admin/uwivgeid/can-apple-track-a-stolen-package.html" "Mozilla/5.0 (Linux; Android 7.0;) AppleWebKit/537.36 (KHTML, like Gecko) Mobile Safari/537.36 (compatible; PetalBot;+https://webmaster.petalsearch.com/site/petalbot)" 1084 **1/1084165**
114.119.129.113 - - [16/Jan/2026:06:58:25 -0700] "GET /xlnbgql/amanda-kohberger-imdb.html HTTP/1.1" 404 59131 "https://topforums.ru/bitrix/admin/uwivgeid/can-apple-track-a-stolen-package.html" "Mozilla/5.0 (Linux; Android 7.0;) AppleWebKit/537.36 (KHTML, like Gecko) Mobile Safari/537.36 (compatible; PetalBot;+https://webmaster.petalsearch.com/site/petalbot)" 2293 **2/2293910**
114.119.153.246 - - [16/Jan/2026:06:59:47 -0700] "GET /xlnbgql/alumaweld-drift-boats-for-sale.html HTTP/1.1" 301 337 "https://topforums.ru/bitrix/admin/uwivgeid/indiana-probation-officer-training.html" "Mozilla/5.0 (Linux; Android 7.0;) AppleWebKit/537.36 (KHTML, like Gecko) Mobile Safari/537.36 (compatible; PetalBot;+https://webmaster.petalsearch.com/site/petalbot)" 4053 **4/4053266**
114.119.153.246 - - [16/Jan/2026:06:59:51 -0700] "GET /xlnbgql/alumaweld-drift-boats-for-sale.html HTTP/1.1" 404 59131 "https://topforums.ru/bitrix/admin/uwivgeid/indiana-probation-officer-training.html" "Mozilla/5.0 (Linux; Android 7.0;) AppleWebKit/537.36 (KHTML, like Gecko) Mobile Safari/537.36 (compatible; PetalBot;+https://webmaster.petalsearch.com/site/petalbot)" 5428 **5/5428541**
216.73.216.56 - - [16/Jan/2026:07:00:06 -0700] "GET /?fileloc=%2F%2Fusr%2Flib%2Ffirmware%2Fintel%2Fiwlwifi%2Fiwlwifi-QuZ-a0-jf-b0-66.ucode&path=%2F%2Fusr%2Flib%2Ffirmware%2Fintel%2Fiwlwifi HTTP/1.1" 301 149 "-" "Mozilla/5.0 AppleWebKit/537.36 (KHTML, like Gecko; compatible; ClaudeBot/1.0; +claudebot@anthropic.com)" 4226 **4/4226865**
216.244.66.247 - - [16/Jan/2026:07:00:13 -0700] "GET /robots.txt HTTP/1.1" 200 454 "-" "Mozilla/5.0 (compatible; DotBot/1.2; +https://opensiteexplorer.org/dotbot; help@moz.com)" 1700 **1/1700025**
184.168.114.89 - - [16/Jan/2026:07:00:36 -0700] "POST /wp-cron.php?doing_wp_cron=1768572036.7542750835418701171875 HTTP/1.1" 200 - "-" "WordPress/6.8.1; https://www.veronaae.com" 21 **0/21021**
216.73.216.56 - - [16/Jan/2026:07:00:35 -0700] "GET /?path=%2F%2Flib%2Fdracut%2Fmodules.d%2F40network HTTP/1.1" 301 149 "-" "Mozilla/5.0 AppleWebKit/537.36 (KHTML, like Gecko; compatible; ClaudeBot/1.0; +claudebot@anthropic.com)" 944 **0/944728**
114.119.159.152 - - [16/Jan/2026:07:01:12 -0700] "GET /xlnbgql/alphabet-lore-art.html HTTP/1.1" 301 337 "https://www.ballthai.com/%e0%b8%a7%e0%b8%b4%e0%b9%80%e0%b8%84%e0%b8%a3%e0%b8%b2%e0%b8%b0%e0%b8%ab%e0%b9%8c%e0%b8%9a%e0%b8%ad%e0%b8%a5-%e0%b9%84%e0%b8%97%e0%b8%a2%e0%b8%a5%e0%b8%b5%e0%b8%81-2022-23-%e0%b8%99%e0%b8%b1%e0%b8%94%e0%b8%97%e0%b8%b5%e0%b9%88-17-%e0%b9%80%e0%b8%a1%e0%b8%b7%e0%b8%ad%e0%b8%87%e0%b8%97%e0%b8%ad%e0%b8%87-vs-%e0%b8%99%e0%b8%84%e0%b8%a3%e0%b8%a3%e0%b8%b2%e0%b8%8a%e0%b8%aa%e0%b8%b5%e0%b8%a1%e0%b8%b2-28-01-65/" "Mozilla/5.0 (Linux; Android 7.0;) AppleWebKit/537.36 (KHTML, like Gecko) Mobile Safari/537.36 (compatible; PetalBot;+https://webmaster.petalsearch.com/site/petalbot)" 921 **0/921865**
114.119.159.152 - - [16/Jan/2026:07:01:13 -0700] "GET /xlnbgql/alphabet-lore-art.html HTTP/1.1" 404 59131 "https://www.ballthai.com/%e0%b8%a7%e0%b8%b4%e0%b9%80%e0%b8%84%e0%b8%a3%e0%b8%b2%e0%b8%b0%e0%b8%ab%e0%b9%8c%e0%b8%9a%e0%b8%ad%e0%b8%a5-%e0%b9%84%e0%b8%97%e0%b8%a2%e0%b8%a5%e0%b8%b5%e0%b8%81-2022-23-%e0%b8%99%e0%b8%b1%e0%b8%94%e0%b8%97%e0%b8%b5%e0%b9%88-17-%e0%b9%80%e0%b8%a1%e0%b8%b7%e0%b8%ad%e0%b8%87%e0%b8%97%e0%b8%ad%e0%b8%87-vs-%e0%b8%99%e0%b8%84%e0%b8%a3%e0%b8%a3%e0%b8%b2%e0%b8%8a%e0%b8%aa%e0%b8%b5%e0%b8%a1%e0%b8%b2-28-01-65/" "Mozilla/5.0 (Linux; Android 7.0;) AppleWebKit/537.36 (KHTML, like Gecko) Mobile Safari/537.36 (compatible; PetalBot;+https://webmaster.petalsearch.com/site/petalbot)" 1595 **1/1595857**
216.73.216.56 - - [16/Jan/2026:07:01:16 -0700] "GET /?path=%2Fhome%2Fbpw3460lz1vy%2Fmail%2Fveronaae.com%2Fsupports HTTP/1.1" 301 149 "-" "Mozilla/5.0 AppleWebKit/537.36 (KHTML, like Gecko; compatible; ClaudeBot/1.0; +claudebot@anthropic.com)" 923 **0/923721**
216.73.216.56 - - [16/Jan/2026:07:01:49 -0700] "GET /?path=%2F%2Flib%2Fdracut%2Fmodules.d%2F90multipath HTTP/1.1" 301 149 "-" "Mozilla/5.0 AppleWebKit/537.36 (KHTML, like Gecko; compatible; ClaudeBot/1.0; +claudebot@anthropic.com)" 1415 **1/1415950**
216.73.216.56 - - [16/Jan/2026:07:02:10 -0700] "GET /?e=3013561c806d HTTP/1.1" 301 149 "-" "Mozilla/5.0 AppleWebKit/537.36 (KHTML, like Gecko; compatible; ClaudeBot/1.0; +claudebot@anthropic.com)" 922 **0/922818**
184.168.114.89 - - [16/Jan/2026:07:02:37 -0700] "POST /wp-cron.php?doing_wp_cron=1768572156.9975790977478027343750 HTTP/1.1" 200 - "-" "WordPress/6.8.1; https://www.veronaae.com" 17 **0/17315**
114.119.153.246 - - [16/Jan/2026:07:02:36 -0700] "GET /xlnbgql/allstate-claim-status.html HTTP/1.1" 301 337 "https://x10movies4k.com/8sbh4j/coolidge-corner-theater-student-discount.html" "Mozilla/5.0 (Linux; Android 7.0;) AppleWebKit/537.36 (KHTML, like Gecko) Mobile Safari/537.36 (compatible; PetalBot;+https://webmaster.petalsearch.com/site/petalbot)" 1042 **1/1042277**
114.119.153.246 - - [16/Jan/2026:07:02:38 -0700] "GET /xlnbgql/allstate-claim-status.html HTTP/1.1" 404 59131 "https://x10movies4k.com/8sbh4j/coolidge-corner-theater-student-discount.html" "Mozilla/5.0 (Linux; Android 7.0;) AppleWebKit/537.36 (KHTML, like Gecko) Mobile Safari/537.36 (compatible; PetalBot;+https://webmaster.petalsearch.com/site/petalbot)" 1118 **1/1118074**
114.119.129.113 - - [16/Jan/2026:07:03:59 -0700] "GET /xlnbgql/all-blues-guitar-tab.html HTTP/1.1" 301 337 "https://pinoyoutloud.com/wtpvt/stores-that-don-t-id-near-me.html" "Mozilla/5.0 (Linux; Android 7.0;) AppleWebKit/537.36 (KHTML, like Gecko) Mobile Safari/537.36 (compatible; PetalBot;+https://webmaster.petalsearch.com/site/petalbot)" 995 **0/995955**
114.119.129.113 - - [16/Jan/2026:07:04:01 -0700] "GET /xlnbgql/all-blues-guitar-tab.html HTTP/1.1" 404 59131 "https://pinoyoutloud.com/wtpvt/stores-that-don-t-id-near-me.html" "Mozilla/5.0 (Linux; Android 7.0;) AppleWebKit/537.36 (KHTML, like Gecko) Mobile Safari/537.36 (compatible; PetalBot;+https://webmaster.petalsearch.com/site/petalbot)" 1354 **1/1354079**
184.168.114.89 - - [16/Jan/2026:07:04:34 -0700] "POST /wp-cron.php?doing_wp_cron=1768572274.3858590126037597656250 HTTP/1.1" 200 - "-" "WordPress/6.8.1; https://www.veronaae.com" 21 **0/21374**
216.73.216.56 - - [16/Jan/2026:07:04:33 -0700] "GET /?fileloc=%2F%2Flib%2Fkbd%2Fkeymaps%2Fxkb%2Fcz.map.gz&path=%2F%2Flib%2Fkbd%2Fkeymaps%2Fxkb HTTP/1.1" 301 149 "-" "Mozilla/5.0 AppleWebKit/537.36 (KHTML, like Gecko; compatible; ClaudeBot/1.0; +claudebot@anthropic.com)" 1270 **1/1270541**
216.73.216.56 - - [16/Jan/2026:07:04:33 -0700] "GET /?fileloc=%2F%2Flib%2Fgrub%2Fi386-pc%2Fcpio_be.mod&path=%2F%2Flib%2Fgrub%2Fi386-pc HTTP/1.1" 301 149 "-" "Mozilla/5.0 AppleWebKit/537.36 (KHTML, like Gecko; compatible; ClaudeBot/1.0; +claudebot@anthropic.com)" 1103 **1/1103606**
216.73.216.56 - - [16/Jan/2026:07:04:39 -0700] "GET /?fileloc=%2F%2Flib%2Fkbd%2Fconsolefonts%2Fpartialfonts%2F8859-3.a0-ff.08.gz&path=%2F%2Flib%2Fkbd%2Fconsolefonts%2Fpartialfonts HTTP/1.1" 301 149 "-" "Mozilla/5.0 AppleWebKit/537.36 (KHTML, like Gecko; compatible; ClaudeBot/1.0; +claudebot@anthropic.com)" 1105 **1/1105545**
216.73.216.56 - - [16/Jan/2026:07:04:40 -0700] "GET /?fileloc=%2F%2Flib%2Fgrub%2Fi386-pc%2Fcpio.mod&path=%2F%2Flib%2Fgrub%2Fi386-pc HTTP/1.1" 301 149 "-" "Mozilla/5.0 AppleWebKit/537.36 (KHTML, like Gecko; compatible; ClaudeBot/1.0; +claudebot@anthropic.com)" 1029 **1/1029106**
216.73.216.56 - - [16/Jan/2026:07:04:45 -0700] "GET /?fileloc=%2Fhome%2Fbpw3460lz1vy%2Fwww%2Fwp-includes%2Fblock-supports%2Fclass-wp-date-query.php&path=%2Fhome%2Fbpw3460lz1vy%2Fwww%2Fwp-includes%2Fblock-supports HTTP/1.1" 301 149 "-" "Mozilla/5.0 AppleWebKit/537.36 (KHTML, like Gecko; compatible; ClaudeBot/1.0; +claudebot@anthropic.com)" 1094 **1/1094844**
216.73.216.56 - - [16/Jan/2026:07:04:46 -0700] "GET /?fileloc=%2F%2Flib%2Fgrub%2Fi386-pc%2Fblscfg.mod&path=%2F%2Flib%2Fgrub%2Fi386-pc HTTP/1.1" 301 149 "-" "Mozilla/5.0 AppleWebKit/537.36 (KHTML, like Gecko; compatible; ClaudeBot/1.0; +claudebot@anthropic.com)" 1063 **1/1063436**
216.73.216.56 - - [16/Jan/2026:07:04:48 -0700] "GET /?fileloc=%2F%2Flib%2Fgrub%2Fi386-pc%2Fmodinfo.sh&path=%2F%2Flib%2Fgrub%2Fi386-pc HTTP/1.1" 301 149 "-" "Mozilla/5.0 AppleWebKit/537.36 (KHTML, like Gecko; compatible; ClaudeBot/1.0; +claudebot@anthropic.com)" 1089 **1/1089515**
216.73.216.56 - - [16/Jan/2026:07:04:53 -0700] "GET /?fileloc=%2F%2Flib%2Fgrub%2Fi386-pc%2Fusbserial_common.mod&path=%2F%2Flib%2Fgrub%2Fi386-pc HTTP/1.1" 301 149 "-" "Mozilla/5.0 AppleWebKit/537.36 (KHTML, like Gecko; compatible; ClaudeBot/1.0; +claudebot@anthropic.com)" 1531 **1/1531929**
114.119.153.246 - - [16/Jan/2026:07:05:26 -0700] "GET /xlnbgql/alight-meijer-login.html HTTP/1.1" 301 337 "https://trump24politics.com/wp-admin/maint/hdw0rhm/cheapest-place-to-buy-saxenda-uk.html" "Mozilla/5.0 (Linux; Android 7.0;) AppleWebKit/537.36 (KHTML, like Gecko) Mobile Safari/537.36 (compatible; PetalBot;+https://webmaster.petalsearch.com/site/petalbot)" 2244 **2/2244355**
57.141.20.28 - - [16/Jan/2026:07:05:29 -0700] "GET /?e=7045377gj71b HTTP/1.1" 301 337 "-" "meta-externalagent/1.1 (+https://developers.facebook.com/docs/sharing/webmasters/crawler)" 3417 **3/3417709**
114.119.153.246 - - [16/Jan/2026:07:05:29 -0700] "GET /xlnbgql/alight-meijer-login.html HTTP/1.1" 404 59131 "https://trump24politics.com/wp-admin/maint/hdw0rhm/cheapest-place-to-buy-saxenda-uk.html" "Mozilla/5.0 (Linux; Android 7.0;) AppleWebKit/537.36 (KHTML, like Gecko) Mobile Safari/537.36 (compatible; PetalBot;+https://webmaster.petalsearch.com/site/petalbot)" 4024 **4/4024788**
114.119.130.251 - - [16/Jan/2026:07:06:46 -0700] "GET /xlnbgql/alf-season-3-episode-6.html HTTP/1.1" 301 337 "http://miamiwaterfrontestaterentals.com/bp2y/park-county-mugshots.html" "Mozilla/5.0 (Linux; Android 7.0;) AppleWebKit/537.36 (KHTML, like Gecko) Mobile Safari/537.36 (compatible; PetalBot;+https://webmaster.petalsearch.com/site/petalbot)" 935 **0/935951**
114.119.130.251 - - [16/Jan/2026:07:06:48 -0700] "GET /xlnbgql/alf-season-3-episode-6.html HTTP/1.1" 404 59131 "http://miamiwaterfrontestaterentals.com/bp2y/park-county-mugshots.html" "Mozilla/5.0 (Linux; Android 7.0;) AppleWebKit/537.36 (KHTML, like Gecko) Mobile Safari/537.36 (compatible; PetalBot;+https://webmaster.petalsearch.com/site/petalbot)" 1241 **1/1241107**
57.141.20.43 - - [16/Jan/2026:07:07:33 -0700] "GET /?e=2424745bdc2f7 HTTP/1.1" 301 337 "-" "meta-externalagent/1.1 (+https://developers.facebook.com/docs/sharing/webmasters/crawler)" 1283 **1/1283237**
216.244.66.247 - - [16/Jan/2026:07:07:54 -0700] "GET /?path=%2Fhome%2Fbpw3460lz1vy%2Fpublic_html%2Fwp-includes%2Fl10n HTTP/1.1" 301 337 "-" "Mozilla/5.0 (compatible; DotBot/1.2; +https://opensiteexplorer.org/dotbot; help@moz.com)" 1352 **1/1352912**
216.244.66.247 - - [16/Jan/2026:07:08:03 -0700] "GET /?path=%2Fhome%2Fbpw3460lz1vy%2Fpublic_html%2F.well-known%2Facme-challenge HTTP/1.1" 301 337 "-" "Mozilla/5.0 (compatible; DotBot/1.2; +https://opensiteexplorer.org/dotbot; help@moz.com)" 1637 **1/1637091**
114.119.151.233 - - [16/Jan/2026:07:08:10 -0700] "GET /xlnbgql/airbnb-login-help.html HTTP/1.1" 301 337 "https://easyroadguide.com/tlbed98/low-dose-tramadol-for-anxiety.html" "Mozilla/5.0 (Linux; Android 7.0;) AppleWebKit/537.36 (KHTML, like Gecko) Mobile Safari/537.36 (compatible; PetalBot;+https://webmaster.petalsearch.com/site/petalbot)" 900 **0/900114**
114.119.151.233 - - [16/Jan/2026:07:08:11 -0700] "GET /xlnbgql/airbnb-login-help.html HTTP/1.1" 404 59131 "https://easyroadguide.com/tlbed98/low-dose-tramadol-for-anxiety.html" "Mozilla/5.0 (Linux; Android 7.0;) AppleWebKit/537.36 (KHTML, like Gecko) Mobile Safari/537.36 (compatible; PetalBot;+https://webmaster.petalsearch.com/site/petalbot)" 1793 **1/1793210**
114.119.130.251 - - [16/Jan/2026:07:09:34 -0700] "GET /xlnbgql/age-of-consent-in-japan-anime.html HTTP/1.1" 301 337 "https://x10movies4k.com/8sbh4j/water-bottle-holder-for-western-saddle.html" "Mozilla/5.0 (Linux; Android 7.0;) AppleWebKit/537.36 (KHTML, like Gecko) Mobile Safari/537.36 (compatible; PetalBot;+https://webmaster.petalsearch.com/site/petalbot)" 4567 **4/4567273**
114.119.130.251 - - [16/Jan/2026:07:09:39 -0700] "GET /xlnbgql/age-of-consent-in-japan-anime.html HTTP/1.1" 404 59131 "https://x10movies4k.com/8sbh4j/water-bottle-holder-for-western-saddle.html" "Mozilla/5.0 (Linux; Android 7.0;) AppleWebKit/537.36 (KHTML, like Gecko) Mobile Safari/537.36 (compatible; PetalBot;+https://webmaster.petalsearch.com/site/petalbot)" 4183 **4/4183033**
114.119.159.152 - - [16/Jan/2026:07:10:57 -0700] "GET /xlnbgql/african-drumming-history.html HTTP/1.1" 301 337 "https://wp.wordpress.containerfitness.de/qeax/mississippi-county-jail-mugshots.html" "Mozilla/5.0 (Linux; Android 7.0;) AppleWebKit/537.36 (KHTML, like Gecko) Mobile Safari/537.36 (compatible; PetalBot;+https://webmaster.petalsearch.com/site/petalbot)" 1491 **1/1491421**
114.119.159.152 - - [16/Jan/2026:07:10:59 -0700] "GET /xlnbgql/african-drumming-history.html HTTP/1.1" 404 59131 "https://wp.wordpress.containerfitness.de/qeax/mississippi-county-jail-mugshots.html" "Mozilla/5.0 (Linux; Android 7.0;) AppleWebKit/537.36 (KHTML, like Gecko) Mobile Safari/537.36 (compatible; PetalBot;+https://webmaster.petalsearch.com/site/petalbot)" 2507 **2/2507549**
114.119.157.189 - - [16/Jan/2026:07:12:21 -0700] "GET /xlnbgql/advance-movie-screenings.html HTTP/1.1" 301 337 "http://manthon.shop/srpbx/male-singers-of-the-90s.html" "Mozilla/5.0 (Linux; Android 7.0;) AppleWebKit/537.36 (KHTML, like Gecko) Mobile Safari/537.36 (compatible; PetalBot;+https://webmaster.petalsearch.com/site/petalbot)" 1764 **1/1764373**
114.119.157.189 - - [16/Jan/2026:07:12:23 -0700] "GET /xlnbgql/advance-movie-screenings.html HTTP/1.1" 404 59131 "http://manthon.shop/srpbx/male-singers-of-the-90s.html" "Mozilla/5.0 (Linux; Android 7.0;) AppleWebKit/537.36 (KHTML, like Gecko) Mobile Safari/537.36 (compatible; PetalBot;+https://webmaster.petalsearch.com/site/petalbot)" 1488 **1/1488868**
114.119.151.233 - - [16/Jan/2026:07:13:45 -0700] "GET /xlnbgql/adults-calling-parents-mommy-and-daddy-psychology.html HTTP/1.1" 301 337 "https://www.ballthai.com/%E0%B8%A1%E0%B8%B4%E0%B8%A3%E0%B8%B1%E0%B8%99%E0%B8%94%E0%B9%89%E0%B8%B2-%E0%B8%AA%E0%B8%B8%E0%B8%8A%E0%B8%B2%E0%B8%A7%E0%B8%94%E0%B8%B5-%E0%B8%8B%E0%B8%B1%E0%B8%94%E0%B9%80%E0%B8%9B%E0%B8%B4" "Mozilla/5.0 (Linux; Android 7.0;) AppleWebKit/537.36 (KHTML, like Gecko) Mobile Safari/537.36 (compatible; PetalBot;+https://webmaster.petalsearch.com/site/petalbot)" 1835 **1/1835722**
114.119.151.233 - - [16/Jan/2026:07:13:47 -0700] "GET /xlnbgql/adults-calling-parents-mommy-and-daddy-psychology.html HTTP/1.1" 404 59131 "https://www.ballthai.com/%E0%B8%A1%E0%B8%B4%E0%B8%A3%E0%B8%B1%E0%B8%99%E0%B8%94%E0%B9%89%E0%B8%B2-%E0%B8%AA%E0%B8%B8%E0%B8%8A%E0%B8%B2%E0%B8%A7%E0%B8%94%E0%B8%B5-%E0%B8%8B%E0%B8%B1%E0%B8%94%E0%B9%80%E0%B8%9B%E0%B8%B4" "Mozilla/5.0 (Linux; Android 7.0;) AppleWebKit/537.36 (KHTML, like Gecko) Mobile Safari/537.36 (compatible; PetalBot;+https://webmaster.petalsearch.com/site/petalbot)" 3381 **3/3381249**
114.119.130.251 - - [16/Jan/2026:07:15:08 -0700] "GET /xlnbgql/added-by-phone-number-snapchat.html HTTP/1.1" 301 337 "https://www.ballthai.com/%e0%b8%9e%e0%b8%a3%e0%b9%89%e0%b8%ad%e0%b8%a1%e0%b9%80%e0%b8%95%e0%b9%87%e0%b8%a1%e0%b8%97%e0%b8%b5%e0%b9%88-%e0%b8%8a%e0%b8%9a%e0%b8%b2%e0%b9%81%e0%b8%81%e0%b9%89%e0%b8%a7-%e0%b8%8b%e0%b9%89%e0%b8%ad%e0%b8%a1%e0%b8%95%e0%b9%88%e0%b8%ad%e0%b9%80%e0%b8%99%e0%b8%b7%e0%b9%88%e0%b8%ad%e0%b8%87%e0%b8%81%e0%b9%88%e0%b8%ad%e0%b8%99%e0%b8%a5%e0%b8%b8%e0%b8%a2-%e0%b8%8a%e0%b8%b4%e0%b8%87%e0%b9%81%e0%b8%8a%e0%b8%a1%e0%b8%9b%e0%b9%8c%e0%b8%ad%e0%b8%b2%e0%b9%80%e0%b8%8b%e0%b8%b5%e0%b8%a2%e0%b8%99%e0%b8%a2%e0%b8%b9-18/" "Mozilla/5.0 (Linux; Android 7.0;) AppleWebKit/537.36 (KHTML, like Gecko) Mobile Safari/537.36 (compatible; PetalBot;+https://webmaster.petalsearch.com/site/petalbot)" 2275 **2/2275558**
114.119.130.251 - - [16/Jan/2026:07:15:10 -0700] "GET /xlnbgql/added-by-phone-number-snapchat.html HTTP/1.1" 404 59131 "https://www.ballthai.com/%e0%b8%9e%e0%b8%a3%e0%b9%89%e0%b8%ad%e0%b8%a1%e0%b9%80%e0%b8%95%e0%b9%87%e0%b8%a1%e0%b8%97%e0%b8%b5%e0%b9%88-%e0%b8%8a%e0%b8%9a%e0%b8%b2%e0%b9%81%e0%b8%81%e0%b9%89%e0%b8%a7-%e0%b8%8b%e0%b9%89%e0%b8%ad%e0%b8%a1%e0%b8%95%e0%b9%88%e0%b8%ad%e0%b9%80%e0%b8%99%e0%b8%b7%e0%b9%88%e0%b8%ad%e0%b8%87%e0%b8%81%e0%b9%88%e0%b8%ad%e0%b8%99%e0%b8%a5%e0%b8%b8%e0%b8%a2-%e0%b8%8a%e0%b8%b4%e0%b8%87%e0%b9%81%e0%b8%8a%e0%b8%a1%e0%b8%9b%e0%b9%8c%e0%b8%ad%e0%b8%b2%e0%b9%80%e0%b8%8b%e0%b8%b5%e0%b8%a2%e0%b8%99%e0%b8%a2%e0%b8%b9-18/" "Mozilla/5.0 (Linux; Android 7.0;) AppleWebKit/537.36 (KHTML, like Gecko) Mobile Safari/537.36 (compatible; PetalBot;+https://webmaster.petalsearch.com/site/petalbot)" 2848 **2/2848345**
114.119.130.18 - - [16/Jan/2026:07:16:32 -0700] "GET /xlnbgql/accurate-bazi-calculator-free.html HTTP/1.1" 301 337 "http://miamiwaterfrontestaterentals.com/bp2y/intertops-casino-no-deposit-bonus-codes.html" "Mozilla/5.0 (Linux; Android 7.0;) AppleWebKit/537.36 (KHTML, like Gecko) Mobile Safari/537.36 (compatible; PetalBot;+https://webmaster.petalsearch.com/site/petalbot)" 1883 **1/1883078**
114.119.130.18 - - [16/Jan/2026:07:16:34 -0700] "GET /xlnbgql/accurate-bazi-calculator-free.html HTTP/1.1" 404 59131 "http://miamiwaterfrontestaterentals.com/bp2y/intertops-casino-no-deposit-bonus-codes.html" "Mozilla/5.0 (Linux; Android 7.0;) AppleWebKit/537.36 (KHTML, like Gecko) Mobile Safari/537.36 (compatible; PetalBot;+https://webmaster.petalsearch.com/site/petalbot)" 2049 **2/2049332**
114.119.157.158 - - [16/Jan/2026:07:17:55 -0700] "GET /xlnbgql/accident-on-287-today-fort-collins.html HTTP/1.1" 301 337 "https://www.ballthai.com/%E0%B8%AD%E0%B8%B2%E0%B8%99%E0%B8%99%E0%B8%97%E0%B9%8C%E0%B8%99%E0%B8%B3%E0%B8%97%E0%B8%B5%E0%B8%A1-%E0%B8%8A%E0%B9%89%E0%B8%B2%E0%B8%87%E0%B8%A8%E0%B8%B6%E0%B8%81-u23-%E0%B8%95%E0%B8%9A%E0%B9%80/" "Mozilla/5.0 (Linux; Android 7.0;) AppleWebKit/537.36 (KHTML, like Gecko) Mobile Safari/537.36 (compatible; PetalBot;+https://webmaster.petalsearch.com/site/petalbot)" 2396 **2/2396481**
114.119.157.158 - - [16/Jan/2026:07:17:57 -0700] "GET /xlnbgql/accident-on-287-today-fort-collins.html HTTP/1.1" 404 59131 "https://www.ballthai.com/%E0%B8%AD%E0%B8%B2%E0%B8%99%E0%B8%99%E0%B8%97%E0%B9%8C%E0%B8%99%E0%B8%B3%E0%B8%97%E0%B8%B5%E0%B8%A1-%E0%B8%8A%E0%B9%89%E0%B8%B2%E0%B8%87%E0%B8%A8%E0%B8%B6%E0%B8%81-u23-%E0%B8%95%E0%B8%9A%E0%B9%80/" "Mozilla/5.0 (Linux; Android 7.0;) AppleWebKit/537.36 (KHTML, like Gecko) Mobile Safari/537.36 (compatible; PetalBot;+https://webmaster.petalsearch.com/site/petalbot)" 4676 **4/4676956**
114.119.151.233 - - [16/Jan/2026:07:19:18 -0700] "GET /xlnbgql/accident-on-17-east-today.html HTTP/1.1" 301 337 "http://cavedsgn.com/cxnuauf/architectural-artifacts-wedding.html" "Mozilla/5.0 (Linux; Android 7.0;) AppleWebKit/537.36 (KHTML, like Gecko) Mobile Safari/537.36 (compatible; PetalBot;+https://webmaster.petalsearch.com/site/petalbot)" 1992 **1/1992749**
114.119.151.233 - - [16/Jan/2026:07:19:21 -0700] "GET /xlnbgql/accident-on-17-east-today.html HTTP/1.1" 404 59131 "http://cavedsgn.com/cxnuauf/architectural-artifacts-wedding.html" "Mozilla/5.0 (Linux; Android 7.0;) AppleWebKit/537.36 (KHTML, like Gecko) Mobile Safari/537.36 (compatible; PetalBot;+https://webmaster.petalsearch.com/site/petalbot)" 1771 **1/1771669**
114.119.159.152 - - [16/Jan/2026:07:20:43 -0700] "GET /xlnbgql/academy-award-nominations-2023-ballot.html HTTP/1.1" 301 337 "https://cryptoservice.7am-groups.com/kqzjk/bug-bounty-bootcamp-pdf.html" "Mozilla/5.0 (Linux; Android 7.0;) AppleWebKit/537.36 (KHTML, like Gecko) Mobile Safari/537.36 (compatible; PetalBot;+https://webmaster.petalsearch.com/site/petalbot)" 1703 **1/1703979**
114.119.159.152 - - [16/Jan/2026:07:20:45 -0700] "GET /xlnbgql/academy-award-nominations-2023-ballot.html HTTP/1.1" 404 59131 "https://cryptoservice.7am-groups.com/kqzjk/bug-bounty-bootcamp-pdf.html" "Mozilla/5.0 (Linux; Android 7.0;) AppleWebKit/537.36 (KHTML, like Gecko) Mobile Safari/537.36 (compatible; PetalBot;+https://webmaster.petalsearch.com/site/petalbot)" 2994 **2/2994140**
114.119.130.18 - - [16/Jan/2026:07:22:06 -0700] "GET /xlnbgql/abs-sensor-resistance-value.html HTTP/1.1" 301 337 "http://miamiwaterfrontestaterentals.com/bp2y/park-county-mugshots.html" "Mozilla/5.0 (Linux; Android 7.0;) AppleWebKit/537.36 (KHTML, like Gecko) Mobile Safari/537.36 (compatible; PetalBot;+https://webmaster.petalsearch.com/site/petalbot)" 2310 **2/2310485**
114.119.130.18 - - [16/Jan/2026:07:22:08 -0700] "GET /xlnbgql/abs-sensor-resistance-value.html HTTP/1.1" 404 59131 "http://miamiwaterfrontestaterentals.com/bp2y/park-county-mugshots.html" "Mozilla/5.0 (Linux; Android 7.0;) AppleWebKit/537.36 (KHTML, like Gecko) Mobile Safari/537.36 (compatible; PetalBot;+https://webmaster.petalsearch.com/site/petalbot)" 1838 **1/1838535**
114.119.130.18 - - [16/Jan/2026:07:23:30 -0700] "GET /xlnbgql/a-heartless-husband-movie.html HTTP/1.1" 301 337 "http://manthon.shop/srpbx/wareham-ma-police-news.html" "Mozilla/5.0 (Linux; Android 7.0;) AppleWebKit/537.36 (KHTML, like Gecko) Mobile Safari/537.36 (compatible; PetalBot;+https://webmaster.petalsearch.com/site/petalbot)" 1773 **1/1773370**
114.119.130.18 - - [16/Jan/2026:07:23:32 -0700] "GET /xlnbgql/a-heartless-husband-movie.html HTTP/1.1" 404 59131 "http://manthon.shop/srpbx/wareham-ma-police-news.html" "Mozilla/5.0 (Linux; Android 7.0;) AppleWebKit/537.36 (KHTML, like Gecko) Mobile Safari/537.36 (compatible; PetalBot;+https://webmaster.petalsearch.com/site/petalbot)" 2201 **2/2201446**
114.119.157.158 - - [16/Jan/2026:07:24:57 -0700] "GET /xlnbgql/a-great-feat-meaning.html HTTP/1.1" 301 337 "http://velvetturkiye.com/pglc/mr-jess-perry-pedigree.html" "Mozilla/5.0 (Linux; Android 7.0;) AppleWebKit/537.36 (KHTML, like Gecko) Mobile Safari/537.36 (compatible; PetalBot;+https://webmaster.petalsearch.com/site/petalbot)" 2277 **2/2277617**
114.119.157.158 - - [16/Jan/2026:07:25:00 -0700] "GET /xlnbgql/a-great-feat-meaning.html HTTP/1.1" 404 59131 "http://velvetturkiye.com/pglc/mr-jess-perry-pedigree.html" "Mozilla/5.0 (Linux; Android 7.0;) AppleWebKit/537.36 (KHTML, like Gecko) Mobile Safari/537.36 (compatible; PetalBot;+https://webmaster.petalsearch.com/site/petalbot)" 3087 **3/3087634**
216.73.216.56 - - [16/Jan/2026:07:25:28 -0700] "GET /?path=%2F%2Fusr%2Flib%2Frpm%2Fplatform%2Fppc64-linux HTTP/1.1" 301 149 "-" "Mozilla/5.0 AppleWebKit/537.36 (KHTML, like Gecko; compatible; ClaudeBot/1.0; +claudebot@anthropic.com)" 1394 **1/1394372**
216.73.216.56 - - [16/Jan/2026:07:25:29 -0700] "GET /?fileloc=%2F%2Flib64%2Fpython3.6%2Fencodings%2F__pycache__%2Fhp_roman8.cpython-36.opt-2.pyc&path=%2F%2Flib64%2Fpython3.6%2Fencodings%2F__pycache__ HTTP/1.1" 301 149 "-" "Mozilla/5.0 AppleWebKit/537.36 (KHTML, like Gecko; compatible; ClaudeBot/1.0; +claudebot@anthropic.com)" 2259 **2/2259909**
216.73.216.56 - - [16/Jan/2026:07:25:34 -0700] "GET /?fileloc=%2F%2Flib%2Fpython3.6%2Fsite-packages%2Ftuned%2Futils%2Fcommands.py&path=%2F%2Flib%2Fpython3.6%2Fsite-packages%2Ftuned%2Futils HTTP/1.1" 301 149 "-" "Mozilla/5.0 AppleWebKit/537.36 (KHTML, like Gecko; compatible; ClaudeBot/1.0; +claudebot@anthropic.com)" 1585 **1/1585326**
216.73.216.56 - - [16/Jan/2026:07:25:36 -0700] "GET /?fileloc=%2F%2Flib%2Fpython3.6%2Fsite-packages%2Fchardet%2F__pycache__%2Flatin1prober.cpython-36.pyc&path=%2F%2Flib%2Fpython3.6%2Fsite-packages%2Fchardet%2F__pycache__ HTTP/1.1" 301 149 "-" "Mozilla/5.0 AppleWebKit/537.36 (KHTML, like Gecko; compatible; ClaudeBot/1.0; +claudebot@anthropic.com)" 1756 **1/1756912**
216.73.216.56 - - [16/Jan/2026:07:25:39 -0700] "GET /?path=%2F%2Flib%2Fdracut%2Fmodules.d%2F71prefixdevname-tools HTTP/1.1" 301 149 "-" "Mozilla/5.0 AppleWebKit/537.36 (KHTML, like Gecko; compatible; ClaudeBot/1.0; +claudebot@anthropic.com)" 2579 **2/2579762**
216.73.216.56 - - [16/Jan/2026:07:25:42 -0700] "GET /?fileloc=%2F%2Flib64%2Fpython3.6%2Fencodings%2F__pycache__%2Fcp865.cpython-36.opt-1.pyc&path=%2F%2Flib64%2Fpython3.6%2Fencodings%2F__pycache__ HTTP/1.1" 301 149 "-" "Mozilla/5.0 AppleWebKit/537.36 (KHTML, like Gecko; compatible; ClaudeBot/1.0; +claudebot@anthropic.com)" 2760 **2/2760102**
216.73.216.56 - - [16/Jan/2026:07:25:42 -0700] "GET /?e=36697515edcg9 HTTP/1.1" 301 149 "-" "Mozilla/5.0 AppleWebKit/537.36 (KHTML, like Gecko; compatible; ClaudeBot/1.0; +claudebot@anthropic.com)" 2878 **2/2878520**
216.73.216.56 - - [16/Jan/2026:07:25:45 -0700] "GET /?e=3402770hf6gfd HTTP/1.1" 301 149 "-" "Mozilla/5.0 AppleWebKit/537.36 (KHTML, like Gecko; compatible; ClaudeBot/1.0; +claudebot@anthropic.com)" 2318 **2/2318926**
216.73.216.56 - - [16/Jan/2026:07:25:45 -0700] "GET /?path=%2F%2Fusr%2Flib%2Frpm%2Fplatform%2Falphaev6-linux HTTP/1.1" 301 149 "-" "Mozilla/5.0 AppleWebKit/537.36 (KHTML, like Gecko; compatible; ClaudeBot/1.0; +claudebot@anthropic.com)" 2613 **2/2613385**
216.73.216.56 - - [16/Jan/2026:07:25:50 -0700] "GET /?e=13160625j42aa HTTP/1.1" 301 149 "-" "Mozilla/5.0 AppleWebKit/537.36 (KHTML, like Gecko; compatible; ClaudeBot/1.0; +claudebot@anthropic.com)" 1697 **1/1697201**
216.73.216.56 - - [16/Jan/2026:07:25:51 -0700] "GET /?e=388924f037g1 HTTP/1.1" 301 149 "-" "Mozilla/5.0 AppleWebKit/537.36 (KHTML, like Gecko; compatible; ClaudeBot/1.0; +claudebot@anthropic.com)" 922 **0/922797**
216.73.216.56 - - [16/Jan/2026:07:25:52 -0700] "GET /?path=%2F%2Fusr%2Flib%2Frpm%2Fplatform%2Fgeode-linux HTTP/1.1" 301 149 "-" "Mozilla/5.0 AppleWebKit/537.36 (KHTML, like Gecko; compatible; ClaudeBot/1.0; +claudebot@anthropic.com)" 1884 **1/1884455**
216.73.216.56 - - [16/Jan/2026:07:25:55 -0700] "GET /?e=2018581ge1b9f HTTP/1.1" 301 149 "-" "Mozilla/5.0 AppleWebKit/537.36 (KHTML, like Gecko; compatible; ClaudeBot/1.0; +claudebot@anthropic.com)" 1499 **1/1499771**
216.73.216.56 - - [16/Jan/2026:07:25:56 -0700] "GET /?e=413611332he62 HTTP/1.1" 301 149 "-" "Mozilla/5.0 AppleWebKit/537.36 (KHTML, like Gecko; compatible; ClaudeBot/1.0; +claudebot@anthropic.com)" 1625 **1/1625055**
216.73.216.56 - - [16/Jan/2026:07:26:01 -0700] "GET /?e=10776504ca83h HTTP/1.1" 301 149 "-" "Mozilla/5.0 AppleWebKit/537.36 (KHTML, like Gecko; compatible; ClaudeBot/1.0; +claudebot@anthropic.com)" 1456 **1/1456625**
216.73.216.56 - - [16/Jan/2026:07:26:06 -0700] "GET /?e=3242796c6icib HTTP/1.1" 301 149 "-" "Mozilla/5.0 AppleWebKit/537.36 (KHTML, like Gecko; compatible; ClaudeBot/1.0; +claudebot@anthropic.com)" 1203 **1/1203796**
114.119.157.189 - - [16/Jan/2026:07:26:17 -0700] "GET /xlnbgql/911-lone-star-season-3-episode-1-cast.html HTTP/1.1" 301 337 "https://canford.ca/gpcj3d/best-mood-gummies.html" "Mozilla/5.0 (Linux; Android 7.0;) AppleWebKit/537.36 (KHTML, like Gecko) Mobile Safari/537.36 (compatible; PetalBot;+https://webmaster.petalsearch.com/site/petalbot)" 1869 **1/1869024**
114.119.157.189 - - [16/Jan/2026:07:26:18 -0700] "GET /xlnbgql/911-lone-star-season-3-episode-1-cast.html HTTP/1.1" 404 59131 "https://canford.ca/gpcj3d/best-mood-gummies.html" "Mozilla/5.0 (Linux; Android 7.0;) AppleWebKit/537.36 (KHTML, like Gecko) Mobile Safari/537.36 (compatible; PetalBot;+https://webmaster.petalsearch.com/site/petalbot)" 2187 **2/2187652**
216.73.216.56 - - [16/Jan/2026:07:26:28 -0700] "GET /?fileloc=%2F%2Flib%2Ffirmware%2Fnvidia%2Fga104%2Fgsp%2Fbootloader-570.144.bin&path=%2F%2Flib%2Ffirmware%2Fnvidia%2Fga104%2Fgsp HTTP/1.1" 301 149 "-" "Mozilla/5.0 AppleWebKit/537.36 (KHTML, like Gecko; compatible; ClaudeBot/1.0; +claudebot@anthropic.com)" 1286 **1/1286155**
216.73.216.56 - - [16/Jan/2026:07:26:31 -0700] "GET /?fileloc=%2F%2Flib%2Fgrub%2Fi386-pc%2Fgmodule.pl&path=%2F%2Flib%2Fgrub%2Fi386-pc HTTP/1.1" 301 149 "-" "Mozilla/5.0 AppleWebKit/537.36 (KHTML, like Gecko; compatible; ClaudeBot/1.0; +claudebot@anthropic.com)" 885 **0/885356**
216.73.216.56 - - [16/Jan/2026:07:26:34 -0700] "GET /?fileloc=%2F%2Fusr%2Flib%2Flocale%2Fen_IE.utf8%2FLC_MEASUREMENT&path=%2F%2Fusr%2Flib%2Flocale%2Fen_IE.utf8 HTTP/1.1" 301 149 "-" "Mozilla/5.0 AppleWebKit/537.36 (KHTML, like Gecko; compatible; ClaudeBot/1.0; +claudebot@anthropic.com)" 1534 **1/1534651**
216.73.216.56 - - [16/Jan/2026:07:26:38 -0700] "GET /?fileloc=%2F%2Fusr%2Flib%2Ffirmware%2Frtl_nic%2Frtl8168e-3.fw&path=%2F%2Fusr%2Flib%2Ffirmware%2Frtl_nic HTTP/1.1" 301 149 "-" "Mozilla/5.0 AppleWebKit/537.36 (KHTML, like Gecko; compatible; ClaudeBot/1.0; +claudebot@anthropic.com)" 1134 **1/1134442**
216.73.216.56 - - [16/Jan/2026:07:26:43 -0700] "GET /?fileloc=%2F%2Fusr%2Flib%2Fkbd%2Fconsolefonts%2Fcp866-8x16.psf.gz&path=%2F%2Fusr%2Flib%2Fkbd%2Fconsolefonts HTTP/1.1" 301 149 "-" "Mozilla/5.0 AppleWebKit/537.36 (KHTML, like Gecko; compatible; ClaudeBot/1.0; +claudebot@anthropic.com)" 1039 **1/1039128**
216.73.216.56 - - [16/Jan/2026:07:26:46 -0700] "GET /?fileloc=%2F%2Fusr%2Flib%2Ffirmware%2Fintel%2Fiwlwifi%2Fiwlwifi-so-a0-gf-a0-86.ucode&path=%2F%2Fusr%2Flib%2Ffirmware%2Fintel%2Fiwlwifi HTTP/1.1" 301 149 "-" "Mozilla/5.0 AppleWebKit/537.36 (KHTML, like Gecko; compatible; ClaudeBot/1.0; +claudebot@anthropic.com)" 884 **0/884709**
216.73.216.56 - - [16/Jan/2026:07:26:50 -0700] "GET /?fileloc=%2F%2Fusr%2Flib%2Ffirmware%2Frtl_nic%2Frtl8126a-2.fw&path=%2F%2Fusr%2Flib%2Ffirmware%2Frtl_nic HTTP/1.1" 301 149 "-" "Mozilla/5.0 AppleWebKit/537.36 (KHTML, like Gecko; compatible; ClaudeBot/1.0; +claudebot@anthropic.com)" 864 **0/864436**
216.73.216.56 - - [16/Jan/2026:07:26:53 -0700] "GET /?fileloc=%2F%2Flib%2Fgrub%2Fi386-pc%2Fincrement.mod&path=%2F%2Flib%2Fgrub%2Fi386-pc HTTP/1.1" 301 149 "-" "Mozilla/5.0 AppleWebKit/537.36 (KHTML, like Gecko; compatible; ClaudeBot/1.0; +claudebot@anthropic.com)" 1515 **1/1515552**
57.141.20.3 - - [16/Jan/2026:07:26:55 -0700] "GET /?e=41528327h63if HTTP/1.1" 301 337 "-" "meta-externalagent/1.1 (+https://developers.facebook.com/docs/sharing/webmasters/crawler)" 1489 **1/1489131**
