216.73.216.56 - - [16/Jan/2026:07:26:59 -0700] "GET /?fileloc=%2F%2Fusr%2Flib%2Ffirmware%2Fintel%2Fiwlwifi%2Fiwlwifi-so-a0-gf-a0-79.ucode&path=%2F%2Fusr%2Flib%2Ffirmware%2Fintel%2Fiwlwifi HTTP/1.1" 301 149 "-" "Mozilla/5.0 AppleWebKit/537.36 (KHTML, like Gecko; compatible; ClaudeBot/1.0; +claudebot@anthropic.com)" 796 **0/796408**
216.73.216.56 - - [16/Jan/2026:07:27:03 -0700] "GET /?fileloc=%2F%2Fusr%2Flib%2Flocale%2Fen_US.utf8%2FLC_TELEPHONE&path=%2F%2Fusr%2Flib%2Flocale%2Fen_US.utf8 HTTP/1.1" 301 149 "-" "Mozilla/5.0 AppleWebKit/537.36 (KHTML, like Gecko; compatible; ClaudeBot/1.0; +claudebot@anthropic.com)" 966 **0/966759**
216.73.216.56 - - [16/Jan/2026:07:27:07 -0700] "GET /?fileloc=%2F%2Flib%2Ffirmware%2Fnvidia%2Fgb100%2Fgsp%2Fbootloader-570.144.bin&path=%2F%2Flib%2Ffirmware%2Fnvidia%2Fgb100%2Fgsp HTTP/1.1" 301 149 "-" "Mozilla/5.0 AppleWebKit/537.36 (KHTML, like Gecko; compatible; ClaudeBot/1.0; +claudebot@anthropic.com)" 926 **0/926142**
216.73.216.56 - - [16/Jan/2026:07:27:13 -0700] "GET /?fileloc=%2F%2Fusr%2Flib%2F.build-id%2Fa5%2F603e68a3aae8872433a4e30f2d939f4e3bcecb&path=%2F%2Fusr%2Flib%2F.build-id%2Fa5 HTTP/1.1" 301 149 "-" "Mozilla/5.0 AppleWebKit/537.36 (KHTML, like Gecko; compatible; ClaudeBot/1.0; +claudebot@anthropic.com)" 837 **0/837553**
216.73.216.56 - - [16/Jan/2026:07:27:18 -0700] "GET /?fileloc=%2F%2Flib%2Ffirmware%2Fnvidia%2Fgp108%2Fgr%2Fgpccs_sig.bin&path=%2F%2Flib%2Ffirmware%2Fnvidia%2Fgp108%2Fgr HTTP/1.1" 301 149 "-" "Mozilla/5.0 AppleWebKit/537.36 (KHTML, like Gecko; compatible; ClaudeBot/1.0; +claudebot@anthropic.com)" 850 **0/850744**
216.73.216.56 - - [16/Jan/2026:07:27:25 -0700] "GET /?fileloc=%2F%2Fusr%2Flib%2Ffirmware%2Fsms1xxx-nova-b-dvbt-01.fw&path=%2F%2Fusr%2Flib%2Ffirmware HTTP/1.1" 301 149 "-" "Mozilla/5.0 AppleWebKit/537.36 (KHTML, like Gecko; compatible; ClaudeBot/1.0; +claudebot@anthropic.com)" 1185 **1/1185128**
114.119.159.152 - - [16/Jan/2026:07:27:41 -0700] "GET /xlnbgql/8x170-17-beadlock-wheels.html HTTP/1.1" 301 337 "http://btmleisureprojects.com/g7qzz/where-to-buy-uniqlo-underwear.html" "Mozilla/5.0 (Linux; Android 7.0;) AppleWebKit/537.36 (KHTML, like Gecko) Mobile Safari/537.36 (compatible; PetalBot;+https://webmaster.petalsearch.com/site/petalbot)" 1345 **1/1345633**
114.119.159.152 - - [16/Jan/2026:07:27:43 -0700] "GET /xlnbgql/8x170-17-beadlock-wheels.html HTTP/1.1" 404 59131 "http://btmleisureprojects.com/g7qzz/where-to-buy-uniqlo-underwear.html" "Mozilla/5.0 (Linux; Android 7.0;) AppleWebKit/537.36 (KHTML, like Gecko) Mobile Safari/537.36 (compatible; PetalBot;+https://webmaster.petalsearch.com/site/petalbot)" 1671 **1/1671879**
57.141.20.2 - - [16/Jan/2026:07:28:58 -0700] "GET /?e=4959398d0d450 HTTP/1.1" 301 337 "-" "meta-externalagent/1.1 (+https://developers.facebook.com/docs/sharing/webmasters/crawler)" 899 **0/899381**
114.119.159.152 - - [16/Jan/2026:07:29:10 -0700] "GET /xlnbgql/8th-grade-female-basketball-phenom.html HTTP/1.1" 301 337 "https://aylwardshool.com/orzklml/trump-village-west.html" "Mozilla/5.0 (Linux; Android 7.0;) AppleWebKit/537.36 (KHTML, like Gecko) Mobile Safari/537.36 (compatible; PetalBot;+https://webmaster.petalsearch.com/site/petalbot)" 913 **0/913098**
114.119.159.152 - - [16/Jan/2026:07:29:12 -0700] "GET /xlnbgql/8th-grade-female-basketball-phenom.html HTTP/1.1" 404 59131 "https://aylwardshool.com/orzklml/trump-village-west.html" "Mozilla/5.0 (Linux; Android 7.0;) AppleWebKit/537.36 (KHTML, like Gecko) Mobile Safari/537.36 (compatible; PetalBot;+https://webmaster.petalsearch.com/site/petalbot)" 1030 **1/1030237**
57.141.20.13 - - [16/Jan/2026:07:29:40 -0700] "GET /?e=2043636jcb543 HTTP/1.1" 301 337 "-" "meta-externalagent/1.1 (+https://developers.facebook.com/docs/sharing/webmasters/crawler)" 895 **0/895367**
114.119.153.246 - - [16/Jan/2026:07:30:29 -0700] "GET /xlnbgql/800-hp-type-r.html HTTP/1.1" 301 337 "https://manantial-asesorias.cl/pih87/free-online-ela-games-for-middle-school.html" "Mozilla/5.0 (Linux; Android 7.0;) AppleWebKit/537.36 (KHTML, like Gecko) Mobile Safari/537.36 (compatible; PetalBot;+https://webmaster.petalsearch.com/site/petalbot)" 1380 **1/1380301**
114.119.153.246 - - [16/Jan/2026:07:30:31 -0700] "GET /xlnbgql/800-hp-type-r.html HTTP/1.1" 404 59131 "https://manantial-asesorias.cl/pih87/free-online-ela-games-for-middle-school.html" "Mozilla/5.0 (Linux; Android 7.0;) AppleWebKit/537.36 (KHTML, like Gecko) Mobile Safari/537.36 (compatible; PetalBot;+https://webmaster.petalsearch.com/site/petalbot)" 1074 **1/1074715**
114.119.130.251 - - [16/Jan/2026:07:32:02 -0700] "GET /xlnbgql/7th-house-astrology.html HTTP/1.1" 301 337 "https://www.ballthai.com/tag/%E0%B8%9A%E0%B8%AD%E0%B8%A5%E0%B9%84%E0%B8%97%E0%B8%A2/page/93/" "Mozilla/5.0 (Linux; Android 7.0;) AppleWebKit/537.36 (KHTML, like Gecko) Mobile Safari/537.36 (compatible; PetalBot;+https://webmaster.petalsearch.com/site/petalbot)" 1503 **1/1503116**
114.119.130.251 - - [16/Jan/2026:07:32:04 -0700] "GET /xlnbgql/7th-house-astrology.html HTTP/1.1" 404 59131 "https://www.ballthai.com/tag/%E0%B8%9A%E0%B8%AD%E0%B8%A5%E0%B9%84%E0%B8%97%E0%B8%A2/page/93/" "Mozilla/5.0 (Linux; Android 7.0;) AppleWebKit/537.36 (KHTML, like Gecko) Mobile Safari/537.36 (compatible; PetalBot;+https://webmaster.petalsearch.com/site/petalbot)" 1807 **1/1807685**
114.119.129.113 - - [16/Jan/2026:07:33:19 -0700] "GET /xlnbgql/58-bible-number-meaning.html HTTP/1.1" 301 337 "https://cryptoservice.7am-groups.com/kqzjk/skin-lesions-reddit.html" "Mozilla/5.0 (Linux; Android 7.0;) AppleWebKit/537.36 (KHTML, like Gecko) Mobile Safari/537.36 (compatible; PetalBot;+https://webmaster.petalsearch.com/site/petalbot)" 1261 **1/1261243**
114.119.129.113 - - [16/Jan/2026:07:33:21 -0700] "GET /xlnbgql/58-bible-number-meaning.html HTTP/1.1" 404 59131 "https://cryptoservice.7am-groups.com/kqzjk/skin-lesions-reddit.html" "Mozilla/5.0 (Linux; Android 7.0;) AppleWebKit/537.36 (KHTML, like Gecko) Mobile Safari/537.36 (compatible; PetalBot;+https://webmaster.petalsearch.com/site/petalbot)" 1735 **1/1735700**
114.119.159.152 - - [16/Jan/2026:07:34:44 -0700] "GET /xlnbgql/4x6x10-pressure-treated-near-me.html HTTP/1.1" 301 337 "https://studycampus.live/j99njy/newsweek-wordle-hint-today-thursday.html" "Mozilla/5.0 (Linux; Android 7.0;) AppleWebKit/537.36 (KHTML, like Gecko) Mobile Safari/537.36 (compatible; PetalBot;+https://webmaster.petalsearch.com/site/petalbot)" 1575 **1/1575383**
114.119.159.152 - - [16/Jan/2026:07:34:46 -0700] "GET /xlnbgql/4x6x10-pressure-treated-near-me.html HTTP/1.1" 404 59131 "https://studycampus.live/j99njy/newsweek-wordle-hint-today-thursday.html" "Mozilla/5.0 (Linux; Android 7.0;) AppleWebKit/537.36 (KHTML, like Gecko) Mobile Safari/537.36 (compatible; PetalBot;+https://webmaster.petalsearch.com/site/petalbot)" 1038 **1/1038768**
114.119.129.113 - - [16/Jan/2026:07:36:01 -0700] "GET /xlnbgql/4l60e-bad-tps-symptoms.html HTTP/1.1" 301 337 "https://djholzwurm.de/81ldgb1/princeton-politics-faculty.html" "Mozilla/5.0 (Linux; Android 7.0;) AppleWebKit/537.36 (KHTML, like Gecko) Mobile Safari/537.36 (compatible; PetalBot;+https://webmaster.petalsearch.com/site/petalbot)" 2003 **2/2003374**
114.119.129.113 - - [16/Jan/2026:07:36:03 -0700] "GET /xlnbgql/4l60e-bad-tps-symptoms.html HTTP/1.1" 404 59131 "https://djholzwurm.de/81ldgb1/princeton-politics-faculty.html" "Mozilla/5.0 (Linux; Android 7.0;) AppleWebKit/537.36 (KHTML, like Gecko) Mobile Safari/537.36 (compatible; PetalBot;+https://webmaster.petalsearch.com/site/petalbot)" 1595 **1/1595356**
57.141.20.28 - - [16/Jan/2026:07:36:24 -0700] "GET /?e=1094958687ig5 HTTP/1.1" 301 337 "-" "meta-externalagent/1.1 (+https://developers.facebook.com/docs/sharing/webmasters/crawler)" 1680 **1/1680991**
114.119.130.251 - - [16/Jan/2026:07:37:25 -0700] "GET /xlnbgql/4-bedroom-homes-for-rent-miramar.html HTTP/1.1" 301 337 "https://ekafort.com/taizg/blue-merle-yorkie-price.html" "Mozilla/5.0 (Linux; Android 7.0;) AppleWebKit/537.36 (KHTML, like Gecko) Mobile Safari/537.36 (compatible; PetalBot;+https://webmaster.petalsearch.com/site/petalbot)" 1378 **1/1378417**
114.119.130.251 - - [16/Jan/2026:07:37:26 -0700] "GET /xlnbgql/4-bedroom-homes-for-rent-miramar.html HTTP/1.1" 404 59131 "https://ekafort.com/taizg/blue-merle-yorkie-price.html" "Mozilla/5.0 (Linux; Android 7.0;) AppleWebKit/537.36 (KHTML, like Gecko) Mobile Safari/537.36 (compatible; PetalBot;+https://webmaster.petalsearch.com/site/petalbot)" 1089 **1/1089835**
114.119.157.189 - - [16/Jan/2026:07:38:48 -0700] "GET /xlnbgql/30-examples-of-matter.html HTTP/1.1" 301 337 "https://arrowclout.com/rz3n/rare-breed-forced-reset-trigger-for-sale.html" "Mozilla/5.0 (Linux; Android 7.0;) AppleWebKit/537.36 (KHTML, like Gecko) Mobile Safari/537.36 (compatible; PetalBot;+https://webmaster.petalsearch.com/site/petalbot)" 1294 **1/1294035**
114.119.157.189 - - [16/Jan/2026:07:38:50 -0700] "GET /xlnbgql/30-examples-of-matter.html HTTP/1.1" 404 59131 "https://arrowclout.com/rz3n/rare-breed-forced-reset-trigger-for-sale.html" "Mozilla/5.0 (Linux; Android 7.0;) AppleWebKit/537.36 (KHTML, like Gecko) Mobile Safari/537.36 (compatible; PetalBot;+https://webmaster.petalsearch.com/site/petalbot)" 988 **0/988430**
114.119.151.233 - - [16/Jan/2026:07:40:12 -0700] "GET /xlnbgql/240sx-vk56-swap.html HTTP/1.1" 301 337 "https://trump24politics.com/wp-admin/maint/hdw0rhm/craigslist-motorcycles-for-sale-by-owner-north-florida.html" "Mozilla/5.0 (Linux; Android 7.0;) AppleWebKit/537.36 (KHTML, like Gecko) Mobile Safari/537.36 (compatible; PetalBot;+https://webmaster.petalsearch.com/site/petalbot)" 1185 **1/1185225**
114.119.151.233 - - [16/Jan/2026:07:40:13 -0700] "GET /xlnbgql/240sx-vk56-swap.html HTTP/1.1" 404 59131 "https://trump24politics.com/wp-admin/maint/hdw0rhm/craigslist-motorcycles-for-sale-by-owner-north-florida.html" "Mozilla/5.0 (Linux; Android 7.0;) AppleWebKit/537.36 (KHTML, like Gecko) Mobile Safari/537.36 (compatible; PetalBot;+https://webmaster.petalsearch.com/site/petalbot)" 1217 **1/1217559**
114.119.159.152 - - [16/Jan/2026:07:41:36 -0700] "GET /xlnbgql/2024-nfl-wide-receiver-prospects.html HTTP/1.1" 301 337 "http://xn--80aayoejmdp.xn--p1ai/l1banj/professional-furniture-painting-near-me.html" "Mozilla/5.0 (Linux; Android 7.0;) AppleWebKit/537.36 (KHTML, like Gecko) Mobile Safari/537.36 (compatible; PetalBot;+https://webmaster.petalsearch.com/site/petalbot)" 932 **0/932313**
114.119.159.152 - - [16/Jan/2026:07:41:38 -0700] "GET /xlnbgql/2024-nfl-wide-receiver-prospects.html HTTP/1.1" 404 59131 "http://xn--80aayoejmdp.xn--p1ai/l1banj/professional-furniture-painting-near-me.html" "Mozilla/5.0 (Linux; Android 7.0;) AppleWebKit/537.36 (KHTML, like Gecko) Mobile Safari/537.36 (compatible; PetalBot;+https://webmaster.petalsearch.com/site/petalbot)" 1524 **1/1524170**
114.119.129.113 - - [16/Jan/2026:07:43:00 -0700] "GET /xlnbgql/2024-electric-toyota-tacoma.html HTTP/1.1" 301 337 "https://www.ballthai.com/%E0%B8%95%E0%B8%AD%E0%B8%87-%E0%B8%A1%E0%B8%B8%E0%B9%89%E0%B8%A2-%E0%B9%80%E0%B8%95%E0%B8%A3%E0%B8%B5%E0%B8%A2%E0%B8%A1%E0%B8%A5%E0%B8%87%E0%B9%80%E0%B8%A5%E0%B9%88%E0%B8%99%E0%B8%A7%E0%B8%B1%E0%B8%99%E0%B8%99%E0%B8%B5%E0%B9%89-%E0%B9%82%E0%B8%9B%E0%B8%A3%E0%B9%81%E0%B8%81%E0%B8%A3%E0%B8%A1%E0%B9%81%E0%B8%82%E0%B9%88%E0%B8%87-%E0%B8%9B%E0%B8%A3%E0%B8%B5%E0%B8%A7%E0%B8%B4%E0%B8%A7%E0%B8%A8%E0%B8%B6%E0%B8%81-%E0%B8%A5%E0%B8%B9%E0%B8%A7%E0%B8%B2%E0%B8%99-%E0%B8%84%E0%B8%B1%E0%B8%9E-2020-05-08-63/" "Mozilla/5.0 (Linux; Android 7.0;) AppleWebKit/537.36 (KHTML, like Gecko) Mobile Safari/537.36 (compatible; PetalBot;+https://webmaster.petalsearch.com/site/petalbot)" 1432 **1/1432892**
114.119.129.113 - - [16/Jan/2026:07:43:01 -0700] "GET /xlnbgql/2024-electric-toyota-tacoma.html HTTP/1.1" 404 59131 "https://www.ballthai.com/%E0%B8%95%E0%B8%AD%E0%B8%87-%E0%B8%A1%E0%B8%B8%E0%B9%89%E0%B8%A2-%E0%B9%80%E0%B8%95%E0%B8%A3%E0%B8%B5%E0%B8%A2%E0%B8%A1%E0%B8%A5%E0%B8%87%E0%B9%80%E0%B8%A5%E0%B9%88%E0%B8%99%E0%B8%A7%E0%B8%B1%E0%B8%99%E0%B8%99%E0%B8%B5%E0%B9%89-%E0%B9%82%E0%B8%9B%E0%B8%A3%E0%B9%81%E0%B8%81%E0%B8%A3%E0%B8%A1%E0%B9%81%E0%B8%82%E0%B9%88%E0%B8%87-%E0%B8%9B%E0%B8%A3%E0%B8%B5%E0%B8%A7%E0%B8%B4%E0%B8%A7%E0%B8%A8%E0%B8%B6%E0%B8%81-%E0%B8%A5%E0%B8%B9%E0%B8%A7%E0%B8%B2%E0%B8%99-%E0%B8%84%E0%B8%B1%E0%B8%9E-2020-05-08-63/" "Mozilla/5.0 (Linux; Android 7.0;) AppleWebKit/537.36 (KHTML, like Gecko) Mobile Safari/537.36 (compatible; PetalBot;+https://webmaster.petalsearch.com/site/petalbot)" 2460 **2/2460406**
114.119.157.189 - - [16/Jan/2026:07:44:29 -0700] "GET /xlnbgql/2022-crf250r-big-bore-kit.html HTTP/1.1" 301 337 "https://www.ballthai.com/%E0%B8%AD%E0%B8%B2%E0%B8%99%E0%B8%99%E0%B8%97%E0%B9%8C%E0%B8%99%E0%B8%B3%E0%B8%97%E0%B8%B5%E0%B8%A1-%E0%B8%8A%E0%B9%89%E0%B8%B2%E0%B8%87%E0%B8%A8%E0%B8%B6%E0%B8%81-u23-%E0%B8%95%E0%B8%9A%E0%B9%80/" "Mozilla/5.0 (Linux; Android 7.0;) AppleWebKit/537.36 (KHTML, like Gecko) Mobile Safari/537.36 (compatible; PetalBot;+https://webmaster.petalsearch.com/site/petalbot)" 1127 **1/1127194**
114.119.157.189 - - [16/Jan/2026:07:44:30 -0700] "GET /xlnbgql/2022-crf250r-big-bore-kit.html HTTP/1.1" 404 59131 "https://www.ballthai.com/%E0%B8%AD%E0%B8%B2%E0%B8%99%E0%B8%99%E0%B8%97%E0%B9%8C%E0%B8%99%E0%B8%B3%E0%B8%97%E0%B8%B5%E0%B8%A1-%E0%B8%8A%E0%B9%89%E0%B8%B2%E0%B8%87%E0%B8%A8%E0%B8%B6%E0%B8%81-u23-%E0%B8%95%E0%B8%9A%E0%B9%80/" "Mozilla/5.0 (Linux; Android 7.0;) AppleWebKit/537.36 (KHTML, like Gecko) Mobile Safari/537.36 (compatible; PetalBot;+https://webmaster.petalsearch.com/site/petalbot)" 1050 **1/1050450**
135.181.166.38 - - [16/Jan/2026:07:45:42 -0700] "GET /robots.txt HTTP/1.1" 200 243 "-" "Mozilla/5.0 (compatible; SERankingBacklinksBot/1.0; +https://seranking.com/backlinks-crawler)" 1197 **1/1197460**
135.181.166.38 - - [16/Jan/2026:07:45:44 -0700] "GET /?e=2005277 HTTP/1.1" 301 337 "-" "Mozilla/5.0 (compatible; SERankingBacklinksBot/1.0; +https://seranking.com/backlinks-crawler)" 1047 **1/1047428**
114.119.129.113 - - [16/Jan/2026:07:45:47 -0700] "GET /xlnbgql/2013-dodge-caravan-radiator-fan-relay.html HTTP/1.1" 301 337 "http://movicvibe.com/vmv7x/hawaii-wave-height-forecast.html" "Mozilla/5.0 (Linux; Android 7.0;) AppleWebKit/537.36 (KHTML, like Gecko) Mobile Safari/537.36 (compatible; PetalBot;+https://webmaster.petalsearch.com/site/petalbot)" 1685 **1/1685953**
114.119.129.113 - - [16/Jan/2026:07:45:48 -0700] "GET /xlnbgql/2013-dodge-caravan-radiator-fan-relay.html HTTP/1.1" 404 59131 "http://movicvibe.com/vmv7x/hawaii-wave-height-forecast.html" "Mozilla/5.0 (Linux; Android 7.0;) AppleWebKit/537.36 (KHTML, like Gecko) Mobile Safari/537.36 (compatible; PetalBot;+https://webmaster.petalsearch.com/site/petalbot)" 2813 **2/2813437**
135.181.166.38 - - [16/Jan/2026:07:46:10 -0700] "GET /robots.txt HTTP/1.1" 200 243 "-" "Mozilla/5.0 (compatible; SERankingBacklinksBot/1.0; +https://seranking.com/backlinks-crawler)" 1013 **1/1013017**
135.181.166.38 - - [16/Jan/2026:07:46:11 -0700] "GET /robots.txt HTTP/1.1" 200 243 "-" "Mozilla/5.0 (compatible; SERankingBacklinksBot/1.0; +https://seranking.com/backlinks-crawler)" 2763 **2/2763704**
135.181.166.38 - - [16/Jan/2026:07:46:15 -0700] "GET /robots.txt HTTP/1.1" 200 243 "-" "Mozilla/5.0 (compatible; SERankingBacklinksBot/1.0; +https://seranking.com/backlinks-crawler)" 1046 **1/1046601**
135.181.166.38 - - [16/Jan/2026:07:46:16 -0700] "GET /robots.txt HTTP/1.1" 200 243 "-" "Mozilla/5.0 (compatible; SERankingBacklinksBot/1.0; +https://seranking.com/backlinks-crawler)" 938 **0/938101**
135.181.166.38 - - [16/Jan/2026:07:46:17 -0700] "GET /robots.txt HTTP/1.1" 200 243 "-" "Mozilla/5.0 (compatible; SERankingBacklinksBot/1.0; +https://seranking.com/backlinks-crawler)" 1237 **1/1237586**
135.181.166.38 - - [16/Jan/2026:07:46:19 -0700] "GET /?e=2006061 HTTP/1.1" 301 337 "-" "Mozilla/5.0 (compatible; SERankingBacklinksBot/1.0; +https://seranking.com/backlinks-crawler)" 1987 **1/1987975**
135.181.166.38 - - [16/Jan/2026:07:46:33 -0700] "GET /?e=2006869 HTTP/1.1" 301 337 "-" "Mozilla/5.0 (compatible; SERankingBacklinksBot/1.0; +https://seranking.com/backlinks-crawler)" 1168 **1/1168183**
135.181.166.38 - - [16/Jan/2026:07:46:47 -0700] "GET /?e=2007717 HTTP/1.1" 301 337 "-" "Mozilla/5.0 (compatible; SERankingBacklinksBot/1.0; +https://seranking.com/backlinks-crawler)" 1195 **1/1195827**
135.181.166.38 - - [16/Jan/2026:07:46:55 -0700] "GET /?e=2009760 HTTP/1.1" 301 337 "-" "Mozilla/5.0 (compatible; SERankingBacklinksBot/1.0; +https://seranking.com/backlinks-crawler)" 1261 **1/1261804**
135.181.166.38 - - [16/Jan/2026:07:47:07 -0700] "GET /?e=2013514 HTTP/1.1" 301 337 "-" "Mozilla/5.0 (compatible; SERankingBacklinksBot/1.0; +https://seranking.com/backlinks-crawler)" 1021 **1/1021058**
114.119.157.189 - - [16/Jan/2026:07:47:11 -0700] "GET /xlnbgql/2006-impala-ss-supercharger-kit.html HTTP/1.1" 301 337 "https://dory.edu.vn/eyelgo8/compensator-vs-muzzle-brake-fallout-76.html" "Mozilla/5.0 (Linux; Android 7.0;) AppleWebKit/537.36 (KHTML, like Gecko) Mobile Safari/537.36 (compatible; PetalBot;+https://webmaster.petalsearch.com/site/petalbot)" 1108 **1/1108127**
114.119.157.189 - - [16/Jan/2026:07:47:12 -0700] "GET /xlnbgql/2006-impala-ss-supercharger-kit.html HTTP/1.1" 404 59131 "https://dory.edu.vn/eyelgo8/compensator-vs-muzzle-brake-fallout-76.html" "Mozilla/5.0 (Linux; Android 7.0;) AppleWebKit/537.36 (KHTML, like Gecko) Mobile Safari/537.36 (compatible; PetalBot;+https://webmaster.petalsearch.com/site/petalbot)" 975 **0/975673**
135.181.166.38 - - [16/Jan/2026:07:47:19 -0700] "GET /?e=2015081 HTTP/1.1" 301 337 "-" "Mozilla/5.0 (compatible; SERankingBacklinksBot/1.0; +https://seranking.com/backlinks-crawler)" 880 **0/880832**
135.181.166.38 - - [16/Jan/2026:07:47:36 -0700] "GET /?e=2015980 HTTP/1.1" 301 337 "-" "Mozilla/5.0 (compatible; SERankingBacklinksBot/1.0; +https://seranking.com/backlinks-crawler)" 1646 **1/1646318**
135.181.166.38 - - [16/Jan/2026:07:47:45 -0700] "GET /?e=2017690 HTTP/1.1" 301 337 "-" "Mozilla/5.0 (compatible; SERankingBacklinksBot/1.0; +https://seranking.com/backlinks-crawler)" 1152 **1/1152529**
135.181.166.38 - - [16/Jan/2026:07:47:57 -0700] "GET /?e=2020226 HTTP/1.1" 301 337 "-" "Mozilla/5.0 (compatible; SERankingBacklinksBot/1.0; +https://seranking.com/backlinks-crawler)" 1063 **1/1063538**
135.181.166.38 - - [16/Jan/2026:07:48:10 -0700] "GET /?e=2021382 HTTP/1.1" 301 337 "-" "Mozilla/5.0 (compatible; SERankingBacklinksBot/1.0; +https://seranking.com/backlinks-crawler)" 1262 **1/1262213**
135.181.166.38 - - [16/Jan/2026:07:48:29 -0700] "GET /?e=2023191 HTTP/1.1" 301 337 "-" "Mozilla/5.0 (compatible; SERankingBacklinksBot/1.0; +https://seranking.com/backlinks-crawler)" 1057 **1/1057267**
114.119.159.152 - - [16/Jan/2026:07:48:37 -0700] "GET /xlnbgql/2000-silverado-fuel-pump-not-getting-power.html HTTP/1.1" 301 337 "https://x10movies4k.com/8sbh4j/coolidge-corner-theater-student-discount.html" "Mozilla/5.0 (Linux; Android 7.0;) AppleWebKit/537.36 (KHTML, like Gecko) Mobile Safari/537.36 (compatible; PetalBot;+https://webmaster.petalsearch.com/site/petalbot)" 1339 **1/1339115**
114.119.159.152 - - [16/Jan/2026:07:48:39 -0700] "GET /xlnbgql/2000-silverado-fuel-pump-not-getting-power.html HTTP/1.1" 404 59131 "https://x10movies4k.com/8sbh4j/coolidge-corner-theater-student-discount.html" "Mozilla/5.0 (Linux; Android 7.0;) AppleWebKit/537.36 (KHTML, like Gecko) Mobile Safari/537.36 (compatible; PetalBot;+https://webmaster.petalsearch.com/site/petalbot)" 1103 **1/1103068**
135.181.166.38 - - [16/Jan/2026:07:48:43 -0700] "GET /?e=2027561 HTTP/1.1" 301 337 "-" "Mozilla/5.0 (compatible; SERankingBacklinksBot/1.0; +https://seranking.com/backlinks-crawler)" 1127 **1/1127829**
135.181.166.38 - - [16/Jan/2026:07:48:50 -0700] "GET /?e=2028559 HTTP/1.1" 301 337 "-" "Mozilla/5.0 (compatible; SERankingBacklinksBot/1.0; +https://seranking.com/backlinks-crawler)" 1236 **1/1236887**
135.181.166.38 - - [16/Jan/2026:07:49:10 -0700] "GET /?e=2030070 HTTP/1.1" 301 337 "-" "Mozilla/5.0 (compatible; SERankingBacklinksBot/1.0; +https://seranking.com/backlinks-crawler)" 1304 **1/1304734**
135.181.166.38 - - [16/Jan/2026:07:49:17 -0700] "GET /?e=2031906 HTTP/1.1" 301 337 "-" "Mozilla/5.0 (compatible; SERankingBacklinksBot/1.0; +https://seranking.com/backlinks-crawler)" 1315 **1/1315482**
135.181.166.38 - - [16/Jan/2026:07:49:30 -0700] "GET /?e=2036490 HTTP/1.1" 301 337 "-" "Mozilla/5.0 (compatible; SERankingBacklinksBot/1.0; +https://seranking.com/backlinks-crawler)" 1141 **1/1141374**
135.181.166.38 - - [16/Jan/2026:07:49:49 -0700] "GET /?e=2040533 HTTP/1.1" 301 337 "-" "Mozilla/5.0 (compatible; SERankingBacklinksBot/1.0; +https://seranking.com/backlinks-crawler)" 1417 **1/1417260**
135.181.166.38 - - [16/Jan/2026:07:49:57 -0700] "GET /?e=2041195 HTTP/1.1" 301 337 "-" "Mozilla/5.0 (compatible; SERankingBacklinksBot/1.0; +https://seranking.com/backlinks-crawler)" 1140 **1/1140628**
114.119.151.233 - - [16/Jan/2026:07:49:58 -0700] "GET /xlnbgql/2-bluff-point-lane-sag-harbor.html HTTP/1.1" 301 337 "http://miamiwaterfrontestaterentals.com/bp2y/park-county-mugshots.html" "Mozilla/5.0 (Linux; Android 7.0;) AppleWebKit/537.36 (KHTML, like Gecko) Mobile Safari/537.36 (compatible; PetalBot;+https://webmaster.petalsearch.com/site/petalbot)" 1479 **1/1479769**
114.119.151.233 - - [16/Jan/2026:07:50:00 -0700] "GET /xlnbgql/2-bluff-point-lane-sag-harbor.html HTTP/1.1" 404 59131 "http://miamiwaterfrontestaterentals.com/bp2y/park-county-mugshots.html" "Mozilla/5.0 (Linux; Android 7.0;) AppleWebKit/537.36 (KHTML, like Gecko) Mobile Safari/537.36 (compatible; PetalBot;+https://webmaster.petalsearch.com/site/petalbot)" 3077 **3/3077406**
135.181.166.38 - - [16/Jan/2026:07:50:12 -0700] "GET /?e=2042560 HTTP/1.1" 301 337 "-" "Mozilla/5.0 (compatible; SERankingBacklinksBot/1.0; +https://seranking.com/backlinks-crawler)" 1567 **1/1567882**
216.73.216.56 - - [16/Jan/2026:07:50:26 -0700] "GET /robots.txt HTTP/1.1" 301 149 "-" "Mozilla/5.0 AppleWebKit/537.36 (KHTML, like Gecko; compatible; ClaudeBot/1.0; +claudebot@anthropic.com)" 1946 **1/1946680**
216.73.216.56 - - [16/Jan/2026:07:50:29 -0700] "GET /robots.txt HTTP/1.1" 200 214 "http://veronaae.com/robots.txt" "Mozilla/5.0 AppleWebKit/537.36 (KHTML, like Gecko; compatible; ClaudeBot/1.0; +claudebot@anthropic.com)" 1329 **1/1329303**
135.181.166.38 - - [16/Jan/2026:07:50:32 -0700] "GET /?e=2044067 HTTP/1.1" 301 337 "-" "Mozilla/5.0 (compatible; SERankingBacklinksBot/1.0; +https://seranking.com/backlinks-crawler)" 918 **0/918291**
135.181.166.38 - - [16/Jan/2026:07:50:40 -0700] "GET /?e=2046628 HTTP/1.1" 301 337 "-" "Mozilla/5.0 (compatible; SERankingBacklinksBot/1.0; +https://seranking.com/backlinks-crawler)" 1025 **1/1025195**
216.73.216.56 - - [16/Jan/2026:07:50:45 -0700] "GET /?fileloc=%2F%2Fusr%2Flib%2Ffirmware%2FTAS2XXX3920.bin&path=%2F%2Fusr%2Flib%2Ffirmware HTTP/1.1" 301 149 "-" "Mozilla/5.0 AppleWebKit/537.36 (KHTML, like Gecko; compatible; ClaudeBot/1.0; +claudebot@anthropic.com)" 1282 **1/1282082**
216.73.216.56 - - [16/Jan/2026:07:50:54 -0700] "GET /?e=4924147b4fbaa HTTP/1.1" 301 149 "-" "Mozilla/5.0 AppleWebKit/537.36 (KHTML, like Gecko; compatible; ClaudeBot/1.0; +claudebot@anthropic.com)" 1682 **1/1682150**
135.181.166.38 - - [16/Jan/2026:07:50:54 -0700] "GET /?e=2047004 HTTP/1.1" 301 337 "-" "Mozilla/5.0 (compatible; SERankingBacklinksBot/1.0; +https://seranking.com/backlinks-crawler)" 1677 **1/1677163**
216.73.216.56 - - [16/Jan/2026:07:51:03 -0700] "GET /?e=2104388c8b9ca HTTP/1.1" 301 149 "-" "Mozilla/5.0 AppleWebKit/537.36 (KHTML, like Gecko; compatible; ClaudeBot/1.0; +claudebot@anthropic.com)" 2056 **2/2056838**
216.73.216.56 - - [16/Jan/2026:07:51:13 -0700] "GET /?e=2772970fb4e10 HTTP/1.1" 301 149 "-" "Mozilla/5.0 AppleWebKit/537.36 (KHTML, like Gecko; compatible; ClaudeBot/1.0; +claudebot@anthropic.com)" 1653 **1/1653182**
135.181.166.38 - - [16/Jan/2026:07:51:14 -0700] "GET /?e=2049053 HTTP/1.1" 301 337 "-" "Mozilla/5.0 (compatible; SERankingBacklinksBot/1.0; +https://seranking.com/backlinks-crawler)" 1142 **1/1142083**
114.119.157.158 - - [16/Jan/2026:07:51:22 -0700] "GET /xlnbgql/1978-chevy-truck-trim-packages.html HTTP/1.1" 301 337 "http://sparkbusinessgroup.com.au/5lzkvxl/five-two-love-scott-family-net-worth.html" "Mozilla/5.0 (Linux; Android 7.0;) AppleWebKit/537.36 (KHTML, like Gecko) Mobile Safari/537.36 (compatible; PetalBot;+https://webmaster.petalsearch.com/site/petalbot)" 1042 **1/1042088**
216.73.216.56 - - [16/Jan/2026:07:51:22 -0700] "GET /?e=54375083d267h HTTP/1.1" 301 149 "-" "Mozilla/5.0 AppleWebKit/537.36 (KHTML, like Gecko; compatible; ClaudeBot/1.0; +claudebot@anthropic.com)" 1439 **1/1439698**
135.181.166.38 - - [16/Jan/2026:07:51:23 -0700] "GET /?e=2049803 HTTP/1.1" 301 337 "-" "Mozilla/5.0 (compatible; SERankingBacklinksBot/1.0; +https://seranking.com/backlinks-crawler)" 2050 **2/2050159**
114.119.157.158 - - [16/Jan/2026:07:51:23 -0700] "GET /xlnbgql/1978-chevy-truck-trim-packages.html HTTP/1.1" 404 59131 "http://sparkbusinessgroup.com.au/5lzkvxl/five-two-love-scott-family-net-worth.html" "Mozilla/5.0 (Linux; Android 7.0;) AppleWebKit/537.36 (KHTML, like Gecko) Mobile Safari/537.36 (compatible; PetalBot;+https://webmaster.petalsearch.com/site/petalbot)" 2563 **2/2563339**
216.73.216.56 - - [16/Jan/2026:07:51:30 -0700] "GET /?e=2640586bj61df HTTP/1.1" 301 149 "-" "Mozilla/5.0 AppleWebKit/537.36 (KHTML, like Gecko; compatible; ClaudeBot/1.0; +claudebot@anthropic.com)" 1131 **1/1131809**
216.73.216.56 - - [16/Jan/2026:07:51:35 -0700] "GET /?fileloc=%2F%2Flib%2Fpython2.7%2Fsite-packages%2Furllib3%2Futil%2Fqueue.py&path=%2F%2Flib%2Fpython2.7%2Fsite-packages%2Furllib3%2Futil HTTP/1.1" 301 149 "-" "Mozilla/5.0 AppleWebKit/537.36 (KHTML, like Gecko; compatible; ClaudeBot/1.0; +claudebot@anthropic.com)" 2596 **2/2596662**
135.181.166.38 - - [16/Jan/2026:07:51:37 -0700] "GET /?e=2067970 HTTP/1.1" 301 337 "-" "Mozilla/5.0 (compatible; SERankingBacklinksBot/1.0; +https://seranking.com/backlinks-crawler)" 1264 **1/1264570**
216.73.216.56 - - [16/Jan/2026:07:51:46 -0700] "GET /?fileloc=%2F%2Flib%2Fpython3.6%2Fsite-packages%2Fpip%2F__pycache__%2Flocations.cpython-36.opt-1.pyc&path=%2F%2Flib%2Fpython3.6%2Fsite-packages%2Fpip%2F__pycache__ HTTP/1.1" 301 149 "-" "Mozilla/5.0 AppleWebKit/537.36 (KHTML, like Gecko; compatible; ClaudeBot/1.0; +claudebot@anthropic.com)" 1462 **1/1462150**
135.181.166.38 - - [16/Jan/2026:07:51:57 -0700] "GET /?e=2069678 HTTP/1.1" 301 337 "-" "Mozilla/5.0 (compatible; SERankingBacklinksBot/1.0; +https://seranking.com/backlinks-crawler)" 1139 **1/1139698**
216.73.216.56 - - [16/Jan/2026:07:52:01 -0700] "GET /?fileloc=%2F%2Flib64%2Fpython3.6%2Fencodings%2F__pycache__%2Fcp1257.cpython-36.pyc&path=%2F%2Flib64%2Fpython3.6%2Fencodings%2F__pycache__ HTTP/1.1" 301 149 "-" "Mozilla/5.0 AppleWebKit/537.36 (KHTML, like Gecko; compatible; ClaudeBot/1.0; +claudebot@anthropic.com)" 1393 **1/1393570**
216.73.216.56 - - [16/Jan/2026:07:52:03 -0700] "GET /?path=%2F%2Fusr%2Flib%2Flocale%2Fen_AU.utf8%2FLC_MESSAGES HTTP/1.1" 301 149 "-" "Mozilla/5.0 AppleWebKit/537.36 (KHTML, like Gecko; compatible; ClaudeBot/1.0; +claudebot@anthropic.com)" 1780 **1/1780769**
135.181.166.38 - - [16/Jan/2026:07:52:04 -0700] "GET /?e=2070658 HTTP/1.1" 301 337 "-" "Mozilla/5.0 (compatible; SERankingBacklinksBot/1.0; +https://seranking.com/backlinks-crawler)" 1793 **1/1793542**
216.73.216.56 - - [16/Jan/2026:07:52:13 -0700] "GET /?e=471372075c970 HTTP/1.1" 301 149 "-" "Mozilla/5.0 AppleWebKit/537.36 (KHTML, like Gecko; compatible; ClaudeBot/1.0; +claudebot@anthropic.com)" 1789 **1/1789801**
135.181.166.38 - - [16/Jan/2026:07:52:18 -0700] "GET /?e=2073351 HTTP/1.1" 301 337 "-" "Mozilla/5.0 (compatible; SERankingBacklinksBot/1.0; +https://seranking.com/backlinks-crawler)" 910 **0/910223**
216.73.216.56 - - [16/Jan/2026:07:52:22 -0700] "GET /?fileloc=%2F%2Fusr%2Flib%2Ffirmware%2Fradeon%2FTAHITI_me.bin&path=%2F%2Fusr%2Flib%2Ffirmware%2Fradeon HTTP/1.1" 301 149 "-" "Mozilla/5.0 AppleWebKit/537.36 (KHTML, like Gecko; compatible; ClaudeBot/1.0; +claudebot@anthropic.com)" 1367 **1/1367605**
216.73.216.56 - - [16/Jan/2026:07:52:30 -0700] "GET /?e=1863643i5f764 HTTP/1.1" 301 149 "-" "Mozilla/5.0 AppleWebKit/537.36 (KHTML, like Gecko; compatible; ClaudeBot/1.0; +claudebot@anthropic.com)" 1382 **1/1382056**
135.181.166.38 - - [16/Jan/2026:07:52:31 -0700] "GET /?e=2074103 HTTP/1.1" 301 337 "-" "Mozilla/5.0 (compatible; SERankingBacklinksBot/1.0; +https://seranking.com/backlinks-crawler)" 958 **0/958308**
216.73.216.56 - - [16/Jan/2026:07:52:33 -0700] "GET /?e=31736787jfe6d HTTP/1.1" 301 149 "-" "Mozilla/5.0 AppleWebKit/537.36 (KHTML, like Gecko; compatible; ClaudeBot/1.0; +claudebot@anthropic.com)" 2406 **2/2406673**
216.73.216.56 - - [16/Jan/2026:07:52:43 -0700] "GET /?e=1406671d9dhcj HTTP/1.1" 301 149 "-" "Mozilla/5.0 AppleWebKit/537.36 (KHTML, like Gecko; compatible; ClaudeBot/1.0; +claudebot@anthropic.com)" 1106 **1/1106244**
135.181.166.38 - - [16/Jan/2026:07:52:45 -0700] "GET /?e=2084104 HTTP/1.1" 301 337 "-" "Mozilla/5.0 (compatible; SERankingBacklinksBot/1.0; +https://seranking.com/backlinks-crawler)" 1230 **1/1230620**
114.119.157.189 - - [16/Jan/2026:07:52:48 -0700] "GET /xlnbgql/1961-t-bird-with-in-100-miles.html HTTP/1.1" 301 337 "https://www.ballthai.com/author/boykungred/page/35" "Mozilla/5.0 (Linux; Android 7.0;) AppleWebKit/537.36 (KHTML, like Gecko) Mobile Safari/537.36 (compatible; PetalBot;+https://webmaster.petalsearch.com/site/petalbot)" 1529 **1/1529189**
114.119.157.189 - - [16/Jan/2026:07:52:49 -0700] "GET /xlnbgql/1961-t-bird-with-in-100-miles.html HTTP/1.1" 404 59131 "https://www.ballthai.com/author/boykungred/page/35" "Mozilla/5.0 (Linux; Android 7.0;) AppleWebKit/537.36 (KHTML, like Gecko) Mobile Safari/537.36 (compatible; PetalBot;+https://webmaster.petalsearch.com/site/petalbot)" 1277 **1/1277732**
216.73.216.56 - - [16/Jan/2026:07:52:52 -0700] "GET /?e=199866371jf2a HTTP/1.1" 301 149 "-" "Mozilla/5.0 AppleWebKit/537.36 (KHTML, like Gecko; compatible; ClaudeBot/1.0; +claudebot@anthropic.com)" 1010 **1/1010966**
135.181.166.38 - - [16/Jan/2026:07:52:59 -0700] "GET /?e=2087853 HTTP/1.1" 301 337 "-" "Mozilla/5.0 (compatible; SERankingBacklinksBot/1.0; +https://seranking.com/backlinks-crawler)" 1332 **1/1332546**
216.73.216.56 - - [16/Jan/2026:07:53:02 -0700] "GET /?e=5169954bj2154 HTTP/1.1" 301 149 "-" "Mozilla/5.0 AppleWebKit/537.36 (KHTML, like Gecko; compatible; ClaudeBot/1.0; +claudebot@anthropic.com)" 1715 **1/1715728**
135.181.166.38 - - [16/Jan/2026:07:53:14 -0700] "GET /?e=2092015 HTTP/1.1" 301 337 "-" "Mozilla/5.0 (compatible; SERankingBacklinksBot/1.0; +https://seranking.com/backlinks-crawler)" 1177 **1/1177572**
216.73.216.56 - - [16/Jan/2026:07:53:17 -0700] "GET /?e=1353591gaa355 HTTP/1.1" 301 149 "-" "Mozilla/5.0 AppleWebKit/537.36 (KHTML, like Gecko; compatible; ClaudeBot/1.0; +claudebot@anthropic.com)" 1385 **1/1385899**
216.73.216.56 - - [16/Jan/2026:07:53:25 -0700] "GET /?e=891965h4d33h HTTP/1.1" 301 149 "-" "Mozilla/5.0 AppleWebKit/537.36 (KHTML, like Gecko; compatible; ClaudeBot/1.0; +claudebot@anthropic.com)" 1270 **1/1270192**
135.181.166.38 - - [16/Jan/2026:07:53:28 -0700] "GET /?e=2096718 HTTP/1.1" 301 337 "-" "Mozilla/5.0 (compatible; SERankingBacklinksBot/1.0; +https://seranking.com/backlinks-crawler)" 1306 **1/1306470**
216.73.216.56 - - [16/Jan/2026:07:53:34 -0700] "GET /?e=5543451jf9ha HTTP/1.1" 301 149 "-" "Mozilla/5.0 AppleWebKit/537.36 (KHTML, like Gecko; compatible; ClaudeBot/1.0; +claudebot@anthropic.com)" 1573 **1/1573927**
216.73.216.56 - - [16/Jan/2026:07:53:38 -0700] "GET /?e=1751268c0a3ad HTTP/1.1" 301 149 "-" "Mozilla/5.0 AppleWebKit/537.36 (KHTML, like Gecko; compatible; ClaudeBot/1.0; +claudebot@anthropic.com)" 1527 **1/1527412**
135.181.166.38 - - [16/Jan/2026:07:53:42 -0700] "GET /?e=2108940 HTTP/1.1" 301 337 "-" "Mozilla/5.0 (compatible; SERankingBacklinksBot/1.0; +https://seranking.com/backlinks-crawler)" 1117 **1/1117963**
216.73.216.56 - - [16/Jan/2026:07:53:43 -0700] "GET /?e=3230813b87194 HTTP/1.1" 301 149 "-" "Mozilla/5.0 AppleWebKit/537.36 (KHTML, like Gecko; compatible; ClaudeBot/1.0; +claudebot@anthropic.com)" 1280 **1/1280993**
216.73.216.56 - - [16/Jan/2026:07:53:47 -0700] "GET /?e=22436783e4c80 HTTP/1.1" 301 149 "-" "Mozilla/5.0 AppleWebKit/537.36 (KHTML, like Gecko; compatible; ClaudeBot/1.0; +claudebot@anthropic.com)" 903 **0/903845**
135.181.166.38 - - [16/Jan/2026:07:54:00 -0700] "GET /?e=2112337 HTTP/1.1" 301 337 "-" "Mozilla/5.0 (compatible; SERankingBacklinksBot/1.0; +https://seranking.com/backlinks-crawler)" 966 **0/966708**
216.73.216.56 - - [16/Jan/2026:07:54:05 -0700] "GET /?e=2389107435c9c HTTP/1.1" 301 149 "-" "Mozilla/5.0 AppleWebKit/537.36 (KHTML, like Gecko; compatible; ClaudeBot/1.0; +claudebot@anthropic.com)" 1330 **1/1330412**
114.119.153.246 - - [16/Jan/2026:07:54:10 -0700] "GET /xlnbgql/1960-to-1964-galaxie-for-sale.html HTTP/1.1" 301 337 "https://manantial-asesorias.cl/pih87/index/european-wax-center-san-antonio.php" "Mozilla/5.0 (Linux; Android 7.0;) AppleWebKit/537.36 (KHTML, like Gecko) Mobile Safari/537.36 (compatible; PetalBot;+https://webmaster.petalsearch.com/site/petalbot)" 1678 **1/1678699**
114.119.153.246 - - [16/Jan/2026:07:54:12 -0700] "GET /xlnbgql/1960-to-1964-galaxie-for-sale.html HTTP/1.1" 404 59131 "https://manantial-asesorias.cl/pih87/index/european-wax-center-san-antonio.php" "Mozilla/5.0 (Linux; Android 7.0;) AppleWebKit/537.36 (KHTML, like Gecko) Mobile Safari/537.36 (compatible; PetalBot;+https://webmaster.petalsearch.com/site/petalbot)" 1567 **1/1567227**
216.73.216.56 - - [16/Jan/2026:07:54:12 -0700] "GET /?e=4615736b237bh HTTP/1.1" 301 149 "-" "Mozilla/5.0 AppleWebKit/537.36 (KHTML, like Gecko; compatible; ClaudeBot/1.0; +claudebot@anthropic.com)" 1266 **1/1266717**
135.181.166.38 - - [16/Jan/2026:07:54:15 -0700] "GET /?e=2115940 HTTP/1.1" 301 337 "-" "Mozilla/5.0 (compatible; SERankingBacklinksBot/1.0; +https://seranking.com/backlinks-crawler)" 1582 **1/1582534**
135.181.166.38 - - [16/Jan/2026:07:54:23 -0700] "GET /?e=2121357 HTTP/1.1" 301 337 "-" "Mozilla/5.0 (compatible; SERankingBacklinksBot/1.0; +https://seranking.com/backlinks-crawler)" 1107 **1/1107529**
216.73.216.56 - - [16/Jan/2026:07:54:31 -0700] "GET /?e=19287347ge072 HTTP/1.1" 301 149 "-" "Mozilla/5.0 AppleWebKit/537.36 (KHTML, like Gecko; compatible; ClaudeBot/1.0; +claudebot@anthropic.com)" 1747 **1/1747930**
135.181.166.38 - - [16/Jan/2026:07:54:36 -0700] "GET /?e=2122623 HTTP/1.1" 301 337 "-" "Mozilla/5.0 (compatible; SERankingBacklinksBot/1.0; +https://seranking.com/backlinks-crawler)" 1250 **1/1250653**
216.73.216.56 - - [16/Jan/2026:07:54:43 -0700] "GET /?e=3813285bh0929 HTTP/1.1" 301 149 "-" "Mozilla/5.0 AppleWebKit/537.36 (KHTML, like Gecko; compatible; ClaudeBot/1.0; +claudebot@anthropic.com)" 2155 **2/2155302**
135.181.166.38 - - [16/Jan/2026:07:54:49 -0700] "GET /?e=2123278 HTTP/1.1" 301 337 "-" "Mozilla/5.0 (compatible; SERankingBacklinksBot/1.0; +https://seranking.com/backlinks-crawler)" 948 **0/948260**
135.181.166.38 - - [16/Jan/2026:07:55:05 -0700] "GET /?e=2128495 HTTP/1.1" 301 337 "-" "Mozilla/5.0 (compatible; SERankingBacklinksBot/1.0; +https://seranking.com/backlinks-crawler)" 1158 **1/1158616**
135.181.166.38 - - [16/Jan/2026:07:55:13 -0700] "GET /?e=2131964 HTTP/1.1" 301 337 "-" "Mozilla/5.0 (compatible; SERankingBacklinksBot/1.0; +https://seranking.com/backlinks-crawler)" 1445 **1/1445614**
216.73.216.56 - - [16/Jan/2026:07:55:16 -0700] "GET /?e=429212431dj28 HTTP/1.1" 301 149 "-" "Mozilla/5.0 AppleWebKit/537.36 (KHTML, like Gecko; compatible; ClaudeBot/1.0; +claudebot@anthropic.com)" 1379 **1/1379799**
135.181.166.38 - - [16/Jan/2026:07:55:25 -0700] "GET /?e=2131990 HTTP/1.1" 301 337 "-" "Mozilla/5.0 (compatible; SERankingBacklinksBot/1.0; +https://seranking.com/backlinks-crawler)" 2002 **2/2002630**
216.73.216.56 - - [16/Jan/2026:07:55:29 -0700] "GET /?e=2757471edgacf HTTP/1.1" 301 149 "-" "Mozilla/5.0 AppleWebKit/537.36 (KHTML, like Gecko; compatible; ClaudeBot/1.0; +claudebot@anthropic.com)" 1887 **1/1887271**
114.119.130.251 - - [16/Jan/2026:07:55:33 -0700] "GET /xlnbgql/18-and-up-atlanta.html HTTP/1.1" 301 337 "http://soukbaladeh.com/ttapbqd/ukraine-foreign-legion-salary.html" "Mozilla/5.0 (Linux; Android 7.0;) AppleWebKit/537.36 (KHTML, like Gecko) Mobile Safari/537.36 (compatible; PetalBot;+https://webmaster.petalsearch.com/site/petalbot)" 1549 **1/1549744**
114.119.130.251 - - [16/Jan/2026:07:55:35 -0700] "GET /xlnbgql/18-and-up-atlanta.html HTTP/1.1" 404 59131 "http://soukbaladeh.com/ttapbqd/ukraine-foreign-legion-salary.html" "Mozilla/5.0 (Linux; Android 7.0;) AppleWebKit/537.36 (KHTML, like Gecko) Mobile Safari/537.36 (compatible; PetalBot;+https://webmaster.petalsearch.com/site/petalbot)" 1548 **1/1548657**
135.181.166.38 - - [16/Jan/2026:07:55:47 -0700] "GET /?e=2134964 HTTP/1.1" 301 337 "-" "Mozilla/5.0 (compatible; SERankingBacklinksBot/1.0; +https://seranking.com/backlinks-crawler)" 944 **0/944172**
216.73.216.56 - - [16/Jan/2026:07:55:55 -0700] "GET /?e=5341682739bi2 HTTP/1.1" 301 149 "-" "Mozilla/5.0 AppleWebKit/537.36 (KHTML, like Gecko; compatible; ClaudeBot/1.0; +claudebot@anthropic.com)" 936 **0/936821**
135.181.166.38 - - [16/Jan/2026:07:56:01 -0700] "GET /?e=2135873 HTTP/1.1" 301 337 "-" "Mozilla/5.0 (compatible; SERankingBacklinksBot/1.0; +https://seranking.com/backlinks-crawler)" 1155 **1/1155508**
135.181.166.38 - - [16/Jan/2026:07:56:09 -0700] "GET /?e=2138208 HTTP/1.1" 301 337 "-" "Mozilla/5.0 (compatible; SERankingBacklinksBot/1.0; +https://seranking.com/backlinks-crawler)" 1228 **1/1228272**
57.141.20.50 - - [16/Jan/2026:07:56:11 -0700] "GET /?e=4263853jii63f HTTP/1.1" 301 337 "-" "meta-externalagent/1.1 (+https://developers.facebook.com/docs/sharing/webmasters/crawler)" 1284 **1/1284428**
135.181.166.38 - - [16/Jan/2026:07:56:23 -0700] "GET /?e=2139109 HTTP/1.1" 301 337 "-" "Mozilla/5.0 (compatible; SERankingBacklinksBot/1.0; +https://seranking.com/backlinks-crawler)" 914 **0/914878**
135.181.166.38 - - [16/Jan/2026:07:56:36 -0700] "GET /?e=2140391 HTTP/1.1" 301 337 "-" "Mozilla/5.0 (compatible; SERankingBacklinksBot/1.0; +https://seranking.com/backlinks-crawler)" 1503 **1/1503527**
124.226.224.228 - - [16/Jan/2026:07:56:52 -0700] "POST /wp-comments-post.php HTTP/1.1" 404 59131 "-" "Mozilla/5.0 (Windows NT 10.0; Win64; x64) AppleWebKit/537.36 (KHTML, like Gecko) Chrome/108.0.0.0 Safari/537.36 Edg/108.0.1462.46" 1493 **1/1493188**
135.181.166.38 - - [16/Jan/2026:07:56:54 -0700] "GET /?e=2140925 HTTP/1.1" 301 337 "-" "Mozilla/5.0 (compatible; SERankingBacklinksBot/1.0; +https://seranking.com/backlinks-crawler)" 924 **0/924283**
114.119.130.18 - - [16/Jan/2026:07:56:56 -0700] "GET /xlnbgql/16-bar-audition-songs-disney.html HTTP/1.1" 301 337 "https://feedita.com/6sceoi4p/frac-sand-hauling-owner-operator.html" "Mozilla/5.0 (Linux; Android 7.0;) AppleWebKit/537.36 (KHTML, like Gecko) Mobile Safari/537.36 (compatible; PetalBot;+https://webmaster.petalsearch.com/site/petalbot)" 2138 **2/2138708**
216.73.216.56 - - [16/Jan/2026:07:56:56 -0700] "GET /?fileloc=%2F%2Fusr%2Flib%2F.build-id%2Fb2%2F0b158ff6e44fd888eaf4d8d781e75bd0e8de63&path=%2F%2Fusr%2Flib%2F.build-id%2Fb2 HTTP/1.1" 301 149 "-" "Mozilla/5.0 AppleWebKit/537.36 (KHTML, like Gecko; compatible; ClaudeBot/1.0; +claudebot@anthropic.com)" 2090 **2/2090250**
114.119.130.18 - - [16/Jan/2026:07:56:58 -0700] "GET /xlnbgql/16-bar-audition-songs-disney.html HTTP/1.1" 404 59131 "https://feedita.com/6sceoi4p/frac-sand-hauling-owner-operator.html" "Mozilla/5.0 (Linux; Android 7.0;) AppleWebKit/537.36 (KHTML, like Gecko) Mobile Safari/537.36 (compatible; PetalBot;+https://webmaster.petalsearch.com/site/petalbot)" 1241 **1/1241921**
135.181.166.38 - - [16/Jan/2026:07:57:02 -0700] "GET /?e=2145290 HTTP/1.1" 301 337 "-" "Mozilla/5.0 (compatible; SERankingBacklinksBot/1.0; +https://seranking.com/backlinks-crawler)" 1484 **1/1484256**
135.181.166.38 - - [16/Jan/2026:07:57:19 -0700] "GET /?e=2147853 HTTP/1.1" 301 337 "-" "Mozilla/5.0 (compatible; SERankingBacklinksBot/1.0; +https://seranking.com/backlinks-crawler)" 1117 **1/1117622**
135.181.166.38 - - [16/Jan/2026:07:57:26 -0700] "GET /?e=2148306 HTTP/1.1" 301 337 "-" "Mozilla/5.0 (compatible; SERankingBacklinksBot/1.0; +https://seranking.com/backlinks-crawler)" 929 **0/929210**
216.73.216.56 - - [16/Jan/2026:07:57:29 -0700] "GET /?e=5196367aj1gia HTTP/1.1" 301 149 "-" "Mozilla/5.0 AppleWebKit/537.36 (KHTML, like Gecko; compatible; ClaudeBot/1.0; +claudebot@anthropic.com)" 1503 **1/1503218**
135.181.166.38 - - [16/Jan/2026:07:57:44 -0700] "GET /?e=2150174 HTTP/1.1" 301 337 "-" "Mozilla/5.0 (compatible; SERankingBacklinksBot/1.0; +https://seranking.com/backlinks-crawler)" 862 **0/862853**
135.181.166.38 - - [16/Jan/2026:07:57:51 -0700] "GET /?e=2151744 HTTP/1.1" 301 337 "-" "Mozilla/5.0 (compatible; SERankingBacklinksBot/1.0; +https://seranking.com/backlinks-crawler)" 1179 **1/1179655**
135.181.166.38 - - [16/Jan/2026:07:58:09 -0700] "GET /?e=2157907 HTTP/1.1" 301 337 "-" "Mozilla/5.0 (compatible; SERankingBacklinksBot/1.0; +https://seranking.com/backlinks-crawler)" 1341 **1/1341118**
135.181.166.38 - - [16/Jan/2026:07:58:16 -0700] "GET /?e=2158144 HTTP/1.1" 301 337 "-" "Mozilla/5.0 (compatible; SERankingBacklinksBot/1.0; +https://seranking.com/backlinks-crawler)" 1460 **1/1460347**
114.119.157.158 - - [16/Jan/2026:07:58:20 -0700] "GET /xlnbgql/10th-grade-reading-passages-for-fluency.html HTTP/1.1" 301 337 "https://www.pjcatamarca.ar/yaros/horsham-car-accident-today.html" "Mozilla/5.0 (Linux; Android 7.0;) AppleWebKit/537.36 (KHTML, like Gecko) Mobile Safari/537.36 (compatible; PetalBot;+https://webmaster.petalsearch.com/site/petalbot)" 1377 **1/1377195**
114.119.157.158 - - [16/Jan/2026:07:58:22 -0700] "GET /xlnbgql/10th-grade-reading-passages-for-fluency.html HTTP/1.1" 404 59131 "https://www.pjcatamarca.ar/yaros/horsham-car-accident-today.html" "Mozilla/5.0 (Linux; Android 7.0;) AppleWebKit/537.36 (KHTML, like Gecko) Mobile Safari/537.36 (compatible; PetalBot;+https://webmaster.petalsearch.com/site/petalbot)" 1143 **1/1143073**
135.181.166.38 - - [16/Jan/2026:07:58:33 -0700] "GET /?e=2160476 HTTP/1.1" 301 337 "-" "Mozilla/5.0 (compatible; SERankingBacklinksBot/1.0; +https://seranking.com/backlinks-crawler)" 1402 **1/1402127**
135.181.166.38 - - [16/Jan/2026:07:58:40 -0700] "GET /?e=2162115 HTTP/1.1" 301 337 "-" "Mozilla/5.0 (compatible; SERankingBacklinksBot/1.0; +https://seranking.com/backlinks-crawler)" 1013 **1/1013849**
135.181.166.38 - - [16/Jan/2026:07:58:54 -0700] "GET /?e=2162216 HTTP/1.1" 301 337 "-" "Mozilla/5.0 (compatible; SERankingBacklinksBot/1.0; +https://seranking.com/backlinks-crawler)" 1061 **1/1061594**
135.181.166.38 - - [16/Jan/2026:07:59:07 -0700] "GET /?e=2162604 HTTP/1.1" 301 337 "-" "Mozilla/5.0 (compatible; SERankingBacklinksBot/1.0; +https://seranking.com/backlinks-crawler)" 1498 **1/1498399**
135.181.166.38 - - [16/Jan/2026:07:59:19 -0700] "GET /?e=2163600 HTTP/1.1" 301 337 "-" "Mozilla/5.0 (compatible; SERankingBacklinksBot/1.0; +https://seranking.com/backlinks-crawler)" 1392 **1/1392376**
135.181.166.38 - - [16/Jan/2026:07:59:31 -0700] "GET /?e=2169475 HTTP/1.1" 301 337 "-" "Mozilla/5.0 (compatible; SERankingBacklinksBot/1.0; +https://seranking.com/backlinks-crawler)" 1358 **1/1358443**
135.181.166.38 - - [16/Jan/2026:07:59:43 -0700] "GET /?e=2172991 HTTP/1.1" 301 337 "-" "Mozilla/5.0 (compatible; SERankingBacklinksBot/1.0; +https://seranking.com/backlinks-crawler)" 1470 **1/1470736**
114.119.157.189 - - [16/Jan/2026:07:59:44 -0700] "GET /uwx11/youtube-to-sheet-music-free.html HTTP/1.1" 301 337 "https://kalasanmultimedia.com/afafgsa/the-mirror-commercial-cindy-laura.html" "Mozilla/5.0 (Linux; Android 7.0;) AppleWebKit/537.36 (KHTML, like Gecko) Mobile Safari/537.36 (compatible; PetalBot;+https://webmaster.petalsearch.com/site/petalbot)" 1494 **1/1494213**
114.119.157.189 - - [16/Jan/2026:07:59:45 -0700] "GET /uwx11/youtube-to-sheet-music-free.html HTTP/1.1" 404 59131 "https://kalasanmultimedia.com/afafgsa/the-mirror-commercial-cindy-laura.html" "Mozilla/5.0 (Linux; Android 7.0;) AppleWebKit/537.36 (KHTML, like Gecko) Mobile Safari/537.36 (compatible; PetalBot;+https://webmaster.petalsearch.com/site/petalbot)" 2060 **2/2060308**
135.181.166.38 - - [16/Jan/2026:07:59:57 -0700] "GET /?e=2174010 HTTP/1.1" 301 337 "-" "Mozilla/5.0 (compatible; SERankingBacklinksBot/1.0; +https://seranking.com/backlinks-crawler)" 878 **0/878581**
135.181.166.38 - - [16/Jan/2026:08:00:09 -0700] "GET /?e=2174592 HTTP/1.1" 301 337 "-" "Mozilla/5.0 (compatible; SERankingBacklinksBot/1.0; +https://seranking.com/backlinks-crawler)" 1002 **1/1002804**
135.181.166.38 - - [16/Jan/2026:08:00:29 -0700] "GET /?e=2175922 HTTP/1.1" 301 337 "-" "Mozilla/5.0 (compatible; SERankingBacklinksBot/1.0; +https://seranking.com/backlinks-crawler)" 1210 **1/1210646**
135.181.166.38 - - [16/Jan/2026:08:00:41 -0700] "GET /?e=2176845 HTTP/1.1" 301 337 "-" "Mozilla/5.0 (compatible; SERankingBacklinksBot/1.0; +https://seranking.com/backlinks-crawler)" 1336 **1/1336938**
135.181.166.38 - - [16/Jan/2026:08:00:48 -0700] "GET /?e=2179244 HTTP/1.1" 301 337 "-" "Mozilla/5.0 (compatible; SERankingBacklinksBot/1.0; +https://seranking.com/backlinks-crawler)" 1032 **1/1032837**
135.181.166.38 - - [16/Jan/2026:08:01:01 -0700] "GET /?e=2184044 HTTP/1.1" 301 337 "-" "Mozilla/5.0 (compatible; SERankingBacklinksBot/1.0; +https://seranking.com/backlinks-crawler)" 1485 **1/1485045**
114.119.153.246 - - [16/Jan/2026:08:01:06 -0700] "GET /uwx11/yolo-county-sheriff-civil.html HTTP/1.1" 301 337 "https://ahanathefirstrayofthesun.org/3stkr7/the-origin-of-evil-film-2022.html" "Mozilla/5.0 (Linux; Android 7.0;) AppleWebKit/537.36 (KHTML, like Gecko) Mobile Safari/537.36 (compatible; PetalBot;+https://webmaster.petalsearch.com/site/petalbot)" 904 **0/904665**
114.119.153.246 - - [16/Jan/2026:08:01:07 -0700] "GET /uwx11/yolo-county-sheriff-civil.html HTTP/1.1" 404 59131 "https://ahanathefirstrayofthesun.org/3stkr7/the-origin-of-evil-film-2022.html" "Mozilla/5.0 (Linux; Android 7.0;) AppleWebKit/537.36 (KHTML, like Gecko) Mobile Safari/537.36 (compatible; PetalBot;+https://webmaster.petalsearch.com/site/petalbot)" 1765 **1/1765042**
216.244.66.247 - - [16/Jan/2026:08:01:15 -0700] "GET /robots.txt HTTP/1.1" 301 337 "-" "Mozilla/5.0 (compatible; DotBot/1.2; +https://opensiteexplorer.org/dotbot; help@moz.com)" 1751 **1/1751378**
216.244.66.247 - - [16/Jan/2026:08:01:15 -0700] "GET /robots.txt HTTP/1.1" 200 454 "-" "Mozilla/5.0 (compatible; DotBot/1.2; +https://opensiteexplorer.org/dotbot; help@moz.com)" 1745 **1/1745122**
216.244.66.247 - - [16/Jan/2026:08:01:17 -0700] "GET /robots.txt HTTP/1.1" 200 454 "-" "Mozilla/5.0 (compatible; DotBot/1.2; +https://opensiteexplorer.org/dotbot; help@moz.com)" 1169 **1/1169213**
135.181.166.38 - - [16/Jan/2026:08:01:19 -0700] "GET /?e=2189248 HTTP/1.1" 301 337 "-" "Mozilla/5.0 (compatible; SERankingBacklinksBot/1.0; +https://seranking.com/backlinks-crawler)" 1541 **1/1541667**
135.181.166.38 - - [16/Jan/2026:08:01:32 -0700] "GET /?e=2191380 HTTP/1.1" 301 337 "-" "Mozilla/5.0 (compatible; SERankingBacklinksBot/1.0; +https://seranking.com/backlinks-crawler)" 955 **0/955858**
135.181.166.38 - - [16/Jan/2026:08:01:40 -0700] "GET /?e=2191613 HTTP/1.1" 301 337 "-" "Mozilla/5.0 (compatible; SERankingBacklinksBot/1.0; +https://seranking.com/backlinks-crawler)" 1329 **1/1329592**
135.181.166.38 - - [16/Jan/2026:08:01:59 -0700] "GET /?e=2195995 HTTP/1.1" 301 337 "-" "Mozilla/5.0 (compatible; SERankingBacklinksBot/1.0; +https://seranking.com/backlinks-crawler)" 1016 **1/1016009**
135.181.166.38 - - [16/Jan/2026:08:02:06 -0700] "GET /?e=2202169 HTTP/1.1" 301 337 "-" "Mozilla/5.0 (compatible; SERankingBacklinksBot/1.0; +https://seranking.com/backlinks-crawler)" 1305 **1/1305393**
135.181.166.38 - - [16/Jan/2026:08:02:19 -0700] "GET /?e=2204444 HTTP/1.1" 301 337 "-" "Mozilla/5.0 (compatible; SERankingBacklinksBot/1.0; +https://seranking.com/backlinks-crawler)" 1134 **1/1134515**
114.119.151.233 - - [16/Jan/2026:08:02:31 -0700] "GET /uwx11/yamaha-rs-venture-forum.html HTTP/1.1" 301 337 "http://veronaae.com/uwx11/free-property-for-nonprofits.html" "Mozilla/5.0 (Linux; Android 7.0;) AppleWebKit/537.36 (KHTML, like Gecko) Mobile Safari/537.36 (compatible; PetalBot;+https://webmaster.petalsearch.com/site/petalbot)" 1340 **1/1340787**
135.181.166.38 - - [16/Jan/2026:08:02:32 -0700] "GET /?e=2204781 HTTP/1.1" 301 337 "-" "Mozilla/5.0 (compatible; SERankingBacklinksBot/1.0; +https://seranking.com/backlinks-crawler)" 1643 **1/1643655**
114.119.151.233 - - [16/Jan/2026:08:02:33 -0700] "GET /uwx11/yamaha-rs-venture-forum.html HTTP/1.1" 404 59131 "http://veronaae.com/uwx11/free-property-for-nonprofits.html" "Mozilla/5.0 (Linux; Android 7.0;) AppleWebKit/537.36 (KHTML, like Gecko) Mobile Safari/537.36 (compatible; PetalBot;+https://webmaster.petalsearch.com/site/petalbot)" 1888 **1/1888550**
135.181.166.38 - - [16/Jan/2026:08:02:45 -0700] "GET /?e=2207667 HTTP/1.1" 301 337 "-" "Mozilla/5.0 (compatible; SERankingBacklinksBot/1.0; +https://seranking.com/backlinks-crawler)" 1199 **1/1199692**
135.181.166.38 - - [16/Jan/2026:08:03:03 -0700] "GET /?e=2221465 HTTP/1.1" 301 337 "-" "Mozilla/5.0 (compatible; SERankingBacklinksBot/1.0; +https://seranking.com/backlinks-crawler)" 1237 **1/1237705**
135.181.166.38 - - [16/Jan/2026:08:03:15 -0700] "GET /?e=2233670 HTTP/1.1" 301 337 "-" "Mozilla/5.0 (compatible; SERankingBacklinksBot/1.0; +https://seranking.com/backlinks-crawler)" 1356 **1/1356840**
135.181.166.38 - - [16/Jan/2026:08:03:22 -0700] "GET /?e=2238911 HTTP/1.1" 301 337 "-" "Mozilla/5.0 (compatible; SERankingBacklinksBot/1.0; +https://seranking.com/backlinks-crawler)" 1290 **1/1290691**
135.181.166.38 - - [16/Jan/2026:08:03:35 -0700] "GET /?e=2240598 HTTP/1.1" 301 337 "-" "Mozilla/5.0 (compatible; SERankingBacklinksBot/1.0; +https://seranking.com/backlinks-crawler)" 1452 **1/1452599**
