74.7.227.58 - - [16/Jan/2026:09:53:45 -0700] "GET /category/jdate-inceleme-review HTTP/1.1" 404 10982 "https://veronaae.com" "Mozilla/5.0 AppleWebKit/537.36 (KHTML, like Gecko; compatible; GPTBot/1.3; +https://openai.com/gptbot)" 1437 **1/1437548**
74.7.227.58 - - [16/Jan/2026:09:53:47 -0700] "GET /category/mobifriends-sito-di-incontri-2 HTTP/1.1" 404 10982 "https://veronaae.com" "Mozilla/5.0 AppleWebKit/537.36 (KHTML, like Gecko; compatible; GPTBot/1.3; +https://openai.com/gptbot)" 1620 **1/1620211**
74.7.227.58 - - [16/Jan/2026:09:53:49 -0700] "GET /category/datemyage-inceleme-review-2 HTTP/1.1" 404 10982 "https://veronaae.com" "Mozilla/5.0 AppleWebKit/537.36 (KHTML, like Gecko; compatible; GPTBot/1.3; +https://openai.com/gptbot)" 1082 **1/1082449**
216.73.216.56 - - [16/Jan/2026:09:53:50 -0700] "GET /?fileloc=%2F%2Flib%2Fpython2.7%2Fsite-packages%2Fpip%2Fvcs%2Fbazaar.py&path=%2F%2Flib%2Fpython2.7%2Fsite-packages%2Fpip%2Fvcs HTTP/1.1" 301 149 "-" "Mozilla/5.0 AppleWebKit/537.36 (KHTML, like Gecko; compatible; ClaudeBot/1.0; +claudebot@anthropic.com)" 897 **0/897261**
74.7.227.58 - - [16/Jan/2026:09:53:52 -0700] "GET /category/germany-conservative-dating-app-2 HTTP/1.1" 404 10982 "https://veronaae.com" "Mozilla/5.0 AppleWebKit/537.36 (KHTML, like Gecko; compatible; GPTBot/1.3; +https://openai.com/gptbot)" 1930 **1/1930620**
74.7.227.58 - - [16/Jan/2026:09:53:55 -0700] "GET /category/mexican-dating-dating-app-2 HTTP/1.1" 404 10982 "https://veronaae.com" "Mozilla/5.0 AppleWebKit/537.36 (KHTML, like Gecko; compatible; GPTBot/1.3; +https://openai.com/gptbot)" 1960 **1/1960648**
114.119.129.113 - - [16/Jan/2026:09:53:59 -0700] "GET /uwx11/safest-sarm-stack-reddit.html HTTP/1.1" 301 337 "http://tenancyservices.co.nz/rny4lc/walgreens-pay-increase-2022.html" "Mozilla/5.0 (Linux; Android 7.0;) AppleWebKit/537.36 (KHTML, like Gecko) Mobile Safari/537.36 (compatible; PetalBot;+https://webmaster.petalsearch.com/site/petalbot)" 1401 **1/1401248**
114.119.129.113 - - [16/Jan/2026:09:54:01 -0700] "GET /uwx11/safest-sarm-stack-reddit.html HTTP/1.1" 404 59131 "http://tenancyservices.co.nz/rny4lc/walgreens-pay-increase-2022.html" "Mozilla/5.0 (Linux; Android 7.0;) AppleWebKit/537.36 (KHTML, like Gecko) Mobile Safari/537.36 (compatible; PetalBot;+https://webmaster.petalsearch.com/site/petalbot)" 2059 **2/2059606**
216.73.216.56 - - [16/Jan/2026:09:54:35 -0700] "GET /?fileloc=%2F%2Flib64%2Fpython3.6%2Flib2to3%2Fpgen2%2F__pycache__%2Fconv.cpython-36.opt-1.pyc&path=%2F%2Flib64%2Fpython3.6%2Flib2to3%2Fpgen2%2F__pycache__ HTTP/1.1" 301 149 "-" "Mozilla/5.0 AppleWebKit/537.36 (KHTML, like Gecko; compatible; ClaudeBot/1.0; +claudebot@anthropic.com)" 1448 **1/1448745**
178.23.189.67 - - [16/Jan/2026:09:54:46 -0700] "GET /contact-us/ HTTP/1.0" 301 337 "http://veronaae.com/contact-us/" "Mozilla/5.0 (Windows NT 10.0; Win64; x64) AppleWebKit/537.36 (KHTML, like Gecko) Chrome/129.0.0.0 Safari/537.36" 1789 **1/1789015**
178.23.189.67 - - [16/Jan/2026:09:54:49 -0700] "GET /contact-us/ HTTP/1.0" 200 106875 "http://www.veronaae.com/contact-us/" "Mozilla/5.0 (Windows NT 10.0; Win64; x64) AppleWebKit/537.36 (KHTML, like Gecko) Chrome/129.0.0.0 Safari/537.36" 2088 **2/2088751**
178.23.189.67 - - [16/Jan/2026:09:54:59 -0700] "POST /wp-admin/admin-ajax.php HTTP/1.0" 200 43 "http://www.veronaae.com/contact-us/" "Mozilla/5.0 (Windows NT 10.0; Win64; x64) AppleWebKit/537.36 (KHTML, like Gecko) Chrome/129.0.0.0 Safari/537.36" 1677 **1/1677258**
114.119.159.152 - - [16/Jan/2026:09:55:22 -0700] "GET /uwx11/ryan-auto-parts.html HTTP/1.1" 301 337 "http://tehnopack.ru/assets/images/gyhtgndi/san-diego-instagram-captions.html" "Mozilla/5.0 (Linux; Android 7.0;) AppleWebKit/537.36 (KHTML, like Gecko) Mobile Safari/537.36 (compatible; PetalBot;+https://webmaster.petalsearch.com/site/petalbot)" 2588 **2/2588214**
114.119.159.152 - - [16/Jan/2026:09:55:25 -0700] "GET /uwx11/ryan-auto-parts.html HTTP/1.1" 404 59131 "http://tehnopack.ru/assets/images/gyhtgndi/san-diego-instagram-captions.html" "Mozilla/5.0 (Linux; Android 7.0;) AppleWebKit/537.36 (KHTML, like Gecko) Mobile Safari/537.36 (compatible; PetalBot;+https://webmaster.petalsearch.com/site/petalbot)" 2348 **2/2348079**
57.141.20.9 - - [16/Jan/2026:09:55:40 -0700] "GET /?e=2176998833e4 HTTP/1.1" 301 337 "-" "meta-externalagent/1.1 (+https://developers.facebook.com/docs/sharing/webmasters/crawler)" 1242 **1/1242731**
216.73.216.56 - - [16/Jan/2026:09:56:00 -0700] "GET /?fileloc=%2F%2Flib64%2Fpython3.12%2Fencodings%2F__pycache__%2Futf_16_le.cpython-312.pyc&path=%2F%2Flib64%2Fpython3.12%2Fencodings%2F__pycache__ HTTP/1.1" 301 149 "-" "Mozilla/5.0 AppleWebKit/537.36 (KHTML, like Gecko; compatible; ClaudeBot/1.0; +claudebot@anthropic.com)" 1697 **1/1697651**
74.7.227.58 - - [16/Jan/2026:09:56:11 -0700] "GET /category/lovestruck-pl-review HTTP/1.1" 404 10982 "https://veronaae.com" "Mozilla/5.0 AppleWebKit/537.36 (KHTML, like Gecko; compatible; GPTBot/1.3; +https://openai.com/gptbot)" 1059 **1/1059473**
74.7.227.58 - - [16/Jan/2026:09:56:12 -0700] "GET /category/bristlr-inceleme-ggzden-gegirmek-142 HTTP/1.1" 404 10982 "https://veronaae.com" "Mozilla/5.0 AppleWebKit/537.36 (KHTML, like Gecko; compatible; GPTBot/1.3; +https://openai.com/gptbot)" 947 **0/947160**
184.168.114.89 - - [16/Jan/2026:09:56:34 -0700] "POST /wp-cron.php?doing_wp_cron=1768582594.2381470203399658203125 HTTP/1.1" 200 - "-" "WordPress/6.8.1; https://www.veronaae.com" 20 **0/20929**
216.73.216.56 - - [16/Jan/2026:09:56:33 -0700] "GET /?e=494442bf5a8b HTTP/1.1" 301 149 "-" "Mozilla/5.0 AppleWebKit/537.36 (KHTML, like Gecko; compatible; ClaudeBot/1.0; +claudebot@anthropic.com)" 949 **0/949594**
114.119.157.158 - - [16/Jan/2026:09:56:46 -0700] "GET /uwx11/rv-rental-las-vegas-airport.html HTTP/1.1" 301 337 "http://car-rentage.fhicameroon.org/rnxmsn/telegram-mega-link-groups.html" "Mozilla/5.0 (Linux; Android 7.0;) AppleWebKit/537.36 (KHTML, like Gecko) Mobile Safari/537.36 (compatible; PetalBot;+https://webmaster.petalsearch.com/site/petalbot)" 955 **0/955887**
114.119.157.158 - - [16/Jan/2026:09:56:47 -0700] "GET /uwx11/rv-rental-las-vegas-airport.html HTTP/1.1" 404 59131 "http://car-rentage.fhicameroon.org/rnxmsn/telegram-mega-link-groups.html" "Mozilla/5.0 (Linux; Android 7.0;) AppleWebKit/537.36 (KHTML, like Gecko) Mobile Safari/537.36 (compatible; PetalBot;+https://webmaster.petalsearch.com/site/petalbot)" 1797 **1/1797470**
57.141.20.49 - - [16/Jan/2026:09:57:25 -0700] "GET /?e=58709fgh918 HTTP/1.1" 301 337 "-" "meta-externalagent/1.1 (+https://developers.facebook.com/docs/sharing/webmasters/crawler)" 1272 **1/1272070**
216.73.216.56 - - [16/Jan/2026:09:57:38 -0700] "GET /?fileloc=%2F%2Fusr%2Flib%2Ffirmware%2Fintel%2Fibt-0093-0291.ddc&path=%2F%2Fusr%2Flib%2Ffirmware%2Fintel HTTP/1.1" 301 149 "-" "Mozilla/5.0 AppleWebKit/537.36 (KHTML, like Gecko; compatible; ClaudeBot/1.0; +claudebot@anthropic.com)" 1135 **1/1135854**
74.7.227.58 - - [16/Jan/2026:09:57:45 -0700] "GET /category/indian-dating-visitors HTTP/1.1" 404 10982 "https://veronaae.com" "Mozilla/5.0 AppleWebKit/537.36 (KHTML, like Gecko; compatible; GPTBot/1.3; +https://openai.com/gptbot)" 1010 **1/1010086**
57.141.20.52 - - [16/Jan/2026:09:57:46 -0700] "GET /?e=36068342252b7 HTTP/1.1" 301 337 "-" "meta-externalagent/1.1 (+https://developers.facebook.com/docs/sharing/webmasters/crawler)" 928 **0/928275**
74.7.227.58 - - [16/Jan/2026:09:57:47 -0700] "GET /category/quick-easy-payday-loans HTTP/1.1" 404 10982 "https://veronaae.com" "Mozilla/5.0 AppleWebKit/537.36 (KHTML, like Gecko; compatible; GPTBot/1.3; +https://openai.com/gptbot)" 1051 **1/1051223**
74.7.227.58 - - [16/Jan/2026:09:57:48 -0700] "GET /category/payday-loans-with-debit-card HTTP/1.1" 404 10982 "https://veronaae.com" "Mozilla/5.0 AppleWebKit/537.36 (KHTML, like Gecko; compatible; GPTBot/1.3; +https://openai.com/gptbot)" 1243 **1/1243562**
74.7.227.58 - - [16/Jan/2026:09:57:54 -0700] "GET /category/fling-com-dating-hookup-apps-2 HTTP/1.1" 404 10982 "https://veronaae.com" "Mozilla/5.0 AppleWebKit/537.36 (KHTML, like Gecko; compatible; GPTBot/1.3; +https://openai.com/gptbot)" 918 **0/918639**
74.7.227.58 - - [16/Jan/2026:09:57:55 -0700] "GET /category/lgbt-hookup-mobile-dating-apps-2 HTTP/1.1" 404 10982 "https://veronaae.com" "Mozilla/5.0 AppleWebKit/537.36 (KHTML, like Gecko; compatible; GPTBot/1.3; +https://openai.com/gptbot)" 1011 **1/1011529**
74.7.227.58 - - [16/Jan/2026:09:57:57 -0700] "GET /category/swingtowns-recenze-mobilng-strg%d1%9enka-514 HTTP/1.1" 404 10982 "https://veronaae.com" "Mozilla/5.0 AppleWebKit/537.36 (KHTML, like Gecko; compatible; GPTBot/1.3; +https://openai.com/gptbot)" 1010 **1/1010269**
216.73.216.56 - - [16/Jan/2026:09:58:07 -0700] "GET /?e=471514701f2af HTTP/1.1" 301 149 "-" "Mozilla/5.0 AppleWebKit/537.36 (KHTML, like Gecko; compatible; ClaudeBot/1.0; +claudebot@anthropic.com)" 969 **0/969624**
114.119.130.18 - - [16/Jan/2026:09:58:09 -0700] "GET /uwx11/rs-file-manager-pro-apk.html HTTP/1.1" 301 337 "https://therealestateshowmiami.com/dmgtroer8/best-vitamin-supplement-brand-reddit.html" "Mozilla/5.0 (Linux; Android 7.0;) AppleWebKit/537.36 (KHTML, like Gecko) Mobile Safari/537.36 (compatible; PetalBot;+https://webmaster.petalsearch.com/site/petalbot)" 1517 **1/1517431**
74.7.227.58 - - [16/Jan/2026:09:58:10 -0700] "GET /category/livelinks-inceleme-review-2 HTTP/1.1" 404 10982 "https://veronaae.com" "Mozilla/5.0 AppleWebKit/537.36 (KHTML, like Gecko; compatible; GPTBot/1.3; +https://openai.com/gptbot)" 2478 **2/2478930**
114.119.130.18 - - [16/Jan/2026:09:58:11 -0700] "GET /uwx11/rs-file-manager-pro-apk.html HTTP/1.1" 404 59131 "https://therealestateshowmiami.com/dmgtroer8/best-vitamin-supplement-brand-reddit.html" "Mozilla/5.0 (Linux; Android 7.0;) AppleWebKit/537.36 (KHTML, like Gecko) Mobile Safari/537.36 (compatible; PetalBot;+https://webmaster.petalsearch.com/site/petalbot)" 2047 **2/2047030**
74.7.227.58 - - [16/Jan/2026:09:58:13 -0700] "GET /category/cash-now-payday-loans HTTP/1.1" 404 10982 "https://veronaae.com" "Mozilla/5.0 AppleWebKit/537.36 (KHTML, like Gecko; compatible; GPTBot/1.3; +https://openai.com/gptbot)" 985 **0/985369**
74.7.227.58 - - [16/Jan/2026:09:58:14 -0700] "GET /category/cougar-life-de-reviews HTTP/1.1" 404 10982 "https://veronaae.com" "Mozilla/5.0 AppleWebKit/537.36 (KHTML, like Gecko; compatible; GPTBot/1.3; +https://openai.com/gptbot)" 1051 **1/1051020**
74.7.227.58 - - [16/Jan/2026:09:58:16 -0700] "GET /category/amateurmatch-hookup-date-2 HTTP/1.1" 404 10982 "https://veronaae.com" "Mozilla/5.0 AppleWebKit/537.36 (KHTML, like Gecko; compatible; GPTBot/1.3; +https://openai.com/gptbot)" 1048 **1/1048641**
74.7.227.58 - - [16/Jan/2026:09:58:18 -0700] "GET /category/joingy-site-de-rencontre-2 HTTP/1.1" 404 10982 "https://veronaae.com" "Mozilla/5.0 AppleWebKit/537.36 (KHTML, like Gecko; compatible; GPTBot/1.3; +https://openai.com/gptbot)" 1455 **1/1455957**
57.141.20.46 - - [16/Jan/2026:09:58:28 -0700] "GET /?e=2434173757439 HTTP/1.1" 301 337 "-" "meta-externalagent/1.1 (+https://developers.facebook.com/docs/sharing/webmasters/crawler)" 922 **0/922341**
216.73.216.56 - - [16/Jan/2026:09:58:37 -0700] "GET /?e=5221508efah1 HTTP/1.1" 301 149 "-" "Mozilla/5.0 AppleWebKit/537.36 (KHTML, like Gecko; compatible; ClaudeBot/1.0; +claudebot@anthropic.com)" 1518 **1/1518920**
216.73.216.56 - - [16/Jan/2026:09:59:03 -0700] "GET /?e=3394083i875dh HTTP/1.1" 301 149 "-" "Mozilla/5.0 AppleWebKit/537.36 (KHTML, like Gecko; compatible; ClaudeBot/1.0; +claudebot@anthropic.com)" 1577 **1/1577072**
184.168.114.89 - - [16/Jan/2026:09:59:34 -0700] "POST /wp-cron.php?doing_wp_cron=1768582774.6002590656280517578125 HTTP/1.1" 200 - "-" "WordPress/6.8.1; https://www.veronaae.com" 86 **0/86513**
216.73.216.56 - - [16/Jan/2026:09:59:32 -0700] "GET /?e=8656131d7c5c HTTP/1.1" 301 149 "-" "Mozilla/5.0 AppleWebKit/537.36 (KHTML, like Gecko; compatible; ClaudeBot/1.0; +claudebot@anthropic.com)" 1852 **1/1852850**
114.119.153.246 - - [16/Jan/2026:09:59:32 -0700] "GET /uwx11/rooster-and-snake-2022.html HTTP/1.1" 301 337 "http://cycbr.com/kflxue/skinny-legs-fat-belly-woman.html" "Mozilla/5.0 (Linux; Android 7.0;) AppleWebKit/537.36 (KHTML, like Gecko) Mobile Safari/537.36 (compatible; PetalBot;+https://webmaster.petalsearch.com/site/petalbot)" 1849 **1/1849076**
114.119.153.246 - - [16/Jan/2026:09:59:34 -0700] "GET /uwx11/rooster-and-snake-2022.html HTTP/1.1" 404 59131 "http://cycbr.com/kflxue/skinny-legs-fat-belly-woman.html" "Mozilla/5.0 (Linux; Android 7.0;) AppleWebKit/537.36 (KHTML, like Gecko) Mobile Safari/537.36 (compatible; PetalBot;+https://webmaster.petalsearch.com/site/petalbot)" 1698 **1/1698560**
192.71.142.146 - - [16/Jan/2026:09:59:42 -0700] "GET / HTTP/1.1" 301 337 "-" "Mozilla/5.0 (X11; CrOS x86_64 14541.0.0) AppleWebKit/537.36 (KHTML, like Gecko) Chrome/121.0.0.0 Safari/537.3" 980 **0/980356**
57.141.20.51 - - [16/Jan/2026:09:59:56 -0700] "GET /?e=1797236bb4ah1 HTTP/1.1" 301 337 "-" "meta-externalagent/1.1 (+https://developers.facebook.com/docs/sharing/webmasters/crawler)" 1108 **1/1108363**
74.7.227.58 - - [16/Jan/2026:09:59:58 -0700] "GET /category/mexican-cupid-visitors HTTP/1.1" 404 10982 "https://veronaae.com" "Mozilla/5.0 AppleWebKit/537.36 (KHTML, like Gecko; compatible; GPTBot/1.3; +https://openai.com/gptbot)" 932 **0/932833**
74.7.227.58 - - [16/Jan/2026:09:59:59 -0700] "GET /category/herpes-positive-dating HTTP/1.1" 404 10982 "https://veronaae.com" "Mozilla/5.0 AppleWebKit/537.36 (KHTML, like Gecko; compatible; GPTBot/1.3; +https://openai.com/gptbot)" 1419 **1/1419711**
216.73.216.56 - - [16/Jan/2026:10:00:02 -0700] "GET /?e=3280316g8j323 HTTP/1.1" 301 149 "-" "Mozilla/5.0 AppleWebKit/537.36 (KHTML, like Gecko; compatible; ClaudeBot/1.0; +claudebot@anthropic.com)" 1685 **1/1685860**
57.141.20.56 - - [16/Jan/2026:10:00:15 -0700] "GET /?e=374536792662b HTTP/1.1" 301 337 "-" "meta-externalagent/1.1 (+https://developers.facebook.com/docs/sharing/webmasters/crawler)" 1725 **1/1725554**
216.73.216.56 - - [16/Jan/2026:10:00:30 -0700] "GET /?e=1039105f2ag17 HTTP/1.1" 301 149 "-" "Mozilla/5.0 AppleWebKit/537.36 (KHTML, like Gecko; compatible; ClaudeBot/1.0; +claudebot@anthropic.com)" 1958 **1/1958900**
114.119.157.158 - - [16/Jan/2026:10:00:57 -0700] "GET /uwx11/romanian-ak-dust-cover.html HTTP/1.1" 301 337 "https://naijacashinfo.com/remzii/sxe10-turbo-kit.html" "Mozilla/5.0 (Linux; Android 7.0;) AppleWebKit/537.36 (KHTML, like Gecko) Mobile Safari/537.36 (compatible; PetalBot;+https://webmaster.petalsearch.com/site/petalbot)" 1274 **1/1274754**
114.119.157.158 - - [16/Jan/2026:10:00:58 -0700] "GET /uwx11/romanian-ak-dust-cover.html HTTP/1.1" 404 59131 "https://naijacashinfo.com/remzii/sxe10-turbo-kit.html" "Mozilla/5.0 (Linux; Android 7.0;) AppleWebKit/537.36 (KHTML, like Gecko) Mobile Safari/537.36 (compatible; PetalBot;+https://webmaster.petalsearch.com/site/petalbot)" 1783 **1/1783310**
216.73.216.56 - - [16/Jan/2026:10:01:02 -0700] "GET /?fileloc=%2F%2Fusr%2Flib%2Fdracut%2Fdracut-logger.sh&path=%2F%2Fusr%2Flib%2Fdracut HTTP/1.1" 301 149 "-" "Mozilla/5.0 AppleWebKit/537.36 (KHTML, like Gecko; compatible; ClaudeBot/1.0; +claudebot@anthropic.com)" 3025 **3/3025303**
57.141.20.54 - - [16/Jan/2026:10:01:19 -0700] "GET /?e=34019728ddd8c HTTP/1.1" 301 337 "-" "meta-externalagent/1.1 (+https://developers.facebook.com/docs/sharing/webmasters/crawler)" 876 **0/876939**
57.141.20.14 - - [16/Jan/2026:10:01:26 -0700] "GET /?e=19678608edeag HTTP/1.1" 301 337 "-" "meta-externalagent/1.1 (+https://developers.facebook.com/docs/sharing/webmasters/crawler)" 1209 **1/1209529**
216.73.216.56 - - [16/Jan/2026:10:02:13 -0700] "GET /?fileloc=%2F%2Fusr%2Flib%2Fkbd%2Fkeymaps%2Fxkb%2Fme-latinunicodeyz.map.gz&path=%2F%2Fusr%2Flib%2Fkbd%2Fkeymaps%2Fxkb HTTP/1.1" 301 149 "-" "Mozilla/5.0 AppleWebKit/537.36 (KHTML, like Gecko; compatible; ClaudeBot/1.0; +claudebot@anthropic.com)" 1378 **1/1378330**
114.119.157.158 - - [16/Jan/2026:10:02:20 -0700] "GET /uwx11/retrobat-change-rom-path.html HTTP/1.1" 301 337 "http://nulleds.co/xmv20/ls-supercharger-kit-for-sale.html" "Mozilla/5.0 (Linux; Android 7.0;) AppleWebKit/537.36 (KHTML, like Gecko) Mobile Safari/537.36 (compatible; PetalBot;+https://webmaster.petalsearch.com/site/petalbot)" 1340 **1/1340485**
114.119.157.158 - - [16/Jan/2026:10:02:21 -0700] "GET /uwx11/retrobat-change-rom-path.html HTTP/1.1" 404 59131 "http://nulleds.co/xmv20/ls-supercharger-kit-for-sale.html" "Mozilla/5.0 (Linux; Android 7.0;) AppleWebKit/537.36 (KHTML, like Gecko) Mobile Safari/537.36 (compatible; PetalBot;+https://webmaster.petalsearch.com/site/petalbot)" 1295 **1/1295973**
216.73.216.56 - - [16/Jan/2026:10:03:06 -0700] "GET /?fileloc=%2F%2Fusr%2Flib%2Flocale%2Fen_US%2FLC_MONETARY&path=%2F%2Fusr%2Flib%2Flocale%2Fen_US HTTP/1.1" 301 149 "-" "Mozilla/5.0 AppleWebKit/537.36 (KHTML, like Gecko; compatible; ClaudeBot/1.0; +claudebot@anthropic.com)" 1058 **1/1058951**
216.73.216.56 - - [16/Jan/2026:10:03:37 -0700] "GET /?fileloc=%2Fhome%2Fbpw3460lz1vy%2Fwww%2Fwp-admin%2Fimages%2Fgeneric.png&path=%2Fhome%2Fbpw3460lz1vy%2Fwww%2Fwp-admin%2Fimages HTTP/1.1" 301 149 "-" "Mozilla/5.0 AppleWebKit/537.36 (KHTML, like Gecko; compatible; ClaudeBot/1.0; +claudebot@anthropic.com)" 1908 **1/1908677**
216.73.216.56 - - [16/Jan/2026:10:03:43 -0700] "GET /?e=2510485gj610 HTTP/1.1" 301 149 "-" "Mozilla/5.0 AppleWebKit/537.36 (KHTML, like Gecko; compatible; ClaudeBot/1.0; +claudebot@anthropic.com)" 2173 **2/2173950**
114.119.129.113 - - [16/Jan/2026:10:03:44 -0700] "GET /uwx11/resurrection-sunday-printable.html HTTP/1.1" 301 337 "http://informdesignstudio.com/t5dy/types-of-rapists.html" "Mozilla/5.0 (Linux; Android 7.0;) AppleWebKit/537.36 (KHTML, like Gecko) Mobile Safari/537.36 (compatible; PetalBot;+https://webmaster.petalsearch.com/site/petalbot)" 2277 **2/2277382**
114.119.129.113 - - [16/Jan/2026:10:03:47 -0700] "GET /uwx11/resurrection-sunday-printable.html HTTP/1.1" 404 59131 "http://informdesignstudio.com/t5dy/types-of-rapists.html" "Mozilla/5.0 (Linux; Android 7.0;) AppleWebKit/537.36 (KHTML, like Gecko) Mobile Safari/537.36 (compatible; PetalBot;+https://webmaster.petalsearch.com/site/petalbot)" 1833 **1/1833907**
74.7.227.58 - - [16/Jan/2026:10:04:20 -0700] "GET /category/baptist-dating-visitors HTTP/1.1" 404 10982 "https://veronaae.com" "Mozilla/5.0 AppleWebKit/537.36 (KHTML, like Gecko; compatible; GPTBot/1.3; +https://openai.com/gptbot)" 1503 **1/1503614**
74.7.227.58 - - [16/Jan/2026:10:04:22 -0700] "GET /category/country-dating-visitors HTTP/1.1" 404 10982 "https://veronaae.com" "Mozilla/5.0 AppleWebKit/537.36 (KHTML, like Gecko; compatible; GPTBot/1.3; +https://openai.com/gptbot)" 1738 **1/1738208**
74.7.227.58 - - [16/Jan/2026:10:04:24 -0700] "GET /category/good-grief-inceleme-visitors HTTP/1.1" 404 10982 "https://veronaae.com" "Mozilla/5.0 AppleWebKit/537.36 (KHTML, like Gecko; compatible; GPTBot/1.3; +https://openai.com/gptbot)" 1667 **1/1667127**
74.7.227.58 - - [16/Jan/2026:10:04:27 -0700] "GET /category/habbo-review HTTP/1.1" 404 10982 "https://veronaae.com" "Mozilla/5.0 AppleWebKit/537.36 (KHTML, like Gecko; compatible; GPTBot/1.3; +https://openai.com/gptbot)" 1054 **1/1054532**
114.119.130.251 - - [16/Jan/2026:10:05:08 -0700] "GET /uwx11/restroom-trailers-for-sale-craigslist.html HTTP/1.1" 301 337 "https://capodannoamadrid.it/w7z48/moonpay-trust-wallet.html" "Mozilla/5.0 (Linux; Android 7.0;) AppleWebKit/537.36 (KHTML, like Gecko) Mobile Safari/537.36 (compatible; PetalBot;+https://webmaster.petalsearch.com/site/petalbot)" 2134 **2/2134303**
114.119.130.251 - - [16/Jan/2026:10:05:10 -0700] "GET /uwx11/restroom-trailers-for-sale-craigslist.html HTTP/1.1" 404 59131 "https://capodannoamadrid.it/w7z48/moonpay-trust-wallet.html" "Mozilla/5.0 (Linux; Android 7.0;) AppleWebKit/537.36 (KHTML, like Gecko) Mobile Safari/537.36 (compatible; PetalBot;+https://webmaster.petalsearch.com/site/petalbot)" 2731 **2/2731935**
74.7.227.58 - - [16/Jan/2026:10:05:35 -0700] "GET /category/mylol-recenze-mobile-2 HTTP/1.1" 404 10982 "https://veronaae.com" "Mozilla/5.0 AppleWebKit/537.36 (KHTML, like Gecko; compatible; GPTBot/1.3; +https://openai.com/gptbot)" 2016 **2/2016970**
74.7.227.58 - - [16/Jan/2026:10:05:37 -0700] "GET /category/pet-datovani-lokalit-reddit-2 HTTP/1.1" 404 10982 "https://veronaae.com" "Mozilla/5.0 AppleWebKit/537.36 (KHTML, like Gecko; compatible; GPTBot/1.3; +https://openai.com/gptbot)" 1323 **1/1323452**
74.7.227.58 - - [16/Jan/2026:10:05:39 -0700] "GET /category/france-elite-dating-reviews-2 HTTP/1.1" 404 10982 "https://veronaae.com" "Mozilla/5.0 AppleWebKit/537.36 (KHTML, like Gecko; compatible; GPTBot/1.3; +https://openai.com/gptbot)" 1687 **1/1687943**
74.7.227.58 - - [16/Jan/2026:10:05:42 -0700] "GET /category/planetromeo-review-2 HTTP/1.1" 404 10982 "https://veronaae.com" "Mozilla/5.0 AppleWebKit/537.36 (KHTML, like Gecko; compatible; GPTBot/1.3; +https://openai.com/gptbot)" 1031 **1/1031066**
74.7.227.58 - - [16/Jan/2026:10:05:43 -0700] "GET /category/arablounge-inceleme-review-2 HTTP/1.1" 404 10982 "https://veronaae.com" "Mozilla/5.0 AppleWebKit/537.36 (KHTML, like Gecko; compatible; GPTBot/1.3; +https://openai.com/gptbot)" 1035 **1/1035717**
114.119.157.158 - - [16/Jan/2026:10:06:33 -0700] "GET /uwx11/restaurant-hood-cleaning-chemicals.html HTTP/1.1" 301 337 "http://themindfulmanifesto.com/gqueb8/1955-land-rover-series-1-for-sale.html" "Mozilla/5.0 (Linux; Android 7.0;) AppleWebKit/537.36 (KHTML, like Gecko) Mobile Safari/537.36 (compatible; PetalBot;+https://webmaster.petalsearch.com/site/petalbot)" 1978 **1/1978475**
114.119.157.158 - - [16/Jan/2026:10:06:35 -0700] "GET /uwx11/restaurant-hood-cleaning-chemicals.html HTTP/1.1" 404 59131 "http://themindfulmanifesto.com/gqueb8/1955-land-rover-series-1-for-sale.html" "Mozilla/5.0 (Linux; Android 7.0;) AppleWebKit/537.36 (KHTML, like Gecko) Mobile Safari/537.36 (compatible; PetalBot;+https://webmaster.petalsearch.com/site/petalbot)" 2050 **2/2050979**
74.7.227.58 - - [16/Jan/2026:10:06:54 -0700] "GET /category/men-seeking-women-hookuphotties-login-2 HTTP/1.1" 404 10982 "https://veronaae.com" "Mozilla/5.0 AppleWebKit/537.36 (KHTML, like Gecko; compatible; GPTBot/1.3; +https://openai.com/gptbot)" 1493 **1/1493843**
74.7.227.58 - - [16/Jan/2026:10:06:56 -0700] "GET /category/skout-inceleme-visitors HTTP/1.1" 404 10982 "https://veronaae.com" "Mozilla/5.0 AppleWebKit/537.36 (KHTML, like Gecko; compatible; GPTBot/1.3; +https://openai.com/gptbot)" 1452 **1/1452369**
74.7.227.58 - - [16/Jan/2026:10:07:17 -0700] "GET /category/sweet-pea-inceleme-reviews-2 HTTP/1.1" 404 10982 "https://veronaae.com" "Mozilla/5.0 AppleWebKit/537.36 (KHTML, like Gecko; compatible; GPTBot/1.3; +https://openai.com/gptbot)" 1883 **1/1883279**
74.7.227.58 - - [16/Jan/2026:10:07:35 -0700] "GET /category/xdating-review HTTP/1.1" 404 10982 "https://veronaae.com" "Mozilla/5.0 AppleWebKit/537.36 (KHTML, like Gecko; compatible; GPTBot/1.3; +https://openai.com/gptbot)" 1597 **1/1597753**
74.7.227.58 - - [16/Jan/2026:10:07:37 -0700] "GET /category/fetlife-search-dating-hookup-2 HTTP/1.1" 404 10982 "https://veronaae.com" "Mozilla/5.0 AppleWebKit/537.36 (KHTML, like Gecko; compatible; GPTBot/1.3; +https://openai.com/gptbot)" 1032 **1/1032739**
57.141.20.45 - - [16/Jan/2026:10:07:39 -0700] "GET /?e=5236167afj45 HTTP/1.1" 301 337 "-" "meta-externalagent/1.1 (+https://developers.facebook.com/docs/sharing/webmasters/crawler)" 1159 **1/1159156**
57.141.20.52 - - [16/Jan/2026:10:07:50 -0700] "GET /?e=302383778je95 HTTP/1.1" 301 337 "-" "meta-externalagent/1.1 (+https://developers.facebook.com/docs/sharing/webmasters/crawler)" 1408 **1/1408535**
114.119.157.158 - - [16/Jan/2026:10:07:56 -0700] "GET /uwx11/resign-from-union-letter.html HTTP/1.1" 301 337 "http://switchthree.com/gaf3ocgr/watch-shark-tank-season-13-episode-10.html" "Mozilla/5.0 (Linux; Android 7.0;) AppleWebKit/537.36 (KHTML, like Gecko) Mobile Safari/537.36 (compatible; PetalBot;+https://webmaster.petalsearch.com/site/petalbot)" 1277 **1/1277206**
57.141.20.21 - - [16/Jan/2026:10:07:57 -0700] "GET /?e=1917456c63j37 HTTP/1.1" 301 337 "-" "meta-externalagent/1.1 (+https://developers.facebook.com/docs/sharing/webmasters/crawler)" 1095 **1/1095367**
114.119.157.158 - - [16/Jan/2026:10:07:57 -0700] "GET /uwx11/resign-from-union-letter.html HTTP/1.1" 404 59131 "http://switchthree.com/gaf3ocgr/watch-shark-tank-season-13-episode-10.html" "Mozilla/5.0 (Linux; Android 7.0;) AppleWebKit/537.36 (KHTML, like Gecko) Mobile Safari/537.36 (compatible; PetalBot;+https://webmaster.petalsearch.com/site/petalbot)" 1566 **1/1566966**
57.141.20.12 - - [16/Jan/2026:10:08:04 -0700] "GET /?e=497292381e7cc HTTP/1.1" 301 337 "-" "meta-externalagent/1.1 (+https://developers.facebook.com/docs/sharing/webmasters/crawler)" 1971 **1/1971749**
74.7.227.58 - - [16/Jan/2026:10:08:17 -0700] "GET /category/mixxxer-inceleme-review HTTP/1.1" 404 10982 "https://veronaae.com" "Mozilla/5.0 AppleWebKit/537.36 (KHTML, like Gecko; compatible; GPTBot/1.3; +https://openai.com/gptbot)" 975 **0/975406**
74.7.227.58 - - [16/Jan/2026:10:08:23 -0700] "GET /category/eastmeeteast-hesap-silme-2 HTTP/1.1" 404 10982 "https://veronaae.com" "Mozilla/5.0 AppleWebKit/537.36 (KHTML, like Gecko; compatible; GPTBot/1.3; +https://openai.com/gptbot)" 1470 **1/1470678**
74.7.227.58 - - [16/Jan/2026:10:08:25 -0700] "GET /category/charmdate-berpr-fung HTTP/1.1" 404 10982 "https://veronaae.com" "Mozilla/5.0 AppleWebKit/537.36 (KHTML, like Gecko; compatible; GPTBot/1.3; +https://openai.com/gptbot)" 945 **0/945595**
74.7.227.58 - - [16/Jan/2026:10:08:26 -0700] "GET /category/uk-turkish-dating-sign-in-2 HTTP/1.1" 404 10982 "https://veronaae.com" "Mozilla/5.0 AppleWebKit/537.36 (KHTML, like Gecko; compatible; GPTBot/1.3; +https://openai.com/gptbot)" 968 **0/968472**
74.7.227.58 - - [16/Jan/2026:10:08:28 -0700] "GET /category/music-chat-rooms-sign-in-2 HTTP/1.1" 404 10982 "https://veronaae.com" "Mozilla/5.0 AppleWebKit/537.36 (KHTML, like Gecko; compatible; GPTBot/1.3; +https://openai.com/gptbot)" 1211 **1/1211720**
74.7.227.58 - - [16/Jan/2026:10:08:29 -0700] "GET /category/spanish-dating-dating HTTP/1.1" 404 10982 "https://veronaae.com" "Mozilla/5.0 AppleWebKit/537.36 (KHTML, like Gecko; compatible; GPTBot/1.3; +https://openai.com/gptbot)" 983 **0/983693**
184.168.114.89 - - [16/Jan/2026:10:08:34 -0700] "POST /wp-cron.php?doing_wp_cron=1768583314.2515099048614501953125 HTTP/1.1" 200 - "-" "WordPress/6.8.1; https://www.veronaae.com" 21 **0/21278**
74.7.227.58 - - [16/Jan/2026:10:08:33 -0700] "GET /category/thai-dating-nl-brand1-app-2 HTTP/1.1" 404 10982 "https://veronaae.com" "Mozilla/5.0 AppleWebKit/537.36 (KHTML, like Gecko; compatible; GPTBot/1.3; +https://openai.com/gptbot)" 1101 **1/1101343**
74.7.227.58 - - [16/Jan/2026:10:08:36 -0700] "GET /category/legit-title-loans/ HTTP/1.1" 404 10982 "https://veronaae.com" "Mozilla/5.0 AppleWebKit/537.36 (KHTML, like Gecko; compatible; GPTBot/1.3; +https://openai.com/gptbot)" 1082 **1/1082581**
74.7.227.58 - - [16/Jan/2026:10:08:38 -0700] "GET /category/wellhello-inceleme-visitors HTTP/1.1" 404 10982 "https://veronaae.com" "Mozilla/5.0 AppleWebKit/537.36 (KHTML, like Gecko; compatible; GPTBot/1.3; +https://openai.com/gptbot)" 967 **0/967284**
74.7.227.58 - - [16/Jan/2026:10:08:39 -0700] "GET /category/herpes-dating-de-kosten-2 HTTP/1.1" 404 10982 "https://veronaae.com" "Mozilla/5.0 AppleWebKit/537.36 (KHTML, like Gecko; compatible; GPTBot/1.3; +https://openai.com/gptbot)" 1003 **1/1003580**
74.7.227.58 - - [16/Jan/2026:10:08:41 -0700] "GET /category/direct-online-installment-loans-2/page/2 HTTP/1.1" 404 10982 "https://veronaae.com" "Mozilla/5.0 AppleWebKit/537.36 (KHTML, like Gecko; compatible; GPTBot/1.3; +https://openai.com/gptbot)" 1623 **1/1623921**
74.7.227.58 - - [16/Jan/2026:10:08:43 -0700] "GET /category/ashley-madison-pl-profil-2 HTTP/1.1" 404 10982 "https://veronaae.com" "Mozilla/5.0 AppleWebKit/537.36 (KHTML, like Gecko; compatible; GPTBot/1.3; +https://openai.com/gptbot)" 990 **0/990707**
74.7.227.58 - - [16/Jan/2026:10:08:45 -0700] "GET /author/admin/page/5 HTTP/1.1" 301 149 "https://veronaae.com" "Mozilla/5.0 AppleWebKit/537.36 (KHTML, like Gecko; compatible; GPTBot/1.3; +https://openai.com/gptbot)" 876 **0/876646**
74.7.227.58 - - [16/Jan/2026:10:08:46 -0700] "GET /author/admin/page/5/ HTTP/1.1" 200 149 "http://www.veronaae.com/author/admin/page/5" "Mozilla/5.0 AppleWebKit/537.36 (KHTML, like Gecko; compatible; GPTBot/1.3; +https://openai.com/gptbot)" 903 **0/903511**
74.7.227.58 - - [16/Jan/2026:10:08:47 -0700] "GET /category/collarspace-inceleme-visitors-2 HTTP/1.1" 404 10982 "https://veronaae.com" "Mozilla/5.0 AppleWebKit/537.36 (KHTML, like Gecko; compatible; GPTBot/1.3; +https://openai.com/gptbot)" 1031 **1/1031600**
74.7.227.58 - - [16/Jan/2026:10:08:49 -0700] "GET /category/soulsingles-overzicht-dating-2 HTTP/1.1" 404 10982 "https://veronaae.com" "Mozilla/5.0 AppleWebKit/537.36 (KHTML, like Gecko; compatible; GPTBot/1.3; +https://openai.com/gptbot)" 1903 **1/1903045**
74.7.227.58 - - [16/Jan/2026:10:08:51 -0700] "GET /category/ohlala-pl-kod-promocyjny-2 HTTP/1.1" 404 10982 "https://veronaae.com" "Mozilla/5.0 AppleWebKit/537.36 (KHTML, like Gecko; compatible; GPTBot/1.3; +https://openai.com/gptbot)" 968 **0/968545**
216.73.216.56 - - [16/Jan/2026:10:08:53 -0700] "GET /?e=1939489j0e040 HTTP/1.1" 301 149 "-" "Mozilla/5.0 AppleWebKit/537.36 (KHTML, like Gecko; compatible; ClaudeBot/1.0; +claudebot@anthropic.com)" 990 **0/990852**
114.119.157.158 - - [16/Jan/2026:10:09:18 -0700] "GET /xlnbgql/we-are-witnesses-of-christ.html HTTP/1.1" 301 337 "https://www.ballthai.com/%E0%B8%9A%E0%B8%AD%E0%B8%A5%E0%B9%84%E0%B8%97%E0%B8%A2%E0%B8%A7%E0%B8%B1%E0%B8%99%E0%B8%99%E0%B8%B5%E0%B9%89/page/1260" "Mozilla/5.0 (Linux; Android 7.0;) AppleWebKit/537.36 (KHTML, like Gecko) Mobile Safari/537.36 (compatible; PetalBot;+https://webmaster.petalsearch.com/site/petalbot)" 1237 **1/1237541**
114.119.157.158 - - [16/Jan/2026:10:09:20 -0700] "GET /xlnbgql/we-are-witnesses-of-christ.html HTTP/1.1" 404 59131 "https://www.ballthai.com/%E0%B8%9A%E0%B8%AD%E0%B8%A5%E0%B9%84%E0%B8%97%E0%B8%A2%E0%B8%A7%E0%B8%B1%E0%B8%99%E0%B8%99%E0%B8%B5%E0%B9%89/page/1260" "Mozilla/5.0 (Linux; Android 7.0;) AppleWebKit/537.36 (KHTML, like Gecko) Mobile Safari/537.36 (compatible; PetalBot;+https://webmaster.petalsearch.com/site/petalbot)" 2212 **2/2212037**
57.141.20.36 - - [16/Jan/2026:10:09:26 -0700] "GET /?e=9126403i1176 HTTP/1.1" 301 337 "-" "meta-externalagent/1.1 (+https://developers.facebook.com/docs/sharing/webmasters/crawler)" 1834 **1/1834958**
74.7.227.58 - - [16/Jan/2026:10:09:37 -0700] "GET /category/colombian-cupid-berpr-fung-2 HTTP/1.1" 404 10982 "https://veronaae.com" "Mozilla/5.0 AppleWebKit/537.36 (KHTML, like Gecko; compatible; GPTBot/1.3; +https://openai.com/gptbot)" 1254 **1/1254120**
74.7.227.58 - - [16/Jan/2026:10:09:39 -0700] "GET /category/randki-dla-nudystow-profil-2 HTTP/1.1" 404 10982 "https://veronaae.com" "Mozilla/5.0 AppleWebKit/537.36 (KHTML, like Gecko; compatible; GPTBot/1.3; +https://openai.com/gptbot)" 962 **0/962058**
74.7.227.58 - - [16/Jan/2026:10:09:41 -0700] "GET /category/ios-tr-ggzden-gegirmek-811 HTTP/1.1" 404 10982 "https://veronaae.com" "Mozilla/5.0 AppleWebKit/537.36 (KHTML, like Gecko; compatible; GPTBot/1.3; +https://openai.com/gptbot)" 986 **0/986626**
57.141.20.58 - - [16/Jan/2026:10:09:42 -0700] "GET /?e=157204522f129 HTTP/1.1" 301 337 "-" "meta-externalagent/1.1 (+https://developers.facebook.com/docs/sharing/webmasters/crawler)" 851 **0/851161**
74.7.227.58 - - [16/Jan/2026:10:09:42 -0700] "GET /category/springfield-2-the-escort-2 HTTP/1.1" 404 10982 "https://veronaae.com" "Mozilla/5.0 AppleWebKit/537.36 (KHTML, like Gecko; compatible; GPTBot/1.3; +https://openai.com/gptbot)" 983 **0/983317**
216.73.216.56 - - [16/Jan/2026:10:09:56 -0700] "GET /?e=3025821j5f38e HTTP/1.1" 301 149 "-" "Mozilla/5.0 AppleWebKit/537.36 (KHTML, like Gecko; compatible; ClaudeBot/1.0; +claudebot@anthropic.com)" 891 **0/891096**
57.141.20.40 - - [16/Jan/2026:10:10:09 -0700] "GET /?e=160571631c3ec HTTP/1.1" 301 337 "-" "meta-externalagent/1.1 (+https://developers.facebook.com/docs/sharing/webmasters/crawler)" 1475 **1/1475359**
57.141.20.58 - - [16/Jan/2026:10:10:13 -0700] "GET /?e=3673273cd9bd1 HTTP/1.1" 301 337 "-" "meta-externalagent/1.1 (+https://developers.facebook.com/docs/sharing/webmasters/crawler)" 1720 **1/1720964**
114.119.157.189 - - [16/Jan/2026:10:10:43 -0700] "GET /xlnbgql/nacogdoches-police-news.html HTTP/1.1" 301 337 "http://kurdom.ru/7gt9fp/amateur-sex-wifes-xxx.html" "Mozilla/5.0 (Linux; Android 7.0;) AppleWebKit/537.36 (KHTML, like Gecko) Mobile Safari/537.36 (compatible; PetalBot;+https://webmaster.petalsearch.com/site/petalbot)" 1916 **1/1916084**
114.119.157.189 - - [16/Jan/2026:10:10:45 -0700] "GET /xlnbgql/nacogdoches-police-news.html HTTP/1.1" 404 59131 "http://kurdom.ru/7gt9fp/amateur-sex-wifes-xxx.html" "Mozilla/5.0 (Linux; Android 7.0;) AppleWebKit/537.36 (KHTML, like Gecko) Mobile Safari/537.36 (compatible; PetalBot;+https://webmaster.petalsearch.com/site/petalbot)" 2532 **2/2532708**
74.7.227.58 - - [16/Jan/2026:10:10:47 -0700] "GET /category/ardent-de-reviews HTTP/1.1" 404 10982 "https://veronaae.com" "Mozilla/5.0 AppleWebKit/537.36 (KHTML, like Gecko; compatible; GPTBot/1.3; +https://openai.com/gptbot)" 1484 **1/1484545**
74.7.227.58 - - [16/Jan/2026:10:10:49 -0700] "GET /category/datehookup-pl-profil-2 HTTP/1.1" 404 10982 "https://veronaae.com" "Mozilla/5.0 AppleWebKit/537.36 (KHTML, like Gecko; compatible; GPTBot/1.3; +https://openai.com/gptbot)" 2175 **2/2175832**
74.7.227.58 - - [16/Jan/2026:10:10:52 -0700] "GET /category/pet-dating-sites-apps-2 HTTP/1.1" 404 10982 "https://veronaae.com" "Mozilla/5.0 AppleWebKit/537.36 (KHTML, like Gecko; compatible; GPTBot/1.3; +https://openai.com/gptbot)" 1509 **1/1509477**
74.7.227.58 - - [16/Jan/2026:10:10:54 -0700] "GET /category/low-cost-payday-loans-2/ HTTP/1.1" 404 10982 "https://veronaae.com" "Mozilla/5.0 AppleWebKit/537.36 (KHTML, like Gecko; compatible; GPTBot/1.3; +https://openai.com/gptbot)" 968 **0/968184**
74.7.227.58 - - [16/Jan/2026:10:10:56 -0700] "GET /category/daddyhunt-pl-profil-2 HTTP/1.1" 404 10982 "https://veronaae.com" "Mozilla/5.0 AppleWebKit/537.36 (KHTML, like Gecko; compatible; GPTBot/1.3; +https://openai.com/gptbot)" 1176 **1/1176395**
74.7.227.58 - - [16/Jan/2026:10:10:57 -0700] "GET /category/geek-randki-mobilny-2 HTTP/1.1" 404 10982 "https://veronaae.com" "Mozilla/5.0 AppleWebKit/537.36 (KHTML, like Gecko; compatible; GPTBot/1.3; +https://openai.com/gptbot)" 1434 **1/1434192**
184.168.114.89 - - [16/Jan/2026:10:11:35 -0700] "POST /wp-cron.php?doing_wp_cron=1768583494.9948101043701171875000 HTTP/1.1" 200 - "-" "WordPress/6.8.1; https://www.veronaae.com" 86 **0/86310**
216.73.216.56 - - [16/Jan/2026:10:11:32 -0700] "GET /robots.txt HTTP/1.1" 301 149 "-" "Mozilla/5.0 AppleWebKit/537.36 (KHTML, like Gecko; compatible; ClaudeBot/1.0; +claudebot@anthropic.com)" 2656 **2/2656332**
216.73.216.56 - - [16/Jan/2026:10:11:35 -0700] "GET /robots.txt HTTP/1.1" 200 214 "http://veronaae.com/robots.txt" "Mozilla/5.0 AppleWebKit/537.36 (KHTML, like Gecko; compatible; ClaudeBot/1.0; +claudebot@anthropic.com)" 2128 **2/2128389**
74.7.227.58 - - [16/Jan/2026:10:11:36 -0700] "GET /category/blackpeoplemeet-recenze-mobile-2 HTTP/1.1" 404 10982 "https://veronaae.com" "Mozilla/5.0 AppleWebKit/537.36 (KHTML, like Gecko; compatible; GPTBot/1.3; +https://openai.com/gptbot)" 1791 **1/1791941**
74.7.227.58 - - [16/Jan/2026:10:11:39 -0700] "GET /category/quick-car-insurance-2 HTTP/1.1" 404 10982 "https://veronaae.com" "Mozilla/5.0 AppleWebKit/537.36 (KHTML, like Gecko; compatible; GPTBot/1.3; +https://openai.com/gptbot)" 1766 **1/1766707**
57.141.20.15 - - [16/Jan/2026:10:11:45 -0700] "GET /?e=5209110d5j4cb HTTP/1.1" 301 337 "-" "meta-externalagent/1.1 (+https://developers.facebook.com/docs/sharing/webmasters/crawler)" 1717 **1/1717524**
114.119.130.251 - - [16/Jan/2026:10:12:06 -0700] "GET /xlnbgql/how-to-tell-someone-you-have-herpes-reddit.html HTTP/1.1" 301 337 "https://www.ballthai.com/%E0%B8%9A%E0%B8%AD%E0%B8%A5%E0%B9%84%E0%B8%97%E0%B8%A2%E0%B8%A7%E0%B8%B1%E0%B8%99%E0%B8%99%E0%B8%B5%E0%B9%89/page/1260" "Mozilla/5.0 (Linux; Android 7.0;) AppleWebKit/537.36 (KHTML, like Gecko) Mobile Safari/537.36 (compatible; PetalBot;+https://webmaster.petalsearch.com/site/petalbot)" 2690 **2/2690437**
57.141.20.42 - - [16/Jan/2026:10:12:07 -0700] "GET /?e=1870623e77gea HTTP/1.1" 301 337 "-" "meta-externalagent/1.1 (+https://developers.facebook.com/docs/sharing/webmasters/crawler)" 3318 **3/3318435**
114.119.130.251 - - [16/Jan/2026:10:12:09 -0700] "GET /xlnbgql/how-to-tell-someone-you-have-herpes-reddit.html HTTP/1.1" 404 59131 "https://www.ballthai.com/%E0%B8%9A%E0%B8%AD%E0%B8%A5%E0%B9%84%E0%B8%97%E0%B8%A2%E0%B8%A7%E0%B8%B1%E0%B8%99%E0%B8%99%E0%B8%B5%E0%B9%89/page/1260" "Mozilla/5.0 (Linux; Android 7.0;) AppleWebKit/537.36 (KHTML, like Gecko) Mobile Safari/537.36 (compatible; PetalBot;+https://webmaster.petalsearch.com/site/petalbot)" 3203 **3/3203105**
57.141.20.20 - - [16/Jan/2026:10:12:56 -0700] "GET /?e=190639197a9je HTTP/1.1" 301 337 "-" "meta-externalagent/1.1 (+https://developers.facebook.com/docs/sharing/webmasters/crawler)" 2505 **2/2505600**
216.73.216.56 - - [16/Jan/2026:10:13:01 -0700] "GET /?e=507312192869f HTTP/1.1" 301 149 "-" "Mozilla/5.0 AppleWebKit/537.36 (KHTML, like Gecko; compatible; ClaudeBot/1.0; +claudebot@anthropic.com)" 3350 **3/3350710**
216.73.216.56 - - [16/Jan/2026:10:13:01 -0700] "GET /?e=3267222b8beia HTTP/1.1" 301 149 "-" "Mozilla/5.0 AppleWebKit/537.36 (KHTML, like Gecko; compatible; ClaudeBot/1.0; +claudebot@anthropic.com)" 3070 **3/3070148**
74.7.227.58 - - [16/Jan/2026:10:13:07 -0700] "GET /category/kink-dating-username HTTP/1.1" 404 10982 "https://veronaae.com" "Mozilla/5.0 AppleWebKit/537.36 (KHTML, like Gecko; compatible; GPTBot/1.3; +https://openai.com/gptbot)" 1092 **1/1092729**
216.73.216.56 - - [16/Jan/2026:10:13:08 -0700] "GET /?e=38257357g42e HTTP/1.1" 301 149 "-" "Mozilla/5.0 AppleWebKit/537.36 (KHTML, like Gecko; compatible; ClaudeBot/1.0; +claudebot@anthropic.com)" 985 **0/985400**
216.73.216.56 - - [16/Jan/2026:10:13:08 -0700] "GET /?e=405153348a9c0 HTTP/1.1" 301 149 "-" "Mozilla/5.0 AppleWebKit/537.36 (KHTML, like Gecko; compatible; ClaudeBot/1.0; +claudebot@anthropic.com)" 1728 **1/1728286**
74.7.227.58 - - [16/Jan/2026:10:13:09 -0700] "GET /category/benaughty-berpr-fung HTTP/1.1" 404 10982 "https://veronaae.com" "Mozilla/5.0 AppleWebKit/537.36 (KHTML, like Gecko; compatible; GPTBot/1.3; +https://openai.com/gptbot)" 2051 **2/2051787**
216.73.216.56 - - [16/Jan/2026:10:13:12 -0700] "GET /?e=2670607hd897c HTTP/1.1" 301 149 "-" "Mozilla/5.0 AppleWebKit/537.36 (KHTML, like Gecko; compatible; ClaudeBot/1.0; +claudebot@anthropic.com)" 1727 **1/1727532**
216.73.216.56 - - [16/Jan/2026:10:13:13 -0700] "GET /?e=292624gee346 HTTP/1.1" 301 149 "-" "Mozilla/5.0 AppleWebKit/537.36 (KHTML, like Gecko; compatible; ClaudeBot/1.0; +claudebot@anthropic.com)" 1578 **1/1578918**
216.73.216.56 - - [16/Jan/2026:10:13:17 -0700] "GET /?e=24078934696ej HTTP/1.1" 301 149 "-" "Mozilla/5.0 AppleWebKit/537.36 (KHTML, like Gecko; compatible; ClaudeBot/1.0; +claudebot@anthropic.com)" 1107 **1/1107824**
216.73.216.56 - - [16/Jan/2026:10:13:21 -0700] "GET /?fileloc=%2F%2Fusr%2Flib%2Ffirmware%2Fradeon%2FTURKS_pfp.bin&path=%2F%2Fusr%2Flib%2Ffirmware%2Fradeon HTTP/1.1" 301 149 "-" "Mozilla/5.0 AppleWebKit/537.36 (KHTML, like Gecko; compatible; ClaudeBot/1.0; +claudebot@anthropic.com)" 2328 **2/2328049**
216.73.216.56 - - [16/Jan/2026:10:13:25 -0700] "GET /?e=127690878jd7f HTTP/1.1" 301 149 "-" "Mozilla/5.0 AppleWebKit/537.36 (KHTML, like Gecko; compatible; ClaudeBot/1.0; +claudebot@anthropic.com)" 1015 **1/1015292**
216.73.216.56 - - [16/Jan/2026:10:13:29 -0700] "GET /?e=353726g05e89 HTTP/1.1" 301 149 "-" "Mozilla/5.0 AppleWebKit/537.36 (KHTML, like Gecko; compatible; ClaudeBot/1.0; +claudebot@anthropic.com)" 1146 **1/1146052**
114.119.130.18 - - [16/Jan/2026:10:13:30 -0700] "GET /xlnbgql/how-long-does-vyvanse-last-70-mg.html HTTP/1.1" 301 337 "http://giannasalamone.com/27bxu/bottle-rocket-guide.html" "Mozilla/5.0 (Linux; Android 7.0;) AppleWebKit/537.36 (KHTML, like Gecko) Mobile Safari/537.36 (compatible; PetalBot;+https://webmaster.petalsearch.com/site/petalbot)" 1675 **1/1675072**
216.73.216.56 - - [16/Jan/2026:10:13:31 -0700] "GET /?e=858200dchecj HTTP/1.1" 301 149 "-" "Mozilla/5.0 AppleWebKit/537.36 (KHTML, like Gecko; compatible; ClaudeBot/1.0; +claudebot@anthropic.com)" 1838 **1/1838860**
184.168.114.89 - - [16/Jan/2026:10:13:34 -0700] "POST /wp-cron.php?doing_wp_cron=1768583614.0068910121917724609375 HTTP/1.1" 200 - "-" "WordPress/6.8.1; https://www.veronaae.com" 17 **0/17652**
114.119.130.18 - - [16/Jan/2026:10:13:32 -0700] "GET /xlnbgql/how-long-does-vyvanse-last-70-mg.html HTTP/1.1" 404 59131 "http://giannasalamone.com/27bxu/bottle-rocket-guide.html" "Mozilla/5.0 (Linux; Android 7.0;) AppleWebKit/537.36 (KHTML, like Gecko) Mobile Safari/537.36 (compatible; PetalBot;+https://webmaster.petalsearch.com/site/petalbot)" 1977 **1/1977042**
57.141.20.55 - - [16/Jan/2026:10:13:34 -0700] "GET /?e=2399589fia371 HTTP/1.1" 301 337 "-" "meta-externalagent/1.1 (+https://developers.facebook.com/docs/sharing/webmasters/crawler)" 1668 **1/1668190**
216.73.216.56 - - [16/Jan/2026:10:13:39 -0700] "GET /?e=13794403d68bc HTTP/1.1" 301 149 "-" "Mozilla/5.0 AppleWebKit/537.36 (KHTML, like Gecko; compatible; ClaudeBot/1.0; +claudebot@anthropic.com)" 956 **0/956478**
216.73.216.56 - - [16/Jan/2026:10:13:42 -0700] "GET /?e=846983c3gfc3 HTTP/1.1" 301 149 "-" "Mozilla/5.0 AppleWebKit/537.36 (KHTML, like Gecko; compatible; ClaudeBot/1.0; +claudebot@anthropic.com)" 857 **0/857140**
216.73.216.56 - - [16/Jan/2026:10:13:48 -0700] "GET /?fileloc=%2F%2Flib64%2FGraphicsMagick-1.3.38%2Fmodules-Q16%2Fcoders%2Fpng.so&path=%2F%2Flib64%2FGraphicsMagick-1.3.38%2Fmodules-Q16%2Fcoders HTTP/1.1" 301 149 "-" "Mozilla/5.0 AppleWebKit/537.36 (KHTML, like Gecko; compatible; ClaudeBot/1.0; +claudebot@anthropic.com)" 1316 **1/1316663**
216.73.216.56 - - [16/Jan/2026:10:13:54 -0700] "GET /?e=5359269d41cb5 HTTP/1.1" 301 149 "-" "Mozilla/5.0 AppleWebKit/537.36 (KHTML, like Gecko; compatible; ClaudeBot/1.0; +claudebot@anthropic.com)" 1274 **1/1274770**
216.73.216.56 - - [16/Jan/2026:10:13:59 -0700] "GET /?e=1666160h4fj34 HTTP/1.1" 301 149 "-" "Mozilla/5.0 AppleWebKit/537.36 (KHTML, like Gecko; compatible; ClaudeBot/1.0; +claudebot@anthropic.com)" 1167 **1/1167461**
216.73.216.56 - - [16/Jan/2026:10:14:05 -0700] "GET /?e=359648284a9d3 HTTP/1.1" 301 149 "-" "Mozilla/5.0 AppleWebKit/537.36 (KHTML, like Gecko; compatible; ClaudeBot/1.0; +claudebot@anthropic.com)" 1216 **1/1216197**
216.73.216.56 - - [16/Jan/2026:10:14:09 -0700] "GET /?e=1816067ibh357 HTTP/1.1" 301 149 "-" "Mozilla/5.0 AppleWebKit/537.36 (KHTML, like Gecko; compatible; ClaudeBot/1.0; +claudebot@anthropic.com)" 1881 **1/1881417**
216.73.216.56 - - [16/Jan/2026:10:14:13 -0700] "GET /?e=23592395807h2 HTTP/1.1" 301 149 "-" "Mozilla/5.0 AppleWebKit/537.36 (KHTML, like Gecko; compatible; ClaudeBot/1.0; +claudebot@anthropic.com)" 1104 **1/1104656**
216.73.216.56 - - [16/Jan/2026:10:14:18 -0700] "GET /?e=1579180gajb14 HTTP/1.1" 301 149 "-" "Mozilla/5.0 AppleWebKit/537.36 (KHTML, like Gecko; compatible; ClaudeBot/1.0; +claudebot@anthropic.com)" 1023 **1/1023676**
216.73.216.56 - - [16/Jan/2026:10:14:22 -0700] "GET /?e=40271460g43hd HTTP/1.1" 301 149 "-" "Mozilla/5.0 AppleWebKit/537.36 (KHTML, like Gecko; compatible; ClaudeBot/1.0; +claudebot@anthropic.com)" 1678 **1/1678398**
216.73.216.56 - - [16/Jan/2026:10:14:28 -0700] "GET /?e=32660510gad8b HTTP/1.1" 301 149 "-" "Mozilla/5.0 AppleWebKit/537.36 (KHTML, like Gecko; compatible; ClaudeBot/1.0; +claudebot@anthropic.com)" 980 **0/980258**
216.73.216.56 - - [16/Jan/2026:10:14:30 -0700] "GET /?e=3115320c4jcb7 HTTP/1.1" 301 149 "-" "Mozilla/5.0 AppleWebKit/537.36 (KHTML, like Gecko; compatible; ClaudeBot/1.0; +claudebot@anthropic.com)" 2006 **2/2006737**
216.73.216.56 - - [16/Jan/2026:10:14:35 -0700] "GET /?e=3046912a7adab HTTP/1.1" 301 149 "-" "Mozilla/5.0 AppleWebKit/537.36 (KHTML, like Gecko; compatible; ClaudeBot/1.0; +claudebot@anthropic.com)" 1248 **1/1248946**
216.73.216.56 - - [16/Jan/2026:10:14:41 -0700] "GET /?e=163326076bahi HTTP/1.1" 301 149 "-" "Mozilla/5.0 AppleWebKit/537.36 (KHTML, like Gecko; compatible; ClaudeBot/1.0; +claudebot@anthropic.com)" 1153 **1/1153354**
216.73.216.56 - - [16/Jan/2026:10:14:47 -0700] "GET /?e=47332745g9da3 HTTP/1.1" 301 149 "-" "Mozilla/5.0 AppleWebKit/537.36 (KHTML, like Gecko; compatible; ClaudeBot/1.0; +claudebot@anthropic.com)" 1045 **1/1045406**
114.119.151.233 - - [16/Jan/2026:10:14:54 -0700] "GET /xlnbgql/ghost-bars-reddit.html HTTP/1.1" 301 337 "http://sed.org.bd/7dx4k/should-i-let-my-19-year-old-daughter-stay-at-her-boyfriends.html" "Mozilla/5.0 (Linux; Android 7.0;) AppleWebKit/537.36 (KHTML, like Gecko) Mobile Safari/537.36 (compatible; PetalBot;+https://webmaster.petalsearch.com/site/petalbot)" 1434 **1/1434524**
216.73.216.56 - - [16/Jan/2026:10:14:55 -0700] "GET /?e=4893945bf94g4 HTTP/1.1" 301 149 "-" "Mozilla/5.0 AppleWebKit/537.36 (KHTML, like Gecko; compatible; ClaudeBot/1.0; +claudebot@anthropic.com)" 1934 **1/1934858**
114.119.151.233 - - [16/Jan/2026:10:14:55 -0700] "GET /xlnbgql/ghost-bars-reddit.html HTTP/1.1" 404 59131 "http://sed.org.bd/7dx4k/should-i-let-my-19-year-old-daughter-stay-at-her-boyfriends.html" "Mozilla/5.0 (Linux; Android 7.0;) AppleWebKit/537.36 (KHTML, like Gecko) Mobile Safari/537.36 (compatible; PetalBot;+https://webmaster.petalsearch.com/site/petalbot)" 2194 **2/2194213**
216.73.216.56 - - [16/Jan/2026:10:15:00 -0700] "GET /?fileloc=%2F%2Fusr%2Flib%2Ffirmware%2Fintel%2Fiwlwifi%2Fiwlwifi-9000-pu-b0-jf-b0-34.ucode&path=%2F%2Fusr%2Flib%2Ffirmware%2Fintel%2Fiwlwifi HTTP/1.1" 301 149 "-" "Mozilla/5.0 AppleWebKit/537.36 (KHTML, like Gecko; compatible; ClaudeBot/1.0; +claudebot@anthropic.com)" 1645 **1/1645209**
216.73.216.56 - - [16/Jan/2026:10:15:08 -0700] "GET /?fileloc=%2F%2Fusr%2Flib%2Flocale%2Fen_BW%2FLC_COLLATE&path=%2F%2Fusr%2Flib%2Flocale%2Fen_BW HTTP/1.1" 301 149 "-" "Mozilla/5.0 AppleWebKit/537.36 (KHTML, like Gecko; compatible; ClaudeBot/1.0; +claudebot@anthropic.com)" 1190 **1/1190275**
216.73.216.56 - - [16/Jan/2026:10:15:13 -0700] "GET /?fileloc=%2F%2Fusr%2Flib%2F.build-id%2F23%2F763735e3f58dc7487ea7f41ec9d9e56d46ee5f&path=%2F%2Fusr%2Flib%2F.build-id%2F23 HTTP/1.1" 301 149 "-" "Mozilla/5.0 AppleWebKit/537.36 (KHTML, like Gecko; compatible; ClaudeBot/1.0; +claudebot@anthropic.com)" 1331 **1/1331443**
57.141.20.21 - - [16/Jan/2026:10:15:22 -0700] "GET /?e=420237188jc5i HTTP/1.1" 301 337 "-" "meta-externalagent/1.1 (+https://developers.facebook.com/docs/sharing/webmasters/crawler)" 8937 **8/8937827**
216.73.216.56 - - [16/Jan/2026:10:15:27 -0700] "GET /?e=10565679d89gd HTTP/1.1" 301 149 "-" "Mozilla/5.0 AppleWebKit/537.36 (KHTML, like Gecko; compatible; ClaudeBot/1.0; +claudebot@anthropic.com)" 3926 **3/3926114**
216.73.216.56 - - [16/Jan/2026:10:15:22 -0700] "GET /?fileloc=%2F%2Fusr%2Flib%2Flocale%2Fen_NZ%2FLC_NUMERIC&path=%2F%2Fusr%2Flib%2Flocale%2Fen_NZ HTTP/1.1" 301 149 "-" "Mozilla/5.0 AppleWebKit/537.36 (KHTML, like Gecko; compatible; ClaudeBot/1.0; +claudebot@anthropic.com)" 8945 **8/8945415**
216.73.216.56 - - [16/Jan/2026:10:15:38 -0700] "GET /?e=459749ce53g1 HTTP/1.1" 301 149 "-" "Mozilla/5.0 AppleWebKit/537.36 (KHTML, like Gecko; compatible; ClaudeBot/1.0; +claudebot@anthropic.com)" 940 **0/940058**
216.73.216.56 - - [16/Jan/2026:10:15:46 -0700] "GET /?e=1367393h13egd HTTP/1.1" 301 149 "-" "Mozilla/5.0 AppleWebKit/537.36 (KHTML, like Gecko; compatible; ClaudeBot/1.0; +claudebot@anthropic.com)" 1606 **1/1606964**
57.141.20.5 - - [16/Jan/2026:10:15:47 -0700] "GET /?e=3119762hfd62d HTTP/1.1" 301 337 "-" "meta-externalagent/1.1 (+https://developers.facebook.com/docs/sharing/webmasters/crawler)" 1146 **1/1146481**
216.73.216.56 - - [16/Jan/2026:10:15:54 -0700] "GET /?e=5451127hd5i50 HTTP/1.1" 301 149 "-" "Mozilla/5.0 AppleWebKit/537.36 (KHTML, like Gecko; compatible; ClaudeBot/1.0; +claudebot@anthropic.com)" 942 **0/942057**
216.73.216.56 - - [16/Jan/2026:10:15:59 -0700] "GET /?e=1358678554gj8 HTTP/1.1" 301 149 "-" "Mozilla/5.0 AppleWebKit/537.36 (KHTML, like Gecko; compatible; ClaudeBot/1.0; +claudebot@anthropic.com)" 1524 **1/1524687**
216.73.216.56 - - [16/Jan/2026:10:16:09 -0700] "GET /?e=2417456b3hhji HTTP/1.1" 301 149 "-" "Mozilla/5.0 AppleWebKit/537.36 (KHTML, like Gecko; compatible; ClaudeBot/1.0; +claudebot@anthropic.com)" 1048 **1/1048334**
216.73.216.56 - - [16/Jan/2026:10:16:14 -0700] "GET /?fileloc=%2F%2Fusr%2Flib%2F.build-id%2F6a%2F78b5eff75a662b5cad4bd0606ba8b69fda4be7&path=%2F%2Fusr%2Flib%2F.build-id%2F6a HTTP/1.1" 301 149 "-" "Mozilla/5.0 AppleWebKit/537.36 (KHTML, like Gecko; compatible; ClaudeBot/1.0; +claudebot@anthropic.com)" 1536 **1/1536547**
114.119.157.158 - - [16/Jan/2026:10:16:17 -0700] "GET /xlnbgql/fake-work-history-generator.html HTTP/1.1" 301 337 "https://pinoyoutloud.com/wtpvt/magellan-medicaid-virginia.html" "Mozilla/5.0 (Linux; Android 7.0;) AppleWebKit/537.36 (KHTML, like Gecko) Mobile Safari/537.36 (compatible; PetalBot;+https://webmaster.petalsearch.com/site/petalbot)" 1636 **1/1636417**
114.119.157.158 - - [16/Jan/2026:10:16:19 -0700] "GET /xlnbgql/fake-work-history-generator.html HTTP/1.1" 404 59131 "https://pinoyoutloud.com/wtpvt/magellan-medicaid-virginia.html" "Mozilla/5.0 (Linux; Android 7.0;) AppleWebKit/537.36 (KHTML, like Gecko) Mobile Safari/537.36 (compatible; PetalBot;+https://webmaster.petalsearch.com/site/petalbot)" 1809 **1/1809136**
216.73.216.56 - - [16/Jan/2026:10:16:20 -0700] "GET /?e=390303313ai24 HTTP/1.1" 301 149 "-" "Mozilla/5.0 AppleWebKit/537.36 (KHTML, like Gecko; compatible; ClaudeBot/1.0; +claudebot@anthropic.com)" 1548 **1/1548433**
