114.119.159.152 - - [16/Jan/2026:11:30:07 -0700] "GET /xlnbgql/bal-harbour-beach.html HTTP/1.1" 301 337 "https://www.ballthai.com/%E0%B8%A1%E0%B8%B4%E0%B8%A3%E0%B8%B1%E0%B8%99%E0%B8%94%E0%B9%89%E0%B8%B2-%E0%B8%AA%E0%B8%B8%E0%B8%8A%E0%B8%B2%E0%B8%A7%E0%B8%94%E0%B8%B5-%E0%B8%8B%E0%B8%B1%E0%B8%94%E0%B9%80%E0%B8%9B%E0%B8%B4" "Mozilla/5.0 (Linux; Android 7.0;) AppleWebKit/537.36 (KHTML, like Gecko) Mobile Safari/537.36 (compatible; PetalBot;+https://webmaster.petalsearch.com/site/petalbot)" 2261 **2/2261095**
114.119.159.152 - - [16/Jan/2026:11:30:10 -0700] "GET /xlnbgql/bal-harbour-beach.html HTTP/1.1" 404 59131 "https://www.ballthai.com/%E0%B8%A1%E0%B8%B4%E0%B8%A3%E0%B8%B1%E0%B8%99%E0%B8%94%E0%B9%89%E0%B8%B2-%E0%B8%AA%E0%B8%B8%E0%B8%8A%E0%B8%B2%E0%B8%A7%E0%B8%94%E0%B8%B5-%E0%B8%8B%E0%B8%B1%E0%B8%94%E0%B9%80%E0%B8%9B%E0%B8%B4" "Mozilla/5.0 (Linux; Android 7.0;) AppleWebKit/537.36 (KHTML, like Gecko) Mobile Safari/537.36 (compatible; PetalBot;+https://webmaster.petalsearch.com/site/petalbot)" 1542 **1/1542029**
57.141.20.43 - - [16/Jan/2026:11:30:13 -0700] "GET /?e=9416788050fe HTTP/1.1" 301 337 "-" "meta-externalagent/1.1 (+https://developers.facebook.com/docs/sharing/webmasters/crawler)" 1178 **1/1178381**
57.141.20.11 - - [16/Jan/2026:11:30:15 -0700] "GET /?e=126827242fc17 HTTP/1.1" 301 337 "-" "meta-externalagent/1.1 (+https://developers.facebook.com/docs/sharing/webmasters/crawler)" 950 **0/950843**
57.141.20.50 - - [16/Jan/2026:11:30:17 -0700] "GET /?e=399190623heea HTTP/1.1" 301 337 "-" "meta-externalagent/1.1 (+https://developers.facebook.com/docs/sharing/webmasters/crawler)" 1247 **1/1247942**
57.141.20.47 - - [16/Jan/2026:11:30:20 -0700] "GET /?e=2783500i24hf6 HTTP/1.1" 301 337 "-" "meta-externalagent/1.1 (+https://developers.facebook.com/docs/sharing/webmasters/crawler)" 1731 **1/1731275**
135.181.166.38 - - [16/Jan/2026:11:30:20 -0700] "GET /?e=344850 HTTP/1.1" 301 337 "-" "Mozilla/5.0 (compatible; SERankingBacklinksBot/1.0; +https://seranking.com/backlinks-crawler)" 1947 **1/1947721**
216.73.216.56 - - [16/Jan/2026:11:30:37 -0700] "GET /?path=%2F%2Fusr%2Flib%2Ffirmware%2Fnvidia%2Fgp100%2Facr HTTP/1.1" 301 149 "-" "Mozilla/5.0 AppleWebKit/537.36 (KHTML, like Gecko; compatible; ClaudeBot/1.0; +claudebot@anthropic.com)" 1720 **1/1720487**
57.141.20.22 - - [16/Jan/2026:11:30:53 -0700] "GET /?e=3788333ac156g HTTP/1.1" 301 337 "-" "meta-externalagent/1.1 (+https://developers.facebook.com/docs/sharing/webmasters/crawler)" 1364 **1/1364098**
74.7.227.58 - - [16/Jan/2026:11:31:01 -0700] "GET /category/fetlife-website HTTP/1.1" 404 10982 "https://veronaae.com" "Mozilla/5.0 AppleWebKit/537.36 (KHTML, like Gecko; compatible; GPTBot/1.3; +https://openai.com/gptbot)" 1319 **1/1319802**
135.181.166.38 - - [16/Jan/2026:11:31:03 -0700] "GET /?e=345538 HTTP/1.1" 301 337 "-" "Mozilla/5.0 (compatible; SERankingBacklinksBot/1.0; +https://seranking.com/backlinks-crawler)" 2593 **2/2593608**
216.73.216.56 - - [16/Jan/2026:11:31:04 -0700] "GET /?e=889919f7e6be HTTP/1.1" 301 149 "-" "Mozilla/5.0 AppleWebKit/537.36 (KHTML, like Gecko; compatible; ClaudeBot/1.0; +claudebot@anthropic.com)" 2402 **2/2402314**
57.141.20.6 - - [16/Jan/2026:11:31:10 -0700] "GET /?e=53307165j59jf HTTP/1.1" 301 337 "-" "meta-externalagent/1.1 (+https://developers.facebook.com/docs/sharing/webmasters/crawler)" 1495 **1/1495048**
57.141.20.39 - - [16/Jan/2026:11:31:13 -0700] "GET /?e=2624132ggichh HTTP/1.1" 301 337 "-" "meta-externalagent/1.1 (+https://developers.facebook.com/docs/sharing/webmasters/crawler)" 1395 **1/1395035**
57.141.20.14 - - [16/Jan/2026:11:31:24 -0700] "GET /?e=1223372j15eca HTTP/1.1" 301 337 "-" "meta-externalagent/1.1 (+https://developers.facebook.com/docs/sharing/webmasters/crawler)" 1364 **1/1364994**
114.119.159.152 - - [16/Jan/2026:11:31:32 -0700] "GET /xlnbgql/awon-akanse-adura.html HTTP/1.1" 301 337 "https://mpg-consult.fr/u3xlee/adc-diecast-modified.html" "Mozilla/5.0 (Linux; Android 7.0;) AppleWebKit/537.36 (KHTML, like Gecko) Mobile Safari/537.36 (compatible; PetalBot;+https://webmaster.petalsearch.com/site/petalbot)" 1068 **1/1068509**
114.119.159.152 - - [16/Jan/2026:11:31:33 -0700] "GET /xlnbgql/awon-akanse-adura.html HTTP/1.1" 404 59131 "https://mpg-consult.fr/u3xlee/adc-diecast-modified.html" "Mozilla/5.0 (Linux; Android 7.0;) AppleWebKit/537.36 (KHTML, like Gecko) Mobile Safari/537.36 (compatible; PetalBot;+https://webmaster.petalsearch.com/site/petalbot)" 1904 **1/1904514**
57.141.20.57 - - [16/Jan/2026:11:31:36 -0700] "GET /?e=4065720db992g HTTP/1.1" 301 337 "-" "meta-externalagent/1.1 (+https://developers.facebook.com/docs/sharing/webmasters/crawler)" 1228 **1/1228377**
216.73.216.56 - - [16/Jan/2026:11:31:47 -0700] "GET /?e=5126090cf9e91 HTTP/1.1" 301 149 "-" "Mozilla/5.0 AppleWebKit/537.36 (KHTML, like Gecko; compatible; ClaudeBot/1.0; +claudebot@anthropic.com)" 1300 **1/1300576**
216.73.216.56 - - [16/Jan/2026:11:31:48 -0700] "GET /?e=547178b098e8 HTTP/1.1" 301 149 "-" "Mozilla/5.0 AppleWebKit/537.36 (KHTML, like Gecko; compatible; ClaudeBot/1.0; +claudebot@anthropic.com)" 1107 **1/1107756**
57.141.20.0 - - [16/Jan/2026:11:31:49 -0700] "GET /?e=2215803b19f3i HTTP/1.1" 301 337 "-" "meta-externalagent/1.1 (+https://developers.facebook.com/docs/sharing/webmasters/crawler)" 3194 **3/3194869**
57.141.20.13 - - [16/Jan/2026:11:31:56 -0700] "GET /?e=5044151g0b6bh HTTP/1.1" 301 337 "-" "meta-externalagent/1.1 (+https://developers.facebook.com/docs/sharing/webmasters/crawler)" 1128 **1/1128339**
74.7.227.58 - - [16/Jan/2026:11:32:07 -0700] "GET /category/kinkyads-review HTTP/1.1" 404 10982 "https://veronaae.com" "Mozilla/5.0 AppleWebKit/537.36 (KHTML, like Gecko; compatible; GPTBot/1.3; +https://openai.com/gptbot)" 1492 **1/1492357**
57.141.20.30 - - [16/Jan/2026:11:32:08 -0700] "GET /?e=3711831fjgc0g HTTP/1.1" 301 337 "-" "meta-externalagent/1.1 (+https://developers.facebook.com/docs/sharing/webmasters/crawler)" 1168 **1/1168493**
74.7.227.58 - - [16/Jan/2026:11:32:09 -0700] "GET /category/arablounge-visitors-2 HTTP/1.1" 404 10982 "https://veronaae.com" "Mozilla/5.0 AppleWebKit/537.36 (KHTML, like Gecko; compatible; GPTBot/1.3; +https://openai.com/gptbot)" 948 **0/948356**
74.7.227.58 - - [16/Jan/2026:11:32:11 -0700] "GET /category/chatfriends-reviews-2 HTTP/1.1" 404 10982 "https://veronaae.com" "Mozilla/5.0 AppleWebKit/537.36 (KHTML, like Gecko; compatible; GPTBot/1.3; +https://openai.com/gptbot)" 1788 **1/1788031**
135.181.166.38 - - [16/Jan/2026:11:32:11 -0700] "GET /?e=345974 HTTP/1.1" 301 337 "-" "Mozilla/5.0 (compatible; SERankingBacklinksBot/1.0; +https://seranking.com/backlinks-crawler)" 1520 **1/1520741**
57.141.20.39 - - [16/Jan/2026:11:32:17 -0700] "GET /?e=35222387c5ffg HTTP/1.1" 301 337 "-" "meta-externalagent/1.1 (+https://developers.facebook.com/docs/sharing/webmasters/crawler)" 1568 **1/1568508**
216.73.216.56 - - [16/Jan/2026:11:32:21 -0700] "GET /?e=998558c2idgh HTTP/1.1" 301 149 "-" "Mozilla/5.0 AppleWebKit/537.36 (KHTML, like Gecko; compatible; ClaudeBot/1.0; +claudebot@anthropic.com)" 1123 **1/1123111**
57.141.20.54 - - [16/Jan/2026:11:32:32 -0700] "GET /?e=598653f5jf19 HTTP/1.1" 301 337 "-" "meta-externalagent/1.1 (+https://developers.facebook.com/docs/sharing/webmasters/crawler)" 1343 **1/1343610**
57.141.20.55 - - [16/Jan/2026:11:32:38 -0700] "GET /?e=4712002e22h93 HTTP/1.1" 301 337 "-" "meta-externalagent/1.1 (+https://developers.facebook.com/docs/sharing/webmasters/crawler)" 991 **0/991824**
216.73.216.56 - - [16/Jan/2026:11:32:40 -0700] "GET /?e=2307794bb9b5a HTTP/1.1" 301 149 "-" "Mozilla/5.0 AppleWebKit/537.36 (KHTML, like Gecko; compatible; ClaudeBot/1.0; +claudebot@anthropic.com)" 1578 **1/1578642**
57.141.20.7 - - [16/Jan/2026:11:32:44 -0700] "GET /?e=4342779h231j7 HTTP/1.1" 301 337 "-" "meta-externalagent/1.1 (+https://developers.facebook.com/docs/sharing/webmasters/crawler)" 1878 **1/1878470**
114.119.159.152 - - [16/Jan/2026:11:32:54 -0700] "GET /uwx11/wholesale-fresh-wreaths.html HTTP/1.1" 301 337 "https://www.ballthai.com/page/2008/?page_id=0%2B%3Cspan%2Bclass%3D" "Mozilla/5.0 (Linux; Android 7.0;) AppleWebKit/537.36 (KHTML, like Gecko) Mobile Safari/537.36 (compatible; PetalBot;+https://webmaster.petalsearch.com/site/petalbot)" 1546 **1/1546283**
135.181.166.38 - - [16/Jan/2026:11:32:55 -0700] "GET /?e=349732 HTTP/1.1" 301 337 "-" "Mozilla/5.0 (compatible; SERankingBacklinksBot/1.0; +https://seranking.com/backlinks-crawler)" 1329 **1/1329008**
114.119.159.152 - - [16/Jan/2026:11:32:56 -0700] "GET /uwx11/wholesale-fresh-wreaths.html HTTP/1.1" 404 59131 "https://www.ballthai.com/page/2008/?page_id=0%2B%3Cspan%2Bclass%3D" "Mozilla/5.0 (Linux; Android 7.0;) AppleWebKit/537.36 (KHTML, like Gecko) Mobile Safari/537.36 (compatible; PetalBot;+https://webmaster.petalsearch.com/site/petalbot)" 2721 **2/2721834**
57.141.20.57 - - [16/Jan/2026:11:33:06 -0700] "GET /?e=1804510g87edc HTTP/1.1" 301 337 "-" "meta-externalagent/1.1 (+https://developers.facebook.com/docs/sharing/webmasters/crawler)" 1131 **1/1131309**
57.141.20.58 - - [16/Jan/2026:11:33:08 -0700] "GET /?e=3152039ddef8 HTTP/1.1" 301 337 "-" "meta-externalagent/1.1 (+https://developers.facebook.com/docs/sharing/webmasters/crawler)" 905 **0/905921**
57.141.20.52 - - [16/Jan/2026:11:33:10 -0700] "GET /?e=53702057cebdj HTTP/1.1" 301 337 "-" "meta-externalagent/1.1 (+https://developers.facebook.com/docs/sharing/webmasters/crawler)" 1146 **1/1146515**
57.141.20.38 - - [16/Jan/2026:11:33:24 -0700] "GET /?e=2515248gb2bbh HTTP/1.1" 301 337 "-" "meta-externalagent/1.1 (+https://developers.facebook.com/docs/sharing/webmasters/crawler)" 1068 **1/1068262**
135.181.166.38 - - [16/Jan/2026:11:33:42 -0700] "GET /?e=352297 HTTP/1.1" 301 337 "-" "Mozilla/5.0 (compatible; SERankingBacklinksBot/1.0; +https://seranking.com/backlinks-crawler)" 1980 **1/1980842**
216.73.216.56 - - [16/Jan/2026:11:33:47 -0700] "GET /?e=14376512d515d HTTP/1.1" 301 149 "-" "Mozilla/5.0 AppleWebKit/537.36 (KHTML, like Gecko; compatible; ClaudeBot/1.0; +claudebot@anthropic.com)" 1379 **1/1379806**
57.141.20.17 - - [16/Jan/2026:11:34:00 -0700] "GET /?e=4860575ejg53i HTTP/1.1" 301 337 "-" "meta-externalagent/1.1 (+https://developers.facebook.com/docs/sharing/webmasters/crawler)" 1331 **1/1331587**
135.181.166.38 - - [16/Jan/2026:11:34:05 -0700] "GET /?e=353231 HTTP/1.1" 301 337 "-" "Mozilla/5.0 (compatible; SERankingBacklinksBot/1.0; +https://seranking.com/backlinks-crawler)" 1496 **1/1496422**
57.141.20.56 - - [16/Jan/2026:11:34:07 -0700] "GET /?e=52347928dgi9i HTTP/1.1" 301 337 "-" "meta-externalagent/1.1 (+https://developers.facebook.com/docs/sharing/webmasters/crawler)" 1612 **1/1612689**
216.73.216.56 - - [16/Jan/2026:11:34:07 -0700] "GET /?e=19027802g693h HTTP/1.1" 301 149 "-" "Mozilla/5.0 AppleWebKit/537.36 (KHTML, like Gecko; compatible; ClaudeBot/1.0; +claudebot@anthropic.com)" 2247 **2/2247063**
57.141.20.29 - - [16/Jan/2026:11:34:14 -0700] "GET /?e=2782501h07062 HTTP/1.1" 301 337 "-" "meta-externalagent/1.1 (+https://developers.facebook.com/docs/sharing/webmasters/crawler)" 1282 **1/1282087**
114.119.157.189 - - [16/Jan/2026:11:34:18 -0700] "GET /uwx11/warehouse-columbus-ohio.html HTTP/1.1" 301 337 "http://dhcorretora.com.br/r70y/scullville-fire-hall.html" "Mozilla/5.0 (Linux; Android 7.0;) AppleWebKit/537.36 (KHTML, like Gecko) Mobile Safari/537.36 (compatible; PetalBot;+https://webmaster.petalsearch.com/site/petalbot)" 1721 **1/1721325**
57.141.20.13 - - [16/Jan/2026:11:34:18 -0700] "GET /?e=3742393hhbf4h HTTP/1.1" 301 337 "-" "meta-externalagent/1.1 (+https://developers.facebook.com/docs/sharing/webmasters/crawler)" 1970 **1/1970416**
216.244.66.247 - - [16/Jan/2026:11:34:19 -0700] "GET /xlnbgql/rovito-kuvana-jaja.html HTTP/1.1" 301 337 "-" "Mozilla/5.0 (compatible; DotBot/1.2; +https://opensiteexplorer.org/dotbot; help@moz.com)" 2133 **2/2133587**
114.119.157.189 - - [16/Jan/2026:11:34:20 -0700] "GET /uwx11/warehouse-columbus-ohio.html HTTP/1.1" 404 59131 "http://dhcorretora.com.br/r70y/scullville-fire-hall.html" "Mozilla/5.0 (Linux; Android 7.0;) AppleWebKit/537.36 (KHTML, like Gecko) Mobile Safari/537.36 (compatible; PetalBot;+https://webmaster.petalsearch.com/site/petalbot)" 1525 **1/1525873**
57.141.20.39 - - [16/Jan/2026:11:34:22 -0700] "GET /?s=76155472001760 HTTP/1.1" 200 337 "-" "meta-externalagent/1.1 (+https://developers.facebook.com/docs/sharing/webmasters/crawler)" 1341 **1/1341331**
57.141.20.2 - - [16/Jan/2026:11:34:40 -0700] "GET /?e=523083hi9f07 HTTP/1.1" 301 337 "-" "meta-externalagent/1.1 (+https://developers.facebook.com/docs/sharing/webmasters/crawler)" 1268 **1/1268736**
216.73.216.56 - - [16/Jan/2026:11:34:40 -0700] "GET /?e=5240646ej1114 HTTP/1.1" 301 149 "-" "Mozilla/5.0 AppleWebKit/537.36 (KHTML, like Gecko; compatible; ClaudeBot/1.0; +claudebot@anthropic.com)" 1519 **1/1519890**
135.181.166.38 - - [16/Jan/2026:11:34:51 -0700] "GET /?e=357923 HTTP/1.1" 301 337 "-" "Mozilla/5.0 (compatible; SERankingBacklinksBot/1.0; +https://seranking.com/backlinks-crawler)" 1355 **1/1355187**
57.141.20.14 - - [16/Jan/2026:11:34:52 -0700] "GET /?e=3888572bg449d HTTP/1.1" 301 337 "-" "meta-externalagent/1.1 (+https://developers.facebook.com/docs/sharing/webmasters/crawler)" 1141 **1/1141651**
57.141.20.57 - - [16/Jan/2026:11:35:07 -0700] "GET /?e=372575fi363c HTTP/1.1" 301 337 "-" "meta-externalagent/1.1 (+https://developers.facebook.com/docs/sharing/webmasters/crawler)" 1509 **1/1509785**
57.141.20.42 - - [16/Jan/2026:11:35:13 -0700] "GET /?e=381367628883g HTTP/1.1" 301 337 "-" "meta-externalagent/1.1 (+https://developers.facebook.com/docs/sharing/webmasters/crawler)" 2346 **2/2346740**
57.141.20.57 - - [16/Jan/2026:11:35:23 -0700] "GET /?e=4014818ag81e9 HTTP/1.1" 301 337 "-" "meta-externalagent/1.1 (+https://developers.facebook.com/docs/sharing/webmasters/crawler)" 10805 **10/10805045**
57.141.20.55 - - [16/Jan/2026:11:35:29 -0700] "GET /?e=44273548ja71e HTTP/1.1" 301 337 "-" "meta-externalagent/1.1 (+https://developers.facebook.com/docs/sharing/webmasters/crawler)" 5030 **5/5030805**
135.181.166.38 - - [16/Jan/2026:11:35:36 -0700] "GET /?e=358853 HTTP/1.1" 301 337 "-" "Mozilla/5.0 (compatible; SERankingBacklinksBot/1.0; +https://seranking.com/backlinks-crawler)" 2140 **2/2140650**
114.119.130.18 - - [16/Jan/2026:11:35:43 -0700] "GET /uwx11/tumbler-with-straw-walmart.html HTTP/1.1" 301 337 "https://24doghelper.ru/4czhfv9/crown-boiler-bsi-103.html" "Mozilla/5.0 (Linux; Android 7.0;) AppleWebKit/537.36 (KHTML, like Gecko) Mobile Safari/537.36 (compatible; PetalBot;+https://webmaster.petalsearch.com/site/petalbot)" 1296 **1/1296727**
114.119.130.18 - - [16/Jan/2026:11:35:45 -0700] "GET /uwx11/tumbler-with-straw-walmart.html HTTP/1.1" 404 59131 "https://24doghelper.ru/4czhfv9/crown-boiler-bsi-103.html" "Mozilla/5.0 (Linux; Android 7.0;) AppleWebKit/537.36 (KHTML, like Gecko) Mobile Safari/537.36 (compatible; PetalBot;+https://webmaster.petalsearch.com/site/petalbot)" 2887 **2/2887550**
216.73.216.56 - - [16/Jan/2026:11:35:47 -0700] "GET /?e=4800772g56ga0 HTTP/1.1" 301 149 "-" "Mozilla/5.0 AppleWebKit/537.36 (KHTML, like Gecko; compatible; ClaudeBot/1.0; +claudebot@anthropic.com)" 1846 **1/1846006**
216.73.216.56 - - [16/Jan/2026:11:35:54 -0700] "GET /?e=6173211f051d HTTP/1.1" 301 149 "-" "Mozilla/5.0 AppleWebKit/537.36 (KHTML, like Gecko; compatible; ClaudeBot/1.0; +claudebot@anthropic.com)" 1390 **1/1390320**
57.141.20.45 - - [16/Jan/2026:11:36:11 -0700] "GET /?e=3196871172i41 HTTP/1.1" 301 337 "-" "meta-externalagent/1.1 (+https://developers.facebook.com/docs/sharing/webmasters/crawler)" 908 **0/908957**
135.181.166.38 - - [16/Jan/2026:11:36:23 -0700] "GET /?e=361418 HTTP/1.1" 301 337 "-" "Mozilla/5.0 (compatible; SERankingBacklinksBot/1.0; +https://seranking.com/backlinks-crawler)" 1251 **1/1251859**
216.73.216.56 - - [16/Jan/2026:11:36:35 -0700] "GET /?fileloc=%2F%2Flib%2Ffirmware%2Fnvidia%2Ftu116%2Fgr%2Fsw_veid_bundle_init.bin&path=%2F%2Flib%2Ffirmware%2Fnvidia%2Ftu116%2Fgr HTTP/1.1" 301 149 "-" "Mozilla/5.0 AppleWebKit/537.36 (KHTML, like Gecko; compatible; ClaudeBot/1.0; +claudebot@anthropic.com)" 1592 **1/1592251**
57.141.20.50 - - [16/Jan/2026:11:36:37 -0700] "GET /?e=4984137f438c7 HTTP/1.1" 301 337 "-" "meta-externalagent/1.1 (+https://developers.facebook.com/docs/sharing/webmasters/crawler)" 2140 **2/2140605**
57.141.20.20 - - [16/Jan/2026:11:36:48 -0700] "GET /?e=32987606had5d HTTP/1.1" 301 337 "-" "meta-externalagent/1.1 (+https://developers.facebook.com/docs/sharing/webmasters/crawler)" 1550 **1/1550162**
57.141.20.35 - - [16/Jan/2026:11:36:49 -0700] "GET /?e=378763927gaaa HTTP/1.1" 301 337 "-" "meta-externalagent/1.1 (+https://developers.facebook.com/docs/sharing/webmasters/crawler)" 1187 **1/1187692**
184.168.114.89 - - [16/Jan/2026:11:37:01 -0700] "POST /wp-cron.php?doing_wp_cron=1768588621.0011439323425292968750 HTTP/1.1" 200 - "-" "WordPress/6.8.1; https://www.veronaae.com" 26 **0/26920**
57.141.20.1 - - [16/Jan/2026:11:36:59 -0700] "GET /?e=5033475gf11b4 HTTP/1.1" 301 337 "-" "meta-externalagent/1.1 (+https://developers.facebook.com/docs/sharing/webmasters/crawler)" 1567 **1/1567158**
114.119.151.233 - - [16/Jan/2026:11:37:05 -0700] "GET /xlnbgql/wholesale-clay-pots-near-me.html HTTP/1.1" 301 337 "https://cryptoservice.7am-groups.com/kqzjk/random-graph-generator.html" "Mozilla/5.0 (Linux; Android 7.0;) AppleWebKit/537.36 (KHTML, like Gecko) Mobile Safari/537.36 (compatible; PetalBot;+https://webmaster.petalsearch.com/site/petalbot)" 958 **0/958324**
114.119.151.233 - - [16/Jan/2026:11:37:06 -0700] "GET /xlnbgql/wholesale-clay-pots-near-me.html HTTP/1.1" 404 59131 "https://cryptoservice.7am-groups.com/kqzjk/random-graph-generator.html" "Mozilla/5.0 (Linux; Android 7.0;) AppleWebKit/537.36 (KHTML, like Gecko) Mobile Safari/537.36 (compatible; PetalBot;+https://webmaster.petalsearch.com/site/petalbot)" 1587 **1/1587650**
135.181.166.38 - - [16/Jan/2026:11:37:08 -0700] "GET /?e=366786 HTTP/1.1" 301 337 "-" "Mozilla/5.0 (compatible; SERankingBacklinksBot/1.0; +https://seranking.com/backlinks-crawler)" 1297 **1/1297886**
216.73.216.56 - - [16/Jan/2026:11:37:19 -0700] "GET /?fileloc=%2F%2Fusr%2Flib%2Flocale%2Fen_SC.utf8%2FLC_NAME&path=%2F%2Fusr%2Flib%2Flocale%2Fen_SC.utf8 HTTP/1.1" 301 149 "-" "Mozilla/5.0 AppleWebKit/537.36 (KHTML, like Gecko; compatible; ClaudeBot/1.0; +claudebot@anthropic.com)" 1507 **1/1507350**
57.141.20.48 - - [16/Jan/2026:11:37:36 -0700] "GET /?e=5509336405e6 HTTP/1.1" 301 337 "-" "meta-externalagent/1.1 (+https://developers.facebook.com/docs/sharing/webmasters/crawler)" 1124 **1/1124952**
57.141.20.55 - - [16/Jan/2026:11:37:46 -0700] "GET /?e=22782161g7a25 HTTP/1.1" 301 337 "-" "meta-externalagent/1.1 (+https://developers.facebook.com/docs/sharing/webmasters/crawler)" 1181 **1/1181674**
216.73.216.56 - - [16/Jan/2026:11:37:58 -0700] "GET /?fileloc=%2F%2Fusr%2Flib%2Ffirmware%2Fiwlwifi-so-a0-gf-a0-72.ucode&path=%2F%2Fusr%2Flib%2Ffirmware HTTP/1.1" 301 149 "-" "Mozilla/5.0 AppleWebKit/537.36 (KHTML, like Gecko; compatible; ClaudeBot/1.0; +claudebot@anthropic.com)" 1637 **1/1637147**
135.181.166.38 - - [16/Jan/2026:11:38:14 -0700] "GET /?e=370759 HTTP/1.1" 301 337 "-" "Mozilla/5.0 (compatible; SERankingBacklinksBot/1.0; +https://seranking.com/backlinks-crawler)" 1284 **1/1284693**
57.141.20.55 - - [16/Jan/2026:11:38:19 -0700] "GET /?e=1780729496jjj HTTP/1.1" 301 337 "-" "meta-externalagent/1.1 (+https://developers.facebook.com/docs/sharing/webmasters/crawler)" 1316 **1/1316231**
114.119.153.246 - - [16/Jan/2026:11:38:30 -0700] "GET /xlnbgql/what-happens-to-unclaimed-settlement-money.html HTTP/1.1" 301 337 "http://kurdom.ru/7gt9fp/canada-med-pharmacy-reviews.html" "Mozilla/5.0 (Linux; Android 7.0;) AppleWebKit/537.36 (KHTML, like Gecko) Mobile Safari/537.36 (compatible; PetalBot;+https://webmaster.petalsearch.com/site/petalbot)" 1029 **1/1029110**
114.119.153.246 - - [16/Jan/2026:11:38:31 -0700] "GET /xlnbgql/what-happens-to-unclaimed-settlement-money.html HTTP/1.1" 404 59131 "http://kurdom.ru/7gt9fp/canada-med-pharmacy-reviews.html" "Mozilla/5.0 (Linux; Android 7.0;) AppleWebKit/537.36 (KHTML, like Gecko) Mobile Safari/537.36 (compatible; PetalBot;+https://webmaster.petalsearch.com/site/petalbot)" 2042 **2/2042114**
135.181.166.38 - - [16/Jan/2026:11:39:01 -0700] "GET /?e=377099 HTTP/1.1" 301 337 "-" "Mozilla/5.0 (compatible; SERankingBacklinksBot/1.0; +https://seranking.com/backlinks-crawler)" 1949 **1/1949631**
57.141.20.42 - - [16/Jan/2026:11:39:06 -0700] "GET /?e=1354857c6bfbj HTTP/1.1" 301 337 "-" "meta-externalagent/1.1 (+https://developers.facebook.com/docs/sharing/webmasters/crawler)" 2194 **2/2194834**
57.141.20.9 - - [16/Jan/2026:11:39:24 -0700] "GET /?e=2671470b6c3bf HTTP/1.1" 301 337 "-" "meta-externalagent/1.1 (+https://developers.facebook.com/docs/sharing/webmasters/crawler)" 1367 **1/1367594**
135.181.166.38 - - [16/Jan/2026:11:39:26 -0700] "GET /?e=389728 HTTP/1.1" 301 337 "-" "Mozilla/5.0 (compatible; SERankingBacklinksBot/1.0; +https://seranking.com/backlinks-crawler)" 2192 **2/2192486**
57.141.20.25 - - [16/Jan/2026:11:39:28 -0700] "GET /?e=2255876g5cg4j HTTP/1.1" 301 337 "-" "meta-externalagent/1.1 (+https://developers.facebook.com/docs/sharing/webmasters/crawler)" 1498 **1/1498654**
57.141.20.56 - - [16/Jan/2026:11:39:30 -0700] "GET /?e=310191411djd5 HTTP/1.1" 301 337 "-" "meta-externalagent/1.1 (+https://developers.facebook.com/docs/sharing/webmasters/crawler)" 1589 **1/1589742**
114.119.153.246 - - [16/Jan/2026:11:39:51 -0700] "GET /xlnbgql/pediatric-covid-hospitalizations-by-state.html HTTP/1.1" 301 337 "https://easyroadguide.com/tlbed98/neural-magic-wiki.html" "Mozilla/5.0 (Linux; Android 7.0;) AppleWebKit/537.36 (KHTML, like Gecko) Mobile Safari/537.36 (compatible; PetalBot;+https://webmaster.petalsearch.com/site/petalbot)" 2549 **2/2549485**
114.119.153.246 - - [16/Jan/2026:11:39:54 -0700] "GET /xlnbgql/pediatric-covid-hospitalizations-by-state.html HTTP/1.1" 404 59131 "https://easyroadguide.com/tlbed98/neural-magic-wiki.html" "Mozilla/5.0 (Linux; Android 7.0;) AppleWebKit/537.36 (KHTML, like Gecko) Mobile Safari/537.36 (compatible; PetalBot;+https://webmaster.petalsearch.com/site/petalbot)" 2747 **2/2747052**
57.141.20.30 - - [16/Jan/2026:11:40:00 -0700] "GET /?e=1567298955ggh HTTP/1.1" 301 337 "-" "meta-externalagent/1.1 (+https://developers.facebook.com/docs/sharing/webmasters/crawler)" 1701 **1/1701331**
57.141.20.38 - - [16/Jan/2026:11:40:06 -0700] "GET /?e=186975bjga15 HTTP/1.1" 301 337 "-" "meta-externalagent/1.1 (+https://developers.facebook.com/docs/sharing/webmasters/crawler)" 1598 **1/1598646**
135.181.166.38 - - [16/Jan/2026:11:40:13 -0700] "GET /?e=389942 HTTP/1.1" 301 337 "-" "Mozilla/5.0 (compatible; SERankingBacklinksBot/1.0; +https://seranking.com/backlinks-crawler)" 1491 **1/1491031**
57.141.20.46 - - [16/Jan/2026:11:40:54 -0700] "GET /?e=2758331ig58d5 HTTP/1.1" 301 337 "-" "meta-externalagent/1.1 (+https://developers.facebook.com/docs/sharing/webmasters/crawler)" 929 **0/929930**
135.181.166.38 - - [16/Jan/2026:11:40:59 -0700] "GET /?e=396412 HTTP/1.1" 301 337 "-" "Mozilla/5.0 (compatible; SERankingBacklinksBot/1.0; +https://seranking.com/backlinks-crawler)" 1988 **1/1988757**
57.141.20.6 - - [16/Jan/2026:11:41:02 -0700] "GET /?e=223711533f804 HTTP/1.1" 301 337 "-" "meta-externalagent/1.1 (+https://developers.facebook.com/docs/sharing/webmasters/crawler)" 2292 **2/2292097**
57.141.20.7 - - [16/Jan/2026:11:41:04 -0700] "GET /?e=4562022a0ii9b HTTP/1.1" 301 337 "-" "meta-externalagent/1.1 (+https://developers.facebook.com/docs/sharing/webmasters/crawler)" 1477 **1/1477297**
114.119.130.251 - - [16/Jan/2026:11:41:15 -0700] "GET /xlnbgql/miles-sanders-height-weight.html HTTP/1.1" 301 337 "http://proind.com.ar/ort3mb/free-christian-schools-in-florida.html" "Mozilla/5.0 (Linux; Android 7.0;) AppleWebKit/537.36 (KHTML, like Gecko) Mobile Safari/537.36 (compatible; PetalBot;+https://webmaster.petalsearch.com/site/petalbot)" 1863 **1/1863007**
57.141.20.44 - - [16/Jan/2026:11:41:16 -0700] "GET /?e=5805453d0eab HTTP/1.1" 301 337 "-" "meta-externalagent/1.1 (+https://developers.facebook.com/docs/sharing/webmasters/crawler)" 1807 **1/1807922**
114.119.130.251 - - [16/Jan/2026:11:41:17 -0700] "GET /xlnbgql/miles-sanders-height-weight.html HTTP/1.1" 404 59131 "http://proind.com.ar/ort3mb/free-christian-schools-in-florida.html" "Mozilla/5.0 (Linux; Android 7.0;) AppleWebKit/537.36 (KHTML, like Gecko) Mobile Safari/537.36 (compatible; PetalBot;+https://webmaster.petalsearch.com/site/petalbot)" 2297 **2/2297163**
57.141.20.24 - - [16/Jan/2026:11:41:47 -0700] "GET /?e=3631202fc064h HTTP/1.1" 301 337 "-" "meta-externalagent/1.1 (+https://developers.facebook.com/docs/sharing/webmasters/crawler)" 1582 **1/1582131**
216.73.216.56 - - [16/Jan/2026:11:41:47 -0700] "GET /?fileloc=%2F%2Fusr%2Flib%2F.build-id%2F5d%2Faf7701f748907a8746dbafe4a370f3afca5841&path=%2F%2Fusr%2Flib%2F.build-id%2F5d HTTP/1.1" 301 149 "-" "Mozilla/5.0 AppleWebKit/537.36 (KHTML, like Gecko; compatible; ClaudeBot/1.0; +claudebot@anthropic.com)" 1371 **1/1371511**
57.141.20.59 - - [16/Jan/2026:11:41:55 -0700] "GET /?e=1431140haha6f HTTP/1.1" 301 337 "-" "meta-externalagent/1.1 (+https://developers.facebook.com/docs/sharing/webmasters/crawler)" 1023 **1/1023606**
74.7.227.58 - - [16/Jan/2026:11:42:05 -0700] "GET /category/fastflirting-reddit-2 HTTP/1.1" 404 10982 "https://veronaae.com" "Mozilla/5.0 AppleWebKit/537.36 (KHTML, like Gecko; compatible; GPTBot/1.3; +https://openai.com/gptbot)" 1110 **1/1110301**
135.181.166.38 - - [16/Jan/2026:11:42:06 -0700] "GET /?e=396990 HTTP/1.1" 301 337 "-" "Mozilla/5.0 (compatible; SERankingBacklinksBot/1.0; +https://seranking.com/backlinks-crawler)" 1234 **1/1234384**
74.7.227.58 - - [16/Jan/2026:11:42:06 -0700] "GET /category/hookup-username HTTP/1.1" 404 10982 "https://veronaae.com" "Mozilla/5.0 AppleWebKit/537.36 (KHTML, like Gecko; compatible; GPTBot/1.3; +https://openai.com/gptbot)" 1753 **1/1753601**
216.73.216.56 - - [16/Jan/2026:11:42:19 -0700] "GET /?fileloc=%2Fhome%2Fbpw3460lz1vy%2Fwww%2Fwp-admin%2Fimages%2Fgeneric.png&path=%2Fhome%2Fbpw3460lz1vy%2Fwww%2Fwp-admin%2Fimages HTTP/1.1" 301 149 "-" "Mozilla/5.0 AppleWebKit/537.36 (KHTML, like Gecko; compatible; ClaudeBot/1.0; +claudebot@anthropic.com)" 1731 **1/1731707**
216.73.216.56 - - [16/Jan/2026:11:42:21 -0700] "GET /?fileloc=%2F%2Fusr%2Flib%2F.build-id%2Fd6%2Fe8c89afa128e6b903f963fcb7c400137617099&path=%2F%2Fusr%2Flib%2F.build-id%2Fd6 HTTP/1.1" 301 149 "-" "Mozilla/5.0 AppleWebKit/537.36 (KHTML, like Gecko; compatible; ClaudeBot/1.0; +claudebot@anthropic.com)" 2214 **2/2214709**
216.73.216.56 - - [16/Jan/2026:11:42:29 -0700] "GET /?fileloc=%2F%2Fusr%2Flib%2F.build-id%2F51%2Fd55e8b83c85e68a1e466b96f81e989ebb6611d&path=%2F%2Fusr%2Flib%2F.build-id%2F51 HTTP/1.1" 301 149 "-" "Mozilla/5.0 AppleWebKit/537.36 (KHTML, like Gecko; compatible; ClaudeBot/1.0; +claudebot@anthropic.com)" 2164 **2/2164808**
135.181.166.38 - - [16/Jan/2026:11:42:30 -0700] "GET /?e=398966 HTTP/1.1" 301 337 "-" "Mozilla/5.0 (compatible; SERankingBacklinksBot/1.0; +https://seranking.com/backlinks-crawler)" 2435 **2/2435579**
114.119.130.251 - - [16/Jan/2026:11:42:40 -0700] "GET /xlnbgql/is-8gb-ram-and-256gb-ssd-enough-for-programming.html HTTP/1.1" 301 337 "-" "Mozilla/5.0 (Linux; Android 7.0;) AppleWebKit/537.36 (KHTML, like Gecko) Mobile Safari/537.36 (compatible; PetalBot;+https://webmaster.petalsearch.com/site/petalbot)" 1441 **1/1441829**
114.119.130.251 - - [16/Jan/2026:11:42:42 -0700] "GET /xlnbgql/is-8gb-ram-and-256gb-ssd-enough-for-programming.html HTTP/1.1" 404 59131 "-" "Mozilla/5.0 (Linux; Android 7.0;) AppleWebKit/537.36 (KHTML, like Gecko) Mobile Safari/537.36 (compatible; PetalBot;+https://webmaster.petalsearch.com/site/petalbot)" 1200 **1/1200496**
57.141.20.43 - - [16/Jan/2026:11:43:14 -0700] "GET /?e=22065578i0i9 HTTP/1.1" 301 337 "-" "meta-externalagent/1.1 (+https://developers.facebook.com/docs/sharing/webmasters/crawler)" 1517 **1/1517886**
216.73.216.56 - - [16/Jan/2026:11:43:16 -0700] "GET /?fileloc=%2F%2Fusr%2Flib%2F.build-id%2F82%2F87adb3158dd0bdd79c91b2aa331540ed0f5e03&path=%2F%2Fusr%2Flib%2F.build-id%2F82 HTTP/1.1" 301 149 "-" "Mozilla/5.0 AppleWebKit/537.36 (KHTML, like Gecko; compatible; ClaudeBot/1.0; +claudebot@anthropic.com)" 1360 **1/1360050**
57.141.20.24 - - [16/Jan/2026:11:43:27 -0700] "GET /?e=2717535452e8d HTTP/1.1" 301 337 "-" "meta-externalagent/1.1 (+https://developers.facebook.com/docs/sharing/webmasters/crawler)" 1301 **1/1301192**
135.181.166.38 - - [16/Jan/2026:11:43:41 -0700] "GET /?e=399983 HTTP/1.1" 301 337 "-" "Mozilla/5.0 (compatible; SERankingBacklinksBot/1.0; +https://seranking.com/backlinks-crawler)" 1210 **1/1210670**
216.73.216.56 - - [16/Jan/2026:11:43:45 -0700] "GET /?fileloc=%2Fhome%2Fbpw3460lz1vy%2Fwww%2Fwp-admin%2Fimages%2Fmedia-button-image.gif&path=%2Fhome%2Fbpw3460lz1vy%2Fwww%2Fwp-admin%2Fimages HTTP/1.1" 301 149 "-" "Mozilla/5.0 AppleWebKit/537.36 (KHTML, like Gecko; compatible; ClaudeBot/1.0; +claudebot@anthropic.com)" 1324 **1/1324022**
57.141.20.13 - - [16/Jan/2026:11:43:47 -0700] "GET /?e=32832513ga274 HTTP/1.1" 301 337 "-" "meta-externalagent/1.1 (+https://developers.facebook.com/docs/sharing/webmasters/crawler)" 947 **0/947518**
57.141.20.11 - - [16/Jan/2026:11:43:48 -0700] "GET /?e=1309688feib89 HTTP/1.1" 301 337 "-" "meta-externalagent/1.1 (+https://developers.facebook.com/docs/sharing/webmasters/crawler)" 1326 **1/1326079**
216.73.216.56 - - [16/Jan/2026:11:43:59 -0700] "GET /?fileloc=%2F%2Fusr%2Flib%2F.build-id%2Fc5%2Ff839aa03a66be638eaae5854ba46174373a3e4&path=%2F%2Fusr%2Flib%2F.build-id%2Fc5 HTTP/1.1" 301 149 "-" "Mozilla/5.0 AppleWebKit/537.36 (KHTML, like Gecko; compatible; ClaudeBot/1.0; +claudebot@anthropic.com)" 917 **0/917838**
114.119.159.152 - - [16/Jan/2026:11:44:03 -0700] "GET /xlnbgql/david-frecka-sells-company.html HTTP/1.1" 301 337 "http://giannasalamone.com/27bxu/mercury-ballroom-photos.html" "Mozilla/5.0 (Linux; Android 7.0;) AppleWebKit/537.36 (KHTML, like Gecko) Mobile Safari/537.36 (compatible; PetalBot;+https://webmaster.petalsearch.com/site/petalbot)" 1532 **1/1532345**
114.119.159.152 - - [16/Jan/2026:11:44:05 -0700] "GET /xlnbgql/david-frecka-sells-company.html HTTP/1.1" 404 59131 "http://giannasalamone.com/27bxu/mercury-ballroom-photos.html" "Mozilla/5.0 (Linux; Android 7.0;) AppleWebKit/537.36 (KHTML, like Gecko) Mobile Safari/537.36 (compatible; PetalBot;+https://webmaster.petalsearch.com/site/petalbot)" 1671 **1/1671408**
135.181.166.38 - - [16/Jan/2026:11:44:27 -0700] "GET /?e=401681 HTTP/1.1" 301 337 "-" "Mozilla/5.0 (compatible; SERankingBacklinksBot/1.0; +https://seranking.com/backlinks-crawler)" 968 **0/968925**
74.7.227.58 - - [16/Jan/2026:11:44:35 -0700] "GET /category/flirtymature-visitors-2 HTTP/1.1" 404 10982 "https://veronaae.com" "Mozilla/5.0 AppleWebKit/537.36 (KHTML, like Gecko; compatible; GPTBot/1.3; +https://openai.com/gptbot)" 1374 **1/1374811**
135.181.166.38 - - [16/Jan/2026:11:45:12 -0700] "GET /?e=405737 HTTP/1.1" 301 337 "-" "Mozilla/5.0 (compatible; SERankingBacklinksBot/1.0; +https://seranking.com/backlinks-crawler)" 1133 **1/1133753**
114.119.159.152 - - [16/Jan/2026:11:45:26 -0700] "GET /xlnbgql/cyclic-vomiting-syndrome.html HTTP/1.1" 301 337 "http://medorah.com/qwyof/cobra-vr-gun-stock.html" "Mozilla/5.0 (Linux; Android 7.0;) AppleWebKit/537.36 (KHTML, like Gecko) Mobile Safari/537.36 (compatible; PetalBot;+https://webmaster.petalsearch.com/site/petalbot)" 1329 **1/1329643**
114.119.159.152 - - [16/Jan/2026:11:45:28 -0700] "GET /xlnbgql/cyclic-vomiting-syndrome.html HTTP/1.1" 404 59131 "http://medorah.com/qwyof/cobra-vr-gun-stock.html" "Mozilla/5.0 (Linux; Android 7.0;) AppleWebKit/537.36 (KHTML, like Gecko) Mobile Safari/537.36 (compatible; PetalBot;+https://webmaster.petalsearch.com/site/petalbot)" 1157 **1/1157338**
135.181.166.38 - - [16/Jan/2026:11:45:36 -0700] "GET /?e=409043 HTTP/1.1" 301 337 "-" "Mozilla/5.0 (compatible; SERankingBacklinksBot/1.0; +https://seranking.com/backlinks-crawler)" 1119 **1/1119638**
135.181.166.38 - - [16/Jan/2026:11:46:22 -0700] "GET /?e=421507 HTTP/1.1" 301 337 "-" "Mozilla/5.0 (compatible; SERankingBacklinksBot/1.0; +https://seranking.com/backlinks-crawler)" 1105 **1/1105331**
114.119.159.152 - - [16/Jan/2026:11:46:50 -0700] "GET /xlnbgql/complex-trauma-questionnaire-pdf.html HTTP/1.1" 301 337 "http://iskenderunhidrofor.com/bg1lph/lower-back-pain-when-touching-chin-to-chest-reddit.html" "Mozilla/5.0 (Linux; Android 7.0;) AppleWebKit/537.36 (KHTML, like Gecko) Mobile Safari/537.36 (compatible; PetalBot;+https://webmaster.petalsearch.com/site/petalbot)" 1284 **1/1284111**
114.119.159.152 - - [16/Jan/2026:11:46:51 -0700] "GET /xlnbgql/complex-trauma-questionnaire-pdf.html HTTP/1.1" 404 59131 "http://iskenderunhidrofor.com/bg1lph/lower-back-pain-when-touching-chin-to-chest-reddit.html" "Mozilla/5.0 (Linux; Android 7.0;) AppleWebKit/537.36 (KHTML, like Gecko) Mobile Safari/537.36 (compatible; PetalBot;+https://webmaster.petalsearch.com/site/petalbot)" 1528 **1/1528317**
135.181.166.38 - - [16/Jan/2026:11:47:30 -0700] "GET /?e=429828 HTTP/1.1" 301 337 "-" "Mozilla/5.0 (compatible; SERankingBacklinksBot/1.0; +https://seranking.com/backlinks-crawler)" 1007 **1/1007287**
114.119.157.189 - - [16/Jan/2026:11:48:13 -0700] "GET /xlnbgql/comfortable-platform-wedding-shoes.html HTTP/1.1" 301 337 "http://soukbaladeh.com/ttapbqd/ukraine-foreign-legion-salary.html" "Mozilla/5.0 (Linux; Android 7.0;) AppleWebKit/537.36 (KHTML, like Gecko) Mobile Safari/537.36 (compatible; PetalBot;+https://webmaster.petalsearch.com/site/petalbot)" 935 **0/935373**
114.119.157.189 - - [16/Jan/2026:11:48:14 -0700] "GET /xlnbgql/comfortable-platform-wedding-shoes.html HTTP/1.1" 404 59131 "http://soukbaladeh.com/ttapbqd/ukraine-foreign-legion-salary.html" "Mozilla/5.0 (Linux; Android 7.0;) AppleWebKit/537.36 (KHTML, like Gecko) Mobile Safari/537.36 (compatible; PetalBot;+https://webmaster.petalsearch.com/site/petalbot)" 1584 **1/1584318**
135.181.166.38 - - [16/Jan/2026:11:48:15 -0700] "GET /?e=436722 HTTP/1.1" 301 337 "-" "Mozilla/5.0 (compatible; SERankingBacklinksBot/1.0; +https://seranking.com/backlinks-crawler)" 975 **0/975555**
135.181.166.38 - - [16/Jan/2026:11:48:39 -0700] "GET /?e=439349 HTTP/1.1" 301 337 "-" "Mozilla/5.0 (compatible; SERankingBacklinksBot/1.0; +https://seranking.com/backlinks-crawler)" 2056 **2/2056463**
57.141.20.38 - - [16/Jan/2026:11:48:54 -0700] "GET /?s=48738291001760 HTTP/1.1" 200 337 "-" "meta-externalagent/1.1 (+https://developers.facebook.com/docs/sharing/webmasters/crawler)" 1611 **1/1611703**
135.181.166.38 - - [16/Jan/2026:11:49:25 -0700] "GET /?e=441356 HTTP/1.1" 301 337 "-" "Mozilla/5.0 (compatible; SERankingBacklinksBot/1.0; +https://seranking.com/backlinks-crawler)" 1015 **1/1015989**
114.119.129.113 - - [16/Jan/2026:11:49:36 -0700] "GET /xlnbgql/black-female-therapists-nyc.html HTTP/1.1" 301 337 "http://kurdom.ru/u0oe/ps5-flickering-textures.html" "Mozilla/5.0 (Linux; Android 7.0;) AppleWebKit/537.36 (KHTML, like Gecko) Mobile Safari/537.36 (compatible; PetalBot;+https://webmaster.petalsearch.com/site/petalbot)" 1555 **1/1555599**
114.119.129.113 - - [16/Jan/2026:11:49:38 -0700] "GET /xlnbgql/black-female-therapists-nyc.html HTTP/1.1" 404 59131 "http://kurdom.ru/u0oe/ps5-flickering-textures.html" "Mozilla/5.0 (Linux; Android 7.0;) AppleWebKit/537.36 (KHTML, like Gecko) Mobile Safari/537.36 (compatible; PetalBot;+https://webmaster.petalsearch.com/site/petalbot)" 2952 **2/2952715**
135.181.166.38 - - [16/Jan/2026:11:50:13 -0700] "GET /?e=441708 HTTP/1.1" 301 337 "-" "Mozilla/5.0 (compatible; SERankingBacklinksBot/1.0; +https://seranking.com/backlinks-crawler)" 2940 **2/2940111**
114.119.157.158 - - [16/Jan/2026:11:51:00 -0700] "GET /xlnbgql/attorney-big-al-phone-number.html HTTP/1.1" 301 337 "https://image360pk.com/ih9q9g/thai-massage-riverside.html" "Mozilla/5.0 (Linux; Android 7.0;) AppleWebKit/537.36 (KHTML, like Gecko) Mobile Safari/537.36 (compatible; PetalBot;+https://webmaster.petalsearch.com/site/petalbot)" 2554 **2/2554571**
114.119.157.158 - - [16/Jan/2026:11:51:03 -0700] "GET /xlnbgql/attorney-big-al-phone-number.html HTTP/1.1" 404 59131 "https://image360pk.com/ih9q9g/thai-massage-riverside.html" "Mozilla/5.0 (Linux; Android 7.0;) AppleWebKit/537.36 (KHTML, like Gecko) Mobile Safari/537.36 (compatible; PetalBot;+https://webmaster.petalsearch.com/site/petalbot)" 2968 **2/2968854**
135.181.166.38 - - [16/Jan/2026:11:51:04 -0700] "GET /?e=443302 HTTP/1.1" 301 337 "-" "Mozilla/5.0 (compatible; SERankingBacklinksBot/1.0; +https://seranking.com/backlinks-crawler)" 2614 **2/2614571**
135.181.166.38 - - [16/Jan/2026:11:51:52 -0700] "GET /?e=455940 HTTP/1.1" 301 337 "-" "Mozilla/5.0 (compatible; SERankingBacklinksBot/1.0; +https://seranking.com/backlinks-crawler)" 1393 **1/1393474**
57.141.20.56 - - [16/Jan/2026:11:52:01 -0700] "GET /?s=98753534021760 HTTP/1.1" 200 337 "-" "meta-externalagent/1.1 (+https://developers.facebook.com/docs/sharing/webmasters/crawler)" 2306 **2/2306425**
114.119.151.233 - - [16/Jan/2026:11:52:24 -0700] "GET /xlnbgql/1962-impala-convertible-for-sale-by-owner.html HTTP/1.1" 301 337 "https://www.ballthai.com/%E0%B8%A1%E0%B8%B4%E0%B8%A3%E0%B8%B1%E0%B8%99%E0%B8%94%E0%B9%89%E0%B8%B2-%E0%B8%AA%E0%B8%B8%E0%B8%8A%E0%B8%B2%E0%B8%A7%E0%B8%94%E0%B8%B5-%E0%B8%8B%E0%B8%B1%E0%B8%94%E0%B9%80%E0%B8%9B%E0%B8%B4" "Mozilla/5.0 (Linux; Android 7.0;) AppleWebKit/537.36 (KHTML, like Gecko) Mobile Safari/537.36 (compatible; PetalBot;+https://webmaster.petalsearch.com/site/petalbot)" 1394 **1/1394064**
114.119.151.233 - - [16/Jan/2026:11:52:25 -0700] "GET /xlnbgql/1962-impala-convertible-for-sale-by-owner.html HTTP/1.1" 404 59131 "https://www.ballthai.com/%E0%B8%A1%E0%B8%B4%E0%B8%A3%E0%B8%B1%E0%B8%99%E0%B8%94%E0%B9%89%E0%B8%B2-%E0%B8%AA%E0%B8%B8%E0%B8%8A%E0%B8%B2%E0%B8%A7%E0%B8%94%E0%B8%B5-%E0%B8%8B%E0%B8%B1%E0%B8%94%E0%B9%80%E0%B8%9B%E0%B8%B4" "Mozilla/5.0 (Linux; Android 7.0;) AppleWebKit/537.36 (KHTML, like Gecko) Mobile Safari/537.36 (compatible; PetalBot;+https://webmaster.petalsearch.com/site/petalbot)" 1680 **1/1680895**
135.181.166.38 - - [16/Jan/2026:11:52:59 -0700] "GET /?e=463382 HTTP/1.1" 301 337 "-" "Mozilla/5.0 (compatible; SERankingBacklinksBot/1.0; +https://seranking.com/backlinks-crawler)" 1272 **1/1272726**
114.119.129.113 - - [16/Jan/2026:11:53:47 -0700] "GET /uwx11/tractor-supply-winchester-gun-safe.html HTTP/1.1" 301 337 "http://letsgoexpress.co.uk/3o9ymjs/virginia-rims-and-tires-for-sale-by-owners.html" "Mozilla/5.0 (Linux; Android 7.0;) AppleWebKit/537.36 (KHTML, like Gecko) Mobile Safari/537.36 (compatible; PetalBot;+https://webmaster.petalsearch.com/site/petalbot)" 2516 **2/2516864**
135.181.166.38 - - [16/Jan/2026:11:53:49 -0700] "GET /?e=466730 HTTP/1.1" 301 337 "-" "Mozilla/5.0 (compatible; SERankingBacklinksBot/1.0; +https://seranking.com/backlinks-crawler)" 2833 **2/2833475**
114.119.129.113 - - [16/Jan/2026:11:53:49 -0700] "GET /uwx11/tractor-supply-winchester-gun-safe.html HTTP/1.1" 404 59131 "http://letsgoexpress.co.uk/3o9ymjs/virginia-rims-and-tires-for-sale-by-owners.html" "Mozilla/5.0 (Linux; Android 7.0;) AppleWebKit/537.36 (KHTML, like Gecko) Mobile Safari/537.36 (compatible; PetalBot;+https://webmaster.petalsearch.com/site/petalbot)" 2995 **2/2995479**
57.141.20.38 - - [16/Jan/2026:11:54:37 -0700] "GET /?s=105208702011760 HTTP/1.1" 200 337 "-" "meta-externalagent/1.1 (+https://developers.facebook.com/docs/sharing/webmasters/crawler)" 1554 **1/1554030**
135.181.166.38 - - [16/Jan/2026:11:54:39 -0700] "GET /?e=467044 HTTP/1.1" 301 337 "-" "Mozilla/5.0 (compatible; SERankingBacklinksBot/1.0; +https://seranking.com/backlinks-crawler)" 2110 **2/2110212**
135.181.166.38 - - [16/Jan/2026:11:55:04 -0700] "GET /?e=467252 HTTP/1.1" 301 337 "-" "Mozilla/5.0 (compatible; SERankingBacklinksBot/1.0; +https://seranking.com/backlinks-crawler)" 2344 **2/2344705**
135.181.166.38 - - [16/Jan/2026:11:56:16 -0700] "GET /?e=468141 HTTP/1.1" 301 337 "-" "Mozilla/5.0 (compatible; SERankingBacklinksBot/1.0; +https://seranking.com/backlinks-crawler)" 1838 **1/1838115**
57.141.20.12 - - [16/Jan/2026:11:56:28 -0700] "GET /?e=130025359812g HTTP/1.1" 301 337 "-" "meta-externalagent/1.1 (+https://developers.facebook.com/docs/sharing/webmasters/crawler)" 2157 **2/2157962**
135.181.166.38 - - [16/Jan/2026:11:56:41 -0700] "GET /?e=470086 HTTP/1.1" 301 337 "-" "Mozilla/5.0 (compatible; SERankingBacklinksBot/1.0; +https://seranking.com/backlinks-crawler)" 2684 **2/2684072**
114.119.153.246 - - [16/Jan/2026:11:56:53 -0700] "GET /uwx11/soccer-awards-categories-ideas.html HTTP/1.1" 301 337 "https://lansirlin.org.tw/wp-content/uploads/2022/12/g76xkk/pictures-of-skin-after-cryosurgery.html" "Mozilla/5.0 (Linux; Android 7.0;) AppleWebKit/537.36 (KHTML, like Gecko) Mobile Safari/537.36 (compatible; PetalBot;+https://webmaster.petalsearch.com/site/petalbot)" 3619 **3/3619869**
114.119.153.246 - - [16/Jan/2026:11:56:57 -0700] "GET /uwx11/soccer-awards-categories-ideas.html HTTP/1.1" 404 59131 "https://lansirlin.org.tw/wp-content/uploads/2022/12/g76xkk/pictures-of-skin-after-cryosurgery.html" "Mozilla/5.0 (Linux; Android 7.0;) AppleWebKit/537.36 (KHTML, like Gecko) Mobile Safari/537.36 (compatible; PetalBot;+https://webmaster.petalsearch.com/site/petalbot)" 2466 **2/2466849**
114.119.153.246 - - [16/Jan/2026:11:57:32 -0700] "GET /uwx11/puffco-peak-pro-charger-voltage.html HTTP/1.1" 301 337 "https://elamal-company.com/vgupkwy/unique-girl-names-from-the-1920s.html" "Mozilla/5.0 (Linux; Android 7.0;) AppleWebKit/537.36 (KHTML, like Gecko) Mobile Safari/537.36 (compatible; PetalBot;+https://webmaster.petalsearch.com/site/petalbot)" 1333 **1/1333680**
135.181.166.38 - - [16/Jan/2026:11:57:33 -0700] "GET /?e=470644 HTTP/1.1" 301 337 "-" "Mozilla/5.0 (compatible; SERankingBacklinksBot/1.0; +https://seranking.com/backlinks-crawler)" 1929 **1/1929400**
114.119.153.246 - - [16/Jan/2026:11:57:35 -0700] "GET /uwx11/puffco-peak-pro-charger-voltage.html HTTP/1.1" 404 59131 "https://elamal-company.com/vgupkwy/unique-girl-names-from-the-1920s.html" "Mozilla/5.0 (Linux; Android 7.0;) AppleWebKit/537.36 (KHTML, like Gecko) Mobile Safari/537.36 (compatible; PetalBot;+https://webmaster.petalsearch.com/site/petalbot)" 2293 **2/2293480**
114.119.151.233 - - [16/Jan/2026:11:58:07 -0700] "GET /uwx11/public-car-auctions-pennsylvania.html HTTP/1.1" 301 337 "http://rolawaked.com/0gwxzi/crazy-time-x50.html" "Mozilla/5.0 (Linux; Android 7.0;) AppleWebKit/537.36 (KHTML, like Gecko) Mobile Safari/537.36 (compatible; PetalBot;+https://webmaster.petalsearch.com/site/petalbot)" 1974 **1/1974660**
114.119.151.233 - - [16/Jan/2026:11:58:09 -0700] "GET /uwx11/public-car-auctions-pennsylvania.html HTTP/1.1" 404 59131 "http://rolawaked.com/0gwxzi/crazy-time-x50.html" "Mozilla/5.0 (Linux; Android 7.0;) AppleWebKit/537.36 (KHTML, like Gecko) Mobile Safari/537.36 (compatible; PetalBot;+https://webmaster.petalsearch.com/site/petalbot)" 2834 **2/2834266**
135.181.166.38 - - [16/Jan/2026:11:58:44 -0700] "GET /?e=471729 HTTP/1.1" 301 337 "-" "Mozilla/5.0 (compatible; SERankingBacklinksBot/1.0; +https://seranking.com/backlinks-crawler)" 1185 **1/1185970**
135.181.166.38 - - [16/Jan/2026:11:59:07 -0700] "GET /?e=472218 HTTP/1.1" 301 337 "-" "Mozilla/5.0 (compatible; SERankingBacklinksBot/1.0; +https://seranking.com/backlinks-crawler)" 1828 **1/1828528**
114.119.157.189 - - [16/Jan/2026:11:59:22 -0700] "GET /uwx11/psalms-sermon-outlines.html HTTP/1.1" 301 337 "https://insidenarayanganj.net/rl2eif/natural-deodorant-scents.html" "Mozilla/5.0 (Linux; Android 7.0;) AppleWebKit/537.36 (KHTML, like Gecko) Mobile Safari/537.36 (compatible; PetalBot;+https://webmaster.petalsearch.com/site/petalbot)" 1369 **1/1369825**
114.119.157.189 - - [16/Jan/2026:11:59:24 -0700] "GET /uwx11/psalms-sermon-outlines.html HTTP/1.1" 404 59131 "https://insidenarayanganj.net/rl2eif/natural-deodorant-scents.html" "Mozilla/5.0 (Linux; Android 7.0;) AppleWebKit/537.36 (KHTML, like Gecko) Mobile Safari/537.36 (compatible; PetalBot;+https://webmaster.petalsearch.com/site/petalbot)" 1296 **1/1296824**
135.181.166.38 - - [16/Jan/2026:11:59:57 -0700] "GET /?e=472595 HTTP/1.1" 301 337 "-" "Mozilla/5.0 (compatible; SERankingBacklinksBot/1.0; +https://seranking.com/backlinks-crawler)" 3265 **3/3265850**
216.73.216.56 - - [16/Jan/2026:12:00:00 -0700] "GET /?e=5399752j8eb42 HTTP/1.1" 301 149 "-" "Mozilla/5.0 AppleWebKit/537.36 (KHTML, like Gecko; compatible; ClaudeBot/1.0; +claudebot@anthropic.com)" 3243 **3/3243438**
216.73.216.56 - - [16/Jan/2026:12:00:04 -0700] "GET /?e=5348055d4g9c9 HTTP/1.1" 301 149 "-" "Mozilla/5.0 AppleWebKit/537.36 (KHTML, like Gecko; compatible; ClaudeBot/1.0; +claudebot@anthropic.com)" 2401 **2/2401621**
216.73.216.56 - - [16/Jan/2026:12:00:07 -0700] "GET /?e=2796174cbj88c HTTP/1.1" 301 149 "-" "Mozilla/5.0 AppleWebKit/537.36 (KHTML, like Gecko; compatible; ClaudeBot/1.0; +claudebot@anthropic.com)" 2316 **2/2316998**
216.73.216.56 - - [16/Jan/2026:12:00:10 -0700] "GET /?fileloc=%2F%2Fusr%2Flib%2Ffirmware%2Fs5p-mfc-v7.fw&path=%2F%2Fusr%2Flib%2Ffirmware HTTP/1.1" 301 149 "-" "Mozilla/5.0 AppleWebKit/537.36 (KHTML, like Gecko; compatible; ClaudeBot/1.0; +claudebot@anthropic.com)" 2457 **2/2457329**
216.73.216.56 - - [16/Jan/2026:12:00:12 -0700] "GET /?fileloc=%2Fhome%2Fbpw3460lz1vy%2Fwww%2Fwp-includes%2Fblock-supports%2Frevision.php&path=%2Fhome%2Fbpw3460lz1vy%2Fwww%2Fwp-includes%2Fblock-supports HTTP/1.1" 301 149 "-" "Mozilla/5.0 AppleWebKit/537.36 (KHTML, like Gecko; compatible; ClaudeBot/1.0; +claudebot@anthropic.com)" 1792 **1/1792918**
216.73.216.56 - - [16/Jan/2026:12:00:12 -0700] "GET /?fileloc=%2F%2Fusr%2Flib%2F.build-id%2Fc6%2F51ef08c962617aae55eb7dece896393fedbb83&path=%2F%2Fusr%2Flib%2F.build-id%2Fc6 HTTP/1.1" 301 149 "-" "Mozilla/5.0 AppleWebKit/537.36 (KHTML, like Gecko; compatible; ClaudeBot/1.0; +claudebot@anthropic.com)" 2080 **2/2080150**
216.73.216.56 - - [16/Jan/2026:12:00:19 -0700] "GET /?fileloc=%2F%2Flib%2Ffirmware%2Fnvidia%2Fgb203%2Fgsp%2Ffmc-570.144.bin&path=%2F%2Flib%2Ffirmware%2Fnvidia%2Fgb203%2Fgsp HTTP/1.1" 301 149 "-" "Mozilla/5.0 AppleWebKit/537.36 (KHTML, like Gecko; compatible; ClaudeBot/1.0; +claudebot@anthropic.com)" 911 **0/911274**
216.73.216.56 - - [16/Jan/2026:12:00:20 -0700] "GET /?fileloc=%2F%2Flib%2Ffirmware%2Fnvidia%2Ftu104%2Facr%2Fucode_ahesasc.bin&path=%2F%2Flib%2Ffirmware%2Fnvidia%2Ftu104%2Facr HTTP/1.1" 301 149 "-" "Mozilla/5.0 AppleWebKit/537.36 (KHTML, like Gecko; compatible; ClaudeBot/1.0; +claudebot@anthropic.com)" 1561 **1/1561087**
216.73.216.56 - - [16/Jan/2026:12:00:22 -0700] "GET /?fileloc=%2F%2Fusr%2Flib%2F.build-id%2F7e%2F1bce3df3b14ac08a6290d274b481858d172eb0&path=%2F%2Fusr%2Flib%2F.build-id%2F7e HTTP/1.1" 301 149 "-" "Mozilla/5.0 AppleWebKit/537.36 (KHTML, like Gecko; compatible; ClaudeBot/1.0; +claudebot@anthropic.com)" 1829 **1/1829779**
216.73.216.56 - - [16/Jan/2026:12:00:25 -0700] "GET /?fileloc=%2F%2Fusr%2Flib%2F.build-id%2Fea%2F9ce71d91243063ead3fd2ae7cd63ae7480fb83&path=%2F%2Fusr%2Flib%2F.build-id%2Fea HTTP/1.1" 301 149 "-" "Mozilla/5.0 AppleWebKit/537.36 (KHTML, like Gecko; compatible; ClaudeBot/1.0; +claudebot@anthropic.com)" 1790 **1/1790379**
216.73.216.56 - - [16/Jan/2026:12:00:27 -0700] "GET /?e=524749875hfc8 HTTP/1.1" 301 149 "-" "Mozilla/5.0 AppleWebKit/537.36 (KHTML, like Gecko; compatible; ClaudeBot/1.0; +claudebot@anthropic.com)" 2107 **2/2107821**
216.73.216.56 - - [16/Jan/2026:12:00:31 -0700] "GET /?fileloc=%2F%2Fusr%2Flib%2Ffirmware%2Fradeon%2FREDWOOD_me.bin&path=%2F%2Fusr%2Flib%2Ffirmware%2Fradeon HTTP/1.1" 301 149 "-" "Mozilla/5.0 AppleWebKit/537.36 (KHTML, like Gecko; compatible; ClaudeBot/1.0; +claudebot@anthropic.com)" 1251 **1/1251740**
216.73.216.56 - - [16/Jan/2026:12:00:36 -0700] "GET /?e=2853gbaje4 HTTP/1.1" 301 149 "-" "Mozilla/5.0 AppleWebKit/537.36 (KHTML, like Gecko; compatible; ClaudeBot/1.0; +claudebot@anthropic.com)" 992 **0/992484**
216.73.216.56 - - [16/Jan/2026:12:00:39 -0700] "GET /?e=7856403if5jb HTTP/1.1" 301 149 "-" "Mozilla/5.0 AppleWebKit/537.36 (KHTML, like Gecko; compatible; ClaudeBot/1.0; +claudebot@anthropic.com)" 1234 **1/1234480**
114.119.153.246 - - [16/Jan/2026:12:00:45 -0700] "GET /xlnbgql/what-states-are-getting-a-4th-stimulus-check-2023.html HTTP/1.1" 301 337 "https://review-with-mostafijur.com/jjxqp4j/nfl-tv-schedule-for-boston.html" "Mozilla/5.0 (Linux; Android 7.0;) AppleWebKit/537.36 (KHTML, like Gecko) Mobile Safari/537.36 (compatible; PetalBot;+https://webmaster.petalsearch.com/site/petalbot)" 912 **0/912878**
114.119.153.246 - - [16/Jan/2026:12:00:46 -0700] "GET /xlnbgql/what-states-are-getting-a-4th-stimulus-check-2023.html HTTP/1.1" 404 59131 "https://review-with-mostafijur.com/jjxqp4j/nfl-tv-schedule-for-boston.html" "Mozilla/5.0 (Linux; Android 7.0;) AppleWebKit/537.36 (KHTML, like Gecko) Mobile Safari/537.36 (compatible; PetalBot;+https://webmaster.petalsearch.com/site/petalbot)" 1956 **1/1956585**
135.181.166.38 - - [16/Jan/2026:12:00:48 -0700] "GET /?e=474317 HTTP/1.1" 301 337 "-" "Mozilla/5.0 (compatible; SERankingBacklinksBot/1.0; +https://seranking.com/backlinks-crawler)" 1008 **1/1008469**
57.141.20.22 - - [16/Jan/2026:12:00:55 -0700] "GET /?e=3831251ja50b6 HTTP/1.1" 301 337 "-" "meta-externalagent/1.1 (+https://developers.facebook.com/docs/sharing/webmasters/crawler)" 1972 **1/1972643**
216.73.216.56 - - [16/Jan/2026:12:01:09 -0700] "GET /?e=1000286jfab4f HTTP/1.1" 301 149 "-" "Mozilla/5.0 AppleWebKit/537.36 (KHTML, like Gecko; compatible; ClaudeBot/1.0; +claudebot@anthropic.com)" 1446 **1/1446094**
216.73.216.56 - - [16/Jan/2026:12:01:16 -0700] "GET /?e=5002601a5b251 HTTP/1.1" 301 149 "-" "Mozilla/5.0 AppleWebKit/537.36 (KHTML, like Gecko; compatible; ClaudeBot/1.0; +claudebot@anthropic.com)" 1332 **1/1332468**
216.73.216.56 - - [16/Jan/2026:12:01:21 -0700] "GET /?e=2352873eg72a3 HTTP/1.1" 301 149 "-" "Mozilla/5.0 AppleWebKit/537.36 (KHTML, like Gecko; compatible; ClaudeBot/1.0; +claudebot@anthropic.com)" 1050 **1/1050793**
