216.73.216.56 - - [16/Jan/2026:10:16:23 -0700] "GET /?fileloc=%2F%2Fusr%2Flib%2F.build-id%2F88%2Fc25fe4dd5885a1fc6b6e6aa0049e3ec01a930d&path=%2F%2Fusr%2Flib%2F.build-id%2F88 HTTP/1.1" 301 149 "-" "Mozilla/5.0 AppleWebKit/537.36 (KHTML, like Gecko; compatible; ClaudeBot/1.0; +claudebot@anthropic.com)" 1626 **1/1626678**
57.141.20.23 - - [16/Jan/2026:10:16:28 -0700] "GET /?e=97014690j0i1 HTTP/1.1" 301 337 "-" "meta-externalagent/1.1 (+https://developers.facebook.com/docs/sharing/webmasters/crawler)" 1147 **1/1147982**
216.73.216.56 - - [16/Jan/2026:10:16:34 -0700] "GET /?fileloc=%2Fhome%2Fbpw3460lz1vy%2Fwww%2Fwp-includes%2Fblock-supports%2Frobots-template.php&path=%2Fhome%2Fbpw3460lz1vy%2Fwww%2Fwp-includes%2Fblock-supports HTTP/1.1" 301 149 "-" "Mozilla/5.0 AppleWebKit/537.36 (KHTML, like Gecko; compatible; ClaudeBot/1.0; +claudebot@anthropic.com)" 1326 **1/1326807**
114.119.159.152 - - [16/Jan/2026:10:17:41 -0700] "GET /xlnbgql/emote-bot-discord.html HTTP/1.1" 301 337 "http://giannasalamone.com/27bxu/why-doesn-t-alec-from-shriners-have-teeth.html" "Mozilla/5.0 (Linux; Android 7.0;) AppleWebKit/537.36 (KHTML, like Gecko) Mobile Safari/537.36 (compatible; PetalBot;+https://webmaster.petalsearch.com/site/petalbot)" 2205 **2/2205809**
114.119.159.152 - - [16/Jan/2026:10:17:43 -0700] "GET /xlnbgql/emote-bot-discord.html HTTP/1.1" 404 59131 "http://giannasalamone.com/27bxu/why-doesn-t-alec-from-shriners-have-teeth.html" "Mozilla/5.0 (Linux; Android 7.0;) AppleWebKit/537.36 (KHTML, like Gecko) Mobile Safari/537.36 (compatible; PetalBot;+https://webmaster.petalsearch.com/site/petalbot)" 1418 **1/1418879**
57.141.20.17 - - [16/Jan/2026:10:19:03 -0700] "GET /?e=1497652f4ade5 HTTP/1.1" 301 337 "-" "meta-externalagent/1.1 (+https://developers.facebook.com/docs/sharing/webmasters/crawler)" 975 **0/975245**
114.119.153.246 - - [16/Jan/2026:10:19:06 -0700] "GET /xlnbgql/does-medicare-cover-focused-ultrasound-for-essential-tremor.html HTTP/1.1" 301 337 "http://klaskeypma-prins.nl/k2naj33/horse-farms-for-sale-in-nc-mountains.html" "Mozilla/5.0 (Linux; Android 7.0;) AppleWebKit/537.36 (KHTML, like Gecko) Mobile Safari/537.36 (compatible; PetalBot;+https://webmaster.petalsearch.com/site/petalbot)" 1746 **1/1746565**
114.119.153.246 - - [16/Jan/2026:10:19:08 -0700] "GET /xlnbgql/does-medicare-cover-focused-ultrasound-for-essential-tremor.html HTTP/1.1" 404 59131 "http://klaskeypma-prins.nl/k2naj33/horse-farms-for-sale-in-nc-mountains.html" "Mozilla/5.0 (Linux; Android 7.0;) AppleWebKit/537.36 (KHTML, like Gecko) Mobile Safari/537.36 (compatible; PetalBot;+https://webmaster.petalsearch.com/site/petalbot)" 1552 **1/1552078**
57.141.20.57 - - [16/Jan/2026:10:19:24 -0700] "GET /?e=241847305e4a2 HTTP/1.1" 301 337 "-" "meta-externalagent/1.1 (+https://developers.facebook.com/docs/sharing/webmasters/crawler)" 1869 **1/1869585**
57.141.20.57 - - [16/Jan/2026:10:19:47 -0700] "GET /?e=336866790295d HTTP/1.1" 301 337 "-" "meta-externalagent/1.1 (+https://developers.facebook.com/docs/sharing/webmasters/crawler)" 1321 **1/1321206**
57.141.20.50 - - [16/Jan/2026:10:20:09 -0700] "GET /?e=4958851jd2467 HTTP/1.1" 301 337 "-" "meta-externalagent/1.1 (+https://developers.facebook.com/docs/sharing/webmasters/crawler)" 1840 **1/1840869**
114.119.153.246 - - [16/Jan/2026:10:20:28 -0700] "GET /xlnbgql/cheaters-anonymous-newsletter.html HTTP/1.1" 301 337 "https://www.ballthai.com/%e0%b8%a7%e0%b8%b4%e0%b9%80%e0%b8%84%e0%b8%a3%e0%b8%b2%e0%b8%b0%e0%b8%ab%e0%b9%8c%e0%b8%9a%e0%b8%ad%e0%b8%a5-%e0%b9%84%e0%b8%97%e0%b8%a2%e0%b8%a5%e0%b8%b5%e0%b8%81-2022-23-%e0%b8%99%e0%b8%b1%e0%b8%94%e0%b8%97%e0%b8%b5%e0%b9%88-17-%e0%b9%80%e0%b8%a1%e0%b8%b7%e0%b8%ad%e0%b8%87%e0%b8%97%e0%b8%ad%e0%b8%87-vs-%e0%b8%99%e0%b8%84%e0%b8%a3%e0%b8%a3%e0%b8%b2%e0%b8%8a%e0%b8%aa%e0%b8%b5%e0%b8%a1%e0%b8%b2-28-01-65/" "Mozilla/5.0 (Linux; Android 7.0;) AppleWebKit/537.36 (KHTML, like Gecko) Mobile Safari/537.36 (compatible; PetalBot;+https://webmaster.petalsearch.com/site/petalbot)" 1049 **1/1049606**
114.119.153.246 - - [16/Jan/2026:10:20:29 -0700] "GET /xlnbgql/cheaters-anonymous-newsletter.html HTTP/1.1" 404 59131 "https://www.ballthai.com/%e0%b8%a7%e0%b8%b4%e0%b9%80%e0%b8%84%e0%b8%a3%e0%b8%b2%e0%b8%b0%e0%b8%ab%e0%b9%8c%e0%b8%9a%e0%b8%ad%e0%b8%a5-%e0%b9%84%e0%b8%97%e0%b8%a2%e0%b8%a5%e0%b8%b5%e0%b8%81-2022-23-%e0%b8%99%e0%b8%b1%e0%b8%94%e0%b8%97%e0%b8%b5%e0%b9%88-17-%e0%b9%80%e0%b8%a1%e0%b8%b7%e0%b8%ad%e0%b8%87%e0%b8%97%e0%b8%ad%e0%b8%87-vs-%e0%b8%99%e0%b8%84%e0%b8%a3%e0%b8%a3%e0%b8%b2%e0%b8%8a%e0%b8%aa%e0%b8%b5%e0%b8%a1%e0%b8%b2-28-01-65/" "Mozilla/5.0 (Linux; Android 7.0;) AppleWebKit/537.36 (KHTML, like Gecko) Mobile Safari/537.36 (compatible; PetalBot;+https://webmaster.petalsearch.com/site/petalbot)" 1488 **1/1488056**
157.22.73.46 - - [16/Jan/2026:10:21:48 -0700] "GET /wp-login.php HTTP/1.1" 302 149 "-" "Mozilla/5.0 (Windows NT 10.0; Win64; x64) AppleWebKit/537.36 (KHTML, like Gecko) Chrome/142.0.0.0 Safari/537.36" 1529 **1/1529882**
114.119.151.233 - - [16/Jan/2026:10:21:52 -0700] "GET /xlnbgql/charleston-restaurants-on-the-water.html HTTP/1.1" 301 337 "https://plumbnationservices.com.au/k4tfweh/hulu-streaming-issues-today.html" "Mozilla/5.0 (Linux; Android 7.0;) AppleWebKit/537.36 (KHTML, like Gecko) Mobile Safari/537.36 (compatible; PetalBot;+https://webmaster.petalsearch.com/site/petalbot)" 2066 **2/2066517**
114.119.151.233 - - [16/Jan/2026:10:21:54 -0700] "GET /xlnbgql/charleston-restaurants-on-the-water.html HTTP/1.1" 404 59131 "https://plumbnationservices.com.au/k4tfweh/hulu-streaming-issues-today.html" "Mozilla/5.0 (Linux; Android 7.0;) AppleWebKit/537.36 (KHTML, like Gecko) Mobile Safari/537.36 (compatible; PetalBot;+https://webmaster.petalsearch.com/site/petalbot)" 2883 **2/2883087**
74.7.227.58 - - [16/Jan/2026:10:23:10 -0700] "GET /category/filipinocupid-espa-a-2 HTTP/1.1" 404 10982 "https://veronaae.com" "Mozilla/5.0 AppleWebKit/537.36 (KHTML, like Gecko; compatible; GPTBot/1.3; +https://openai.com/gptbot)" 1937 **1/1937451**
114.119.151.233 - - [16/Jan/2026:10:23:15 -0700] "GET /uwx11/state-of-ct-employee-salary-lookup.html HTTP/1.1" 301 337 "http://info.wahdah-group.com/1i9agpg/ramon-ayala-tour-schedule.html" "Mozilla/5.0 (Linux; Android 7.0;) AppleWebKit/537.36 (KHTML, like Gecko) Mobile Safari/537.36 (compatible; PetalBot;+https://webmaster.petalsearch.com/site/petalbot)" 1792 **1/1792423**
114.119.151.233 - - [16/Jan/2026:10:23:18 -0700] "GET /uwx11/state-of-ct-employee-salary-lookup.html HTTP/1.1" 404 59131 "http://info.wahdah-group.com/1i9agpg/ramon-ayala-tour-schedule.html" "Mozilla/5.0 (Linux; Android 7.0;) AppleWebKit/537.36 (KHTML, like Gecko) Mobile Safari/537.36 (compatible; PetalBot;+https://webmaster.petalsearch.com/site/petalbot)" 2115 **2/2115501**
74.7.227.58 - - [16/Jan/2026:10:23:25 -0700] "GET /category/abdlmatch-pl-profil HTTP/1.1" 404 10982 "https://veronaae.com" "Mozilla/5.0 AppleWebKit/537.36 (KHTML, like Gecko; compatible; GPTBot/1.3; +https://openai.com/gptbot)" 1430 **1/1430522**
74.7.227.58 - - [16/Jan/2026:10:23:27 -0700] "GET /category/420-randki-mobilny-2 HTTP/1.1" 404 10982 "https://veronaae.com" "Mozilla/5.0 AppleWebKit/537.36 (KHTML, like Gecko; compatible; GPTBot/1.3; +https://openai.com/gptbot)" 1010 **1/1010564**
74.7.227.58 - - [16/Jan/2026:10:23:28 -0700] "GET /category/ukraine-dating-agency HTTP/1.1" 404 10982 "https://veronaae.com" "Mozilla/5.0 AppleWebKit/537.36 (KHTML, like Gecko; compatible; GPTBot/1.3; +https://openai.com/gptbot)" 1257 **1/1257641**
74.7.227.58 - - [16/Jan/2026:10:23:39 -0700] "GET /category/lds-dating-site-2 HTTP/1.1" 404 10982 "https://veronaae.com" "Mozilla/5.0 AppleWebKit/537.36 (KHTML, like Gecko; compatible; GPTBot/1.3; +https://openai.com/gptbot)" 1924 **1/1924390**
74.7.227.58 - - [16/Jan/2026:10:23:41 -0700] "GET /category/filipino-dating-site-2 HTTP/1.1" 404 10982 "https://veronaae.com" "Mozilla/5.0 AppleWebKit/537.36 (KHTML, like Gecko; compatible; GPTBot/1.3; +https://openai.com/gptbot)" 1243 **1/1243622**
74.7.227.58 - - [16/Jan/2026:10:23:43 -0700] "GET /category/biggercity-pl-profil-2 HTTP/1.1" 404 10982 "https://veronaae.com" "Mozilla/5.0 AppleWebKit/537.36 (KHTML, like Gecko; compatible; GPTBot/1.3; +https://openai.com/gptbot)" 982 **0/982514**
74.7.227.58 - - [16/Jan/2026:10:23:44 -0700] "GET /category/mennation-hookup-app-2 HTTP/1.1" 404 10982 "https://veronaae.com" "Mozilla/5.0 AppleWebKit/537.36 (KHTML, like Gecko; compatible; GPTBot/1.3; +https://openai.com/gptbot)" 1744 **1/1744844**
74.7.227.58 - - [16/Jan/2026:10:23:47 -0700] "GET /category/shagle-inceleme-visitors-2 HTTP/1.1" 404 10982 "https://veronaae.com" "Mozilla/5.0 AppleWebKit/537.36 (KHTML, like Gecko; compatible; GPTBot/1.3; +https://openai.com/gptbot)" 1056 **1/1056860**
74.7.227.58 - - [16/Jan/2026:10:23:48 -0700] "GET /category/loveagain-fr-reviews-2 HTTP/1.1" 404 10982 "https://veronaae.com" "Mozilla/5.0 AppleWebKit/537.36 (KHTML, like Gecko; compatible; GPTBot/1.3; +https://openai.com/gptbot)" 1128 **1/1128180**
74.7.227.58 - - [16/Jan/2026:10:23:50 -0700] "GET /category/ldsplanet-randki-app-2 HTTP/1.1" 404 10982 "https://veronaae.com" "Mozilla/5.0 AppleWebKit/537.36 (KHTML, like Gecko; compatible; GPTBot/1.3; +https://openai.com/gptbot)" 1048 **1/1048361**
74.7.227.58 - - [16/Jan/2026:10:23:52 -0700] "GET /category/american-personal-loans-2 HTTP/1.1" 404 10982 "https://veronaae.com" "Mozilla/5.0 AppleWebKit/537.36 (KHTML, like Gecko; compatible; GPTBot/1.3; +https://openai.com/gptbot)" 1228 **1/1228555**
74.7.227.58 - - [16/Jan/2026:10:23:53 -0700] "GET /category/free-payday-loan-org HTTP/1.1" 404 10982 "https://veronaae.com" "Mozilla/5.0 AppleWebKit/537.36 (KHTML, like Gecko; compatible; GPTBot/1.3; +https://openai.com/gptbot)" 1022 **1/1022908**
135.181.166.38 - - [16/Jan/2026:10:24:01 -0700] "GET /?e=2407922 HTTP/1.1" 301 337 "-" "Mozilla/5.0 (compatible; SERankingBacklinksBot/1.0; +https://seranking.com/backlinks-crawler)" 2251 **2/2251283**
74.7.227.58 - - [16/Jan/2026:10:24:01 -0700] "GET /category/24-7-payday-loans-2 HTTP/1.1" 404 10982 "https://veronaae.com" "Mozilla/5.0 AppleWebKit/537.36 (KHTML, like Gecko; compatible; GPTBot/1.3; +https://openai.com/gptbot)" 2636 **2/2636207**
135.181.166.38 - - [16/Jan/2026:10:24:30 -0700] "GET /?e=2409909 HTTP/1.1" 301 337 "-" "Mozilla/5.0 (compatible; SERankingBacklinksBot/1.0; +https://seranking.com/backlinks-crawler)" 2327 **2/2327491**
114.119.153.246 - - [16/Jan/2026:10:24:38 -0700] "GET /uwx11/reliability-analysis-book-pdf.html HTTP/1.1" 301 337 "https://oktoberfestmania.com/lmjdte/maine-recreational-dispensary-berwick.html" "Mozilla/5.0 (Linux; Android 7.0;) AppleWebKit/537.36 (KHTML, like Gecko) Mobile Safari/537.36 (compatible; PetalBot;+https://webmaster.petalsearch.com/site/petalbot)" 1225 **1/1225575**
114.119.153.246 - - [16/Jan/2026:10:24:40 -0700] "GET /uwx11/reliability-analysis-book-pdf.html HTTP/1.1" 404 59131 "https://oktoberfestmania.com/lmjdte/maine-recreational-dispensary-berwick.html" "Mozilla/5.0 (Linux; Android 7.0;) AppleWebKit/537.36 (KHTML, like Gecko) Mobile Safari/537.36 (compatible; PetalBot;+https://webmaster.petalsearch.com/site/petalbot)" 1384 **1/1384946**
135.181.166.38 - - [16/Jan/2026:10:24:48 -0700] "GET /?e=2415197 HTTP/1.1" 301 337 "-" "Mozilla/5.0 (compatible; SERankingBacklinksBot/1.0; +https://seranking.com/backlinks-crawler)" 2278 **2/2278813**
135.181.166.38 - - [16/Jan/2026:10:24:58 -0700] "GET /?e=2415453 HTTP/1.1" 301 337 "-" "Mozilla/5.0 (compatible; SERankingBacklinksBot/1.0; +https://seranking.com/backlinks-crawler)" 1172 **1/1172898**
135.181.166.38 - - [16/Jan/2026:10:25:26 -0700] "GET /?e=2416798 HTTP/1.1" 301 337 "-" "Mozilla/5.0 (compatible; SERankingBacklinksBot/1.0; +https://seranking.com/backlinks-crawler)" 1587 **1/1587119**
135.181.166.38 - - [16/Jan/2026:10:25:39 -0700] "GET /?e=2420795 HTTP/1.1" 301 337 "-" "Mozilla/5.0 (compatible; SERankingBacklinksBot/1.0; +https://seranking.com/backlinks-crawler)" 1082 **1/1082980**
135.181.166.38 - - [16/Jan/2026:10:25:54 -0700] "GET /?e=2420888 HTTP/1.1" 301 337 "-" "Mozilla/5.0 (compatible; SERankingBacklinksBot/1.0; +https://seranking.com/backlinks-crawler)" 2078 **2/2078082**
114.119.130.18 - - [16/Jan/2026:10:26:01 -0700] "GET /uwx11/reelz-now-app.html HTTP/1.1" 301 337 "https://kalasanmultimedia.com/afafgsa/the-mirror-commercial-cindy-laura.html" "Mozilla/5.0 (Linux; Android 7.0;) AppleWebKit/537.36 (KHTML, like Gecko) Mobile Safari/537.36 (compatible; PetalBot;+https://webmaster.petalsearch.com/site/petalbot)" 1325 **1/1325264**
114.119.130.18 - - [16/Jan/2026:10:26:03 -0700] "GET /uwx11/reelz-now-app.html HTTP/1.1" 404 59131 "https://kalasanmultimedia.com/afafgsa/the-mirror-commercial-cindy-laura.html" "Mozilla/5.0 (Linux; Android 7.0;) AppleWebKit/537.36 (KHTML, like Gecko) Mobile Safari/537.36 (compatible; PetalBot;+https://webmaster.petalsearch.com/site/petalbot)" 2844 **2/2844490**
216.244.66.247 - - [16/Jan/2026:10:26:14 -0700] "GET /robots.txt HTTP/1.1" 200 454 "-" "Mozilla/5.0 (compatible; DotBot/1.2; +https://opensiteexplorer.org/dotbot; help@moz.com)" 2110 **2/2110957**
135.181.166.38 - - [16/Jan/2026:10:26:20 -0700] "GET /?e=2426935 HTTP/1.1" 301 337 "-" "Mozilla/5.0 (compatible; SERankingBacklinksBot/1.0; +https://seranking.com/backlinks-crawler)" 957 **0/957276**
135.181.166.38 - - [16/Jan/2026:10:26:28 -0700] "GET /?e=2428366 HTTP/1.1" 301 337 "-" "Mozilla/5.0 (compatible; SERankingBacklinksBot/1.0; +https://seranking.com/backlinks-crawler)" 1765 **1/1765916**
74.7.227.58 - - [16/Jan/2026:10:26:37 -0700] "GET /category/bumble-review HTTP/1.1" 404 10982 "https://veronaae.com" "Mozilla/5.0 AppleWebKit/537.36 (KHTML, like Gecko; compatible; GPTBot/1.3; +https://openai.com/gptbot)" 2068 **2/2068400**
74.7.227.58 - - [16/Jan/2026:10:26:40 -0700] "GET /category/android-pl-zaloguj-sie-2 HTTP/1.1" 404 10982 "https://veronaae.com" "Mozilla/5.0 AppleWebKit/537.36 (KHTML, like Gecko; compatible; GPTBot/1.3; +https://openai.com/gptbot)" 1270 **1/1270767**
74.7.227.58 - - [16/Jan/2026:10:26:43 -0700] "GET /category/loans-bad-credit-payday-2 HTTP/1.1" 404 10982 "https://veronaae.com" "Mozilla/5.0 AppleWebKit/537.36 (KHTML, like Gecko; compatible; GPTBot/1.3; +https://openai.com/gptbot)" 1499 **1/1499823**
135.181.166.38 - - [16/Jan/2026:10:26:44 -0700] "GET /?e=2431112 HTTP/1.1" 301 337 "-" "Mozilla/5.0 (compatible; SERankingBacklinksBot/1.0; +https://seranking.com/backlinks-crawler)" 1273 **1/1273708**
74.7.227.58 - - [16/Jan/2026:10:26:45 -0700] "GET /category/pay-payday-loans HTTP/1.1" 404 10982 "https://veronaae.com" "Mozilla/5.0 AppleWebKit/537.36 (KHTML, like Gecko; compatible; GPTBot/1.3; +https://openai.com/gptbot)" 1191 **1/1191129**
74.7.227.58 - - [16/Jan/2026:10:26:47 -0700] "GET /category/springfield-1-review HTTP/1.1" 404 10982 "https://veronaae.com" "Mozilla/5.0 AppleWebKit/537.36 (KHTML, like Gecko; compatible; GPTBot/1.3; +https://openai.com/gptbot)" 1565 **1/1565106**
74.7.227.58 - - [16/Jan/2026:10:26:49 -0700] "GET /category/filipino-online-dating-2 HTTP/1.1" 404 10982 "https://veronaae.com" "Mozilla/5.0 AppleWebKit/537.36 (KHTML, like Gecko; compatible; GPTBot/1.3; +https://openai.com/gptbot)" 1566 **1/1566000**
74.7.227.58 - - [16/Jan/2026:10:26:51 -0700] "GET /category/korean-women-sex-site-2 HTTP/1.1" 404 10982 "https://veronaae.com" "Mozilla/5.0 AppleWebKit/537.36 (KHTML, like Gecko; compatible; GPTBot/1.3; +https://openai.com/gptbot)" 1084 **1/1084212**
135.181.166.38 - - [16/Jan/2026:10:26:59 -0700] "GET /?e=2432230 HTTP/1.1" 301 337 "-" "Mozilla/5.0 (compatible; SERankingBacklinksBot/1.0; +https://seranking.com/backlinks-crawler)" 1414 **1/1414943**
135.181.166.38 - - [16/Jan/2026:10:27:22 -0700] "GET /?e=2435046 HTTP/1.1" 301 337 "-" "Mozilla/5.0 (compatible; SERankingBacklinksBot/1.0; +https://seranking.com/backlinks-crawler)" 1356 **1/1356983**
114.119.157.158 - - [16/Jan/2026:10:27:25 -0700] "GET /uwx11/reddit-tifu-vr-sister.html HTTP/1.1" 301 337 "https://manantial-asesorias.cl/nkon7/exponents-worksheets-grade-6-pdf.html" "Mozilla/5.0 (Linux; Android 7.0;) AppleWebKit/537.36 (KHTML, like Gecko) Mobile Safari/537.36 (compatible; PetalBot;+https://webmaster.petalsearch.com/site/petalbot)" 1819 **1/1819359**
114.119.157.158 - - [16/Jan/2026:10:27:27 -0700] "GET /uwx11/reddit-tifu-vr-sister.html HTTP/1.1" 404 59131 "https://manantial-asesorias.cl/nkon7/exponents-worksheets-grade-6-pdf.html" "Mozilla/5.0 (Linux; Android 7.0;) AppleWebKit/537.36 (KHTML, like Gecko) Mobile Safari/537.36 (compatible; PetalBot;+https://webmaster.petalsearch.com/site/petalbot)" 2667 **2/2667084**
135.181.166.38 - - [16/Jan/2026:10:27:34 -0700] "GET /?e=2437733 HTTP/1.1" 301 337 "-" "Mozilla/5.0 (compatible; SERankingBacklinksBot/1.0; +https://seranking.com/backlinks-crawler)" 2563 **2/2563499**
135.181.166.38 - - [16/Jan/2026:10:27:49 -0700] "GET /?e=2437751 HTTP/1.1" 301 337 "-" "Mozilla/5.0 (compatible; SERankingBacklinksBot/1.0; +https://seranking.com/backlinks-crawler)" 1967 **1/1967845**
135.181.166.38 - - [16/Jan/2026:10:28:05 -0700] "GET /?e=2445182 HTTP/1.1" 301 337 "-" "Mozilla/5.0 (compatible; SERankingBacklinksBot/1.0; +https://seranking.com/backlinks-crawler)" 1405 **1/1405263**
74.7.227.58 - - [16/Jan/2026:10:28:16 -0700] "GET /category/phrendly-mobile-2 HTTP/1.1" 404 10982 "https://veronaae.com" "Mozilla/5.0 AppleWebKit/537.36 (KHTML, like Gecko; compatible; GPTBot/1.3; +https://openai.com/gptbot)" 1539 **1/1539386**
74.7.227.58 - - [16/Jan/2026:10:28:20 -0700] "GET /category/latinomeetup-payant HTTP/1.1" 404 10982 "https://veronaae.com" "Mozilla/5.0 AppleWebKit/537.36 (KHTML, like Gecko; compatible; GPTBot/1.3; +https://openai.com/gptbot)" 1541 **1/1541759**
135.181.166.38 - - [16/Jan/2026:10:28:23 -0700] "GET /?e=2460036 HTTP/1.1" 301 337 "-" "Mozilla/5.0 (compatible; SERankingBacklinksBot/1.0; +https://seranking.com/backlinks-crawler)" 1462 **1/1462414**
135.181.166.38 - - [16/Jan/2026:10:28:42 -0700] "GET /?e=2464458 HTTP/1.1" 301 337 "-" "Mozilla/5.0 (compatible; SERankingBacklinksBot/1.0; +https://seranking.com/backlinks-crawler)" 1386 **1/1386770**
114.119.129.113 - - [16/Jan/2026:10:28:48 -0700] "GET /uwx11/real-estate-attorney-school-requirements.html HTTP/1.1" 301 337 "http://crf-perfection.com/swhyjvf/android-auto-not-taking-up-full-screen.html" "Mozilla/5.0 (Linux; Android 7.0;) AppleWebKit/537.36 (KHTML, like Gecko) Mobile Safari/537.36 (compatible; PetalBot;+https://webmaster.petalsearch.com/site/petalbot)" 1513 **1/1513339**
114.119.129.113 - - [16/Jan/2026:10:28:50 -0700] "GET /uwx11/real-estate-attorney-school-requirements.html HTTP/1.1" 404 59131 "http://crf-perfection.com/swhyjvf/android-auto-not-taking-up-full-screen.html" "Mozilla/5.0 (Linux; Android 7.0;) AppleWebKit/537.36 (KHTML, like Gecko) Mobile Safari/537.36 (compatible; PetalBot;+https://webmaster.petalsearch.com/site/petalbot)" 1986 **1/1986640**
135.181.166.38 - - [16/Jan/2026:10:29:00 -0700] "GET /?e=2468587 HTTP/1.1" 301 337 "-" "Mozilla/5.0 (compatible; SERankingBacklinksBot/1.0; +https://seranking.com/backlinks-crawler)" 1281 **1/1281698**
135.181.166.38 - - [16/Jan/2026:10:29:09 -0700] "GET /?e=2469475 HTTP/1.1" 301 337 "-" "Mozilla/5.0 (compatible; SERankingBacklinksBot/1.0; +https://seranking.com/backlinks-crawler)" 1954 **1/1954220**
135.181.166.38 - - [16/Jan/2026:10:29:34 -0700] "GET /?e=2470632 HTTP/1.1" 301 337 "-" "Mozilla/5.0 (compatible; SERankingBacklinksBot/1.0; +https://seranking.com/backlinks-crawler)" 1396 **1/1396009**
135.181.166.38 - - [16/Jan/2026:10:29:45 -0700] "GET /?e=2473660 HTTP/1.1" 301 337 "-" "Mozilla/5.0 (compatible; SERankingBacklinksBot/1.0; +https://seranking.com/backlinks-crawler)" 1725 **1/1725493**
135.181.166.38 - - [16/Jan/2026:10:30:00 -0700] "GET /?e=2474899 HTTP/1.1" 301 337 "-" "Mozilla/5.0 (compatible; SERankingBacklinksBot/1.0; +https://seranking.com/backlinks-crawler)" 1489 **1/1489294**
114.119.130.18 - - [16/Jan/2026:10:30:12 -0700] "GET /xlnbgql/webcam-viewer-windows-7.html HTTP/1.1" 301 337 "http://kurdom.ru/7gt9fp/canada-med-pharmacy-reviews.html" "Mozilla/5.0 (Linux; Android 7.0;) AppleWebKit/537.36 (KHTML, like Gecko) Mobile Safari/537.36 (compatible; PetalBot;+https://webmaster.petalsearch.com/site/petalbot)" 1804 **1/1804768**
114.119.130.18 - - [16/Jan/2026:10:30:13 -0700] "GET /xlnbgql/webcam-viewer-windows-7.html HTTP/1.1" 404 59131 "http://kurdom.ru/7gt9fp/canada-med-pharmacy-reviews.html" "Mozilla/5.0 (Linux; Android 7.0;) AppleWebKit/537.36 (KHTML, like Gecko) Mobile Safari/537.36 (compatible; PetalBot;+https://webmaster.petalsearch.com/site/petalbot)" 1988 **1/1988791**
135.181.166.38 - - [16/Jan/2026:10:30:19 -0700] "GET /?e=2475070 HTTP/1.1" 301 337 "-" "Mozilla/5.0 (compatible; SERankingBacklinksBot/1.0; +https://seranking.com/backlinks-crawler)" 1235 **1/1235962**
157.55.39.10 - - [16/Jan/2026:10:30:20 -0700] "GET /displays HTTP/1.1" 200 22492 "-" "Mozilla/5.0 AppleWebKit/537.36 (KHTML, like Gecko; compatible; bingbot/2.0; +http://www.bing.com/bingbot.htm) Chrome/116.0.1938.76 Safari/537.36" 4071 **4/4071694**
135.181.166.38 - - [16/Jan/2026:10:30:34 -0700] "GET /?e=2477917 HTTP/1.1" 301 337 "-" "Mozilla/5.0 (compatible; SERankingBacklinksBot/1.0; +https://seranking.com/backlinks-crawler)" 1338 **1/1338871**
216.73.216.56 - - [16/Jan/2026:10:30:55 -0700] "GET /?e=2137581c7fba HTTP/1.1" 301 149 "-" "Mozilla/5.0 AppleWebKit/537.36 (KHTML, like Gecko; compatible; ClaudeBot/1.0; +claudebot@anthropic.com)" 1796 **1/1796855**
135.181.166.38 - - [16/Jan/2026:10:30:59 -0700] "GET /?e=2478569 HTTP/1.1" 301 337 "-" "Mozilla/5.0 (compatible; SERankingBacklinksBot/1.0; +https://seranking.com/backlinks-crawler)" 1607 **1/1607826**
216.244.66.247 - - [16/Jan/2026:10:31:04 -0700] "GET /?path=%2Fhome%2Fbpw3460lz1vy%2F.clwpos HTTP/1.1" 301 337 "-" "Mozilla/5.0 (compatible; DotBot/1.2; +https://opensiteexplorer.org/dotbot; help@moz.com)" 2111 **2/2111760**
135.181.166.38 - - [16/Jan/2026:10:31:07 -0700] "GET /?e=2479461 HTTP/1.1" 301 337 "-" "Mozilla/5.0 (compatible; SERankingBacklinksBot/1.0; +https://seranking.com/backlinks-crawler)" 1534 **1/1534386**
216.73.216.56 - - [16/Jan/2026:10:31:10 -0700] "GET /?e=27618672che7j HTTP/1.1" 301 149 "-" "Mozilla/5.0 AppleWebKit/537.36 (KHTML, like Gecko; compatible; ClaudeBot/1.0; +claudebot@anthropic.com)" 2160 **2/2160323**
135.181.166.38 - - [16/Jan/2026:10:31:22 -0700] "GET /?e=2485513 HTTP/1.1" 301 337 "-" "Mozilla/5.0 (compatible; SERankingBacklinksBot/1.0; +https://seranking.com/backlinks-crawler)" 1002 **1/1002978**
216.73.216.56 - - [16/Jan/2026:10:31:26 -0700] "GET /?e=129842820e3ba HTTP/1.1" 301 149 "-" "Mozilla/5.0 AppleWebKit/537.36 (KHTML, like Gecko; compatible; ClaudeBot/1.0; +claudebot@anthropic.com)" 1443 **1/1443216**
135.181.166.38 - - [16/Jan/2026:10:31:39 -0700] "GET /?e=2486018 HTTP/1.1" 301 337 "-" "Mozilla/5.0 (compatible; SERankingBacklinksBot/1.0; +https://seranking.com/backlinks-crawler)" 1299 **1/1299651**
216.73.216.56 - - [16/Jan/2026:10:31:40 -0700] "GET /?e=271990937ii2 HTTP/1.1" 301 149 "-" "Mozilla/5.0 AppleWebKit/537.36 (KHTML, like Gecko; compatible; ClaudeBot/1.0; +claudebot@anthropic.com)" 1500 **1/1500748**
135.181.166.38 - - [16/Jan/2026:10:31:53 -0700] "GET /?e=2490594 HTTP/1.1" 301 337 "-" "Mozilla/5.0 (compatible; SERankingBacklinksBot/1.0; +https://seranking.com/backlinks-crawler)" 1214 **1/1214284**
114.119.129.113 - - [16/Jan/2026:10:31:56 -0700] "GET /xlnbgql/things-to-do-in-san-jose-for-couples.html HTTP/1.1" 301 337 "https://www.ballthai.com/%E0%B8%A1%E0%B8%B4%E0%B8%A3%E0%B8%B1%E0%B8%99%E0%B8%94%E0%B9%89%E0%B8%B2-%E0%B8%AA%E0%B8%B8%E0%B8%8A%E0%B8%B2%E0%B8%A7%E0%B8%94%E0%B8%B5-%E0%B8%8B%E0%B8%B1%E0%B8%94%E0%B9%80%E0%B8%9B%E0%B8%B4" "Mozilla/5.0 (Linux; Android 7.0;) AppleWebKit/537.36 (KHTML, like Gecko) Mobile Safari/537.36 (compatible; PetalBot;+https://webmaster.petalsearch.com/site/petalbot)" 1834 **1/1834557**
216.73.216.56 - - [16/Jan/2026:10:31:57 -0700] "GET /?e=3922238c75c3b HTTP/1.1" 301 149 "-" "Mozilla/5.0 AppleWebKit/537.36 (KHTML, like Gecko; compatible; ClaudeBot/1.0; +claudebot@anthropic.com)" 1956 **1/1956362**
114.119.129.113 - - [16/Jan/2026:10:31:59 -0700] "GET /xlnbgql/things-to-do-in-san-jose-for-couples.html HTTP/1.1" 404 59131 "https://www.ballthai.com/%E0%B8%A1%E0%B8%B4%E0%B8%A3%E0%B8%B1%E0%B8%99%E0%B8%94%E0%B9%89%E0%B8%B2-%E0%B8%AA%E0%B8%B8%E0%B8%8A%E0%B8%B2%E0%B8%A7%E0%B8%94%E0%B8%B5-%E0%B8%8B%E0%B8%B1%E0%B8%94%E0%B9%80%E0%B8%9B%E0%B8%B4" "Mozilla/5.0 (Linux; Android 7.0;) AppleWebKit/537.36 (KHTML, like Gecko) Mobile Safari/537.36 (compatible; PetalBot;+https://webmaster.petalsearch.com/site/petalbot)" 2822 **2/2822061**
74.7.227.58 - - [16/Jan/2026:10:32:00 -0700] "GET /category/okcupid-przejrze-2 HTTP/1.1" 404 10982 "https://veronaae.com" "Mozilla/5.0 AppleWebKit/537.36 (KHTML, like Gecko; compatible; GPTBot/1.3; +https://openai.com/gptbot)" 2752 **2/2752058**
74.7.227.58 - - [16/Jan/2026:10:32:03 -0700] "GET /category/eurodate-mobile-2 HTTP/1.1" 404 10982 "https://veronaae.com" "Mozilla/5.0 AppleWebKit/537.36 (KHTML, like Gecko; compatible; GPTBot/1.3; +https://openai.com/gptbot)" 2307 **2/2307701**
74.7.227.58 - - [16/Jan/2026:10:32:06 -0700] "GET /category/real-payday-loans-2 HTTP/1.1" 404 10982 "https://veronaae.com" "Mozilla/5.0 AppleWebKit/537.36 (KHTML, like Gecko; compatible; GPTBot/1.3; +https://openai.com/gptbot)" 1302 **1/1302976**
74.7.227.58 - - [16/Jan/2026:10:32:08 -0700] "GET /category/trans-dating-apps-2 HTTP/1.1" 404 10982 "https://veronaae.com" "Mozilla/5.0 AppleWebKit/537.36 (KHTML, like Gecko; compatible; GPTBot/1.3; +https://openai.com/gptbot)" 1123 **1/1123111**
74.7.227.58 - - [16/Jan/2026:10:32:09 -0700] "GET /category/fatflirt-visitors HTTP/1.1" 404 10982 "https://veronaae.com" "Mozilla/5.0 AppleWebKit/537.36 (KHTML, like Gecko; compatible; GPTBot/1.3; +https://openai.com/gptbot)" 1426 **1/1426828**
216.73.216.56 - - [16/Jan/2026:10:32:10 -0700] "GET /?e=16185012if76i HTTP/1.1" 301 149 "-" "Mozilla/5.0 AppleWebKit/537.36 (KHTML, like Gecko; compatible; ClaudeBot/1.0; +claudebot@anthropic.com)" 1543 **1/1543883**
135.181.166.38 - - [16/Jan/2026:10:32:10 -0700] "GET /?e=2492759 HTTP/1.1" 301 337 "-" "Mozilla/5.0 (compatible; SERankingBacklinksBot/1.0; +https://seranking.com/backlinks-crawler)" 1560 **1/1560319**
74.7.227.58 - - [16/Jan/2026:10:32:11 -0700] "GET /category/arablounge-review HTTP/1.1" 404 10982 "https://veronaae.com" "Mozilla/5.0 AppleWebKit/537.36 (KHTML, like Gecko; compatible; GPTBot/1.3; +https://openai.com/gptbot)" 2478 **2/2478802**
74.7.227.58 - - [16/Jan/2026:10:32:14 -0700] "GET /category/small-title-loans HTTP/1.1" 404 10982 "https://veronaae.com" "Mozilla/5.0 AppleWebKit/537.36 (KHTML, like Gecko; compatible; GPTBot/1.3; +https://openai.com/gptbot)" 1364 **1/1364654**
135.181.166.38 - - [16/Jan/2026:10:32:28 -0700] "GET /?e=2498812 HTTP/1.1" 301 337 "-" "Mozilla/5.0 (compatible; SERankingBacklinksBot/1.0; +https://seranking.com/backlinks-crawler)" 1540 **1/1540265**
135.181.166.38 - - [16/Jan/2026:10:32:42 -0700] "GET /?e=2502926 HTTP/1.1" 301 337 "-" "Mozilla/5.0 (compatible; SERankingBacklinksBot/1.0; +https://seranking.com/backlinks-crawler)" 1831 **1/1831301**
135.181.166.38 - - [16/Jan/2026:10:32:56 -0700] "GET /?e=2506962 HTTP/1.1" 301 337 "-" "Mozilla/5.0 (compatible; SERankingBacklinksBot/1.0; +https://seranking.com/backlinks-crawler)" 1677 **1/1677027**
114.119.130.251 - - [16/Jan/2026:10:33:00 -0700] "GET /xlnbgql/samsung-a50-sd-card-not-inserted.html HTTP/1.1" 301 337 "https://www.ballthai.com/%E0%B8%9A%E0%B8%AD%E0%B8%A5%E0%B9%84%E0%B8%97%E0%B8%A2%E0%B8%A7%E0%B8%B1%E0%B8%99%E0%B8%99%E0%B8%B5%E0%B9%89/page/1260" "Mozilla/5.0 (Linux; Android 7.0;) AppleWebKit/537.36 (KHTML, like Gecko) Mobile Safari/537.36 (compatible; PetalBot;+https://webmaster.petalsearch.com/site/petalbot)" 1412 **1/1412828**
114.119.130.251 - - [16/Jan/2026:10:33:02 -0700] "GET /xlnbgql/samsung-a50-sd-card-not-inserted.html HTTP/1.1" 404 59131 "https://www.ballthai.com/%E0%B8%9A%E0%B8%AD%E0%B8%A5%E0%B9%84%E0%B8%97%E0%B8%A2%E0%B8%A7%E0%B8%B1%E0%B8%99%E0%B8%99%E0%B8%B5%E0%B9%89/page/1260" "Mozilla/5.0 (Linux; Android 7.0;) AppleWebKit/537.36 (KHTML, like Gecko) Mobile Safari/537.36 (compatible; PetalBot;+https://webmaster.petalsearch.com/site/petalbot)" 2614 **2/2614243**
57.141.20.47 - - [16/Jan/2026:10:33:09 -0700] "GET /?e=715280b8gei4 HTTP/1.1" 301 337 "-" "meta-externalagent/1.1 (+https://developers.facebook.com/docs/sharing/webmasters/crawler)" 1309 **1/1309439**
135.181.166.38 - - [16/Jan/2026:10:33:10 -0700] "GET /?e=2507675 HTTP/1.1" 301 337 "-" "Mozilla/5.0 (compatible; SERankingBacklinksBot/1.0; +https://seranking.com/backlinks-crawler)" 1049 **1/1049411**
57.141.20.46 - - [16/Jan/2026:10:33:15 -0700] "GET /?e=713802313j09 HTTP/1.1" 301 337 "-" "meta-externalagent/1.1 (+https://developers.facebook.com/docs/sharing/webmasters/crawler)" 962 **0/962718**
57.141.20.34 - - [16/Jan/2026:10:33:30 -0700] "GET /?e=287857eh88a1 HTTP/1.1" 301 337 "-" "meta-externalagent/1.1 (+https://developers.facebook.com/docs/sharing/webmasters/crawler)" 1823 **1/1823511**
184.168.114.89 - - [16/Jan/2026:10:33:34 -0700] "POST /wp-cron.php?doing_wp_cron=1768584814.0937700271606445312500 HTTP/1.1" 200 - "-" "WordPress/6.8.1; https://www.veronaae.com" 20 **0/20245**
135.181.166.38 - - [16/Jan/2026:10:33:32 -0700] "GET /?e=2508759 HTTP/1.1" 301 337 "-" "Mozilla/5.0 (compatible; SERankingBacklinksBot/1.0; +https://seranking.com/backlinks-crawler)" 1471 **1/1471750**
135.181.166.38 - - [16/Jan/2026:10:33:41 -0700] "GET /?e=2510703 HTTP/1.1" 301 337 "-" "Mozilla/5.0 (compatible; SERankingBacklinksBot/1.0; +https://seranking.com/backlinks-crawler)" 1190 **1/1190593**
135.181.166.38 - - [16/Jan/2026:10:34:04 -0700] "GET /?e=2517516 HTTP/1.1" 301 337 "-" "Mozilla/5.0 (compatible; SERankingBacklinksBot/1.0; +https://seranking.com/backlinks-crawler)" 1755 **1/1755228**
57.141.20.57 - - [16/Jan/2026:10:34:12 -0700] "GET /?e=52434742ccda1 HTTP/1.1" 301 337 "-" "meta-externalagent/1.1 (+https://developers.facebook.com/docs/sharing/webmasters/crawler)" 1018 **1/1018845**
135.181.166.38 - - [16/Jan/2026:10:34:13 -0700] "GET /?e=2518259 HTTP/1.1" 301 337 "-" "Mozilla/5.0 (compatible; SERankingBacklinksBot/1.0; +https://seranking.com/backlinks-crawler)" 1453 **1/1453577**
57.141.20.42 - - [16/Jan/2026:10:34:21 -0700] "GET /?e=220932369g0e8 HTTP/1.1" 301 337 "-" "meta-externalagent/1.1 (+https://developers.facebook.com/docs/sharing/webmasters/crawler)" 980 **0/980525**
114.119.130.18 - - [16/Jan/2026:10:34:25 -0700] "GET /xlnbgql/rutgers-undergraduate-admissions-email.html HTTP/1.1" 301 337 "https://rlxslot.com/6bpuon/how-much-weight-can-i-lose-in-1-month-by-walking.html" "Mozilla/5.0 (Linux; Android 7.0;) AppleWebKit/537.36 (KHTML, like Gecko) Mobile Safari/537.36 (compatible; PetalBot;+https://webmaster.petalsearch.com/site/petalbot)" 1435 **1/1435943**
57.141.20.7 - - [16/Jan/2026:10:34:26 -0700] "GET /?e=3262958gabj97 HTTP/1.1" 301 337 "-" "meta-externalagent/1.1 (+https://developers.facebook.com/docs/sharing/webmasters/crawler)" 1505 **1/1505057**
114.119.130.18 - - [16/Jan/2026:10:34:26 -0700] "GET /xlnbgql/rutgers-undergraduate-admissions-email.html HTTP/1.1" 404 59131 "https://rlxslot.com/6bpuon/how-much-weight-can-i-lose-in-1-month-by-walking.html" "Mozilla/5.0 (Linux; Android 7.0;) AppleWebKit/537.36 (KHTML, like Gecko) Mobile Safari/537.36 (compatible; PetalBot;+https://webmaster.petalsearch.com/site/petalbot)" 1790 **1/1790663**
135.181.166.38 - - [16/Jan/2026:10:34:28 -0700] "GET /?e=2520087 HTTP/1.1" 301 337 "-" "Mozilla/5.0 (compatible; SERankingBacklinksBot/1.0; +https://seranking.com/backlinks-crawler)" 1666 **1/1666969**
135.181.166.38 - - [16/Jan/2026:10:34:43 -0700] "GET /?e=2527441 HTTP/1.1" 301 337 "-" "Mozilla/5.0 (compatible; SERankingBacklinksBot/1.0; +https://seranking.com/backlinks-crawler)" 1616 **1/1616967**
135.181.166.38 - - [16/Jan/2026:10:34:59 -0700] "GET /?e=2527957 HTTP/1.1" 301 337 "-" "Mozilla/5.0 (compatible; SERankingBacklinksBot/1.0; +https://seranking.com/backlinks-crawler)" 1014 **1/1014872**
57.141.20.49 - - [16/Jan/2026:10:35:08 -0700] "GET /?e=25405463863j3 HTTP/1.1" 301 337 "-" "meta-externalagent/1.1 (+https://developers.facebook.com/docs/sharing/webmasters/crawler)" 2550 **2/2550429**
135.181.166.38 - - [16/Jan/2026:10:35:15 -0700] "GET /?e=2540027 HTTP/1.1" 301 337 "-" "Mozilla/5.0 (compatible; SERankingBacklinksBot/1.0; +https://seranking.com/backlinks-crawler)" 1951 **1/1951063**
135.181.166.38 - - [16/Jan/2026:10:35:39 -0700] "GET /?e=2542607 HTTP/1.1" 301 337 "-" "Mozilla/5.0 (compatible; SERankingBacklinksBot/1.0; +https://seranking.com/backlinks-crawler)" 1085 **1/1085372**
114.119.151.233 - - [16/Jan/2026:10:35:46 -0700] "GET /xlnbgql/rolex-auction-online.html HTTP/1.1" 301 337 "https://cryptoservice.7am-groups.com/kqzjk/skin-lesions-reddit.html" "Mozilla/5.0 (Linux; Android 7.0;) AppleWebKit/537.36 (KHTML, like Gecko) Mobile Safari/537.36 (compatible; PetalBot;+https://webmaster.petalsearch.com/site/petalbot)" 2026 **2/2026897**
135.181.166.38 - - [16/Jan/2026:10:35:47 -0700] "GET /?e=2544049 HTTP/1.1" 301 337 "-" "Mozilla/5.0 (compatible; SERankingBacklinksBot/1.0; +https://seranking.com/backlinks-crawler)" 2317 **2/2317754**
114.119.151.233 - - [16/Jan/2026:10:35:48 -0700] "GET /xlnbgql/rolex-auction-online.html HTTP/1.1" 404 59131 "https://cryptoservice.7am-groups.com/kqzjk/skin-lesions-reddit.html" "Mozilla/5.0 (Linux; Android 7.0;) AppleWebKit/537.36 (KHTML, like Gecko) Mobile Safari/537.36 (compatible; PetalBot;+https://webmaster.petalsearch.com/site/petalbot)" 1892 **1/1892706**
135.181.166.38 - - [16/Jan/2026:10:36:04 -0700] "GET /?e=2548026 HTTP/1.1" 301 337 "-" "Mozilla/5.0 (compatible; SERankingBacklinksBot/1.0; +https://seranking.com/backlinks-crawler)" 1909 **1/1909265**
135.181.166.38 - - [16/Jan/2026:10:36:24 -0700] "GET /?e=2548075 HTTP/1.1" 301 337 "-" "Mozilla/5.0 (compatible; SERankingBacklinksBot/1.0; +https://seranking.com/backlinks-crawler)" 1140 **1/1140090**
135.181.166.38 - - [16/Jan/2026:10:36:37 -0700] "GET /?e=2550242 HTTP/1.1" 301 337 "-" "Mozilla/5.0 (compatible; SERankingBacklinksBot/1.0; +https://seranking.com/backlinks-crawler)" 1652 **1/1652008**
135.181.166.38 - - [16/Jan/2026:10:36:46 -0700] "GET /?e=2553228 HTTP/1.1" 301 337 "-" "Mozilla/5.0 (compatible; SERankingBacklinksBot/1.0; +https://seranking.com/backlinks-crawler)" 1626 **1/1626705**
184.168.114.89 - - [16/Jan/2026:10:37:01 -0700] "POST /wp-cron.php?doing_wp_cron=1768585021.5931560993194580078125 HTTP/1.1" 200 - "-" "WordPress/6.8.1; https://www.veronaae.com" 22 **0/22324**
135.181.166.38 - - [16/Jan/2026:10:37:00 -0700] "GET /?e=2558698 HTTP/1.1" 301 337 "-" "Mozilla/5.0 (compatible; SERankingBacklinksBot/1.0; +https://seranking.com/backlinks-crawler)" 1339 **1/1339610**
114.119.159.152 - - [16/Jan/2026:10:37:09 -0700] "GET /xlnbgql/nyc-real-estate-app.html HTTP/1.1" 301 337 "http://proind.com.ar/ort3mb/imagine-bts-tumblr.html" "Mozilla/5.0 (Linux; Android 7.0;) AppleWebKit/537.36 (KHTML, like Gecko) Mobile Safari/537.36 (compatible; PetalBot;+https://webmaster.petalsearch.com/site/petalbot)" 1076 **1/1076630**
114.119.159.152 - - [16/Jan/2026:10:37:11 -0700] "GET /xlnbgql/nyc-real-estate-app.html HTTP/1.1" 404 59131 "http://proind.com.ar/ort3mb/imagine-bts-tumblr.html" "Mozilla/5.0 (Linux; Android 7.0;) AppleWebKit/537.36 (KHTML, like Gecko) Mobile Safari/537.36 (compatible; PetalBot;+https://webmaster.petalsearch.com/site/petalbot)" 2523 **2/2523178**
135.181.166.38 - - [16/Jan/2026:10:37:23 -0700] "GET /?e=2562426 HTTP/1.1" 301 337 "-" "Mozilla/5.0 (compatible; SERankingBacklinksBot/1.0; +https://seranking.com/backlinks-crawler)" 1083 **1/1083476**
135.181.166.38 - - [16/Jan/2026:10:37:31 -0700] "GET /?e=2580266 HTTP/1.1" 301 337 "-" "Mozilla/5.0 (compatible; SERankingBacklinksBot/1.0; +https://seranking.com/backlinks-crawler)" 1019 **1/1019303**
135.181.166.38 - - [16/Jan/2026:10:37:54 -0700] "GET /?e=2591580 HTTP/1.1" 301 337 "-" "Mozilla/5.0 (compatible; SERankingBacklinksBot/1.0; +https://seranking.com/backlinks-crawler)" 1324 **1/1324476**
57.141.20.49 - - [16/Jan/2026:10:37:57 -0700] "GET /?e=46695746cjg4f HTTP/1.1" 301 337 "-" "meta-externalagent/1.1 (+https://developers.facebook.com/docs/sharing/webmasters/crawler)" 1258 **1/1258327**
135.181.166.38 - - [16/Jan/2026:10:38:02 -0700] "GET /?e=2593403 HTTP/1.1" 301 337 "-" "Mozilla/5.0 (compatible; SERankingBacklinksBot/1.0; +https://seranking.com/backlinks-crawler)" 1413 **1/1413720**
57.141.20.47 - - [16/Jan/2026:10:38:09 -0700] "GET /?e=49598797dfia8 HTTP/1.1" 301 337 "-" "meta-externalagent/1.1 (+https://developers.facebook.com/docs/sharing/webmasters/crawler)" 1272 **1/1272502**
135.181.166.38 - - [16/Jan/2026:10:38:20 -0700] "GET /?e=2593601 HTTP/1.1" 301 337 "-" "Mozilla/5.0 (compatible; SERankingBacklinksBot/1.0; +https://seranking.com/backlinks-crawler)" 1490 **1/1490001**
184.168.114.89 - - [16/Jan/2026:10:38:35 -0700] "POST /wp-cron.php?doing_wp_cron=1768585115.1863949298858642578125 HTTP/1.1" 200 - "-" "WordPress/6.8.1; https://www.veronaae.com" 92 **0/92324**
114.119.130.251 - - [16/Jan/2026:10:38:33 -0700] "GET /xlnbgql/mist-meaning-in-bengali.html HTTP/1.1" 301 337 "https://www.ballthai.com/%e0%b8%9c%e0%b8%b9%e0%b9%89%e0%b9%83%e0%b8%ab%e0%b8%8d%e0%b9%88%e0%b8%ad%e0%b8%b1%e0%b8%90-%e0%b8%a1%e0%b8%b1%e0%b9%88%e0%b8%99%e0%b9%83%e0%b8%88-%e0%b9%82%e0%b8%84%e0%b9%89%e0%b8%8a%e0%b8%81%e0%b8%ad%e0%b8%a5%e0%b9%8c%e0%b8%9f-%e0%b8%88%e0%b8%b0%e0%b8%9e%e0%b8%b2-%e0%b8%99%e0%b8%b1%e0%b8%81%e0%b8%a3%e0%b8%9a%e0%b8%aa%e0%b8%a3%e0%b8%b0%e0%b8%9a%e0%b8%b8%e0%b8%a3%e0%b8%b5-%e0%b8%94%e0%b8%b5%e0%b8%82%e0%b8%b6%e0%b9%89%e0%b8%99%e0%b9%84%e0%b8%94%e0%b9%89%e0%b9%81%e0%b8%99%e0%b9%88%e0%b8%99%e0%b8%ad%e0%b8%99/" "Mozilla/5.0 (Linux; Android 7.0;) AppleWebKit/537.36 (KHTML, like Gecko) Mobile Safari/537.36 (compatible; PetalBot;+https://webmaster.petalsearch.com/site/petalbot)" 1598 **1/1598650**
57.141.20.18 - - [16/Jan/2026:10:38:34 -0700] "GET /?e=90443i574dh HTTP/1.1" 301 337 "-" "meta-externalagent/1.1 (+https://developers.facebook.com/docs/sharing/webmasters/crawler)" 2465 **2/2465494**
114.119.130.251 - - [16/Jan/2026:10:38:35 -0700] "GET /xlnbgql/mist-meaning-in-bengali.html HTTP/1.1" 404 59131 "https://www.ballthai.com/%e0%b8%9c%e0%b8%b9%e0%b9%89%e0%b9%83%e0%b8%ab%e0%b8%8d%e0%b9%88%e0%b8%ad%e0%b8%b1%e0%b8%90-%e0%b8%a1%e0%b8%b1%e0%b9%88%e0%b8%99%e0%b9%83%e0%b8%88-%e0%b9%82%e0%b8%84%e0%b9%89%e0%b8%8a%e0%b8%81%e0%b8%ad%e0%b8%a5%e0%b9%8c%e0%b8%9f-%e0%b8%88%e0%b8%b0%e0%b8%9e%e0%b8%b2-%e0%b8%99%e0%b8%b1%e0%b8%81%e0%b8%a3%e0%b8%9a%e0%b8%aa%e0%b8%a3%e0%b8%b0%e0%b8%9a%e0%b8%b8%e0%b8%a3%e0%b8%b5-%e0%b8%94%e0%b8%b5%e0%b8%82%e0%b8%b6%e0%b9%89%e0%b8%99%e0%b9%84%e0%b8%94%e0%b9%89%e0%b9%81%e0%b8%99%e0%b9%88%e0%b8%99%e0%b8%ad%e0%b8%99/" "Mozilla/5.0 (Linux; Android 7.0;) AppleWebKit/537.36 (KHTML, like Gecko) Mobile Safari/537.36 (compatible; PetalBot;+https://webmaster.petalsearch.com/site/petalbot)" 3761 **3/3761714**
135.181.166.38 - - [16/Jan/2026:10:38:43 -0700] "GET /?e=2598725 HTTP/1.1" 301 337 "-" "Mozilla/5.0 (compatible; SERankingBacklinksBot/1.0; +https://seranking.com/backlinks-crawler)" 1242 **1/1242280**
135.181.166.38 - - [16/Jan/2026:10:38:54 -0700] "GET /?e=2603689 HTTP/1.1" 301 337 "-" "Mozilla/5.0 (compatible; SERankingBacklinksBot/1.0; +https://seranking.com/backlinks-crawler)" 1709 **1/1709452**
135.181.166.38 - - [16/Jan/2026:10:39:16 -0700] "GET /?e=2605218 HTTP/1.1" 301 337 "-" "Mozilla/5.0 (compatible; SERankingBacklinksBot/1.0; +https://seranking.com/backlinks-crawler)" 1820 **1/1820634**
57.141.20.59 - - [16/Jan/2026:10:39:22 -0700] "GET /?e=659842183g1a HTTP/1.1" 301 337 "-" "meta-externalagent/1.1 (+https://developers.facebook.com/docs/sharing/webmasters/crawler)" 1525 **1/1525231**
135.181.166.38 - - [16/Jan/2026:10:39:25 -0700] "GET /?e=2606927 HTTP/1.1" 301 337 "-" "Mozilla/5.0 (compatible; SERankingBacklinksBot/1.0; +https://seranking.com/backlinks-crawler)" 1597 **1/1597408**
57.141.20.54 - - [16/Jan/2026:10:39:34 -0700] "GET /?e=3997686dhbcgg HTTP/1.1" 301 337 "-" "meta-externalagent/1.1 (+https://developers.facebook.com/docs/sharing/webmasters/crawler)" 2172 **2/2172278**
135.181.166.38 - - [16/Jan/2026:10:39:43 -0700] "GET /?e=2607788 HTTP/1.1" 301 337 "-" "Mozilla/5.0 (compatible; SERankingBacklinksBot/1.0; +https://seranking.com/backlinks-crawler)" 1385 **1/1385281**
114.119.159.152 - - [16/Jan/2026:10:39:57 -0700] "GET /xlnbgql/measurement-conversion-worksheets.html HTTP/1.1" 301 337 "http://kurdom.ru/u0oe/ps5-flickering-textures.html" "Mozilla/5.0 (Linux; Android 7.0;) AppleWebKit/537.36 (KHTML, like Gecko) Mobile Safari/537.36 (compatible; PetalBot;+https://webmaster.petalsearch.com/site/petalbot)" 1130 **1/1130478**
114.119.159.152 - - [16/Jan/2026:10:39:58 -0700] "GET /xlnbgql/measurement-conversion-worksheets.html HTTP/1.1" 404 59131 "http://kurdom.ru/u0oe/ps5-flickering-textures.html" "Mozilla/5.0 (Linux; Android 7.0;) AppleWebKit/537.36 (KHTML, like Gecko) Mobile Safari/537.36 (compatible; PetalBot;+https://webmaster.petalsearch.com/site/petalbot)" 3015 **3/3015206**
57.141.20.36 - - [16/Jan/2026:10:40:04 -0700] "GET /?e=3511285a86621 HTTP/1.1" 301 337 "-" "meta-externalagent/1.1 (+https://developers.facebook.com/docs/sharing/webmasters/crawler)" 1417 **1/1417827**
135.181.166.38 - - [16/Jan/2026:10:40:05 -0700] "GET /?e=2609911 HTTP/1.1" 301 337 "-" "Mozilla/5.0 (compatible; SERankingBacklinksBot/1.0; +https://seranking.com/backlinks-crawler)" 1294 **1/1294193**
135.181.166.38 - - [16/Jan/2026:10:40:15 -0700] "GET /?e=2615948 HTTP/1.1" 301 337 "-" "Mozilla/5.0 (compatible; SERankingBacklinksBot/1.0; +https://seranking.com/backlinks-crawler)" 1268 **1/1268004**
135.181.166.38 - - [16/Jan/2026:10:40:31 -0700] "GET /?e=2623195 HTTP/1.1" 301 337 "-" "Mozilla/5.0 (compatible; SERankingBacklinksBot/1.0; +https://seranking.com/backlinks-crawler)" 1699 **1/1699414**
57.141.20.6 - - [16/Jan/2026:10:40:49 -0700] "GET /?e=2828722h586a HTTP/1.1" 301 337 "-" "meta-externalagent/1.1 (+https://developers.facebook.com/docs/sharing/webmasters/crawler)" 1607 **1/1607774**
135.181.166.38 - - [16/Jan/2026:10:40:56 -0700] "GET /?e=2623985 HTTP/1.1" 301 337 "-" "Mozilla/5.0 (compatible; SERankingBacklinksBot/1.0; +https://seranking.com/backlinks-crawler)" 1076 **1/1076273**
135.181.166.38 - - [16/Jan/2026:10:41:12 -0700] "GET /?e=2624236 HTTP/1.1" 301 337 "-" "Mozilla/5.0 (compatible; SERankingBacklinksBot/1.0; +https://seranking.com/backlinks-crawler)" 1133 **1/1133649**
135.181.166.38 - - [16/Jan/2026:10:41:20 -0700] "GET /?e=2636969 HTTP/1.1" 301 337 "-" "Mozilla/5.0 (compatible; SERankingBacklinksBot/1.0; +https://seranking.com/backlinks-crawler)" 1175 **1/1175464**
114.119.130.251 - - [16/Jan/2026:10:41:20 -0700] "GET /xlnbgql/local-84-phone-number.html HTTP/1.1" 301 337 "https://chegg4mi.com/tcrz6/best-hair-mousse.html" "Mozilla/5.0 (Linux; Android 7.0;) AppleWebKit/537.36 (KHTML, like Gecko) Mobile Safari/537.36 (compatible; PetalBot;+https://webmaster.petalsearch.com/site/petalbot)" 901 **0/901989**
114.119.130.251 - - [16/Jan/2026:10:41:21 -0700] "GET /xlnbgql/local-84-phone-number.html HTTP/1.1" 404 59131 "https://chegg4mi.com/tcrz6/best-hair-mousse.html" "Mozilla/5.0 (Linux; Android 7.0;) AppleWebKit/537.36 (KHTML, like Gecko) Mobile Safari/537.36 (compatible; PetalBot;+https://webmaster.petalsearch.com/site/petalbot)" 2193 **2/2193075**
57.141.20.57 - - [16/Jan/2026:10:41:30 -0700] "GET /?e=6610341hhge4 HTTP/1.1" 301 337 "-" "meta-externalagent/1.1 (+https://developers.facebook.com/docs/sharing/webmasters/crawler)" 2626 **2/2626887**
57.141.20.15 - - [16/Jan/2026:10:41:36 -0700] "GET /?e=53420223ii716 HTTP/1.1" 301 337 "-" "meta-externalagent/1.1 (+https://developers.facebook.com/docs/sharing/webmasters/crawler)" 1095 **1/1095489**
135.181.166.38 - - [16/Jan/2026:10:41:39 -0700] "GET /?e=2637591 HTTP/1.1" 301 337 "-" "Mozilla/5.0 (compatible; SERankingBacklinksBot/1.0; +https://seranking.com/backlinks-crawler)" 1033 **1/1033677**
57.141.20.41 - - [16/Jan/2026:10:41:52 -0700] "GET /?e=4616645hg33gi HTTP/1.1" 301 337 "-" "meta-externalagent/1.1 (+https://developers.facebook.com/docs/sharing/webmasters/crawler)" 981 **0/981722**
135.181.166.38 - - [16/Jan/2026:10:41:54 -0700] "GET /?e=2637621 HTTP/1.1" 301 337 "-" "Mozilla/5.0 (compatible; SERankingBacklinksBot/1.0; +https://seranking.com/backlinks-crawler)" 1170 **1/1170127**
135.181.166.38 - - [16/Jan/2026:10:42:08 -0700] "GET /?e=2639204 HTTP/1.1" 301 337 "-" "Mozilla/5.0 (compatible; SERankingBacklinksBot/1.0; +https://seranking.com/backlinks-crawler)" 1632 **1/1632286**
135.181.166.38 - - [16/Jan/2026:10:42:24 -0700] "GET /?e=2642665 HTTP/1.1" 301 337 "-" "Mozilla/5.0 (compatible; SERankingBacklinksBot/1.0; +https://seranking.com/backlinks-crawler)" 1401 **1/1401955**
114.119.157.158 - - [16/Jan/2026:10:42:44 -0700] "GET /xlnbgql/inmate-pen-pals.html HTTP/1.1" 301 337 "http://manthon.shop/srpbx/wareham-ma-police-news.html" "Mozilla/5.0 (Linux; Android 7.0;) AppleWebKit/537.36 (KHTML, like Gecko) Mobile Safari/537.36 (compatible; PetalBot;+https://webmaster.petalsearch.com/site/petalbot)" 852 **0/852422**
114.119.157.158 - - [16/Jan/2026:10:42:45 -0700] "GET /xlnbgql/inmate-pen-pals.html HTTP/1.1" 404 59131 "http://manthon.shop/srpbx/wareham-ma-police-news.html" "Mozilla/5.0 (Linux; Android 7.0;) AppleWebKit/537.36 (KHTML, like Gecko) Mobile Safari/537.36 (compatible; PetalBot;+https://webmaster.petalsearch.com/site/petalbot)" 1184 **1/1184043**
135.181.166.38 - - [16/Jan/2026:10:42:46 -0700] "GET /?e=2644572 HTTP/1.1" 301 337 "-" "Mozilla/5.0 (compatible; SERankingBacklinksBot/1.0; +https://seranking.com/backlinks-crawler)" 1188 **1/1188217**
135.181.166.38 - - [16/Jan/2026:10:42:55 -0700] "GET /?e=2645415 HTTP/1.1" 301 337 "-" "Mozilla/5.0 (compatible; SERankingBacklinksBot/1.0; +https://seranking.com/backlinks-crawler)" 1568 **1/1568493**
57.141.20.35 - - [16/Jan/2026:10:43:09 -0700] "GET /?e=192591041iag6 HTTP/1.1" 301 337 "-" "meta-externalagent/1.1 (+https://developers.facebook.com/docs/sharing/webmasters/crawler)" 948 **0/948637**
57.141.20.50 - - [16/Jan/2026:10:43:13 -0700] "GET /?e=2523388b1625i HTTP/1.1" 301 337 "-" "meta-externalagent/1.1 (+https://developers.facebook.com/docs/sharing/webmasters/crawler)" 1467 **1/1467985**
135.181.166.38 - - [16/Jan/2026:10:43:19 -0700] "GET /?e=2646024 HTTP/1.1" 301 337 "-" "Mozilla/5.0 (compatible; SERankingBacklinksBot/1.0; +https://seranking.com/backlinks-crawler)" 1621 **1/1621458**
135.181.166.38 - - [16/Jan/2026:10:43:29 -0700] "GET /?e=2649554 HTTP/1.1" 301 337 "-" "Mozilla/5.0 (compatible; SERankingBacklinksBot/1.0; +https://seranking.com/backlinks-crawler)" 1480 **1/1480115**
135.181.166.38 - - [16/Jan/2026:10:43:51 -0700] "GET /?e=2652410 HTTP/1.1" 301 337 "-" "Mozilla/5.0 (compatible; SERankingBacklinksBot/1.0; +https://seranking.com/backlinks-crawler)" 1067 **1/1067961**
135.181.166.38 - - [16/Jan/2026:10:44:05 -0700] "GET /?e=2652926 HTTP/1.1" 301 337 "-" "Mozilla/5.0 (compatible; SERankingBacklinksBot/1.0; +https://seranking.com/backlinks-crawler)" 1178 **1/1178992**
114.119.157.158 - - [16/Jan/2026:10:44:07 -0700] "GET /xlnbgql/how-many-countries-is-chanel-in.html HTTP/1.1" 301 337 "https://linxdigitalagency.com/dv22us/the-maybourne-beverly-hills-spa.html" "Mozilla/5.0 (Linux; Android 7.0;) AppleWebKit/537.36 (KHTML, like Gecko) Mobile Safari/537.36 (compatible; PetalBot;+https://webmaster.petalsearch.com/site/petalbot)" 1085 **1/1085253**
114.119.157.158 - - [16/Jan/2026:10:44:09 -0700] "GET /xlnbgql/how-many-countries-is-chanel-in.html HTTP/1.1" 404 59131 "https://linxdigitalagency.com/dv22us/the-maybourne-beverly-hills-spa.html" "Mozilla/5.0 (Linux; Android 7.0;) AppleWebKit/537.36 (KHTML, like Gecko) Mobile Safari/537.36 (compatible; PetalBot;+https://webmaster.petalsearch.com/site/petalbot)" 1750 **1/1750430**
135.181.166.38 - - [16/Jan/2026:10:44:17 -0700] "GET /?e=2654700 HTTP/1.1" 301 337 "-" "Mozilla/5.0 (compatible; SERankingBacklinksBot/1.0; +https://seranking.com/backlinks-crawler)" 913 **0/913135**
135.181.166.38 - - [16/Jan/2026:10:44:35 -0700] "GET /?e=2406648 HTTP/1.1" 301 337 "-" "Mozilla/5.0 (compatible; SERankingBacklinksBot/1.0; +https://seranking.com/backlinks-crawler)" 1441 **1/1441811**
135.181.166.38 - - [16/Jan/2026:10:44:58 -0700] "GET / HTTP/1.1" 301 337 "-" "Mozilla/5.0 (compatible; SERankingBacklinksBot/1.0; +https://seranking.com/backlinks-crawler)" 1150 **1/1150227**
135.181.166.38 - - [16/Jan/2026:10:45:08 -0700] "GET /robots.txt HTTP/1.1" 301 337 "-" "Mozilla/5.0 (compatible; SERankingBacklinksBot/1.0; +https://seranking.com/backlinks-crawler)" 1946 **1/1946424**
135.181.166.38 - - [16/Jan/2026:10:45:11 -0700] "GET /robots.txt HTTP/1.1" 200 243 "-" "Mozilla/5.0 (compatible; SERankingBacklinksBot/1.0; +https://seranking.com/backlinks-crawler)" 1314 **1/1314921**
135.181.166.38 - - [16/Jan/2026:10:45:13 -0700] "GET / HTTP/1.1" 301 337 "-" "Mozilla/5.0 (compatible; SERankingBacklinksBot/1.0; +https://seranking.com/backlinks-crawler)" 1690 **1/1690792**
57.141.20.57 - - [16/Jan/2026:10:45:23 -0700] "GET /?e=11658087a69aj HTTP/1.1" 301 337 "-" "meta-externalagent/1.1 (+https://developers.facebook.com/docs/sharing/webmasters/crawler)" 1818 **1/1818210**
135.181.166.38 - - [16/Jan/2026:10:45:30 -0700] "GET /?e=525 HTTP/1.1" 301 337 "-" "Mozilla/5.0 (compatible; SERankingBacklinksBot/1.0; +https://seranking.com/backlinks-crawler)" 1340 **1/1340508**
114.119.129.113 - - [16/Jan/2026:10:45:32 -0700] "GET /xlnbgql/god-fights-our-battles-images.html HTTP/1.1" 301 337 "https://canford.ca/gpcj3d/hybrid-campers-with-ensuite.html" "Mozilla/5.0 (Linux; Android 7.0;) AppleWebKit/537.36 (KHTML, like Gecko) Mobile Safari/537.36 (compatible; PetalBot;+https://webmaster.petalsearch.com/site/petalbot)" 1631 **1/1631852**
