135.181.166.38 - - [16/Jan/2026:05:31:09 -0700] "GET /?e=1665502 HTTP/1.1" 301 337 "-" "Mozilla/5.0 (compatible; SERankingBacklinksBot/1.0; +https://seranking.com/backlinks-crawler)" 1956 **1/1956588**
57.141.20.41 - - [16/Jan/2026:05:31:16 -0700] "GET /?e=1375637jd440d HTTP/1.1" 301 337 "-" "meta-externalagent/1.1 (+https://developers.facebook.com/docs/sharing/webmasters/crawler)" 1526 **1/1526488**
135.181.166.38 - - [16/Jan/2026:05:31:28 -0700] "GET /?e=1667259 HTTP/1.1" 301 337 "-" "Mozilla/5.0 (compatible; SERankingBacklinksBot/1.0; +https://seranking.com/backlinks-crawler)" 1596 **1/1596835**
135.181.166.38 - - [16/Jan/2026:05:31:36 -0700] "GET /?e=1668041 HTTP/1.1" 301 337 "-" "Mozilla/5.0 (compatible; SERankingBacklinksBot/1.0; +https://seranking.com/backlinks-crawler)" 1178 **1/1178865**
135.181.166.38 - - [16/Jan/2026:05:31:54 -0700] "GET /?e=1669280 HTTP/1.1" 301 337 "-" "Mozilla/5.0 (compatible; SERankingBacklinksBot/1.0; +https://seranking.com/backlinks-crawler)" 1508 **1/1508289**
114.119.157.189 - - [16/Jan/2026:05:32:01 -0700] "GET /xlnbgql/modern-orthodox-synagogue-near-me.html HTTP/1.1" 301 337 "https://arrowclout.com/rz3n/rare-breed-forced-reset-trigger-for-sale.html" "Mozilla/5.0 (Linux; Android 7.0;) AppleWebKit/537.36 (KHTML, like Gecko) Mobile Safari/537.36 (compatible; PetalBot;+https://webmaster.petalsearch.com/site/petalbot)" 3087 **3/3087295**
135.181.166.38 - - [16/Jan/2026:05:32:03 -0700] "GET /?e=1672271 HTTP/1.1" 301 337 "-" "Mozilla/5.0 (compatible; SERankingBacklinksBot/1.0; +https://seranking.com/backlinks-crawler)" 2760 **2/2760635**
114.119.157.189 - - [16/Jan/2026:05:32:04 -0700] "GET /xlnbgql/modern-orthodox-synagogue-near-me.html HTTP/1.1" 404 59131 "https://arrowclout.com/rz3n/rare-breed-forced-reset-trigger-for-sale.html" "Mozilla/5.0 (Linux; Android 7.0;) AppleWebKit/537.36 (KHTML, like Gecko) Mobile Safari/537.36 (compatible; PetalBot;+https://webmaster.petalsearch.com/site/petalbot)" 2486 **2/2486833**
216.73.216.56 - - [16/Jan/2026:05:32:19 -0700] "GET /?fileloc=%2F%2Fusr%2Flib%2Fsystemd%2Fsystem%2Fplymouth-quit.service&path=%2F%2Fusr%2Flib%2Fsystemd%2Fsystem HTTP/1.1" 301 149 "-" "Mozilla/5.0 AppleWebKit/537.36 (KHTML, like Gecko; compatible; ClaudeBot/1.0; +claudebot@anthropic.com)" 1848 **1/1848758**
135.181.166.38 - - [16/Jan/2026:05:32:21 -0700] "GET /?e=1675453 HTTP/1.1" 301 337 "-" "Mozilla/5.0 (compatible; SERankingBacklinksBot/1.0; +https://seranking.com/backlinks-crawler)" 1816 **1/1816414**
57.141.20.8 - - [16/Jan/2026:05:32:23 -0700] "GET /?e=792951203d2b HTTP/1.1" 301 337 "-" "meta-externalagent/1.1 (+https://developers.facebook.com/docs/sharing/webmasters/crawler)" 1673 **1/1673887**
135.181.166.38 - - [16/Jan/2026:05:32:30 -0700] "GET /?e=1683681 HTTP/1.1" 301 337 "-" "Mozilla/5.0 (compatible; SERankingBacklinksBot/1.0; +https://seranking.com/backlinks-crawler)" 1265 **1/1265646**
216.73.216.56 - - [16/Jan/2026:05:32:39 -0700] "GET /?e=42958777jja9h HTTP/1.1" 301 149 "-" "Mozilla/5.0 AppleWebKit/537.36 (KHTML, like Gecko; compatible; ClaudeBot/1.0; +claudebot@anthropic.com)" 1301 **1/1301461**
57.141.20.32 - - [16/Jan/2026:05:32:40 -0700] "GET /?e=19679041fejhi HTTP/1.1" 301 337 "-" "meta-externalagent/1.1 (+https://developers.facebook.com/docs/sharing/webmasters/crawler)" 1924 **1/1924759**
135.181.166.38 - - [16/Jan/2026:05:32:42 -0700] "GET /?e=1689926 HTTP/1.1" 301 337 "-" "Mozilla/5.0 (compatible; SERankingBacklinksBot/1.0; +https://seranking.com/backlinks-crawler)" 1066 **1/1066500**
216.73.216.56 - - [16/Jan/2026:05:32:47 -0700] "GET /?e=4591007b0geh1 HTTP/1.1" 301 149 "-" "Mozilla/5.0 AppleWebKit/537.36 (KHTML, like Gecko; compatible; ClaudeBot/1.0; +claudebot@anthropic.com)" 1336 **1/1336973**
57.141.20.31 - - [16/Jan/2026:05:32:52 -0700] "GET /?e=3237814h6bje9 HTTP/1.1" 301 337 "-" "meta-externalagent/1.1 (+https://developers.facebook.com/docs/sharing/webmasters/crawler)" 2323 **2/2323474**
135.181.166.38 - - [16/Jan/2026:05:32:55 -0700] "GET /?e=1691028 HTTP/1.1" 301 337 "-" "Mozilla/5.0 (compatible; SERankingBacklinksBot/1.0; +https://seranking.com/backlinks-crawler)" 1086 **1/1086458**
57.141.20.39 - - [16/Jan/2026:05:32:57 -0700] "GET /?e=3488220e5fjbb HTTP/1.1" 301 337 "-" "meta-externalagent/1.1 (+https://developers.facebook.com/docs/sharing/webmasters/crawler)" 1754 **1/1754662**
135.181.166.38 - - [16/Jan/2026:05:33:15 -0700] "GET /?e=1691702 HTTP/1.1" 301 337 "-" "Mozilla/5.0 (compatible; SERankingBacklinksBot/1.0; +https://seranking.com/backlinks-crawler)" 939 **0/939695**
114.119.129.113 - - [16/Jan/2026:05:33:24 -0700] "GET /xlnbgql/d3-cross-country-individual-rankings.html HTTP/1.1" 301 337 "https://feedita.com/6sceoi4p/best-high-schools-for-lgbt-students.html" "Mozilla/5.0 (Linux; Android 7.0;) AppleWebKit/537.36 (KHTML, like Gecko) Mobile Safari/537.36 (compatible; PetalBot;+https://webmaster.petalsearch.com/site/petalbot)" 1104 **1/1104977**
114.119.129.113 - - [16/Jan/2026:05:33:25 -0700] "GET /xlnbgql/d3-cross-country-individual-rankings.html HTTP/1.1" 404 59131 "https://feedita.com/6sceoi4p/best-high-schools-for-lgbt-students.html" "Mozilla/5.0 (Linux; Android 7.0;) AppleWebKit/537.36 (KHTML, like Gecko) Mobile Safari/537.36 (compatible; PetalBot;+https://webmaster.petalsearch.com/site/petalbot)" 1128 **1/1128497**
216.73.216.56 - - [16/Jan/2026:05:33:26 -0700] "GET /?e=4931822283hjh HTTP/1.1" 301 149 "-" "Mozilla/5.0 AppleWebKit/537.36 (KHTML, like Gecko; compatible; ClaudeBot/1.0; +claudebot@anthropic.com)" 1449 **1/1449252**
135.181.166.38 - - [16/Jan/2026:05:33:26 -0700] "GET /?e=1696655 HTTP/1.1" 301 337 "-" "Mozilla/5.0 (compatible; SERankingBacklinksBot/1.0; +https://seranking.com/backlinks-crawler)" 1463 **1/1463153**
216.73.216.56 - - [16/Jan/2026:05:33:31 -0700] "GET /?e=2311763ceei66 HTTP/1.1" 301 149 "-" "Mozilla/5.0 AppleWebKit/537.36 (KHTML, like Gecko; compatible; ClaudeBot/1.0; +claudebot@anthropic.com)" 1614 **1/1614942**
135.181.166.38 - - [16/Jan/2026:05:33:34 -0700] "GET /?e=1698788 HTTP/1.1" 301 337 "-" "Mozilla/5.0 (compatible; SERankingBacklinksBot/1.0; +https://seranking.com/backlinks-crawler)" 2146 **2/2146401**
135.181.166.38 - - [16/Jan/2026:05:33:48 -0700] "GET /?e=1698947 HTTP/1.1" 301 337 "-" "Mozilla/5.0 (compatible; SERankingBacklinksBot/1.0; +https://seranking.com/backlinks-crawler)" 1229 **1/1229858**
216.73.216.56 - - [16/Jan/2026:05:33:56 -0700] "GET /?e=4716867he0baf HTTP/1.1" 301 149 "-" "Mozilla/5.0 AppleWebKit/537.36 (KHTML, like Gecko; compatible; ClaudeBot/1.0; +claudebot@anthropic.com)" 1404 **1/1404683**
135.181.166.38 - - [16/Jan/2026:05:33:59 -0700] "GET /?e=1699246 HTTP/1.1" 301 337 "-" "Mozilla/5.0 (compatible; SERankingBacklinksBot/1.0; +https://seranking.com/backlinks-crawler)" 1451 **1/1451238**
216.73.216.56 - - [16/Jan/2026:05:34:01 -0700] "GET /?fileloc=%2F%2Fusr%2Flib%2Ffirmware%2Fradeon%2Ftahiti_me.bin&path=%2F%2Fusr%2Flib%2Ffirmware%2Fradeon HTTP/1.1" 301 149 "-" "Mozilla/5.0 AppleWebKit/537.36 (KHTML, like Gecko; compatible; ClaudeBot/1.0; +claudebot@anthropic.com)" 1958 **1/1958252**
135.181.166.38 - - [16/Jan/2026:05:34:16 -0700] "GET /?e=1703244 HTTP/1.1" 301 337 "-" "Mozilla/5.0 (compatible; SERankingBacklinksBot/1.0; +https://seranking.com/backlinks-crawler)" 1827 **1/1827411**
216.73.216.56 - - [16/Jan/2026:05:34:23 -0700] "GET /?e=1798961i922g6 HTTP/1.1" 301 149 "-" "Mozilla/5.0 AppleWebKit/537.36 (KHTML, like Gecko; compatible; ClaudeBot/1.0; +claudebot@anthropic.com)" 1030 **1/1030114**
216.73.216.56 - - [16/Jan/2026:05:34:27 -0700] "GET /?e=1098740c1h0ie HTTP/1.1" 301 149 "-" "Mozilla/5.0 AppleWebKit/537.36 (KHTML, like Gecko; compatible; ClaudeBot/1.0; +claudebot@anthropic.com)" 1409 **1/1409058**
135.181.166.38 - - [16/Jan/2026:05:34:29 -0700] "GET /?e=1707583 HTTP/1.1" 301 337 "-" "Mozilla/5.0 (compatible; SERankingBacklinksBot/1.0; +https://seranking.com/backlinks-crawler)" 1836 **1/1836144**
135.181.166.38 - - [16/Jan/2026:05:34:44 -0700] "GET /?e=1710440 HTTP/1.1" 301 337 "-" "Mozilla/5.0 (compatible; SERankingBacklinksBot/1.0; +https://seranking.com/backlinks-crawler)" 1158 **1/1158318**
216.73.216.56 - - [16/Jan/2026:05:34:44 -0700] "GET /?e=80364c1125b HTTP/1.1" 301 149 "-" "Mozilla/5.0 AppleWebKit/537.36 (KHTML, like Gecko; compatible; ClaudeBot/1.0; +claudebot@anthropic.com)" 1434 **1/1434164**
114.119.130.251 - - [16/Jan/2026:05:34:49 -0700] "GET /xlnbgql/complex-trauma-questionnaire-pdf.html HTTP/1.1" 301 337 "http://iskenderunhidrofor.com/bg1lph/lower-back-pain-when-touching-chin-to-chest-reddit.html" "Mozilla/5.0 (Linux; Android 7.0;) AppleWebKit/537.36 (KHTML, like Gecko) Mobile Safari/537.36 (compatible; PetalBot;+https://webmaster.petalsearch.com/site/petalbot)" 1443 **1/1443825**
216.73.216.56 - - [16/Jan/2026:05:34:50 -0700] "GET /?e=43556244jjgb4 HTTP/1.1" 301 149 "-" "Mozilla/5.0 AppleWebKit/537.36 (KHTML, like Gecko; compatible; ClaudeBot/1.0; +claudebot@anthropic.com)" 1499 **1/1499953**
114.119.130.251 - - [16/Jan/2026:05:34:50 -0700] "GET /xlnbgql/complex-trauma-questionnaire-pdf.html HTTP/1.1" 404 59131 "http://iskenderunhidrofor.com/bg1lph/lower-back-pain-when-touching-chin-to-chest-reddit.html" "Mozilla/5.0 (Linux; Android 7.0;) AppleWebKit/537.36 (KHTML, like Gecko) Mobile Safari/537.36 (compatible; PetalBot;+https://webmaster.petalsearch.com/site/petalbot)" 2073 **2/2073256**
135.181.166.38 - - [16/Jan/2026:05:34:57 -0700] "GET /?e=1712727 HTTP/1.1" 301 337 "-" "Mozilla/5.0 (compatible; SERankingBacklinksBot/1.0; +https://seranking.com/backlinks-crawler)" 1548 **1/1548650**
216.73.216.56 - - [16/Jan/2026:05:35:05 -0700] "GET /?fileloc=%2F%2Fproc%2Firq%2F3%2Faffinity_hint&path=%2F%2Fproc%2Firq%2F3 HTTP/1.1" 301 149 "-" "Mozilla/5.0 AppleWebKit/537.36 (KHTML, like Gecko; compatible; ClaudeBot/1.0; +claudebot@anthropic.com)" 1847 **1/1847502**
135.181.166.38 - - [16/Jan/2026:05:35:09 -0700] "GET /?e=1712940 HTTP/1.1" 301 337 "-" "Mozilla/5.0 (compatible; SERankingBacklinksBot/1.0; +https://seranking.com/backlinks-crawler)" 1860 **1/1860990**
216.73.216.56 - - [16/Jan/2026:05:35:16 -0700] "GET /?e=2529021dd7c1b HTTP/1.1" 301 149 "-" "Mozilla/5.0 AppleWebKit/537.36 (KHTML, like Gecko; compatible; ClaudeBot/1.0; +claudebot@anthropic.com)" 1460 **1/1460269**
135.181.166.38 - - [16/Jan/2026:05:35:24 -0700] "GET /?e=1715296 HTTP/1.1" 301 337 "-" "Mozilla/5.0 (compatible; SERankingBacklinksBot/1.0; +https://seranking.com/backlinks-crawler)" 1590 **1/1590954**
216.73.216.56 - - [16/Jan/2026:05:35:30 -0700] "GET /?fileloc=%2F%2Fusr%2Flib%2Flocale%2Fde_CH.utf8%2FLC_MEASUREMENT&path=%2F%2Fusr%2Flib%2Flocale%2Fde_CH.utf8 HTTP/1.1" 301 149 "-" "Mozilla/5.0 AppleWebKit/537.36 (KHTML, like Gecko; compatible; ClaudeBot/1.0; +claudebot@anthropic.com)" 1265 **1/1265544**
135.181.166.38 - - [16/Jan/2026:05:35:37 -0700] "GET /?e=1717884 HTTP/1.1" 301 337 "-" "Mozilla/5.0 (compatible; SERankingBacklinksBot/1.0; +https://seranking.com/backlinks-crawler)" 1890 **1/1890108**
57.141.20.14 - - [16/Jan/2026:05:35:50 -0700] "GET /?s=47624186011760 HTTP/1.1" 200 337 "-" "meta-externalagent/1.1 (+https://developers.facebook.com/docs/sharing/webmasters/crawler)" 2300 **2/2300952**
135.181.166.38 - - [16/Jan/2026:05:35:57 -0700] "GET /?e=1719082 HTTP/1.1" 301 337 "-" "Mozilla/5.0 (compatible; SERankingBacklinksBot/1.0; +https://seranking.com/backlinks-crawler)" 1418 **1/1418074**
216.73.216.56 - - [16/Jan/2026:05:36:03 -0700] "GET /?fileloc=%2F%2Flib64%2FGraphicsMagick-1.3.38%2Fmodules-Q16%2Fcoders%2Fpdf.la&path=%2F%2Flib64%2FGraphicsMagick-1.3.38%2Fmodules-Q16%2Fcoders HTTP/1.1" 301 149 "-" "Mozilla/5.0 AppleWebKit/537.36 (KHTML, like Gecko; compatible; ClaudeBot/1.0; +claudebot@anthropic.com)" 1977 **1/1977123**
135.181.166.38 - - [16/Jan/2026:05:36:05 -0700] "GET /?e=1721254 HTTP/1.1" 301 337 "-" "Mozilla/5.0 (compatible; SERankingBacklinksBot/1.0; +https://seranking.com/backlinks-crawler)" 947 **0/947900**
114.119.157.189 - - [16/Jan/2026:05:36:12 -0700] "GET /xlnbgql/chesterfield-county-sc-mugshots.html HTTP/1.1" 301 337 "http://isegoria.fr/uy1krnl/naughty-halloween-costume-ideas-for-couples.html" "Mozilla/5.0 (Linux; Android 7.0;) AppleWebKit/537.36 (KHTML, like Gecko) Mobile Safari/537.36 (compatible; PetalBot;+https://webmaster.petalsearch.com/site/petalbot)" 1264 **1/1264281**
114.119.157.189 - - [16/Jan/2026:05:36:13 -0700] "GET /xlnbgql/chesterfield-county-sc-mugshots.html HTTP/1.1" 404 59131 "http://isegoria.fr/uy1krnl/naughty-halloween-costume-ideas-for-couples.html" "Mozilla/5.0 (Linux; Android 7.0;) AppleWebKit/537.36 (KHTML, like Gecko) Mobile Safari/537.36 (compatible; PetalBot;+https://webmaster.petalsearch.com/site/petalbot)" 1537 **1/1537466**
135.181.166.38 - - [16/Jan/2026:05:36:18 -0700] "GET /?e=1721575 HTTP/1.1" 301 337 "-" "Mozilla/5.0 (compatible; SERankingBacklinksBot/1.0; +https://seranking.com/backlinks-crawler)" 1864 **1/1864492**
216.73.216.56 - - [16/Jan/2026:05:36:29 -0700] "GET /?path=%2F%2Flib%2Ffirmware%2Fnvidia%2Fad103%2Fgsp HTTP/1.1" 301 149 "-" "Mozilla/5.0 AppleWebKit/537.36 (KHTML, like Gecko; compatible; ClaudeBot/1.0; +claudebot@anthropic.com)" 1800 **1/1800046**
184.168.114.89 - - [16/Jan/2026:05:36:34 -0700] "POST /wp-cron.php?doing_wp_cron=1768566994.6823918819427490234375 HTTP/1.1" 200 - "-" "WordPress/6.8.1; https://www.veronaae.com" 22 **0/22228**
135.181.166.38 - - [16/Jan/2026:05:36:33 -0700] "GET /?e=1726962 HTTP/1.1" 301 337 "-" "Mozilla/5.0 (compatible; SERankingBacklinksBot/1.0; +https://seranking.com/backlinks-crawler)" 1372 **1/1372326**
135.181.166.38 - - [16/Jan/2026:05:36:46 -0700] "GET /?e=1728441 HTTP/1.1" 301 337 "-" "Mozilla/5.0 (compatible; SERankingBacklinksBot/1.0; +https://seranking.com/backlinks-crawler)" 1242 **1/1242257**
216.73.216.56 - - [16/Jan/2026:05:36:54 -0700] "GET /?fileloc=%2F%2Flib64%2FGraphicsMagick-1.3.38%2Fmodules-Q16%2Fcoders%2Fdcm.la&path=%2F%2Flib64%2FGraphicsMagick-1.3.38%2Fmodules-Q16%2Fcoders HTTP/1.1" 301 149 "-" "Mozilla/5.0 AppleWebKit/537.36 (KHTML, like Gecko; compatible; ClaudeBot/1.0; +claudebot@anthropic.com)" 1605 **1/1605813**
184.168.114.89 - - [16/Jan/2026:05:37:01 -0700] "POST /wp-cron.php?doing_wp_cron=1768567021.1109650135040283203125 HTTP/1.1" 200 - "-" "WordPress/6.8.1; https://www.veronaae.com" 21 **0/21790**
135.181.166.38 - - [16/Jan/2026:05:37:00 -0700] "GET /?e=1730558 HTTP/1.1" 301 337 "-" "Mozilla/5.0 (compatible; SERankingBacklinksBot/1.0; +https://seranking.com/backlinks-crawler)" 1165 **1/1165699**
57.141.20.17 - - [16/Jan/2026:05:37:05 -0700] "GET /?s=10634790021760 HTTP/1.1" 200 337 "-" "meta-externalagent/1.1 (+https://developers.facebook.com/docs/sharing/webmasters/crawler)" 1526 **1/1526665**
135.181.166.38 - - [16/Jan/2026:05:37:14 -0700] "GET /?e=1732246 HTTP/1.1" 301 337 "-" "Mozilla/5.0 (compatible; SERankingBacklinksBot/1.0; +https://seranking.com/backlinks-crawler)" 1307 **1/1307010**
216.73.216.56 - - [16/Jan/2026:05:37:17 -0700] "GET /?fileloc=%2F%2Fusr%2Flib%2Fudev%2Frules.d%2F60-persistent-storage.rules&path=%2F%2Fusr%2Flib%2Fudev%2Frules.d HTTP/1.1" 301 149 "-" "Mozilla/5.0 AppleWebKit/537.36 (KHTML, like Gecko; compatible; ClaudeBot/1.0; +claudebot@anthropic.com)" 1410 **1/1410541**
216.73.216.56 - - [16/Jan/2026:05:37:21 -0700] "GET /?e=498349407e4jf HTTP/1.1" 301 149 "-" "Mozilla/5.0 AppleWebKit/537.36 (KHTML, like Gecko; compatible; ClaudeBot/1.0; +claudebot@anthropic.com)" 1719 **1/1719488**
135.181.166.38 - - [16/Jan/2026:05:37:27 -0700] "GET /?e=1738534 HTTP/1.1" 301 337 "-" "Mozilla/5.0 (compatible; SERankingBacklinksBot/1.0; +https://seranking.com/backlinks-crawler)" 972 **0/972207**
57.141.20.22 - - [16/Jan/2026:05:37:29 -0700] "GET /?e=460710660hj8d HTTP/1.1" 301 337 "-" "meta-externalagent/1.1 (+https://developers.facebook.com/docs/sharing/webmasters/crawler)" 1016 **1/1016836**
135.181.166.38 - - [16/Jan/2026:05:37:40 -0700] "GET /?e=1739259 HTTP/1.1" 301 337 "-" "Mozilla/5.0 (compatible; SERankingBacklinksBot/1.0; +https://seranking.com/backlinks-crawler)" 1807 **1/1807604**
114.119.130.18 - - [16/Jan/2026:05:37:41 -0700] "GET /xlnbgql/cheaters-anonymous-newsletter.html HTTP/1.1" 301 337 "https://www.ballthai.com/%e0%b8%a7%e0%b8%b4%e0%b9%80%e0%b8%84%e0%b8%a3%e0%b8%b2%e0%b8%b0%e0%b8%ab%e0%b9%8c%e0%b8%9a%e0%b8%ad%e0%b8%a5-%e0%b9%84%e0%b8%97%e0%b8%a2%e0%b8%a5%e0%b8%b5%e0%b8%81-2022-23-%e0%b8%99%e0%b8%b1%e0%b8%94%e0%b8%97%e0%b8%b5%e0%b9%88-17-%e0%b9%80%e0%b8%a1%e0%b8%b7%e0%b8%ad%e0%b8%87%e0%b8%97%e0%b8%ad%e0%b8%87-vs-%e0%b8%99%e0%b8%84%e0%b8%a3%e0%b8%a3%e0%b8%b2%e0%b8%8a%e0%b8%aa%e0%b8%b5%e0%b8%a1%e0%b8%b2-28-01-65/" "Mozilla/5.0 (Linux; Android 7.0;) AppleWebKit/537.36 (KHTML, like Gecko) Mobile Safari/537.36 (compatible; PetalBot;+https://webmaster.petalsearch.com/site/petalbot)" 1149 **1/1149532**
114.119.130.18 - - [16/Jan/2026:05:37:42 -0700] "GET /xlnbgql/cheaters-anonymous-newsletter.html HTTP/1.1" 404 59131 "https://www.ballthai.com/%e0%b8%a7%e0%b8%b4%e0%b9%80%e0%b8%84%e0%b8%a3%e0%b8%b2%e0%b8%b0%e0%b8%ab%e0%b9%8c%e0%b8%9a%e0%b8%ad%e0%b8%a5-%e0%b9%84%e0%b8%97%e0%b8%a2%e0%b8%a5%e0%b8%b5%e0%b8%81-2022-23-%e0%b8%99%e0%b8%b1%e0%b8%94%e0%b8%97%e0%b8%b5%e0%b9%88-17-%e0%b9%80%e0%b8%a1%e0%b8%b7%e0%b8%ad%e0%b8%87%e0%b8%97%e0%b8%ad%e0%b8%87-vs-%e0%b8%99%e0%b8%84%e0%b8%a3%e0%b8%a3%e0%b8%b2%e0%b8%8a%e0%b8%aa%e0%b8%b5%e0%b8%a1%e0%b8%b2-28-01-65/" "Mozilla/5.0 (Linux; Android 7.0;) AppleWebKit/537.36 (KHTML, like Gecko) Mobile Safari/537.36 (compatible; PetalBot;+https://webmaster.petalsearch.com/site/petalbot)" 2339 **2/2339846**
135.181.166.38 - - [16/Jan/2026:05:37:54 -0700] "GET /?e=1741897 HTTP/1.1" 301 337 "-" "Mozilla/5.0 (compatible; SERankingBacklinksBot/1.0; +https://seranking.com/backlinks-crawler)" 1301 **1/1301353**
135.181.166.38 - - [16/Jan/2026:05:38:07 -0700] "GET /?e=1745179 HTTP/1.1" 301 337 "-" "Mozilla/5.0 (compatible; SERankingBacklinksBot/1.0; +https://seranking.com/backlinks-crawler)" 1387 **1/1387135**
216.73.216.56 - - [16/Jan/2026:05:38:19 -0700] "GET /?e=734116fdc7hi HTTP/1.1" 301 149 "-" "Mozilla/5.0 AppleWebKit/537.36 (KHTML, like Gecko; compatible; ClaudeBot/1.0; +claudebot@anthropic.com)" 1329 **1/1329709**
135.181.166.38 - - [16/Jan/2026:05:38:21 -0700] "GET /?e=1747447 HTTP/1.1" 301 337 "-" "Mozilla/5.0 (compatible; SERankingBacklinksBot/1.0; +https://seranking.com/backlinks-crawler)" 1316 **1/1316265**
135.181.166.38 - - [16/Jan/2026:05:38:35 -0700] "GET /?e=1749425 HTTP/1.1" 301 337 "-" "Mozilla/5.0 (compatible; SERankingBacklinksBot/1.0; +https://seranking.com/backlinks-crawler)" 922 **0/922287**
216.73.216.56 - - [16/Jan/2026:05:38:43 -0700] "GET /?e=3609481adja15 HTTP/1.1" 301 149 "-" "Mozilla/5.0 AppleWebKit/537.36 (KHTML, like Gecko; compatible; ClaudeBot/1.0; +claudebot@anthropic.com)" 1568 **1/1568744**
216.73.216.56 - - [16/Jan/2026:05:38:43 -0700] "GET /?e=5109092203g7i HTTP/1.1" 301 149 "-" "Mozilla/5.0 AppleWebKit/537.36 (KHTML, like Gecko; compatible; ClaudeBot/1.0; +claudebot@anthropic.com)" 1496 **1/1496541**
135.181.166.38 - - [16/Jan/2026:05:38:58 -0700] "GET /?e=1749854 HTTP/1.1" 301 337 "-" "Mozilla/5.0 (compatible; SERankingBacklinksBot/1.0; +https://seranking.com/backlinks-crawler)" 2093 **2/2093526**
114.119.129.113 - - [16/Jan/2026:05:38:59 -0700] "GET /xlnbgql/c%2B%2B-websocket-server-library.html HTTP/1.1" 301 337 "http://info.wahdah-group.com/uajf/part-time-security-jobs-nyc.html" "Mozilla/5.0 (Linux; Android 7.0;) AppleWebKit/537.36 (KHTML, like Gecko) Mobile Safari/537.36 (compatible; PetalBot;+https://webmaster.petalsearch.com/site/petalbot)" 1445 **1/1445684**
114.119.129.113 - - [16/Jan/2026:05:39:01 -0700] "GET /xlnbgql/c%2B%2B-websocket-server-library.html HTTP/1.1" 404 59131 "http://info.wahdah-group.com/uajf/part-time-security-jobs-nyc.html" "Mozilla/5.0 (Linux; Android 7.0;) AppleWebKit/537.36 (KHTML, like Gecko) Mobile Safari/537.36 (compatible; PetalBot;+https://webmaster.petalsearch.com/site/petalbot)" 2658 **2/2658859**
135.181.166.38 - - [16/Jan/2026:05:39:07 -0700] "GET /?e=1753824 HTTP/1.1" 301 337 "-" "Mozilla/5.0 (compatible; SERankingBacklinksBot/1.0; +https://seranking.com/backlinks-crawler)" 1018 **1/1018947**
216.73.216.56 - - [16/Jan/2026:05:39:09 -0700] "GET /?fileloc=%2Fhome%2Fbpw3460lz1vy%2Fwww%2Fwp-includes%2Fblock-supports%2Fclass-wp-user.php&path=%2Fhome%2Fbpw3460lz1vy%2Fwww%2Fwp-includes%2Fblock-supports HTTP/1.1" 301 149 "-" "Mozilla/5.0 AppleWebKit/537.36 (KHTML, like Gecko; compatible; ClaudeBot/1.0; +claudebot@anthropic.com)" 2664 **2/2664632**
216.73.216.56 - - [16/Jan/2026:05:39:10 -0700] "GET /?e=5381283ej0545 HTTP/1.1" 301 149 "-" "Mozilla/5.0 AppleWebKit/537.36 (KHTML, like Gecko; compatible; ClaudeBot/1.0; +claudebot@anthropic.com)" 2713 **2/2713923**
216.73.216.56 - - [16/Jan/2026:05:39:10 -0700] "GET /?e=319496953ee09 HTTP/1.1" 301 149 "-" "Mozilla/5.0 AppleWebKit/537.36 (KHTML, like Gecko; compatible; ClaudeBot/1.0; +claudebot@anthropic.com)" 2343 **2/2343068**
135.181.166.38 - - [16/Jan/2026:05:39:23 -0700] "GET /?e=1754390 HTTP/1.1" 301 337 "-" "Mozilla/5.0 (compatible; SERankingBacklinksBot/1.0; +https://seranking.com/backlinks-crawler)" 1526 **1/1526481**
57.141.20.25 - - [16/Jan/2026:05:39:34 -0700] "GET /?e=84255773e11g HTTP/1.1" 301 337 "-" "meta-externalagent/1.1 (+https://developers.facebook.com/docs/sharing/webmasters/crawler)" 1960 **1/1960107**
135.181.166.38 - - [16/Jan/2026:05:39:36 -0700] "GET /?e=1756909 HTTP/1.1" 301 337 "-" "Mozilla/5.0 (compatible; SERankingBacklinksBot/1.0; +https://seranking.com/backlinks-crawler)" 1089 **1/1089407**
216.73.216.56 - - [16/Jan/2026:05:39:38 -0700] "GET /?e=2587458i7f6c6 HTTP/1.1" 301 149 "-" "Mozilla/5.0 AppleWebKit/537.36 (KHTML, like Gecko; compatible; ClaudeBot/1.0; +claudebot@anthropic.com)" 1957 **1/1957658**
135.181.166.38 - - [16/Jan/2026:05:39:50 -0700] "GET /?e=1759581 HTTP/1.1" 301 337 "-" "Mozilla/5.0 (compatible; SERankingBacklinksBot/1.0; +https://seranking.com/backlinks-crawler)" 1412 **1/1412289**
135.181.166.38 - - [16/Jan/2026:05:40:11 -0700] "GET /?e=1760068 HTTP/1.1" 301 337 "-" "Mozilla/5.0 (compatible; SERankingBacklinksBot/1.0; +https://seranking.com/backlinks-crawler)" 1408 **1/1408159**
216.73.216.56 - - [16/Jan/2026:05:40:16 -0700] "GET /?e=15784207j02f5 HTTP/1.1" 301 149 "-" "Mozilla/5.0 AppleWebKit/537.36 (KHTML, like Gecko; compatible; ClaudeBot/1.0; +claudebot@anthropic.com)" 1559 **1/1559166**
114.119.130.18 - - [16/Jan/2026:05:40:22 -0700] "GET /xlnbgql/bible-verses-about-being-thankful-for-blessings.html HTTP/1.1" 301 337 "https://www.pjcatamarca.ar/yaros/organizational-structure-of-a-company.html" "Mozilla/5.0 (Linux; Android 7.0;) AppleWebKit/537.36 (KHTML, like Gecko) Mobile Safari/537.36 (compatible; PetalBot;+https://webmaster.petalsearch.com/site/petalbot)" 1363 **1/1363175**
114.119.130.18 - - [16/Jan/2026:05:40:24 -0700] "GET /xlnbgql/bible-verses-about-being-thankful-for-blessings.html HTTP/1.1" 404 59131 "https://www.pjcatamarca.ar/yaros/organizational-structure-of-a-company.html" "Mozilla/5.0 (Linux; Android 7.0;) AppleWebKit/537.36 (KHTML, like Gecko) Mobile Safari/537.36 (compatible; PetalBot;+https://webmaster.petalsearch.com/site/petalbot)" 1498 **1/1498677**
135.181.166.38 - - [16/Jan/2026:05:40:26 -0700] "GET /?e=1762133 HTTP/1.1" 301 337 "-" "Mozilla/5.0 (compatible; SERankingBacklinksBot/1.0; +https://seranking.com/backlinks-crawler)" 1237 **1/1237267**
135.181.166.38 - - [16/Jan/2026:05:40:39 -0700] "GET /?e=1762789 HTTP/1.1" 301 337 "-" "Mozilla/5.0 (compatible; SERankingBacklinksBot/1.0; +https://seranking.com/backlinks-crawler)" 1096 **1/1096858**
216.73.216.56 - - [16/Jan/2026:05:40:42 -0700] "GET /?fileloc=%2F%2Fusr%2Flib%2Ffirmware%2Fintel%2Fibt-0040-1050.ddc&path=%2F%2Fusr%2Flib%2Ffirmware%2Fintel HTTP/1.1" 301 149 "-" "Mozilla/5.0 AppleWebKit/537.36 (KHTML, like Gecko; compatible; ClaudeBot/1.0; +claudebot@anthropic.com)" 2067 **2/2067690**
57.141.20.35 - - [16/Jan/2026:05:40:52 -0700] "GET /?e=1580164d0hjb6 HTTP/1.1" 301 337 "-" "meta-externalagent/1.1 (+https://developers.facebook.com/docs/sharing/webmasters/crawler)" 1370 **1/1370496**
135.181.166.38 - - [16/Jan/2026:05:40:56 -0700] "GET /?e=1766632 HTTP/1.1" 301 337 "-" "Mozilla/5.0 (compatible; SERankingBacklinksBot/1.0; +https://seranking.com/backlinks-crawler)" 2033 **2/2033079**
114.119.157.158 - - [16/Jan/2026:05:41:46 -0700] "GET /xlnbgql/best-comedy-movies-malayalam-latest.html HTTP/1.1" 301 337 "https://bahrainileaks.com/v0p4g/cd-girls-asian.html" "Mozilla/5.0 (Linux; Android 7.0;) AppleWebKit/537.36 (KHTML, like Gecko) Mobile Safari/537.36 (compatible; PetalBot;+https://webmaster.petalsearch.com/site/petalbot)" 1276 **1/1276369**
114.119.157.158 - - [16/Jan/2026:05:41:47 -0700] "GET /xlnbgql/best-comedy-movies-malayalam-latest.html HTTP/1.1" 404 59131 "https://bahrainileaks.com/v0p4g/cd-girls-asian.html" "Mozilla/5.0 (Linux; Android 7.0;) AppleWebKit/537.36 (KHTML, like Gecko) Mobile Safari/537.36 (compatible; PetalBot;+https://webmaster.petalsearch.com/site/petalbot)" 1757 **1/1757998**
135.181.166.38 - - [16/Jan/2026:05:42:30 -0700] "GET /?e=1769709 HTTP/1.1" 301 337 "-" "Mozilla/5.0 (compatible; SERankingBacklinksBot/1.0; +https://seranking.com/backlinks-crawler)" 985 **0/985515**
57.141.20.31 - - [16/Jan/2026:05:42:57 -0700] "GET /?e=3996252cj180e HTTP/1.1" 301 337 "-" "meta-externalagent/1.1 (+https://developers.facebook.com/docs/sharing/webmasters/crawler)" 1027 **1/1027092**
114.119.157.189 - - [16/Jan/2026:05:43:10 -0700] "GET /xlnbgql/best-cb-radio.html HTTP/1.1" 301 337 "https://www.ballthai.com/%e0%b8%9e%e0%b8%a3%e0%b9%89%e0%b8%ad%e0%b8%a1%e0%b9%80%e0%b8%95%e0%b9%87%e0%b8%a1%e0%b8%97%e0%b8%b5%e0%b9%88-%e0%b8%8a%e0%b8%9a%e0%b8%b2%e0%b9%81%e0%b8%81%e0%b9%89%e0%b8%a7-%e0%b8%8b%e0%b9%89%e0%b8%ad%e0%b8%a1%e0%b8%95%e0%b9%88%e0%b8%ad%e0%b9%80%e0%b8%99%e0%b8%b7%e0%b9%88%e0%b8%ad%e0%b8%87%e0%b8%81%e0%b9%88%e0%b8%ad%e0%b8%99%e0%b8%a5%e0%b8%b8%e0%b8%a2-%e0%b8%8a%e0%b8%b4%e0%b8%87%e0%b9%81%e0%b8%8a%e0%b8%a1%e0%b8%9b%e0%b9%8c%e0%b8%ad%e0%b8%b2%e0%b9%80%e0%b8%8b%e0%b8%b5%e0%b8%a2%e0%b8%99%e0%b8%a2%e0%b8%b9-18/" "Mozilla/5.0 (Linux; Android 7.0;) AppleWebKit/537.36 (KHTML, like Gecko) Mobile Safari/537.36 (compatible; PetalBot;+https://webmaster.petalsearch.com/site/petalbot)" 1509 **1/1509200**
114.119.157.189 - - [16/Jan/2026:05:43:12 -0700] "GET /xlnbgql/best-cb-radio.html HTTP/1.1" 404 59131 "https://www.ballthai.com/%e0%b8%9e%e0%b8%a3%e0%b9%89%e0%b8%ad%e0%b8%a1%e0%b9%80%e0%b8%95%e0%b9%87%e0%b8%a1%e0%b8%97%e0%b8%b5%e0%b9%88-%e0%b8%8a%e0%b8%9a%e0%b8%b2%e0%b9%81%e0%b8%81%e0%b9%89%e0%b8%a7-%e0%b8%8b%e0%b9%89%e0%b8%ad%e0%b8%a1%e0%b8%95%e0%b9%88%e0%b8%ad%e0%b9%80%e0%b8%99%e0%b8%b7%e0%b9%88%e0%b8%ad%e0%b8%87%e0%b8%81%e0%b9%88%e0%b8%ad%e0%b8%99%e0%b8%a5%e0%b8%b8%e0%b8%a2-%e0%b8%8a%e0%b8%b4%e0%b8%87%e0%b9%81%e0%b8%8a%e0%b8%a1%e0%b8%9b%e0%b9%8c%e0%b8%ad%e0%b8%b2%e0%b9%80%e0%b8%8b%e0%b8%b5%e0%b8%a2%e0%b8%99%e0%b8%a2%e0%b8%b9-18/" "Mozilla/5.0 (Linux; Android 7.0;) AppleWebKit/537.36 (KHTML, like Gecko) Mobile Safari/537.36 (compatible; PetalBot;+https://webmaster.petalsearch.com/site/petalbot)" 1352 **1/1352272**
57.141.20.46 - - [16/Jan/2026:05:43:39 -0700] "GET /?e=2308380d8b4jd HTTP/1.1" 301 337 "-" "meta-externalagent/1.1 (+https://developers.facebook.com/docs/sharing/webmasters/crawler)" 1780 **1/1780130**
135.181.166.38 - - [16/Jan/2026:05:44:19 -0700] "GET /?e=1773589 HTTP/1.1" 301 337 "-" "Mozilla/5.0 (compatible; SERankingBacklinksBot/1.0; +https://seranking.com/backlinks-crawler)" 3001 **3/3001587**
114.119.153.246 - - [16/Jan/2026:05:44:34 -0700] "GET /xlnbgql/best-books-about-friendship-reddit.html HTTP/1.1" 301 337 "https://www.ballthai.com/%E0%B8%95%E0%B8%AD%E0%B8%87-%E0%B8%A1%E0%B8%B8%E0%B9%89%E0%B8%A2-%E0%B9%80%E0%B8%95%E0%B8%A3%E0%B8%B5%E0%B8%A2%E0%B8%A1%E0%B8%A5%E0%B8%87%E0%B9%80%E0%B8%A5%E0%B9%88%E0%B8%99%E0%B8%A7%E0%B8%B1%E0%B8%99%E0%B8%99%E0%B8%B5%E0%B9%89-%E0%B9%82%E0%B8%9B%E0%B8%A3%E0%B9%81%E0%B8%81%E0%B8%A3%E0%B8%A1%E0%B9%81%E0%B8%82%E0%B9%88%E0%B8%87-%E0%B8%9B%E0%B8%A3%E0%B8%B5%E0%B8%A7%E0%B8%B4%E0%B8%A7%E0%B8%A8%E0%B8%B6%E0%B8%81-%E0%B8%A5%E0%B8%B9%E0%B8%A7%E0%B8%B2%E0%B8%99-%E0%B8%84%E0%B8%B1%E0%B8%9E-2020-05-08-63/" "Mozilla/5.0 (Linux; Android 7.0;) AppleWebKit/537.36 (KHTML, like Gecko) Mobile Safari/537.36 (compatible; PetalBot;+https://webmaster.petalsearch.com/site/petalbot)" 2883 **2/2883883**
114.119.153.246 - - [16/Jan/2026:05:44:37 -0700] "GET /xlnbgql/best-books-about-friendship-reddit.html HTTP/1.1" 404 59131 "https://www.ballthai.com/%E0%B8%95%E0%B8%AD%E0%B8%87-%E0%B8%A1%E0%B8%B8%E0%B9%89%E0%B8%A2-%E0%B9%80%E0%B8%95%E0%B8%A3%E0%B8%B5%E0%B8%A2%E0%B8%A1%E0%B8%A5%E0%B8%87%E0%B9%80%E0%B8%A5%E0%B9%88%E0%B8%99%E0%B8%A7%E0%B8%B1%E0%B8%99%E0%B8%99%E0%B8%B5%E0%B9%89-%E0%B9%82%E0%B8%9B%E0%B8%A3%E0%B9%81%E0%B8%81%E0%B8%A3%E0%B8%A1%E0%B9%81%E0%B8%82%E0%B9%88%E0%B8%87-%E0%B8%9B%E0%B8%A3%E0%B8%B5%E0%B8%A7%E0%B8%B4%E0%B8%A7%E0%B8%A8%E0%B8%B6%E0%B8%81-%E0%B8%A5%E0%B8%B9%E0%B8%A7%E0%B8%B2%E0%B8%99-%E0%B8%84%E0%B8%B1%E0%B8%9E-2020-05-08-63/" "Mozilla/5.0 (Linux; Android 7.0;) AppleWebKit/537.36 (KHTML, like Gecko) Mobile Safari/537.36 (compatible; PetalBot;+https://webmaster.petalsearch.com/site/petalbot)" 3447 **3/3447547**
114.119.129.113 - - [16/Jan/2026:05:46:03 -0700] "GET /xlnbgql/best-bag-for-puffco-peak.html HTTP/1.1" 301 337 "https://www.ballthai.com/author/boykungred/page/35" "Mozilla/5.0 (Linux; Android 7.0;) AppleWebKit/537.36 (KHTML, like Gecko) Mobile Safari/537.36 (compatible; PetalBot;+https://webmaster.petalsearch.com/site/petalbot)" 2867 **2/2867201**
114.119.129.113 - - [16/Jan/2026:05:46:06 -0700] "GET /xlnbgql/best-bag-for-puffco-peak.html HTTP/1.1" 404 59131 "https://www.ballthai.com/author/boykungred/page/35" "Mozilla/5.0 (Linux; Android 7.0;) AppleWebKit/537.36 (KHTML, like Gecko) Mobile Safari/537.36 (compatible; PetalBot;+https://webmaster.petalsearch.com/site/petalbot)" 2211 **2/2211415**
57.141.20.38 - - [16/Jan/2026:05:46:18 -0700] "GET /?e=2113083d5dchg HTTP/1.1" 301 337 "-" "meta-externalagent/1.1 (+https://developers.facebook.com/docs/sharing/webmasters/crawler)" 1540 **1/1540834**
57.141.20.24 - - [16/Jan/2026:05:46:34 -0700] "GET /?s=101669300021760 HTTP/1.1" 200 337 "-" "meta-externalagent/1.1 (+https://developers.facebook.com/docs/sharing/webmasters/crawler)" 2498 **2/2498294**
57.141.20.21 - - [16/Jan/2026:05:47:20 -0700] "GET /?e=3875452994iih HTTP/1.1" 301 337 "-" "meta-externalagent/1.1 (+https://developers.facebook.com/docs/sharing/webmasters/crawler)" 1503 **1/1503447**
114.119.153.246 - - [16/Jan/2026:05:47:21 -0700] "GET /xlnbgql/best-amplifier-for-car-subwoofer.html HTTP/1.1" 301 337 "http://mywigtoday.net/8khjug/lululemon-seamless-underwear-review.html" "Mozilla/5.0 (Linux; Android 7.0;) AppleWebKit/537.36 (KHTML, like Gecko) Mobile Safari/537.36 (compatible; PetalBot;+https://webmaster.petalsearch.com/site/petalbot)" 1184 **1/1184094**
114.119.153.246 - - [16/Jan/2026:05:47:22 -0700] "GET /xlnbgql/best-amplifier-for-car-subwoofer.html HTTP/1.1" 404 59131 "http://mywigtoday.net/8khjug/lululemon-seamless-underwear-review.html" "Mozilla/5.0 (Linux; Android 7.0;) AppleWebKit/537.36 (KHTML, like Gecko) Mobile Safari/537.36 (compatible; PetalBot;+https://webmaster.petalsearch.com/site/petalbot)" 2008 **2/2008707**
57.141.20.37 - - [16/Jan/2026:05:47:44 -0700] "GET /?e=548775dcb7e6 HTTP/1.1" 301 337 "-" "meta-externalagent/1.1 (+https://developers.facebook.com/docs/sharing/webmasters/crawler)" 1576 **1/1576760**
114.119.157.158 - - [16/Jan/2026:05:48:44 -0700] "GET /xlnbgql/best-00-buckshot-for-home-defense.html HTTP/1.1" 301 337 "http://bihar24now.com/r3wfc/what-happened-to-the-cops-who-pulled-over-florida-state-attorney.html" "Mozilla/5.0 (Linux; Android 7.0;) AppleWebKit/537.36 (KHTML, like Gecko) Mobile Safari/537.36 (compatible; PetalBot;+https://webmaster.petalsearch.com/site/petalbot)" 2289 **2/2289088**
114.119.157.158 - - [16/Jan/2026:05:48:46 -0700] "GET /xlnbgql/best-00-buckshot-for-home-defense.html HTTP/1.1" 404 59131 "http://bihar24now.com/r3wfc/what-happened-to-the-cops-who-pulled-over-florida-state-attorney.html" "Mozilla/5.0 (Linux; Android 7.0;) AppleWebKit/537.36 (KHTML, like Gecko) Mobile Safari/537.36 (compatible; PetalBot;+https://webmaster.petalsearch.com/site/petalbot)" 1793 **1/1793741**
57.141.20.56 - - [16/Jan/2026:05:49:10 -0700] "GET /?e=31129061hafid HTTP/1.1" 301 337 "-" "meta-externalagent/1.1 (+https://developers.facebook.com/docs/sharing/webmasters/crawler)" 1923 **1/1923668**
184.168.114.89 - - [16/Jan/2026:05:49:34 -0700] "POST /wp-cron.php?doing_wp_cron=1768567774.2039649486541748046875 HTTP/1.1" 200 - "-" "WordPress/6.8.1; https://www.veronaae.com" 75 **0/75376**
135.181.166.38 - - [16/Jan/2026:05:49:31 -0700] "GET /?e=1779992 HTTP/1.1" 301 337 "-" "Mozilla/5.0 (compatible; SERankingBacklinksBot/1.0; +https://seranking.com/backlinks-crawler)" 2650 **2/2650330**
114.119.159.152 - - [16/Jan/2026:05:50:09 -0700] "GET /xlnbgql/belfair-wa-breaking-news.html HTTP/1.1" 301 337 "https://arrowclout.com/rz3n/easiest-game-show-to-win.html" "Mozilla/5.0 (Linux; Android 7.0;) AppleWebKit/537.36 (KHTML, like Gecko) Mobile Safari/537.36 (compatible; PetalBot;+https://webmaster.petalsearch.com/site/petalbot)" 3125 **3/3125690**
114.119.159.152 - - [16/Jan/2026:05:50:12 -0700] "GET /xlnbgql/belfair-wa-breaking-news.html HTTP/1.1" 404 59131 "https://arrowclout.com/rz3n/easiest-game-show-to-win.html" "Mozilla/5.0 (Linux; Android 7.0;) AppleWebKit/537.36 (KHTML, like Gecko) Mobile Safari/537.36 (compatible; PetalBot;+https://webmaster.petalsearch.com/site/petalbot)" 3237 **3/3237193**
57.141.20.24 - - [16/Jan/2026:05:50:46 -0700] "GET /?e=2337094fhfg2i HTTP/1.1" 301 337 "-" "meta-externalagent/1.1 (+https://developers.facebook.com/docs/sharing/webmasters/crawler)" 1652 **1/1652439**
184.168.114.89 - - [16/Jan/2026:05:51:34 -0700] "POST /wp-cron.php?doing_wp_cron=1768567894.7255530357360839843750 HTTP/1.1" 200 - "-" "WordPress/6.8.1; https://www.veronaae.com" 57 **0/57826**
114.119.151.233 - - [16/Jan/2026:05:51:33 -0700] "GET /xlnbgql/before-and-after-lipoma-removal.html HTTP/1.1" 301 337 "http://xn--24-flcefqfiv9cl1dzc5c.xn--p1ai/su9r2/ethan-chapin-funeral.html" "Mozilla/5.0 (Linux; Android 7.0;) AppleWebKit/537.36 (KHTML, like Gecko) Mobile Safari/537.36 (compatible; PetalBot;+https://webmaster.petalsearch.com/site/petalbot)" 1589 **1/1589261**
114.119.151.233 - - [16/Jan/2026:05:51:35 -0700] "GET /xlnbgql/before-and-after-lipoma-removal.html HTTP/1.1" 404 59131 "http://xn--24-flcefqfiv9cl1dzc5c.xn--p1ai/su9r2/ethan-chapin-funeral.html" "Mozilla/5.0 (Linux; Android 7.0;) AppleWebKit/537.36 (KHTML, like Gecko) Mobile Safari/537.36 (compatible; PetalBot;+https://webmaster.petalsearch.com/site/petalbot)" 3448 **3/3448878**
135.181.166.38 - - [16/Jan/2026:05:51:52 -0700] "GET /?e=1781313 HTTP/1.1" 301 337 "-" "Mozilla/5.0 (compatible; SERankingBacklinksBot/1.0; +https://seranking.com/backlinks-crawler)" 1128 **1/1128743**
114.119.129.113 - - [16/Jan/2026:05:52:55 -0700] "GET /xlnbgql/pretty-young-thing-hair-curler.html HTTP/1.1" 301 337 "http://omatuletimothy.com/xzqcrsh/online-betting-apps-in-nevada.html" "Mozilla/5.0 (Linux; Android 7.0;) AppleWebKit/537.36 (KHTML, like Gecko) Mobile Safari/537.36 (compatible; PetalBot;+https://webmaster.petalsearch.com/site/petalbot)" 1012 **1/1012148**
114.119.129.113 - - [16/Jan/2026:05:52:56 -0700] "GET /xlnbgql/pretty-young-thing-hair-curler.html HTTP/1.1" 404 59131 "http://omatuletimothy.com/xzqcrsh/online-betting-apps-in-nevada.html" "Mozilla/5.0 (Linux; Android 7.0;) AppleWebKit/537.36 (KHTML, like Gecko) Mobile Safari/537.36 (compatible; PetalBot;+https://webmaster.petalsearch.com/site/petalbot)" 2408 **2/2408269**
114.119.129.113 - - [16/Jan/2026:05:54:18 -0700] "GET /xlnbgql/peacock-meaning-twin-flame.html HTTP/1.1" 301 337 "http://sed.org.bd/7dx4k/tcl-software-version.html" "Mozilla/5.0 (Linux; Android 7.0;) AppleWebKit/537.36 (KHTML, like Gecko) Mobile Safari/537.36 (compatible; PetalBot;+https://webmaster.petalsearch.com/site/petalbot)" 1408 **1/1408672**
114.119.129.113 - - [16/Jan/2026:05:54:20 -0700] "GET /xlnbgql/peacock-meaning-twin-flame.html HTTP/1.1" 404 59131 "http://sed.org.bd/7dx4k/tcl-software-version.html" "Mozilla/5.0 (Linux; Android 7.0;) AppleWebKit/537.36 (KHTML, like Gecko) Mobile Safari/537.36 (compatible; PetalBot;+https://webmaster.petalsearch.com/site/petalbot)" 2064 **2/2064301**
57.141.20.30 - - [16/Jan/2026:05:54:46 -0700] "GET /?e=413698097ia23 HTTP/1.1" 301 337 "-" "meta-externalagent/1.1 (+https://developers.facebook.com/docs/sharing/webmasters/crawler)" 1457 **1/1457409**
135.181.166.38 - - [16/Jan/2026:05:54:59 -0700] "GET /?e=1781722 HTTP/1.1" 301 337 "-" "Mozilla/5.0 (compatible; SERankingBacklinksBot/1.0; +https://seranking.com/backlinks-crawler)" 2713 **2/2713503**
114.119.153.246 - - [16/Jan/2026:05:55:43 -0700] "GET /xlnbgql/national-high-school-swimming-rankings.html HTTP/1.1" 301 337 "http://kurdom.ru/7gt9fp/canada-med-pharmacy-reviews.html" "Mozilla/5.0 (Linux; Android 7.0;) AppleWebKit/537.36 (KHTML, like Gecko) Mobile Safari/537.36 (compatible; PetalBot;+https://webmaster.petalsearch.com/site/petalbot)" 1538 **1/1538298**
114.119.153.246 - - [16/Jan/2026:05:55:45 -0700] "GET /xlnbgql/national-high-school-swimming-rankings.html HTTP/1.1" 404 59131 "http://kurdom.ru/7gt9fp/canada-med-pharmacy-reviews.html" "Mozilla/5.0 (Linux; Android 7.0;) AppleWebKit/537.36 (KHTML, like Gecko) Mobile Safari/537.36 (compatible; PetalBot;+https://webmaster.petalsearch.com/site/petalbot)" 1416 **1/1416276**
114.119.157.158 - - [16/Jan/2026:05:57:06 -0700] "GET /xlnbgql/bedtime-music-piano.html HTTP/1.1" 301 337 "https://hoteloktoberfest.com/i4pth/old-school-pimp-sayings.html" "Mozilla/5.0 (Linux; Android 7.0;) AppleWebKit/537.36 (KHTML, like Gecko) Mobile Safari/537.36 (compatible; PetalBot;+https://webmaster.petalsearch.com/site/petalbot)" 3623 **3/3623343**
114.119.157.158 - - [16/Jan/2026:05:57:10 -0700] "GET /xlnbgql/bedtime-music-piano.html HTTP/1.1" 404 59131 "https://hoteloktoberfest.com/i4pth/old-school-pimp-sayings.html" "Mozilla/5.0 (Linux; Android 7.0;) AppleWebKit/537.36 (KHTML, like Gecko) Mobile Safari/537.36 (compatible; PetalBot;+https://webmaster.petalsearch.com/site/petalbot)" 2698 **2/2698999**
216.73.216.56 - - [16/Jan/2026:05:57:48 -0700] "GET /?e=8204520ibb1 HTTP/1.1" 301 149 "-" "Mozilla/5.0 AppleWebKit/537.36 (KHTML, like Gecko; compatible; ClaudeBot/1.0; +claudebot@anthropic.com)" 1651 **1/1651167**
216.73.216.56 - - [16/Jan/2026:05:57:48 -0700] "GET /?fileloc=%2F%2Fusr%2Flib%2Ffirmware%2Fqca%2Frampatch_00230302.bin&path=%2F%2Fusr%2Flib%2Ffirmware%2Fqca HTTP/1.1" 301 149 "-" "Mozilla/5.0 AppleWebKit/537.36 (KHTML, like Gecko; compatible; ClaudeBot/1.0; +claudebot@anthropic.com)" 1703 **1/1703595**
216.73.216.56 - - [16/Jan/2026:05:57:54 -0700] "GET /?e=1761308d7b0e6 HTTP/1.1" 301 149 "-" "Mozilla/5.0 AppleWebKit/537.36 (KHTML, like Gecko; compatible; ClaudeBot/1.0; +claudebot@anthropic.com)" 3268 **3/3268665**
216.73.216.56 - - [16/Jan/2026:05:57:54 -0700] "GET /?e=5176862da910f HTTP/1.1" 301 149 "-" "Mozilla/5.0 AppleWebKit/537.36 (KHTML, like Gecko; compatible; ClaudeBot/1.0; +claudebot@anthropic.com)" 3185 **3/3185289**
216.73.216.56 - - [16/Jan/2026:05:58:25 -0700] "GET /?e=235884fc953j HTTP/1.1" 301 149 "-" "Mozilla/5.0 AppleWebKit/537.36 (KHTML, like Gecko; compatible; ClaudeBot/1.0; +claudebot@anthropic.com)" 2300 **2/2300316**
216.73.216.56 - - [16/Jan/2026:05:58:26 -0700] "GET /?e=19328965dhhh2 HTTP/1.1" 301 149 "-" "Mozilla/5.0 AppleWebKit/537.36 (KHTML, like Gecko; compatible; ClaudeBot/1.0; +claudebot@anthropic.com)" 2213 **2/2213782**
114.119.159.152 - - [16/Jan/2026:05:58:30 -0700] "GET /xlnbgql/becoming-that-girl-instagram.html HTTP/1.1" 301 337 "http://3gestudio.com/78m3665/used-5-foot-disc-harrow-for-sale.html" "Mozilla/5.0 (Linux; Android 7.0;) AppleWebKit/537.36 (KHTML, like Gecko) Mobile Safari/537.36 (compatible; PetalBot;+https://webmaster.petalsearch.com/site/petalbot)" 1856 **1/1856430**
184.168.114.89 - - [16/Jan/2026:05:58:34 -0700] "POST /wp-cron.php?doing_wp_cron=1768568314.0042119026184082031250 HTTP/1.1" 200 - "-" "WordPress/6.8.1; https://www.veronaae.com" 72 **0/72115**
216.73.216.56 - - [16/Jan/2026:05:58:32 -0700] "GET /?e=2403806i96fa0 HTTP/1.1" 301 149 "-" "Mozilla/5.0 AppleWebKit/537.36 (KHTML, like Gecko; compatible; ClaudeBot/1.0; +claudebot@anthropic.com)" 1971 **1/1971332**
114.119.159.152 - - [16/Jan/2026:05:58:32 -0700] "GET /xlnbgql/becoming-that-girl-instagram.html HTTP/1.1" 404 59131 "http://3gestudio.com/78m3665/used-5-foot-disc-harrow-for-sale.html" "Mozilla/5.0 (Linux; Android 7.0;) AppleWebKit/537.36 (KHTML, like Gecko) Mobile Safari/537.36 (compatible; PetalBot;+https://webmaster.petalsearch.com/site/petalbot)" 2256 **2/2256524**
216.73.216.56 - - [16/Jan/2026:05:58:33 -0700] "GET /?e=4335433a41bhj HTTP/1.1" 301 149 "-" "Mozilla/5.0 AppleWebKit/537.36 (KHTML, like Gecko; compatible; ClaudeBot/1.0; +claudebot@anthropic.com)" 2360 **2/2360413**
216.73.216.56 - - [16/Jan/2026:05:58:38 -0700] "GET /?e=357169042e678 HTTP/1.1" 301 149 "-" "Mozilla/5.0 AppleWebKit/537.36 (KHTML, like Gecko; compatible; ClaudeBot/1.0; +claudebot@anthropic.com)" 1789 **1/1789511**
216.73.216.56 - - [16/Jan/2026:05:58:39 -0700] "GET /?e=40666060ib0j9 HTTP/1.1" 301 149 "-" "Mozilla/5.0 AppleWebKit/537.36 (KHTML, like Gecko; compatible; ClaudeBot/1.0; +claudebot@anthropic.com)" 1543 **1/1543250**
216.73.216.56 - - [16/Jan/2026:05:58:42 -0700] "GET /?e=438640508ecg4 HTTP/1.1" 301 149 "-" "Mozilla/5.0 AppleWebKit/537.36 (KHTML, like Gecko; compatible; ClaudeBot/1.0; +claudebot@anthropic.com)" 1145 **1/1145739**
216.73.216.56 - - [16/Jan/2026:05:58:45 -0700] "GET /?e=624567a58b0i HTTP/1.1" 301 149 "-" "Mozilla/5.0 AppleWebKit/537.36 (KHTML, like Gecko; compatible; ClaudeBot/1.0; +claudebot@anthropic.com)" 1047 **1/1047977**
216.73.216.56 - - [16/Jan/2026:05:58:49 -0700] "GET /?e=4268208iddcig HTTP/1.1" 301 149 "-" "Mozilla/5.0 AppleWebKit/537.36 (KHTML, like Gecko; compatible; ClaudeBot/1.0; +claudebot@anthropic.com)" 1806 **1/1806135**
135.181.166.38 - - [16/Jan/2026:05:58:52 -0700] "GET /?e=1783190 HTTP/1.1" 301 337 "-" "Mozilla/5.0 (compatible; SERankingBacklinksBot/1.0; +https://seranking.com/backlinks-crawler)" 1520 **1/1520506**
216.73.216.56 - - [16/Jan/2026:05:58:54 -0700] "GET /?e=2203365e18j68 HTTP/1.1" 301 149 "-" "Mozilla/5.0 AppleWebKit/537.36 (KHTML, like Gecko; compatible; ClaudeBot/1.0; +claudebot@anthropic.com)" 1278 **1/1278075**
216.73.216.56 - - [16/Jan/2026:05:58:56 -0700] "GET /?e=4827125f654a5 HTTP/1.1" 301 149 "-" "Mozilla/5.0 AppleWebKit/537.36 (KHTML, like Gecko; compatible; ClaudeBot/1.0; +claudebot@anthropic.com)" 2103 **2/2103821**
216.73.216.56 - - [16/Jan/2026:05:59:01 -0700] "GET /?e=21471524h153a HTTP/1.1" 301 149 "-" "Mozilla/5.0 AppleWebKit/537.36 (KHTML, like Gecko; compatible; ClaudeBot/1.0; +claudebot@anthropic.com)" 1576 **1/1576567**
173.252.83.112 - - [16/Jan/2026:05:59:09 -0700] "GET /robots.txt HTTP/1.1" 200 454 "-" "facebookexternalhit/1.1 (+http://www.facebook.com/externalhit_uatext.php)" 1284 **1/1284095**
173.252.83.113 - - [16/Jan/2026:05:59:12 -0700] "GET / HTTP/1.1" 301 337 "-" "facebookexternalhit/1.1 (+http://www.facebook.com/externalhit_uatext.php)" 1433 **1/1433312**
216.73.216.56 - - [16/Jan/2026:05:59:34 -0700] "GET /?e=497921369h240 HTTP/1.1" 301 149 "-" "Mozilla/5.0 AppleWebKit/537.36 (KHTML, like Gecko; compatible; ClaudeBot/1.0; +claudebot@anthropic.com)" 1349 **1/1349810**
216.73.216.56 - - [16/Jan/2026:05:59:39 -0700] "GET /?e=4281825ige925 HTTP/1.1" 301 149 "-" "Mozilla/5.0 AppleWebKit/537.36 (KHTML, like Gecko; compatible; ClaudeBot/1.0; +claudebot@anthropic.com)" 1598 **1/1598317**
216.73.216.56 - - [16/Jan/2026:05:59:43 -0700] "GET /?fileloc=%2F%2Fusr%2Flib%2Fkbd%2Fkeymaps%2Fxkb%2Fca-multix.map.gz&path=%2F%2Fusr%2Flib%2Fkbd%2Fkeymaps%2Fxkb HTTP/1.1" 301 149 "-" "Mozilla/5.0 AppleWebKit/537.36 (KHTML, like Gecko; compatible; ClaudeBot/1.0; +claudebot@anthropic.com)" 888 **0/888275**
216.73.216.56 - - [16/Jan/2026:05:59:46 -0700] "GET /?e=3375015711hi4 HTTP/1.1" 301 149 "-" "Mozilla/5.0 AppleWebKit/537.36 (KHTML, like Gecko; compatible; ClaudeBot/1.0; +claudebot@anthropic.com)" 957 **0/957098**
216.73.216.56 - - [16/Jan/2026:05:59:49 -0700] "GET /?e=2926643g718je HTTP/1.1" 301 149 "-" "Mozilla/5.0 AppleWebKit/537.36 (KHTML, like Gecko; compatible; ClaudeBot/1.0; +claudebot@anthropic.com)" 1115 **1/1115180**
114.119.130.251 - - [16/Jan/2026:05:59:53 -0700] "GET /xlnbgql/bathroom-outlet-near-me.html HTTP/1.1" 301 337 "https://kesornspa.com/cpjvjn/unicorn-poop-strain-effects.html" "Mozilla/5.0 (Linux; Android 7.0;) AppleWebKit/537.36 (KHTML, like Gecko) Mobile Safari/537.36 (compatible; PetalBot;+https://webmaster.petalsearch.com/site/petalbot)" 1532 **1/1532897**
216.73.216.56 - - [16/Jan/2026:05:59:53 -0700] "GET /?e=483333920g777 HTTP/1.1" 301 149 "-" "Mozilla/5.0 AppleWebKit/537.36 (KHTML, like Gecko; compatible; ClaudeBot/1.0; +claudebot@anthropic.com)" 1580 **1/1580732**
114.119.130.251 - - [16/Jan/2026:05:59:55 -0700] "GET /xlnbgql/bathroom-outlet-near-me.html HTTP/1.1" 404 59131 "https://kesornspa.com/cpjvjn/unicorn-poop-strain-effects.html" "Mozilla/5.0 (Linux; Android 7.0;) AppleWebKit/537.36 (KHTML, like Gecko) Mobile Safari/537.36 (compatible; PetalBot;+https://webmaster.petalsearch.com/site/petalbot)" 1908 **1/1908145**
216.73.216.56 - - [16/Jan/2026:05:59:59 -0700] "GET /?e=1952135a478je HTTP/1.1" 301 149 "-" "Mozilla/5.0 AppleWebKit/537.36 (KHTML, like Gecko; compatible; ClaudeBot/1.0; +claudebot@anthropic.com)" 936 **0/936409**
57.141.20.49 - - [16/Jan/2026:06:00:02 -0700] "GET /?e=3057949g4f1ji HTTP/1.1" 301 337 "-" "meta-externalagent/1.1 (+https://developers.facebook.com/docs/sharing/webmasters/crawler)" 1995 **1/1995544**
216.73.216.56 - - [16/Jan/2026:06:00:04 -0700] "GET /?e=15366904268g1 HTTP/1.1" 301 149 "-" "Mozilla/5.0 AppleWebKit/537.36 (KHTML, like Gecko; compatible; ClaudeBot/1.0; +claudebot@anthropic.com)" 1841 **1/1841469**
57.141.20.7 - - [16/Jan/2026:06:00:16 -0700] "GET /?e=10465840e4e26 HTTP/1.1" 301 337 "-" "meta-externalagent/1.1 (+https://developers.facebook.com/docs/sharing/webmasters/crawler)" 2799 **2/2799832**
57.141.20.1 - - [16/Jan/2026:06:00:28 -0700] "GET /?e=51208011bd23g HTTP/1.1" 301 337 "-" "meta-externalagent/1.1 (+https://developers.facebook.com/docs/sharing/webmasters/crawler)" 3055 **3/3055190**
135.181.166.38 - - [16/Jan/2026:06:00:58 -0700] "GET /?e=1784234 HTTP/1.1" 301 337 "-" "Mozilla/5.0 (compatible; SERankingBacklinksBot/1.0; +https://seranking.com/backlinks-crawler)" 3517 **3/3517713**
57.141.20.58 - - [16/Jan/2026:06:01:07 -0700] "GET /?e=2357076dhccfg HTTP/1.1" 301 337 "-" "meta-externalagent/1.1 (+https://developers.facebook.com/docs/sharing/webmasters/crawler)" 2497 **2/2497608**
114.119.159.152 - - [16/Jan/2026:06:01:17 -0700] "GET /xlnbgql/bariatric-surgery-omaha-ne.html HTTP/1.1" 301 337 "https://mpg-consult.fr/u3xlee/free-sailboat-plans-pdf.html" "Mozilla/5.0 (Linux; Android 7.0;) AppleWebKit/537.36 (KHTML, like Gecko) Mobile Safari/537.36 (compatible; PetalBot;+https://webmaster.petalsearch.com/site/petalbot)" 1696 **1/1696165**
114.119.159.152 - - [16/Jan/2026:06:01:19 -0700] "GET /xlnbgql/bariatric-surgery-omaha-ne.html HTTP/1.1" 404 59131 "https://mpg-consult.fr/u3xlee/free-sailboat-plans-pdf.html" "Mozilla/5.0 (Linux; Android 7.0;) AppleWebKit/537.36 (KHTML, like Gecko) Mobile Safari/537.36 (compatible; PetalBot;+https://webmaster.petalsearch.com/site/petalbot)" 2087 **2/2087019**
216.73.216.56 - - [16/Jan/2026:06:01:22 -0700] "GET /?e=24144000f4i7i HTTP/1.1" 301 149 "-" "Mozilla/5.0 AppleWebKit/537.36 (KHTML, like Gecko; compatible; ClaudeBot/1.0; +claudebot@anthropic.com)" 2273 **2/2273323**
216.73.216.56 - - [16/Jan/2026:06:01:22 -0700] "GET /?e=894433jjai9 HTTP/1.1" 301 149 "-" "Mozilla/5.0 AppleWebKit/537.36 (KHTML, like Gecko; compatible; ClaudeBot/1.0; +claudebot@anthropic.com)" 2436 **2/2436389**
57.141.20.0 - - [16/Jan/2026:06:01:47 -0700] "GET /?e=1606337e156a7 HTTP/1.1" 301 337 "-" "meta-externalagent/1.1 (+https://developers.facebook.com/docs/sharing/webmasters/crawler)" 2571 **2/2571663**
216.73.216.56 - - [16/Jan/2026:06:01:53 -0700] "GET /?fileloc=%2F%2Flib%2Ffirmware%2Fnvidia%2Fgp106%2Fgr%2Ffecs_sig.bin&path=%2F%2Flib%2Ffirmware%2Fnvidia%2Fgp106%2Fgr HTTP/1.1" 301 149 "-" "Mozilla/5.0 AppleWebKit/537.36 (KHTML, like Gecko; compatible; ClaudeBot/1.0; +claudebot@anthropic.com)" 1144 **1/1144590**
216.73.216.56 - - [16/Jan/2026:06:01:54 -0700] "GET /?fileloc=%2F%2Flib%2Ffirmware%2Fnvidia%2Fga100%2Fgsp%2Fbootloader-570.144.bin&path=%2F%2Flib%2Ffirmware%2Fnvidia%2Fga100%2Fgsp HTTP/1.1" 301 149 "-" "Mozilla/5.0 AppleWebKit/537.36 (KHTML, like Gecko; compatible; ClaudeBot/1.0; +claudebot@anthropic.com)" 1501 **1/1501555**
216.73.216.56 - - [16/Jan/2026:06:01:58 -0700] "GET /?fileloc=%2F%2Fusr%2Flib%2Ffirmware%2Fqcom%2Fx1e80100%2Fadsp_dtb.mbn&path=%2F%2Fusr%2Flib%2Ffirmware%2Fqcom%2Fx1e80100 HTTP/1.1" 301 149 "-" "Mozilla/5.0 AppleWebKit/537.36 (KHTML, like Gecko; compatible; ClaudeBot/1.0; +claudebot@anthropic.com)" 1214 **1/1214621**
216.73.216.56 - - [16/Jan/2026:06:01:59 -0700] "GET /?fileloc=%2F%2Fusr%2Flib%2Fkbd%2Fconsolefonts%2FGohaClassic-14.psfu.gz&path=%2F%2Fusr%2Flib%2Fkbd%2Fconsolefonts HTTP/1.1" 301 149 "-" "Mozilla/5.0 AppleWebKit/537.36 (KHTML, like Gecko; compatible; ClaudeBot/1.0; +claudebot@anthropic.com)" 1508 **1/1508302**
216.73.216.56 - - [16/Jan/2026:06:02:02 -0700] "GET /?fileloc=%2F%2Flib%2Ffirmware%2Fintel%2Fvpu%2Fvpu_40xx_v0.0.bin&path=%2F%2Flib%2Ffirmware%2Fintel%2Fvpu HTTP/1.1" 301 149 "-" "Mozilla/5.0 AppleWebKit/537.36 (KHTML, like Gecko; compatible; ClaudeBot/1.0; +claudebot@anthropic.com)" 2465 **2/2465207**
