216.73.216.56 - - [17/Jan/2026:05:16:58 -0700] "GET /uv-printing?path=%2F%2Fproc%2Fthread-self%2Froot%2Fopt%2Falt%2Flibraqm HTTP/2.0" 200 2617 "-" "Mozilla/5.0 AppleWebKit/537.36 (KHTML, like Gecko; compatible; ClaudeBot/1.0; +claudebot@anthropic.com)" 722 **0/722209**
216.73.216.56 - - [17/Jan/2026:05:16:58 -0700] "GET /uv-printing?path=%2F%2Fproc%2Fthread-self%2Froot%2Fopt%2Falt%2Ft1lib HTTP/2.0" 200 2588 "-" "Mozilla/5.0 AppleWebKit/537.36 (KHTML, like Gecko; compatible; ClaudeBot/1.0; +claudebot@anthropic.com)" 738 **0/738879**
216.73.216.56 - - [17/Jan/2026:05:16:58 -0700] "GET /uv-printing?path=%2F%2Fproc%2Fthread-self%2Froot%2Fopt%2Falt%2Falt-php-config HTTP/2.0" 200 2847 "-" "Mozilla/5.0 AppleWebKit/537.36 (KHTML, like Gecko; compatible; ClaudeBot/1.0; +claudebot@anthropic.com)" 739 **0/739510**
216.73.216.56 - - [17/Jan/2026:05:16:58 -0700] "GET /uv-printing?path=%2F%2Fproc%2Fthread-self%2Froot%2Fopt%2Falt%2Faom HTTP/2.0" 200 2613 "-" "Mozilla/5.0 AppleWebKit/537.36 (KHTML, like Gecko; compatible; ClaudeBot/1.0; +claudebot@anthropic.com)" 749 **0/749328**
216.73.216.56 - - [17/Jan/2026:05:16:58 -0700] "GET /uv-printing?path=%2F%2Fproc%2Fself%2Froot%2Fproc%2Fnet%2Fstat HTTP/2.0" 200 2339 "-" "Mozilla/5.0 AppleWebKit/537.36 (KHTML, like Gecko; compatible; ClaudeBot/1.0; +claudebot@anthropic.com)" 756 **0/756857**
216.73.216.56 - - [17/Jan/2026:05:16:58 -0700] "GET /uv-printing?path=%2F%2Fproc%2Fself%2Froot%2Fusr%2Fshare%2Flibtool HTTP/2.0" 200 3242 "-" "Mozilla/5.0 AppleWebKit/537.36 (KHTML, like Gecko; compatible; ClaudeBot/1.0; +claudebot@anthropic.com)" 844 **0/844155**
216.73.216.56 - - [17/Jan/2026:05:16:58 -0700] "GET /uv-printing?path=%2F%2Fproc%2Fthread-self%2Froot%2Fusr%2Flib64%2Flibuser HTTP/2.0" 200 2677 "-" "Mozilla/5.0 AppleWebKit/537.36 (KHTML, like Gecko; compatible; ClaudeBot/1.0; +claudebot@anthropic.com)" 774 **0/774013**
216.73.216.56 - - [17/Jan/2026:05:16:58 -0700] "GET /uv-printing?fileloc=%2F%2Fproc%2Fthread-self%2Froot%2Fusr%2Flib64%2Flibpython3.6m.so&path=%2F%2Fproc%2Fthread-self%2Froot%2Fusr%2Flib64 HTTP/2.0" 200 2296 "-" "Mozilla/5.0 AppleWebKit/537.36 (KHTML, like Gecko; compatible; ClaudeBot/1.0; +claudebot@anthropic.com)" 873 **0/873460**
216.73.216.56 - - [17/Jan/2026:05:16:58 -0700] "GET /uv-printing?path=%2F%2Fproc%2Fthread-self%2Froot%2Fvar%2Frun%2Ffaillock HTTP/2.0" 200 2355 "-" "Mozilla/5.0 AppleWebKit/537.36 (KHTML, like Gecko; compatible; ClaudeBot/1.0; +claudebot@anthropic.com)" 779 **0/779685**
216.73.216.56 - - [17/Jan/2026:05:16:59 -0700] "GET /uv-printing?path=%2F%2Fproc%2Fself%2Froot%2Fusr%2Fshare%2Fmyspell HTTP/2.0" 200 3359 "-" "Mozilla/5.0 AppleWebKit/537.36 (KHTML, like Gecko; compatible; ClaudeBot/1.0; +claudebot@anthropic.com)" 809 **0/809311**
216.73.216.56 - - [17/Jan/2026:05:16:59 -0700] "GET /uv-printing?path=%2F%2Fproc%2Fthread-self%2Froot%2Fusr%2Flib64%2Fsa HTTP/2.0" 200 2660 "-" "Mozilla/5.0 AppleWebKit/537.36 (KHTML, like Gecko; compatible; ClaudeBot/1.0; +claudebot@anthropic.com)" 722 **0/722812**
216.73.216.56 - - [17/Jan/2026:05:16:59 -0700] "GET /uv-printing?fileloc=%2F%2Fproc%2Fthread-self%2Fcwd%2Fwp-includes%2FText%2FException.php&path=%2F%2Fproc%2Fthread-self%2Fcwd%2Fwp-includes%2FText HTTP/2.0" 200 2402 "-" "Mozilla/5.0 AppleWebKit/537.36 (KHTML, like Gecko; compatible; ClaudeBot/1.0; +claudebot@anthropic.com)" 718 **0/718869**
216.73.216.56 - - [17/Jan/2026:05:16:59 -0700] "GET /uv-printing?path=%2F%2Fproc%2Fthread-self%2Froot%2Fusr%2Flib64%2Fldb HTTP/2.0" 200 2774 "-" "Mozilla/5.0 AppleWebKit/537.36 (KHTML, like Gecko; compatible; ClaudeBot/1.0; +claudebot@anthropic.com)" 726 **0/726096**
216.73.216.56 - - [17/Jan/2026:05:16:59 -0700] "GET /uv-printing?path=%2F%2Fproc%2Fthread-self%2Froot%2Fvar%2Fspool%2Fcron HTTP/2.0" 200 2600 "-" "Mozilla/5.0 AppleWebKit/537.36 (KHTML, like Gecko; compatible; ClaudeBot/1.0; +claudebot@anthropic.com)" 834 **0/834495**
216.73.216.56 - - [17/Jan/2026:05:16:59 -0700] "GET /uv-printing?path=%2F%2Fproc%2Fself%2Froot%2Fproc%2Fnet%2Fnetfilter HTTP/2.0" 200 2339 "-" "Mozilla/5.0 AppleWebKit/537.36 (KHTML, like Gecko; compatible; ClaudeBot/1.0; +claudebot@anthropic.com)" 755 **0/755929**
57.141.20.24 - - [17/Jan/2026:05:16:59 -0700] "GET /?e=3017762abj36g HTTP/2.0" 200 108366 "-" "meta-externalagent/1.1 (+https://developers.facebook.com/docs/sharing/webmasters/crawler)" 928 **0/928941**
74.7.227.58 - - [17/Jan/2026:05:16:59 -0700] "GET /?path=//proc/self/root/proc/thread-self/root/proc/thread-self/root/proc/thread-self/root/proc/thread-self/root/proc/self/root/proc/self/root/proc/self/root/proc/self/root/usr/lib HTTP/2.0" 200 3709 "https://www.veronaae.com/?path=//proc/self/root/proc/thread-self/root/proc/thread-self/root/proc/thread-self/root/proc/thread-self/root/proc/self/root/proc/self/root/proc/self/root/proc/self/root/usr" "Mozilla/5.0 AppleWebKit/537.36 (KHTML, like Gecko; compatible; GPTBot/1.3; +https://openai.com/gptbot)" 1505 **1/1505800**
216.73.216.56 - - [17/Jan/2026:05:16:59 -0700] "GET /uv-printing?path=%2F%2Fproc%2Fthread-self%2Froot%2Fopt%2Falt%2Fopenssl HTTP/2.0" 200 2643 "-" "Mozilla/5.0 AppleWebKit/537.36 (KHTML, like Gecko; compatible; ClaudeBot/1.0; +claudebot@anthropic.com)" 961 **0/961213**
216.73.216.56 - - [17/Jan/2026:05:16:59 -0700] "GET /uv-printing?path=%2F%2Fproc%2Fself%2Froot%2Fusr%2Fshare%2Fautoconf HTTP/2.0" 200 2806 "-" "Mozilla/5.0 AppleWebKit/537.36 (KHTML, like Gecko; compatible; ClaudeBot/1.0; +claudebot@anthropic.com)" 889 **0/889198**
216.73.216.56 - - [17/Jan/2026:05:17:00 -0700] "GET /uv-printing?path=%2F%2Fproc%2Fthread-self%2Fcwd%2Fwp-includes%2Frest-api%2Fendpoints HTTP/2.0" 200 3844 "-" "Mozilla/5.0 AppleWebKit/537.36 (KHTML, like Gecko; compatible; ClaudeBot/1.0; +claudebot@anthropic.com)" 890 **0/890039**
216.73.216.56 - - [17/Jan/2026:05:17:00 -0700] "GET /uv-printing?fileloc=%2F%2Fproc%2Fthread-self%2Froot%2Fusr%2Flib64%2Flibbasicobjects.so.0&path=%2F%2Fproc%2Fthread-self%2Froot%2Fusr%2Flib64 HTTP/2.0" 200 2297 "-" "Mozilla/5.0 AppleWebKit/537.36 (KHTML, like Gecko; compatible; ClaudeBot/1.0; +claudebot@anthropic.com)" 959 **0/959217**
66.249.75.75 - - [17/Jan/2026:05:16:55 -0700] "GET /?e=8491771ca23f HTTP/1.1" 200 21757 "-" "Mozilla/5.0 (Linux; Android 6.0.1; Nexus 5X Build/MMB29P) AppleWebKit/537.36 (KHTML, like Gecko) Chrome/143.0.7499.192 Mobile Safari/537.36 (compatible; Googlebot/2.1; +http://www.google.com/bot.html)" 6134 **6/6134198**
216.73.216.56 - - [17/Jan/2026:05:17:00 -0700] "GET /uv-printing?path=%2F%2Fproc%2Fself%2Froot%2Fproc%2Fnet%2Fdev_snmp6 HTTP/2.0" 200 2343 "-" "Mozilla/5.0 AppleWebKit/537.36 (KHTML, like Gecko; compatible; ClaudeBot/1.0; +claudebot@anthropic.com)" 1001 **1/1001187**
216.73.216.56 - - [17/Jan/2026:05:17:00 -0700] "GET /uv-printing?path=%2F%2Fproc%2Fself%2Froot%2Fproc%2Fself%2Fattr HTTP/2.0" 200 2724 "-" "Mozilla/5.0 AppleWebKit/537.36 (KHTML, like Gecko; compatible; ClaudeBot/1.0; +claudebot@anthropic.com)" 911 **0/911258**
216.73.216.56 - - [17/Jan/2026:05:17:00 -0700] "GET /uv-printing?path=%2F%2Fproc%2Fself%2Froot%2Fproc%2Ftty%2Fldisc HTTP/2.0" 200 2339 "-" "Mozilla/5.0 AppleWebKit/537.36 (KHTML, like Gecko; compatible; ClaudeBot/1.0; +claudebot@anthropic.com)" 822 **0/822528**
216.73.216.56 - - [17/Jan/2026:05:17:00 -0700] "GET /uv-printing?path=%2F%2Fproc%2Fthread-self%2Froot%2Fusr%2Flib64%2Ffipscheck HTTP/2.0" 200 2690 "-" "Mozilla/5.0 AppleWebKit/537.36 (KHTML, like Gecko; compatible; ClaudeBot/1.0; +claudebot@anthropic.com)" 1035 **1/1035242**
216.73.216.56 - - [17/Jan/2026:05:17:00 -0700] "GET /uv-printing?path=%2F%2Fproc%2Fself%2Froot%2Fusr%2Fshare%2Flibgpg-error HTTP/2.0" 200 2611 "-" "Mozilla/5.0 AppleWebKit/537.36 (KHTML, like Gecko; compatible; ClaudeBot/1.0; +claudebot@anthropic.com)" 944 **0/944402**
57.141.20.53 - - [17/Jan/2026:05:17:00 -0700] "GET /?e=67520hae27e HTTP/2.0" 200 108366 "-" "meta-externalagent/1.1 (+https://developers.facebook.com/docs/sharing/webmasters/crawler)" 915 **0/915023**
216.73.216.56 - - [17/Jan/2026:05:17:00 -0700] "GET /uv-printing?path=%2F%2Fproc%2Fthread-self%2Froot%2Fusr%2Flib64%2Fxtables HTTP/2.0" 200 5569 "-" "Mozilla/5.0 AppleWebKit/537.36 (KHTML, like Gecko; compatible; ClaudeBot/1.0; +claudebot@anthropic.com)" 1054 **1/1054637**
216.73.216.56 - - [17/Jan/2026:05:17:01 -0700] "GET /uv-printing?path=%2F%2Fproc%2Fthread-self%2Froot%2Fusr%2Flib64%2Fgio HTTP/2.0" 200 2589 "-" "Mozilla/5.0 AppleWebKit/537.36 (KHTML, like Gecko; compatible; ClaudeBot/1.0; +claudebot@anthropic.com)" 987 **0/987879**
74.7.227.58 - - [17/Jan/2026:05:17:00 -0700] "GET /?path=//proc/self/root/proc/thread-self/root/proc/thread-self/root/proc/thread-self/root/proc/thread-self/root/proc/self/root/proc/self/root/proc/self/root/proc/self/root/var/cache/man/nl HTTP/2.0" 200 2894 "https://www.veronaae.com/?path=//proc/self/root/proc/thread-self/root/proc/thread-self/root/proc/thread-self/root/proc/thread-self/root/proc/self/root/proc/self/root/proc/self/root/proc/self/root/var/cache/man" "Mozilla/5.0 AppleWebKit/537.36 (KHTML, like Gecko; compatible; GPTBot/1.3; +https://openai.com/gptbot)" 1139 **1/1139216**
216.73.216.56 - - [17/Jan/2026:05:17:01 -0700] "GET /uv-printing?path=%2F%2Fproc%2Fself%2Froot%2Fusr%2Fshare%2Fcmake HTTP/2.0" 200 2666 "-" "Mozilla/5.0 AppleWebKit/537.36 (KHTML, like Gecko; compatible; ClaudeBot/1.0; +claudebot@anthropic.com)" 935 **0/935430**
216.73.216.56 - - [17/Jan/2026:05:17:01 -0700] "GET /uv-printing?path=%2F%2Fproc%2Fthread-self%2Froot%2Fvar%2Frun%2Fdbus HTTP/2.0" 200 2351 "-" "Mozilla/5.0 AppleWebKit/537.36 (KHTML, like Gecko; compatible; ClaudeBot/1.0; +claudebot@anthropic.com)" 950 **0/950576**
216.73.216.56 - - [17/Jan/2026:05:17:01 -0700] "GET /uv-printing?fileloc=%2F%2Fproc%2Fself%2Froot%2Fusr%2Fbin%2Frecode&path=%2F%2Fproc%2Fself%2Froot%2Fusr%2Fbin HTTP/2.0" 200 2286 "-" "Mozilla/5.0 AppleWebKit/537.36 (KHTML, like Gecko; compatible; ClaudeBot/1.0; +claudebot@anthropic.com)" 921 **0/921977**
216.73.216.56 - - [17/Jan/2026:05:17:01 -0700] "GET /uv-printing?path=%2F%2Fproc%2Fself%2Froot%2Fetc%2Fsecurity%2Fconsole.perms.d HTTP/2.0" 200 2350 "-" "Mozilla/5.0 AppleWebKit/537.36 (KHTML, like Gecko; compatible; ClaudeBot/1.0; +claudebot@anthropic.com)" 1299 **1/1299412**
216.73.216.56 - - [17/Jan/2026:05:17:01 -0700] "GET /uv-printing?path=%2F%2Fproc%2Fthread-self%2Froot%2Fvar%2Fspool%2Fat HTTP/2.0" 200 2347 "-" "Mozilla/5.0 AppleWebKit/537.36 (KHTML, like Gecko; compatible; ClaudeBot/1.0; +claudebot@anthropic.com)" 1141 **1/1141887**
216.73.216.56 - - [17/Jan/2026:05:17:01 -0700] "GET /uv-printing?fileloc=%2F%2Fproc%2Fthread-self%2Froot%2Fusr%2Flib64%2Flibpython2.7.so&path=%2F%2Fproc%2Fthread-self%2Froot%2Fusr%2Flib64 HTTP/2.0" 200 2296 "-" "Mozilla/5.0 AppleWebKit/537.36 (KHTML, like Gecko; compatible; ClaudeBot/1.0; +claudebot@anthropic.com)" 865 **0/865112**
216.73.216.56 - - [17/Jan/2026:05:17:01 -0700] "GET /uv-printing?path=%2F%2Fproc%2Fthread-self%2Froot%2Fusr%2Flib64%2Fcmake HTTP/2.0" 200 2632 "-" "Mozilla/5.0 AppleWebKit/537.36 (KHTML, like Gecko; compatible; ClaudeBot/1.0; +claudebot@anthropic.com)" 1131 **1/1131493**
216.73.216.56 - - [17/Jan/2026:05:17:01 -0700] "GET /uv-printing?path=%2F%2Fproc%2Fself%2Froot%2Fproc%2Fnet%2Frpc HTTP/2.0" 200 2337 "-" "Mozilla/5.0 AppleWebKit/537.36 (KHTML, like Gecko; compatible; ClaudeBot/1.0; +claudebot@anthropic.com)" 966 **0/966666**
216.73.216.56 - - [17/Jan/2026:05:17:02 -0700] "GET /uv-printing?path=%2F%2Fproc%2Fthread-self%2Froot%2Fusr%2Flib64%2Fpm-utils HTTP/2.0" 200 2646 "-" "Mozilla/5.0 AppleWebKit/537.36 (KHTML, like Gecko; compatible; ClaudeBot/1.0; +claudebot@anthropic.com)" 994 **0/994505**
74.7.227.58 - - [17/Jan/2026:05:17:02 -0700] "GET /?path=//proc/self/root/proc/thread-self/root/proc/thread-self/root/proc/thread-self/root/proc/thread-self/root/proc/self/root/proc/self/root/proc/self/root/proc/self/root/var/cache/man/cs HTTP/2.0" 200 2894 "https://www.veronaae.com/?path=//proc/self/root/proc/thread-self/root/proc/thread-self/root/proc/thread-self/root/proc/thread-self/root/proc/self/root/proc/self/root/proc/self/root/proc/self/root/var/cache/man" "Mozilla/5.0 AppleWebKit/537.36 (KHTML, like Gecko; compatible; GPTBot/1.3; +https://openai.com/gptbot)" 875 **0/875362**
216.73.216.56 - - [17/Jan/2026:05:17:02 -0700] "GET /uv-printing?path=%2F%2Fproc%2Fself%2Froot%2Fusr%2Fshare%2Fcracklib HTTP/2.0" 200 2610 "-" "Mozilla/5.0 AppleWebKit/537.36 (KHTML, like Gecko; compatible; ClaudeBot/1.0; +claudebot@anthropic.com)" 828 **0/828324**
57.141.20.14 - - [17/Jan/2026:05:17:02 -0700] "GET /?e=28676744h926b HTTP/2.0" 200 108366 "-" "meta-externalagent/1.1 (+https://developers.facebook.com/docs/sharing/webmasters/crawler)" 907 **0/907582**
216.73.216.56 - - [17/Jan/2026:05:17:02 -0700] "GET /uv-printing?path=%2F%2Fproc%2Fself%2Froot%2Fusr%2Fshare%2Fadobe HTTP/2.0" 200 2587 "-" "Mozilla/5.0 AppleWebKit/537.36 (KHTML, like Gecko; compatible; ClaudeBot/1.0; +claudebot@anthropic.com)" 1194 **1/1194192**
216.73.216.56 - - [17/Jan/2026:05:17:02 -0700] "GET /uv-printing?path=%2F%2Fproc%2Fthread-self%2Froot%2Fopt%2Falt%2Flibxml2 HTTP/2.0" 200 2590 "-" "Mozilla/5.0 AppleWebKit/537.36 (KHTML, like Gecko; compatible; ClaudeBot/1.0; +claudebot@anthropic.com)" 959 **0/959913**
57.141.20.45 - - [17/Jan/2026:05:17:02 -0700] "GET /?e=4280736a5a426 HTTP/2.0" 200 108366 "-" "meta-externalagent/1.1 (+https://developers.facebook.com/docs/sharing/webmasters/crawler)" 999 **0/999330**
216.73.216.56 - - [17/Jan/2026:05:17:02 -0700] "GET /uv-printing?path=%2F%2Fproc%2Fthread-self%2Froot%2Fopt%2Falt%2Flibssh211 HTTP/2.0" 200 2592 "-" "Mozilla/5.0 AppleWebKit/537.36 (KHTML, like Gecko; compatible; ClaudeBot/1.0; +claudebot@anthropic.com)" 1153 **1/1153376**
216.73.216.56 - - [17/Jan/2026:05:17:02 -0700] "GET /uv-printing?path=%2F%2Fproc%2Fthread-self%2Froot%2Fopt%2Falt%2Ftests HTTP/2.0" 200 10702 "-" "Mozilla/5.0 AppleWebKit/537.36 (KHTML, like Gecko; compatible; ClaudeBot/1.0; +claudebot@anthropic.com)" 1150 **1/1150141**
216.73.216.56 - - [17/Jan/2026:05:17:03 -0700] "GET /uv-printing?path=%2F%2Fproc%2Fthread-self%2Fcwd%2Fwp-includes%2FText%2FDiff HTTP/2.0" 200 2703 "-" "Mozilla/5.0 AppleWebKit/537.36 (KHTML, like Gecko; compatible; ClaudeBot/1.0; +claudebot@anthropic.com)" 1079 **1/1079235**
86.98.66.248 - - [17/Jan/2026:05:17:03 -0700] "GET / HTTP/2.0" 200 4315 "https://www.google.com/url?q=https://www.veronaae.com/&sa=U&sqi=2&ved=2ahUKEwi8h-35xpKSAxWygf0HHakxBY4QFnoECCUQAQ&usg=AOvVaw3HWofJYWlOZZ3oG5CdlhKQ" "Mozilla/5.0 (iPhone; CPU iPhone OS 18_6_2 like Mac OS X) AppleWebKit/605.1.15 (KHTML, like Gecko) GSA/403.0.853868894 Mobile/15E148 Safari/604.1" 1087 **1/1087389**
216.73.216.56 - - [17/Jan/2026:05:17:03 -0700] "GET /uv-printing?path=%2F%2Fproc%2Fthread-self%2Froot%2Fusr%2Flib64%2Fgettext HTTP/2.0" 200 2758 "-" "Mozilla/5.0 AppleWebKit/537.36 (KHTML, like Gecko; compatible; ClaudeBot/1.0; +claudebot@anthropic.com)" 1094 **1/1094120**
216.73.216.56 - - [17/Jan/2026:05:17:03 -0700] "GET /uv-printing?path=%2F%2Fproc%2Fself%2Froot%2Fusr%2Fshare%2Fbison HTTP/2.0" 200 3139 "-" "Mozilla/5.0 AppleWebKit/537.36 (KHTML, like Gecko; compatible; ClaudeBot/1.0; +claudebot@anthropic.com)" 1278 **1/1278789**
216.73.216.56 - - [17/Jan/2026:05:17:03 -0700] "GET /uv-printing?path=%2F%2Fproc%2Fself%2Froot%2Fusr%2Fshare%2Fscreen HTTP/2.0" 200 2591 "-" "Mozilla/5.0 AppleWebKit/537.36 (KHTML, like Gecko; compatible; ClaudeBot/1.0; +claudebot@anthropic.com)" 1103 **1/1103562**
66.249.75.75 - - [17/Jan/2026:05:17:02 -0700] "GET /?v=colour-96469654 HTTP/1.1" 200 21965 "-" "Mozilla/5.0 (Linux; Android 6.0.1; Nexus 5X Build/MMB29P) AppleWebKit/537.36 (KHTML, like Gecko) Chrome/143.0.7499.192 Mobile Safari/537.36 (compatible; Googlebot/2.1; +http://www.google.com/bot.html)" 1748 **1/1748489**
216.73.216.56 - - [17/Jan/2026:05:17:03 -0700] "GET /uv-printing?path=%2F%2Fproc%2Fself%2Froot%2Fproc%2Fself%2Fnet HTTP/2.0" 200 3719 "-" "Mozilla/5.0 AppleWebKit/537.36 (KHTML, like Gecko; compatible; ClaudeBot/1.0; +claudebot@anthropic.com)" 1402 **1/1402579**
216.73.216.56 - - [17/Jan/2026:05:17:03 -0700] "GET /uv-printing?fileloc=%2F%2Fproc%2Fself%2Froot%2Fusr%2Fselector%2Fphp-cli&path=%2F%2Fproc%2Fself%2Froot%2Fusr%2Fselector HTTP/2.0" 200 2288 "-" "Mozilla/5.0 AppleWebKit/537.36 (KHTML, like Gecko; compatible; ClaudeBot/1.0; +claudebot@anthropic.com)" 1319 **1/1319198**
74.7.227.58 - - [17/Jan/2026:05:17:03 -0700] "GET /?fileloc=//proc/self/root/proc/thread-self/root/proc/thread-self/root/proc/thread-self/root/proc/thread-self/root/proc/self/root/proc/self/root/proc/self/root/proc/self/root/usr/include/tar.h&path=//proc/self/root/proc/thread-self/root/proc/thread-self/root/proc/thread-self/root/proc/thread-self/root/proc/self/root/proc/self/root/proc/self/root/proc/self/root/usr/include HTTP/2.0" 200 4087 "https://www.veronaae.com/?path=//proc/self/root/proc/thread-self/root/proc/thread-self/root/proc/thread-self/root/proc/thread-self/root/proc/self/root/proc/self/root/proc/self/root/proc/self/root/usr/include" "Mozilla/5.0 AppleWebKit/537.36 (KHTML, like Gecko; compatible; GPTBot/1.3; +https://openai.com/gptbot)" 1387 **1/1387484**
216.73.216.56 - - [17/Jan/2026:05:17:04 -0700] "GET /uv-printing?fileloc=%2F%2Fproc%2Fself%2Froot%2Fusr%2Fbin%2Fcpp&path=%2F%2Fproc%2Fself%2Froot%2Fusr%2Fbin HTTP/2.0" 200 2284 "-" "Mozilla/5.0 AppleWebKit/537.36 (KHTML, like Gecko; compatible; ClaudeBot/1.0; +claudebot@anthropic.com)" 883 **0/883977**
216.73.216.56 - - [17/Jan/2026:05:17:03 -0700] "GET /uv-printing?fileloc=%2F%2Fproc%2Fthread-self%2Froot%2Fusr%2Flib64%2Flibpython3.so&path=%2F%2Fproc%2Fthread-self%2Froot%2Fusr%2Flib64 HTTP/2.0" 200 2294 "-" "Mozilla/5.0 AppleWebKit/537.36 (KHTML, like Gecko; compatible; ClaudeBot/1.0; +claudebot@anthropic.com)" 1167 **1/1167337**
216.73.216.56 - - [17/Jan/2026:05:17:04 -0700] "GET /uv-printing?path=%2F%2Fproc%2Fthread-self%2Froot%2Fvar%2Frun%2Fscreen HTTP/2.0" 200 2342 "-" "Mozilla/5.0 AppleWebKit/537.36 (KHTML, like Gecko; compatible; ClaudeBot/1.0; +claudebot@anthropic.com)" 652 **0/652592**
216.73.216.56 - - [17/Jan/2026:05:17:04 -0700] "GET /uv-printing?fileloc=%2F%2Fproc%2Fself%2Froot%2Fusr%2Fbin%2Fvimdiff&path=%2F%2Fproc%2Fself%2Froot%2Fusr%2Fbin HTTP/2.0" 200 2286 "-" "Mozilla/5.0 AppleWebKit/537.36 (KHTML, like Gecko; compatible; ClaudeBot/1.0; +claudebot@anthropic.com)" 835 **0/835798**
216.73.216.56 - - [17/Jan/2026:05:17:04 -0700] "GET /uv-printing?path=%2F%2Fproc%2Fthread-self%2Froot%2Fusr%2Flib64%2Fpkgconfig HTTP/2.0" 200 5083 "-" "Mozilla/5.0 AppleWebKit/537.36 (KHTML, like Gecko; compatible; ClaudeBot/1.0; +claudebot@anthropic.com)" 730 **0/730918**
216.73.216.56 - - [17/Jan/2026:05:17:04 -0700] "GET /uv-printing?path=%2F%2Fproc%2Fself%2Froot%2Fproc%2Fself%2Ffd HTTP/2.0" 200 2695 "-" "Mozilla/5.0 AppleWebKit/537.36 (KHTML, like Gecko; compatible; ClaudeBot/1.0; +claudebot@anthropic.com)" 1000 **1/1000633**
216.73.216.56 - - [17/Jan/2026:05:17:04 -0700] "GET /uv-printing?path=%2F%2Fproc%2Fthread-self%2Froot%2Fusr%2Flib64%2Fgssproxy HTTP/2.0" 200 2621 "-" "Mozilla/5.0 AppleWebKit/537.36 (KHTML, like Gecko; compatible; ClaudeBot/1.0; +claudebot@anthropic.com)" 830 **0/830713**
216.73.216.56 - - [17/Jan/2026:05:17:04 -0700] "GET /uv-printing?path=%2F%2Fproc%2Fthread-self%2Froot%2Fusr%2Flib64%2Fgawk HTTP/2.0" 200 2933 "-" "Mozilla/5.0 AppleWebKit/537.36 (KHTML, like Gecko; compatible; ClaudeBot/1.0; +claudebot@anthropic.com)" 769 **0/769036**
216.73.216.56 - - [17/Jan/2026:05:17:04 -0700] "GET /uv-printing?path=%2F%2Fproc%2Fthread-self%2Froot%2Fopt%2Falt%2Fphp74-imunify HTTP/2.0" 200 2355 "-" "Mozilla/5.0 AppleWebKit/537.36 (KHTML, like Gecko; compatible; ClaudeBot/1.0; +claudebot@anthropic.com)" 675 **0/675677**
216.73.216.56 - - [17/Jan/2026:05:17:05 -0700] "GET /uv-printing?path=%2F%2Fproc%2Fself%2Froot%2Fetc%2Fsecurity%2Flimits.d HTTP/2.0" 200 2611 "-" "Mozilla/5.0 AppleWebKit/537.36 (KHTML, like Gecko; compatible; ClaudeBot/1.0; +claudebot@anthropic.com)" 632 **0/632231**
216.73.216.56 - - [17/Jan/2026:05:17:05 -0700] "GET /uv-printing?path=%2F%2Fproc%2Fself%2Froot%2Fusr%2Fshare%2Fmisc HTTP/2.0" 200 2642 "-" "Mozilla/5.0 AppleWebKit/537.36 (KHTML, like Gecko; compatible; ClaudeBot/1.0; +claudebot@anthropic.com)" 680 **0/680748**
74.7.227.58 - - [17/Jan/2026:05:17:05 -0700] "GET /?fileloc=//proc/self/root/proc/thread-self/root/proc/thread-self/root/proc/thread-self/root/proc/thread-self/root/proc/self/root/proc/self/root/proc/self/root/proc/self/root/usr/include/zlib.h&path=//proc/self/root/proc/thread-self/root/proc/thread-self/root/proc/thread-self/root/proc/thread-self/root/proc/self/root/proc/self/root/proc/self/root/proc/self/root/usr/include HTTP/2.0" 200 27598 "https://www.veronaae.com/?path=//proc/self/root/proc/thread-self/root/proc/thread-self/root/proc/thread-self/root/proc/thread-self/root/proc/self/root/proc/self/root/proc/self/root/proc/self/root/usr/include" "Mozilla/5.0 AppleWebKit/537.36 (KHTML, like Gecko; compatible; GPTBot/1.3; +https://openai.com/gptbot)" 695 **0/695739**
216.73.216.56 - - [17/Jan/2026:05:17:05 -0700] "GET /uv-printing?path=%2F%2Fproc%2Fself%2Froot%2Fetc%2Fsecurity%2Fconsole.apps HTTP/2.0" 200 2649 "-" "Mozilla/5.0 AppleWebKit/537.36 (KHTML, like Gecko; compatible; ClaudeBot/1.0; +claudebot@anthropic.com)" 799 **0/799725**
216.73.216.56 - - [17/Jan/2026:05:17:05 -0700] "GET /uv-printing?fileloc=%2F%2Fproc%2Fself%2Froot%2Fusr%2Fbin%2Fpython3.6m&path=%2F%2Fproc%2Fself%2Froot%2Fusr%2Fbin HTTP/2.0" 200 2289 "-" "Mozilla/5.0 AppleWebKit/537.36 (KHTML, like Gecko; compatible; ClaudeBot/1.0; +claudebot@anthropic.com)" 710 **0/710364**
216.73.216.56 - - [17/Jan/2026:05:17:05 -0700] "GET /uv-printing?path=%2F%2Fproc%2Fthread-self%2Froot%2Fopt%2Falt%2Flibssh2 HTTP/2.0" 200 2590 "-" "Mozilla/5.0 AppleWebKit/537.36 (KHTML, like Gecko; compatible; ClaudeBot/1.0; +claudebot@anthropic.com)" 813 **0/813372**
216.73.216.56 - - [17/Jan/2026:05:17:05 -0700] "GET /uv-printing?path=%2F%2Fproc%2Fthread-self%2Froot%2Fusr%2Flib64%2Fsecurity HTTP/2.0" 200 4368 "-" "Mozilla/5.0 AppleWebKit/537.36 (KHTML, like Gecko; compatible; ClaudeBot/1.0; +claudebot@anthropic.com)" 818 **0/818720**
57.141.20.33 - - [17/Jan/2026:05:17:05 -0700] "GET /?e=1592988632c0b HTTP/2.0" 200 108366 "-" "meta-externalagent/1.1 (+https://developers.facebook.com/docs/sharing/webmasters/crawler)" 853 **0/853893**
216.73.216.56 - - [17/Jan/2026:05:17:05 -0700] "GET /uv-printing?path=%2F%2Fproc%2Fself%2Froot%2Fproc%2Ftty%2Fdriver HTTP/2.0" 200 2338 "-" "Mozilla/5.0 AppleWebKit/537.36 (KHTML, like Gecko; compatible; ClaudeBot/1.0; +claudebot@anthropic.com)" 842 **0/842681**
216.73.216.56 - - [17/Jan/2026:05:17:05 -0700] "GET /uv-printing?path=%2F%2Fproc%2Fthread-self%2Froot%2Fvar%2Frun%2Fsystemd HTTP/2.0" 200 2587 "-" "Mozilla/5.0 AppleWebKit/537.36 (KHTML, like Gecko; compatible; ClaudeBot/1.0; +claudebot@anthropic.com)" 943 **0/943321**
216.73.216.56 - - [17/Jan/2026:05:17:05 -0700] "GET /uv-printing?path=%2F%2Fproc%2Fself%2Froot%2Fproc%2Fself%2Fmap_files HTTP/2.0" 200 2328 "-" "Mozilla/5.0 AppleWebKit/537.36 (KHTML, like Gecko; compatible; ClaudeBot/1.0; +claudebot@anthropic.com)" 949 **0/949616**
216.73.216.56 - - [17/Jan/2026:05:17:05 -0700] "GET /uv-printing?path=%2F%2Fproc%2Fthread-self%2Froot%2Fusr%2Flib64%2Frpm-plugins HTTP/2.0" 200 2661 "-" "Mozilla/5.0 AppleWebKit/537.36 (KHTML, like Gecko; compatible; ClaudeBot/1.0; +claudebot@anthropic.com)" 882 **0/882065**
57.141.20.18 - - [17/Jan/2026:05:17:05 -0700] "GET /?e=4316020c244j9 HTTP/2.0" 200 108366 "-" "meta-externalagent/1.1 (+https://developers.facebook.com/docs/sharing/webmasters/crawler)" 954 **0/954568**
216.73.216.56 - - [17/Jan/2026:05:17:06 -0700] "GET /uv-printing?path=%2F%2Fproc%2Fself%2Froot%2Fusr%2Fshare%2Ftabset HTTP/2.0" 200 2687 "-" "Mozilla/5.0 AppleWebKit/537.36 (KHTML, like Gecko; compatible; ClaudeBot/1.0; +claudebot@anthropic.com)" 870 **0/870485**
216.73.216.56 - - [17/Jan/2026:05:17:06 -0700] "GET /uv-printing?path=%2F%2Fproc%2Fthread-self%2Froot%2Fvar%2Frun%2Fconsole HTTP/2.0" 200 2352 "-" "Mozilla/5.0 AppleWebKit/537.36 (KHTML, like Gecko; compatible; ClaudeBot/1.0; +claudebot@anthropic.com)" 786 **0/786622**
74.7.227.58 - - [17/Jan/2026:05:17:06 -0700] "GET /?path=//proc/self/root/proc/thread-self/root/proc/thread-self/root/proc/thread-self/root/proc/thread-self/root/proc/self/root/proc/self/root/proc/self/root/proc/self/root/usr/include/netax25 HTTP/2.0" 200 2717 "https://www.veronaae.com/?path=//proc/self/root/proc/thread-self/root/proc/thread-self/root/proc/thread-self/root/proc/thread-self/root/proc/self/root/proc/self/root/proc/self/root/proc/self/root/usr/include" "Mozilla/5.0 AppleWebKit/537.36 (KHTML, like Gecko; compatible; GPTBot/1.3; +https://openai.com/gptbot)" 903 **0/903135**
216.73.216.56 - - [17/Jan/2026:05:17:06 -0700] "GET /uv-printing?path=%2F%2Fproc%2Fthread-self%2Froot%2Fopt%2Falt%2Fpostgresql11 HTTP/2.0" 200 2594 "-" "Mozilla/5.0 AppleWebKit/537.36 (KHTML, like Gecko; compatible; ClaudeBot/1.0; +claudebot@anthropic.com)" 806 **0/806090**
216.73.216.56 - - [17/Jan/2026:05:17:06 -0700] "GET /uv-printing?path=%2F%2Fproc%2Fself%2Froot%2Fusr%2Fshare%2Fxml HTTP/2.0" 200 2584 "-" "Mozilla/5.0 AppleWebKit/537.36 (KHTML, like Gecko; compatible; ClaudeBot/1.0; +claudebot@anthropic.com)" 901 **0/901161**
216.73.216.56 - - [17/Jan/2026:05:17:06 -0700] "GET /uv-printing?fileloc=%2F%2Fproc%2Fself%2Froot%2Fusr%2Fbin%2Fpython3.6&path=%2F%2Fproc%2Fself%2Froot%2Fusr%2Fbin HTTP/2.0" 200 2288 "-" "Mozilla/5.0 AppleWebKit/537.36 (KHTML, like Gecko; compatible; ClaudeBot/1.0; +claudebot@anthropic.com)" 816 **0/816338**
216.73.216.56 - - [17/Jan/2026:05:17:06 -0700] "GET /uv-printing?fileloc=%2F%2Fproc%2Fself%2Froot%2Fusr%2Fbin%2Fpython2.7&path=%2F%2Fproc%2Fself%2Froot%2Fusr%2Fbin HTTP/2.0" 200 2288 "-" "Mozilla/5.0 AppleWebKit/537.36 (KHTML, like Gecko; compatible; ClaudeBot/1.0; +claudebot@anthropic.com)" 764 **0/764750**
216.73.216.56 - - [17/Jan/2026:05:17:06 -0700] "GET /uv-printing?fileloc=%2F%2Fproc%2Fself%2Froot%2Fusr%2Fbin%2Fpython3&path=%2F%2Fproc%2Fself%2Froot%2Fusr%2Fbin HTTP/2.0" 200 2286 "-" "Mozilla/5.0 AppleWebKit/537.36 (KHTML, like Gecko; compatible; ClaudeBot/1.0; +claudebot@anthropic.com)" 746 **0/746938**
216.73.216.56 - - [17/Jan/2026:05:17:06 -0700] "GET /uv-printing?path=%2F%2Fproc%2Fself%2Froot%2Fusr%2Fshare%2Fawk HTTP/2.0" 200 3342 "-" "Mozilla/5.0 AppleWebKit/537.36 (KHTML, like Gecko; compatible; ClaudeBot/1.0; +claudebot@anthropic.com)" 680 **0/680084**
216.73.216.56 - - [17/Jan/2026:05:17:07 -0700] "GET /uv-printing?path=%2F%2Fproc%2Fthread-self%2Fcwd%2Fwp-includes%2Frest-api%2Ffields HTTP/2.0" 200 2808 "-" "Mozilla/5.0 AppleWebKit/537.36 (KHTML, like Gecko; compatible; ClaudeBot/1.0; +claudebot@anthropic.com)" 775 **0/775714**
216.73.216.56 - - [17/Jan/2026:05:17:07 -0700] "GET /uv-printing?path=%2F%2Fproc%2Fself%2Froot%2Fusr%2Fshare%2Fmodulefiles HTTP/2.0" 200 2348 "-" "Mozilla/5.0 AppleWebKit/537.36 (KHTML, like Gecko; compatible; ClaudeBot/1.0; +claudebot@anthropic.com)" 697 **0/697249**
57.141.20.6 - - [17/Jan/2026:05:17:07 -0700] "GET /?e=35940747i0i81 HTTP/2.0" 200 108366 "-" "meta-externalagent/1.1 (+https://developers.facebook.com/docs/sharing/webmasters/crawler)" 789 **0/789352**
216.73.216.56 - - [17/Jan/2026:05:17:07 -0700] "GET /uv-printing?path=%2F%2Fproc%2Fthread-self%2Froot%2Fusr%2Flib64%2Fbind HTTP/2.0" 200 2350 "-" "Mozilla/5.0 AppleWebKit/537.36 (KHTML, like Gecko; compatible; ClaudeBot/1.0; +claudebot@anthropic.com)" 795 **0/795841**
216.73.216.56 - - [17/Jan/2026:05:17:07 -0700] "GET /uv-printing?path=%2F%2Fproc%2Fthread-self%2Froot%2Fopt%2Falt%2Fphp81 HTTP/2.0" 200 2676 "-" "Mozilla/5.0 AppleWebKit/537.36 (KHTML, like Gecko; compatible; ClaudeBot/1.0; +claudebot@anthropic.com)" 714 **0/714952**
74.7.227.58 - - [17/Jan/2026:05:17:07 -0700] "GET /?fileloc=//proc/self/root/proc/thread-self/root/proc/thread-self/root/proc/thread-self/root/proc/thread-self/root/proc/self/root/proc/self/root/proc/self/root/proc/self/root/usr/include/search.h&path=//proc/self/root/proc/thread-self/root/proc/thread-self/root/proc/thread-self/root/proc/thread-self/root/proc/self/root/proc/self/root/proc/self/root/proc/self/root/usr/include HTTP/2.0" 200 4360 "https://www.veronaae.com/?path=//proc/self/root/proc/thread-self/root/proc/thread-self/root/proc/thread-self/root/proc/thread-self/root/proc/self/root/proc/self/root/proc/self/root/proc/self/root/usr/include" "Mozilla/5.0 AppleWebKit/537.36 (KHTML, like Gecko; compatible; GPTBot/1.3; +https://openai.com/gptbot)" 728 **0/728363**
216.73.216.56 - - [17/Jan/2026:05:17:07 -0700] "GET /uv-printing?path=%2F%2Fproc%2Fthread-self%2Froot%2Fusr%2Flib64%2Fbind9-export HTTP/2.0" 200 2850 "-" "Mozilla/5.0 AppleWebKit/537.36 (KHTML, like Gecko; compatible; ClaudeBot/1.0; +claudebot@anthropic.com)" 633 **0/633007**
216.73.216.56 - - [17/Jan/2026:05:17:07 -0700] "GET /uv-printing?path=%2F%2Fproc%2Fself%2Froot%2Fusr%2Fshare%2Fvim HTTP/2.0" 200 2612 "-" "Mozilla/5.0 AppleWebKit/537.36 (KHTML, like Gecko; compatible; ClaudeBot/1.0; +claudebot@anthropic.com)" 564 **0/564147**
216.73.216.56 - - [17/Jan/2026:05:17:07 -0700] "GET /uv-printing?path=%2F%2Fproc%2Fthread-self%2Froot%2Fopt%2Falt%2Fphp54 HTTP/2.0" 200 2675 "-" "Mozilla/5.0 AppleWebKit/537.36 (KHTML, like Gecko; compatible; ClaudeBot/1.0; +claudebot@anthropic.com)" 589 **0/589324**
216.73.216.56 - - [17/Jan/2026:05:17:07 -0700] "GET /uv-printing?path=%2F%2Fproc%2Fself%2Froot%2Fproc%2Fself%2Froot HTTP/2.0" 200 2950 "-" "Mozilla/5.0 AppleWebKit/537.36 (KHTML, like Gecko; compatible; ClaudeBot/1.0; +claudebot@anthropic.com)" 597 **0/597042**
216.73.216.56 - - [17/Jan/2026:05:17:08 -0700] "GET /uv-printing?fileloc=%2F%2Fproc%2Fself%2Froot%2Fusr%2Fbin%2Fpython2&path=%2F%2Fproc%2Fself%2Froot%2Fusr%2Fbin HTTP/2.0" 200 2286 "-" "Mozilla/5.0 AppleWebKit/537.36 (KHTML, like Gecko; compatible; ClaudeBot/1.0; +claudebot@anthropic.com)" 655 **0/655568**
216.73.216.56 - - [17/Jan/2026:05:17:08 -0700] "GET /uv-printing?path=%2F%2Fproc%2Fthread-self%2Froot%2Fopt%2Falt%2Fphp56 HTTP/2.0" 200 2675 "-" "Mozilla/5.0 AppleWebKit/537.36 (KHTML, like Gecko; compatible; ClaudeBot/1.0; +claudebot@anthropic.com)" 568 **0/568751**
216.73.216.56 - - [17/Jan/2026:05:17:08 -0700] "GET /uv-printing?path=%2F%2Fproc%2Fthread-self%2Froot%2Fopt%2Falt%2Fphp70 HTTP/2.0" 200 2675 "-" "Mozilla/5.0 AppleWebKit/537.36 (KHTML, like Gecko; compatible; ClaudeBot/1.0; +claudebot@anthropic.com)" 582 **0/582497**
216.73.216.56 - - [17/Jan/2026:05:17:08 -0700] "GET /uv-printing?path=%2F%2Fproc%2Fthread-self%2Froot%2Fopt%2Falt%2Fphp55 HTTP/2.0" 200 2587 "-" "Mozilla/5.0 AppleWebKit/537.36 (KHTML, like Gecko; compatible; ClaudeBot/1.0; +claudebot@anthropic.com)" 581 **0/581365**
216.73.216.56 - - [17/Jan/2026:05:17:08 -0700] "GET /uv-printing?path=%2F%2Fproc%2Fthread-self%2Froot%2Fopt%2Falt%2Fphp-internal HTTP/2.0" 200 2352 "-" "Mozilla/5.0 AppleWebKit/537.36 (KHTML, like Gecko; compatible; ClaudeBot/1.0; +claudebot@anthropic.com)" 588 **0/588077**
74.7.227.58 - - [17/Jan/2026:05:17:08 -0700] "GET /?path=//proc/self/root/proc/thread-self/root/proc/thread-self/root/proc/thread-self/root/proc/thread-self/root/proc/self/root/proc/self/root/proc/self/root/proc/self/root/usr/include/neteconet HTTP/2.0" 200 2717 "https://www.veronaae.com/?path=//proc/self/root/proc/thread-self/root/proc/thread-self/root/proc/thread-self/root/proc/thread-self/root/proc/self/root/proc/self/root/proc/self/root/proc/self/root/usr/include" "Mozilla/5.0 AppleWebKit/537.36 (KHTML, like Gecko; compatible; GPTBot/1.3; +https://openai.com/gptbot)" 564 **0/564171**
57.141.20.52 - - [17/Jan/2026:05:17:08 -0700] "GET /?s=61549506021760 HTTP/2.0" 200 108366 "-" "meta-externalagent/1.1 (+https://developers.facebook.com/docs/sharing/webmasters/crawler)" 681 **0/681948**
216.73.216.56 - - [17/Jan/2026:05:17:08 -0700] "GET /uv-printing?path=%2F%2Fproc%2Fself%2Froot%2Fusr%2Fshare%2FModules HTTP/2.0" 200 2675 "-" "Mozilla/5.0 AppleWebKit/537.36 (KHTML, like Gecko; compatible; ClaudeBot/1.0; +claudebot@anthropic.com)" 718 **0/718073**
216.73.216.56 - - [17/Jan/2026:05:17:07 -0700] "GET /uv-printing?path=%2F%2Fproc%2Fself%2Froot%2Fproc%2Fbus%2Finput HTTP/2.0" 200 2622 "-" "Mozilla/5.0 AppleWebKit/537.36 (KHTML, like Gecko; compatible; ClaudeBot/1.0; +claudebot@anthropic.com)" 1808 **1/1808751**
216.73.216.56 - - [17/Jan/2026:05:17:08 -0700] "GET /uv-printing?path=%2F%2Fproc%2Fthread-self%2Froot%2Fopt%2Falt%2Fphp84 HTTP/2.0" 200 2675 "-" "Mozilla/5.0 AppleWebKit/537.36 (KHTML, like Gecko; compatible; ClaudeBot/1.0; +claudebot@anthropic.com)" 721 **0/721895**
216.73.216.56 - - [17/Jan/2026:05:17:08 -0700] "GET /uv-printing?path=%2F%2Fproc%2Fthread-self%2Froot%2Fopt%2Falt%2Fphp74 HTTP/2.0" 200 2675 "-" "Mozilla/5.0 AppleWebKit/537.36 (KHTML, like Gecko; compatible; ClaudeBot/1.0; +claudebot@anthropic.com)" 739 **0/739432**
216.73.216.56 - - [17/Jan/2026:05:17:08 -0700] "GET /uv-printing?path=%2F%2Fproc%2Fself%2Froot%2Fusr%2Fshare%2Fgit-core HTTP/2.0" 200 2619 "-" "Mozilla/5.0 AppleWebKit/537.36 (KHTML, like Gecko; compatible; ClaudeBot/1.0; +claudebot@anthropic.com)" 748 **0/748342**
216.73.216.56 - - [17/Jan/2026:05:17:08 -0700] "GET /uv-printing?path=%2F%2Fproc%2Fthread-self%2Froot%2Fopt%2Falt%2Fphp80 HTTP/2.0" 200 2675 "-" "Mozilla/5.0 AppleWebKit/537.36 (KHTML, like Gecko; compatible; ClaudeBot/1.0; +claudebot@anthropic.com)" 754 **0/754877**
216.73.216.56 - - [17/Jan/2026:05:17:09 -0700] "GET /uv-printing?path=%2F%2Fproc%2Fthread-self%2Froot%2Fopt%2Falt%2Fphp82 HTTP/2.0" 200 2675 "-" "Mozilla/5.0 AppleWebKit/537.36 (KHTML, like Gecko; compatible; ClaudeBot/1.0; +claudebot@anthropic.com)" 678 **0/678956**
216.73.216.56 - - [17/Jan/2026:05:17:09 -0700] "GET /uv-printing?path=%2F%2Fproc%2Fthread-self%2Froot%2Fopt%2Falt%2Fphp83 HTTP/2.0" 200 2675 "-" "Mozilla/5.0 AppleWebKit/537.36 (KHTML, like Gecko; compatible; ClaudeBot/1.0; +claudebot@anthropic.com)" 696 **0/696729**
216.73.216.56 - - [17/Jan/2026:05:17:09 -0700] "GET /uv-printing?path=%2F%2Fproc%2Fthread-self%2Froot%2Fopt%2Falt%2Fphp72 HTTP/2.0" 200 2675 "-" "Mozilla/5.0 AppleWebKit/537.36 (KHTML, like Gecko; compatible; ClaudeBot/1.0; +claudebot@anthropic.com)" 695 **0/695786**
216.73.216.56 - - [17/Jan/2026:05:17:09 -0700] "GET /uv-printing?path=%2F%2Fproc%2Fthread-self%2Froot%2Fopt%2Falt%2Fphp73 HTTP/2.0" 200 2675 "-" "Mozilla/5.0 AppleWebKit/537.36 (KHTML, like Gecko; compatible; ClaudeBot/1.0; +claudebot@anthropic.com)" 705 **0/705081**
74.7.227.58 - - [17/Jan/2026:05:17:09 -0700] "GET /?path=//proc/self/root/proc/thread-self/root/proc/thread-self/root/proc/thread-self/root/proc/thread-self/root/proc/self/root/proc/self/root/proc/self/root/proc/self/root/usr/include/protocols HTTP/2.0" 200 2827 "https://www.veronaae.com/?path=//proc/self/root/proc/thread-self/root/proc/thread-self/root/proc/thread-self/root/proc/thread-self/root/proc/self/root/proc/self/root/proc/self/root/proc/self/root/usr/include" "Mozilla/5.0 AppleWebKit/537.36 (KHTML, like Gecko; compatible; GPTBot/1.3; +https://openai.com/gptbot)" 691 **0/691564**
216.73.216.56 - - [17/Jan/2026:05:17:09 -0700] "GET /uv-printing?path=%2F%2Fproc%2Fthread-self%2Froot%2Fopt%2Falt%2Fphp71 HTTP/2.0" 200 2676 "-" "Mozilla/5.0 AppleWebKit/537.36 (KHTML, like Gecko; compatible; ClaudeBot/1.0; +claudebot@anthropic.com)" 617 **0/617027**
216.73.216.56 - - [17/Jan/2026:05:17:09 -0700] "GET /uv-printing?path=%2F%2Fproc%2Fthread-self%2Froot%2Fusr%2Flib64%2Fapache2 HTTP/2.0" 200 2591 "-" "Mozilla/5.0 AppleWebKit/537.36 (KHTML, like Gecko; compatible; ClaudeBot/1.0; +claudebot@anthropic.com)" 550 **0/550034**
216.73.216.56 - - [17/Jan/2026:05:17:09 -0700] "GET /uv-printing?path=%2F%2Fproc%2Fself%2Froot%2Fproc%2Fself%2Ftask HTTP/2.0" 200 2575 "-" "Mozilla/5.0 AppleWebKit/537.36 (KHTML, like Gecko; compatible; ClaudeBot/1.0; +claudebot@anthropic.com)" 563 **0/563573**
216.73.216.56 - - [17/Jan/2026:05:17:09 -0700] "GET /uv-printing?path=%2F%2Fproc%2Fself%2Froot%2Fusr%2Fshare%2Fbash-completion HTTP/2.0" 200 2591 "-" "Mozilla/5.0 AppleWebKit/537.36 (KHTML, like Gecko; compatible; ClaudeBot/1.0; +claudebot@anthropic.com)" 583 **0/583578**
216.73.216.56 - - [17/Jan/2026:05:17:09 -0700] "GET /uv-printing?path=%2F%2Fproc%2Fthread-self%2Froot%2Fopt%2Falt%2Fsqlite HTTP/2.0" 200 2588 "-" "Mozilla/5.0 AppleWebKit/537.36 (KHTML, like Gecko; compatible; ClaudeBot/1.0; +claudebot@anthropic.com)" 569 **0/569233**
216.73.216.56 - - [17/Jan/2026:05:17:10 -0700] "GET /uv-printing?path=%2F%2Fproc%2Fself%2Froot%2Fusr%2Fshare%2Fghostscript HTTP/2.0" 200 2677 "-" "Mozilla/5.0 AppleWebKit/537.36 (KHTML, like Gecko; compatible; ClaudeBot/1.0; +claudebot@anthropic.com)" 537 **0/537172**
216.73.216.56 - - [17/Jan/2026:05:17:10 -0700] "GET /uv-printing?path=%2F%2Fproc%2Fthread-self%2Froot%2Fusr%2Flib64%2Flua HTTP/2.0" 200 2611 "-" "Mozilla/5.0 AppleWebKit/537.36 (KHTML, like Gecko; compatible; ClaudeBot/1.0; +claudebot@anthropic.com)" 579 **0/579201**
216.73.216.56 - - [17/Jan/2026:05:17:10 -0700] "GET /uv-printing?path=%2F%2Fproc%2Fself%2Froot%2Fusr%2Fshare%2Fpython-cllib HTTP/2.0" 200 2612 "-" "Mozilla/5.0 AppleWebKit/537.36 (KHTML, like Gecko; compatible; ClaudeBot/1.0; +claudebot@anthropic.com)" 518 **0/518018**
216.73.216.56 - - [17/Jan/2026:05:17:10 -0700] "GET /uv-printing?path=%2F%2Fproc%2Fthread-self%2Froot%2Fopt%2Falt%2Fpython311 HTTP/2.0" 200 2714 "-" "Mozilla/5.0 AppleWebKit/537.36 (KHTML, like Gecko; compatible; ClaudeBot/1.0; +claudebot@anthropic.com)" 539 **0/539216**
74.7.227.58 - - [17/Jan/2026:05:17:10 -0700] "GET /?path=//proc/self/root/proc/thread-self/root/proc/thread-self/root/proc/thread-self/root/proc/thread-self/root/proc/self/root/proc/self/root/proc/self/root/proc/self/root/usr/include/et HTTP/2.0" 200 2714 "https://www.veronaae.com/?path=//proc/self/root/proc/thread-self/root/proc/thread-self/root/proc/thread-self/root/proc/thread-self/root/proc/self/root/proc/self/root/proc/self/root/proc/self/root/usr/include" "Mozilla/5.0 AppleWebKit/537.36 (KHTML, like Gecko; compatible; GPTBot/1.3; +https://openai.com/gptbot)" 653 **0/653465**
216.73.216.56 - - [17/Jan/2026:05:17:10 -0700] "GET /uv-printing?path=%2F%2Fproc%2Fthread-self%2Froot%2Fusr%2Flib64%2Fpython3.12 HTTP/2.0" 200 7990 "-" "Mozilla/5.0 AppleWebKit/537.36 (KHTML, like Gecko; compatible; ClaudeBot/1.0; +claudebot@anthropic.com)" 690 **0/690925**
57.141.20.23 - - [17/Jan/2026:05:17:10 -0700] "GET /?e=16666005f31dh HTTP/2.0" 200 108366 "-" "meta-externalagent/1.1 (+https://developers.facebook.com/docs/sharing/webmasters/crawler)" 736 **0/736384**
216.73.216.56 - - [17/Jan/2026:05:17:10 -0700] "GET /uv-printing?path=%2F%2Fproc%2Fthread-self%2Froot%2Fopt%2Falt%2Fpython310 HTTP/2.0" 200 2714 "-" "Mozilla/5.0 AppleWebKit/537.36 (KHTML, like Gecko; compatible; ClaudeBot/1.0; +claudebot@anthropic.com)" 794 **0/794559**
216.73.216.56 - - [17/Jan/2026:05:17:10 -0700] "GET /uv-printing?path=%2F%2Fproc%2Fthread-self%2Froot%2Fusr%2Flib64%2Fpython3.6 HTTP/2.0" 200 8028 "-" "Mozilla/5.0 AppleWebKit/537.36 (KHTML, like Gecko; compatible; ClaudeBot/1.0; +claudebot@anthropic.com)" 810 **0/810066**
216.73.216.56 - - [17/Jan/2026:05:17:10 -0700] "GET /uv-printing?path=%2F%2Fproc%2Fthread-self%2Froot%2Fopt%2Falt%2Fpython27 HTTP/2.0" 200 2711 "-" "Mozilla/5.0 AppleWebKit/537.36 (KHTML, like Gecko; compatible; ClaudeBot/1.0; +claudebot@anthropic.com)" 730 **0/730582**
216.73.216.56 - - [17/Jan/2026:05:17:10 -0700] "GET /uv-printing?path=%2F%2Fproc%2Fthread-self%2Froot%2Fopt%2Falt%2Fpython38 HTTP/2.0" 200 2711 "-" "Mozilla/5.0 AppleWebKit/537.36 (KHTML, like Gecko; compatible; ClaudeBot/1.0; +claudebot@anthropic.com)" 847 **0/847589**
216.73.216.56 - - [17/Jan/2026:05:17:10 -0700] "GET /uv-printing?path=%2F%2Fproc%2Fthread-self%2Froot%2Fopt%2Falt%2Fpython39 HTTP/2.0" 200 2711 "-" "Mozilla/5.0 AppleWebKit/537.36 (KHTML, like Gecko; compatible; ClaudeBot/1.0; +claudebot@anthropic.com)" 839 **0/839091**
216.73.216.56 - - [17/Jan/2026:05:17:10 -0700] "GET /uv-printing?path=%2F%2Fproc%2Fthread-self%2Froot%2Fopt%2Falt%2Fpython-internal HTTP/2.0" 200 2714 "-" "Mozilla/5.0 AppleWebKit/537.36 (KHTML, like Gecko; compatible; ClaudeBot/1.0; +claudebot@anthropic.com)" 762 **0/762724**
216.73.216.56 - - [17/Jan/2026:05:17:11 -0700] "GET /uv-printing?path=%2F%2Fproc%2Fthread-self%2Froot%2Fopt%2Falt%2Fpython36 HTTP/2.0" 200 2711 "-" "Mozilla/5.0 AppleWebKit/537.36 (KHTML, like Gecko; compatible; ClaudeBot/1.0; +claudebot@anthropic.com)" 772 **0/772950**
216.73.216.56 - - [17/Jan/2026:05:17:11 -0700] "GET /uv-printing?path=%2F%2Fproc%2Fthread-self%2Froot%2Fopt%2Falt%2Fpython35 HTTP/2.0" 200 2711 "-" "Mozilla/5.0 AppleWebKit/537.36 (KHTML, like Gecko; compatible; ClaudeBot/1.0; +claudebot@anthropic.com)" 778 **0/778497**
216.73.216.56 - - [17/Jan/2026:05:17:11 -0700] "GET /uv-printing?path=%2F%2Fproc%2Fthread-self%2Froot%2Fopt%2Falt%2Fpython34 HTTP/2.0" 200 2711 "-" "Mozilla/5.0 AppleWebKit/537.36 (KHTML, like Gecko; compatible; ClaudeBot/1.0; +claudebot@anthropic.com)" 872 **0/872776**
74.7.227.58 - - [17/Jan/2026:05:17:11 -0700] "GET /?path=//proc/self/root/proc/thread-self/root/proc/thread-self/root/proc/thread-self/root/proc/thread-self/root/proc/self/root/proc/self/root/proc/self/root/proc/self/root/usr/include/sepol HTTP/2.0" 200 3521 "https://www.veronaae.com/?path=//proc/self/root/proc/thread-self/root/proc/thread-self/root/proc/thread-self/root/proc/thread-self/root/proc/self/root/proc/self/root/proc/self/root/proc/self/root/usr/include" "Mozilla/5.0 AppleWebKit/537.36 (KHTML, like Gecko; compatible; GPTBot/1.3; +https://openai.com/gptbot)" 777 **0/777950**
57.141.20.49 - - [17/Jan/2026:05:17:11 -0700] "GET /?e=3594379844e9c HTTP/2.0" 200 108366 "-" "meta-externalagent/1.1 (+https://developers.facebook.com/docs/sharing/webmasters/crawler)" 1021 **1/1021968**
216.73.216.56 - - [17/Jan/2026:05:17:11 -0700] "GET /uv-printing?path=%2F%2Fproc%2Fthread-self%2Froot%2Fopt%2Falt%2Fpython33 HTTP/2.0" 200 2712 "-" "Mozilla/5.0 AppleWebKit/537.36 (KHTML, like Gecko; compatible; ClaudeBot/1.0; +claudebot@anthropic.com)" 888 **0/888968**
216.73.216.56 - - [17/Jan/2026:05:17:11 -0700] "GET /uv-printing?path=%2F%2Fproc%2Fthread-self%2Froot%2Fopt%2Falt%2Fpython37 HTTP/2.0" 200 2736 "-" "Mozilla/5.0 AppleWebKit/537.36 (KHTML, like Gecko; compatible; ClaudeBot/1.0; +claudebot@anthropic.com)" 823 **0/823500**
216.73.216.56 - - [17/Jan/2026:05:17:11 -0700] "GET /uv-printing?path=%2F%2Fproc%2Fthread-self%2Froot%2Fusr%2Flib64%2Fpython2.7 HTTP/2.0" 200 14500 "-" "Mozilla/5.0 AppleWebKit/537.36 (KHTML, like Gecko; compatible; ClaudeBot/1.0; +claudebot@anthropic.com)" 922 **0/922978**
57.141.20.54 - - [17/Jan/2026:05:17:11 -0700] "GET /?e=4024891j409ih HTTP/2.0" 200 108366 "-" "meta-externalagent/1.1 (+https://developers.facebook.com/docs/sharing/webmasters/crawler)" 994 **0/994490**
18.97.14.88 - - [17/Jan/2026:05:17:12 -0700] "GET /?e=367604214i5dd HTTP/2.0" 200 4315 "-" "CCBot/2.0 (https://commoncrawl.org/faq/)" 628 **0/628889**
74.7.227.58 - - [17/Jan/2026:05:17:12 -0700] "GET /?path=//proc/self/root/proc/thread-self/root/proc/thread-self/root/proc/thread-self/root/proc/thread-self/root/proc/self/root/proc/self/root/proc/self/root/proc/self/root/usr/lib/.build-id HTTP/2.0" 200 4897 "https://www.veronaae.com/?path=//proc/self/root/proc/thread-self/root/proc/thread-self/root/proc/thread-self/root/proc/thread-self/root/proc/self/root/proc/self/root/proc/self/root/proc/self/root/usr/lib" "Mozilla/5.0 AppleWebKit/537.36 (KHTML, like Gecko; compatible; GPTBot/1.3; +https://openai.com/gptbot)" 705 **0/705956**
74.7.227.58 - - [17/Jan/2026:05:17:13 -0700] "GET /?path=//proc/self/root/proc/thread-self/root/proc/thread-self/root/proc/thread-self/root/proc/thread-self/root/proc/self/root/proc/self/root/proc/self/root/proc/self/root/usr/include/netrose HTTP/2.0" 200 2716 "https://www.veronaae.com/?path=//proc/self/root/proc/thread-self/root/proc/thread-self/root/proc/thread-self/root/proc/thread-self/root/proc/self/root/proc/self/root/proc/self/root/proc/self/root/usr/include" "Mozilla/5.0 AppleWebKit/537.36 (KHTML, like Gecko; compatible; GPTBot/1.3; +https://openai.com/gptbot)" 552 **0/552590**
57.141.20.51 - - [17/Jan/2026:05:17:13 -0700] "GET /?e=23487448bj41g HTTP/2.0" 200 108366 "-" "meta-externalagent/1.1 (+https://developers.facebook.com/docs/sharing/webmasters/crawler)" 508 **0/508792**
74.7.227.58 - - [17/Jan/2026:05:17:14 -0700] "GET /?path=//proc/self/root/proc/thread-self/root/proc/thread-self/root/proc/thread-self/root/proc/thread-self/root/proc/self/root/proc/self/root/proc/self/root/proc/self/root/usr/local/apache HTTP/2.0" 200 2741 "https://www.veronaae.com/?path=//proc/self/root/proc/thread-self/root/proc/thread-self/root/proc/thread-self/root/proc/thread-self/root/proc/self/root/proc/self/root/proc/self/root/proc/self/root/usr/local" "Mozilla/5.0 AppleWebKit/537.36 (KHTML, like Gecko; compatible; GPTBot/1.3; +https://openai.com/gptbot)" 528 **0/528930**
57.141.20.56 - - [17/Jan/2026:05:17:14 -0700] "GET /?e=5299012dbb8hh HTTP/2.0" 200 108366 "-" "meta-externalagent/1.1 (+https://developers.facebook.com/docs/sharing/webmasters/crawler)" 530 **0/530632**
66.249.75.75 - - [17/Jan/2026:05:17:13 -0700] "GET /?v=colour-9049455 HTTP/1.1" 200 22238 "-" "Mozilla/5.0 (Linux; Android 6.0.1; Nexus 5X Build/MMB29P) AppleWebKit/537.36 (KHTML, like Gecko) Chrome/143.0.7499.192 Mobile Safari/537.36 (compatible; Googlebot/2.1; +http://www.google.com/bot.html)" 1613 **1/1613311**
74.7.227.58 - - [17/Jan/2026:05:17:15 -0700] "GET /?path=//proc/self/root/proc/thread-self/root/proc/thread-self/root/proc/thread-self/root/proc/thread-self/root/proc/self/root/proc/self/root/proc/self/root/proc/self/root/usr/local/lib HTTP/2.0" 200 2820 "https://www.veronaae.com/?path=//proc/self/root/proc/thread-self/root/proc/thread-self/root/proc/thread-self/root/proc/thread-self/root/proc/self/root/proc/self/root/proc/self/root/proc/self/root/usr/local" "Mozilla/5.0 AppleWebKit/537.36 (KHTML, like Gecko; compatible; GPTBot/1.3; +https://openai.com/gptbot)" 510 **0/510125**
74.7.227.58 - - [17/Jan/2026:05:17:15 -0700] "GET /?path=//proc/self/root/proc/thread-self/root/proc/thread-self/root/proc/thread-self/root/proc/thread-self/root/proc/self/root/proc/self/root/proc/self/root/proc/self/root/usr/lib/tuned HTTP/2.0" 200 3326 "https://www.veronaae.com/?path=//proc/self/root/proc/thread-self/root/proc/thread-self/root/proc/thread-self/root/proc/thread-self/root/proc/self/root/proc/self/root/proc/self/root/proc/self/root/usr/lib" "Mozilla/5.0 AppleWebKit/537.36 (KHTML, like Gecko; compatible; GPTBot/1.3; +https://openai.com/gptbot)" 523 **0/523700**
66.249.75.75 - - [17/Jan/2026:05:17:15 -0700] "GET /?e=95239512e7gd HTTP/1.1" 200 22368 "-" "Mozilla/5.0 (Linux; Android 6.0.1; Nexus 5X Build/MMB29P) AppleWebKit/537.36 (KHTML, like Gecko) Chrome/143.0.7499.192 Mobile Safari/537.36 (compatible; Googlebot/2.1; +http://www.google.com/bot.html)" 1615 **1/1615834**
74.7.227.58 - - [17/Jan/2026:05:17:16 -0700] "GET /?path=//proc/self/root/proc/thread-self/root/proc/thread-self/root/proc/thread-self/root/proc/thread-self/root/proc/self/root/proc/self/root/proc/self/root/proc/self/root/usr/local/bin HTTP/2.0" 200 2776 "https://www.veronaae.com/?path=//proc/self/root/proc/thread-self/root/proc/thread-self/root/proc/thread-self/root/proc/thread-self/root/proc/self/root/proc/self/root/proc/self/root/proc/self/root/usr/local" "Mozilla/5.0 AppleWebKit/537.36 (KHTML, like Gecko; compatible; GPTBot/1.3; +https://openai.com/gptbot)" 515 **0/515676**
74.7.227.58 - - [17/Jan/2026:05:17:17 -0700] "GET /?path=//proc/self/root/proc/thread-self/root/proc/thread-self/root/proc/thread-self/root/proc/thread-self/root/proc/self/root/proc/self/root/proc/self/root/proc/self/root/usr/lib/rpm HTTP/2.0" 200 3315 "https://www.veronaae.com/?path=//proc/self/root/proc/thread-self/root/proc/thread-self/root/proc/thread-self/root/proc/thread-self/root/proc/self/root/proc/self/root/proc/self/root/proc/self/root/usr/lib" "Mozilla/5.0 AppleWebKit/537.36 (KHTML, like Gecko; compatible; GPTBot/1.3; +https://openai.com/gptbot)" 534 **0/534980**
74.7.227.58 - - [17/Jan/2026:05:17:18 -0700] "GET /?fileloc=//proc/self/root/proc/thread-self/root/proc/thread-self/root/proc/thread-self/root/proc/thread-self/root/proc/self/root/proc/self/root/proc/self/root/proc/self/root/usr/include/neteconet/ec.h&path=//proc/self/root/proc/thread-self/root/proc/thread-self/root/proc/thread-self/root/proc/thread-self/root/proc/self/root/proc/self/root/proc/self/root/proc/self/root/usr/include/neteconet HTTP/2.0" 200 3192 "https://www.veronaae.com/?path=//proc/self/root/proc/thread-self/root/proc/thread-self/root/proc/thread-self/root/proc/thread-self/root/proc/self/root/proc/self/root/proc/self/root/proc/self/root/usr/include/neteconet" "Mozilla/5.0 AppleWebKit/537.36 (KHTML, like Gecko; compatible; GPTBot/1.3; +https://openai.com/gptbot)" 508 **0/508924**
57.141.20.33 - - [17/Jan/2026:05:17:18 -0700] "GET /?e=24336756895g3 HTTP/2.0" 200 108366 "-" "meta-externalagent/1.1 (+https://developers.facebook.com/docs/sharing/webmasters/crawler)" 543 **0/543363**
66.249.75.75 - - [17/Jan/2026:05:17:18 -0700] "GET /?e=406074fga636 HTTP/1.1" 200 21754 "-" "Mozilla/5.0 (Linux; Android 6.0.1; Nexus 5X Build/MMB29P) AppleWebKit/537.36 (KHTML, like Gecko) Chrome/143.0.7499.192 Mobile Safari/537.36 (compatible; Googlebot/2.1; +http://www.google.com/bot.html)" 1611 **1/1611446**
74.7.227.58 - - [17/Jan/2026:05:17:19 -0700] "GET /?path=//proc/self/root/proc/thread-self/root/proc/thread-self/root/proc/thread-self/root/proc/thread-self/root/proc/self/root/proc/self/root/proc/self/root/proc/self/root/usr/lib/kernel HTTP/2.0" 200 2697 "https://www.veronaae.com/?path=//proc/self/root/proc/thread-self/root/proc/thread-self/root/proc/thread-self/root/proc/thread-self/root/proc/self/root/proc/self/root/proc/self/root/proc/self/root/usr/lib" "Mozilla/5.0 AppleWebKit/537.36 (KHTML, like Gecko; compatible; GPTBot/1.3; +https://openai.com/gptbot)" 535 **0/535982**
