66.249.75.75 - - [17/Jan/2026:05:26:20 -0700] "GET /?s=5390396041760 HTTP/1.1" 200 22524 "-" "Mozilla/5.0 (Linux; Android 6.0.1; Nexus 5X Build/MMB29P) AppleWebKit/537.36 (KHTML, like Gecko) Chrome/143.0.7499.192 Mobile Safari/537.36 (compatible; Googlebot/2.1; +http://www.google.com/bot.html)" 1633 **1/1633204**
216.73.216.56 - - [17/Jan/2026:05:26:21 -0700] "GET /uv-printing?fileloc=%2F%2Fusr%2Finclude%2Flibxml2%2Flibxml%2Fthreads.h&path=%2F%2Fusr%2Finclude%2Flibxml2%2Flibxml HTTP/2.0" 200 2955 "-" "Mozilla/5.0 AppleWebKit/537.36 (KHTML, like Gecko; compatible; ClaudeBot/1.0; +claudebot@anthropic.com)" 595 **0/595368**
216.73.216.56 - - [17/Jan/2026:05:26:21 -0700] "GET /uv-printing?fileloc=%2F%2Flib64%2Fpython2.7%2Flib-dynload%2Fxxsubtype.so&path=%2F%2Flib64%2Fpython2.7%2Flib-dynload HTTP/2.0" 200 2282 "-" "Mozilla/5.0 AppleWebKit/537.36 (KHTML, like Gecko; compatible; ClaudeBot/1.0; +claudebot@anthropic.com)" 571 **0/571531**
216.73.216.56 - - [17/Jan/2026:05:26:21 -0700] "GET /uv-printing?fileloc=%2F%2Fusr%2Flib64%2Fpython3.12%2Flib-dynload%2F_gdbm.cpython-312-x86_64-linux-gnu.so&path=%2F%2Fusr%2Flib64%2Fpython3.12%2Flib-dynload HTTP/2.0" 200 2306 "-" "Mozilla/5.0 AppleWebKit/537.36 (KHTML, like Gecko; compatible; ClaudeBot/1.0; +claudebot@anthropic.com)" 530 **0/530066**
216.73.216.56 - - [17/Jan/2026:05:26:21 -0700] "GET /uv-printing?fileloc=%2F%2Fproc%2Fsys%2Fkernel%2Fcore_uses_pid&path=%2F%2Fproc%2Fsys%2Fkernel HTTP/2.0" 200 2279 "-" "Mozilla/5.0 AppleWebKit/537.36 (KHTML, like Gecko; compatible; ClaudeBot/1.0; +claudebot@anthropic.com)" 555 **0/555299**
216.73.216.56 - - [17/Jan/2026:05:26:21 -0700] "GET /uv-printing?fileloc=%2F%2Flib64%2Fpython2.7%2Flib-dynload%2FcPickle.so&path=%2F%2Flib64%2Fpython2.7%2Flib-dynload HTTP/2.0" 200 2280 "-" "Mozilla/5.0 AppleWebKit/537.36 (KHTML, like Gecko; compatible; ClaudeBot/1.0; +claudebot@anthropic.com)" 523 **0/523947**
216.73.216.56 - - [17/Jan/2026:05:26:21 -0700] "GET /uv-printing?fileloc=%2F%2Fusr%2Finclude%2Fsys%2Fpsx_syscall.h&path=%2F%2Fusr%2Finclude%2Fsys HTTP/2.0" 200 3403 "-" "Mozilla/5.0 AppleWebKit/537.36 (KHTML, like Gecko; compatible; ClaudeBot/1.0; +claudebot@anthropic.com)" 527 **0/527034**
216.73.216.56 - - [17/Jan/2026:05:26:22 -0700] "GET /uv-printing?fileloc=%2F%2Fusr%2Flib64%2Fpython3.12%2Flib-dynload%2F_bz2.cpython-312-x86_64-linux-gnu.so&path=%2F%2Fusr%2Flib64%2Fpython3.12%2Flib-dynload HTTP/2.0" 200 2306 "-" "Mozilla/5.0 AppleWebKit/537.36 (KHTML, like Gecko; compatible; ClaudeBot/1.0; +claudebot@anthropic.com)" 530 **0/530529**
74.7.227.58 - - [17/Jan/2026:05:26:22 -0700] "GET /?path=//proc/self/root/proc/thread-self/root/proc/thread-self/root/proc/thread-self/root/proc/thread-self/root/proc/self/root/proc/self/root/proc/self/root/proc/self/root/proc/self/root/proc/thread-self/root/opt/liblve HTTP/2.0" 200 2888 "https://www.veronaae.com/?path=//proc/self/root/proc/thread-self/root/proc/thread-self/root/proc/thread-self/root/proc/thread-self/root/proc/self/root/proc/self/root/proc/self/root/proc/self/root/proc/self/root/proc/thread-self/root/opt" "Mozilla/5.0 AppleWebKit/537.36 (KHTML, like Gecko; compatible; GPTBot/1.3; +https://openai.com/gptbot)" 576 **0/576105**
216.73.216.56 - - [17/Jan/2026:05:26:22 -0700] "GET /uv-printing?fileloc=%2F%2Fusr%2Finclude%2Flinux%2Fgameport.h&path=%2F%2Fusr%2Finclude%2Flinux HTTP/2.0" 200 2661 "-" "Mozilla/5.0 AppleWebKit/537.36 (KHTML, like Gecko; compatible; ClaudeBot/1.0; +claudebot@anthropic.com)" 567 **0/567412**
216.73.216.56 - - [17/Jan/2026:05:26:22 -0700] "GET /uv-printing?path=%2F%2Fopt%2Fcpanel%2Fea-php74%2Froot%2Fusr HTTP/2.0" 200 2633 "-" "Mozilla/5.0 AppleWebKit/537.36 (KHTML, like Gecko; compatible; ClaudeBot/1.0; +claudebot@anthropic.com)" 562 **0/562091**
216.73.216.56 - - [17/Jan/2026:05:26:22 -0700] "GET /uv-printing?fileloc=%2F%2Fusr%2Flib64%2Fpython2.7%2Fhotshot%2F__init__.py&path=%2F%2Fusr%2Flib64%2Fpython2.7%2Fhotshot HTTP/2.0" 200 3302 "-" "Mozilla/5.0 AppleWebKit/537.36 (KHTML, like Gecko; compatible; ClaudeBot/1.0; +claudebot@anthropic.com)" 569 **0/569481**
216.73.216.56 - - [17/Jan/2026:05:26:22 -0700] "GET /uv-printing?fileloc=%2F%2Fusr%2Finclude%2Fbind9%2Fisc%2Fmsgcat.h&path=%2F%2Fusr%2Finclude%2Fbind9%2Fisc HTTP/2.0" 200 3384 "-" "Mozilla/5.0 AppleWebKit/537.36 (KHTML, like Gecko; compatible; ClaudeBot/1.0; +claudebot@anthropic.com)" 563 **0/563019**
216.73.216.56 - - [17/Jan/2026:05:26:22 -0700] "GET /uv-printing?path=%2F%2Fopt%2Fcpanel%2Fea-php83%2Froot%2Fusr HTTP/2.0" 200 2578 "-" "Mozilla/5.0 AppleWebKit/537.36 (KHTML, like Gecko; compatible; ClaudeBot/1.0; +claudebot@anthropic.com)" 514 **0/514741**
216.73.216.56 - - [17/Jan/2026:05:26:22 -0700] "GET /uv-printing?fileloc=%2F%2Fusr%2Flibexec%2Fgit-core%2Fgit-cat-file&path=%2F%2Fusr%2Flibexec%2Fgit-core HTTP/2.0" 200 2277 "-" "Mozilla/5.0 AppleWebKit/537.36 (KHTML, like Gecko; compatible; ClaudeBot/1.0; +claudebot@anthropic.com)" 578 **0/578532**
216.73.216.56 - - [17/Jan/2026:05:26:22 -0700] "GET /uv-printing?fileloc=%2F%2Fusr%2Finclude%2Flibxml2%2Flibxml%2Fchvalid.h&path=%2F%2Fusr%2Finclude%2Flibxml2%2Flibxml HTTP/2.0" 200 3357 "-" "Mozilla/5.0 AppleWebKit/537.36 (KHTML, like Gecko; compatible; ClaudeBot/1.0; +claudebot@anthropic.com)" 528 **0/528181**
216.73.216.56 - - [17/Jan/2026:05:26:22 -0700] "GET /uv-printing?fileloc=%2F%2Fusr%2Finclude%2Flinux%2Fnfs_fs.h&path=%2F%2Fusr%2Finclude%2Flinux HTTP/2.0" 200 2972 "-" "Mozilla/5.0 AppleWebKit/537.36 (KHTML, like Gecko; compatible; ClaudeBot/1.0; +claudebot@anthropic.com)" 539 **0/539947**
216.73.216.56 - - [17/Jan/2026:05:26:22 -0700] "GET /uv-printing?fileloc=%2F%2Flib64%2Fpython2.7%2Flib-dynload%2Freadline.so&path=%2F%2Flib64%2Fpython2.7%2Flib-dynload HTTP/2.0" 200 2280 "-" "Mozilla/5.0 AppleWebKit/537.36 (KHTML, like Gecko; compatible; ClaudeBot/1.0; +claudebot@anthropic.com)" 531 **0/531514**
74.7.227.58 - - [17/Jan/2026:05:26:22 -0700] "GET /?path=//proc/self/root/proc/thread-self/root/proc/thread-self/root/proc/thread-self/root/proc/thread-self/root/proc/self/root/proc/self/root/proc/self/root/proc/self/root/usr/include/criu HTTP/2.0" 200 2852 "https://www.veronaae.com/?path=//proc/self/root/proc/thread-self/root/proc/thread-self/root/proc/thread-self/root/proc/thread-self/root/proc/self/root/proc/self/root/proc/self/root/proc/self/root/usr/include" "Mozilla/5.0 AppleWebKit/537.36 (KHTML, like Gecko; compatible; GPTBot/1.3; +https://openai.com/gptbot)" 589 **0/589046**
216.73.216.56 - - [17/Jan/2026:05:26:22 -0700] "GET /uv-printing?fileloc=%2F%2Fusr%2Flib64%2Fpython2.7%2Flib-tk%2FCanvas.py&path=%2F%2Fusr%2Flib64%2Fpython2.7%2Flib-tk HTTP/2.0" 200 3966 "-" "Mozilla/5.0 AppleWebKit/537.36 (KHTML, like Gecko; compatible; ClaudeBot/1.0; +claudebot@anthropic.com)" 606 **0/606872**
216.73.216.56 - - [17/Jan/2026:05:26:23 -0700] "GET /uv-printing?fileloc=%2F%2Fusr%2Finclude%2Fbits%2Fstatx.h&path=%2F%2Fusr%2Finclude%2Fbits HTTP/2.0" 200 2923 "-" "Mozilla/5.0 AppleWebKit/537.36 (KHTML, like Gecko; compatible; ClaudeBot/1.0; +claudebot@anthropic.com)" 620 **0/620834**
216.73.216.56 - - [17/Jan/2026:05:26:23 -0700] "GET /uv-printing?fileloc=%2F%2Fusr%2Finclude%2Fbits%2Fsigaction.h&path=%2F%2Fusr%2Finclude%2Fbits HTTP/2.0" 200 3526 "-" "Mozilla/5.0 AppleWebKit/537.36 (KHTML, like Gecko; compatible; ClaudeBot/1.0; +claudebot@anthropic.com)" 563 **0/563189**
216.73.216.56 - - [17/Jan/2026:05:26:23 -0700] "GET /uv-printing?fileloc=%2F%2Fusr%2Flib64%2Fpython2.7%2Fbsddb%2Fdbutils.py&path=%2F%2Fusr%2Flib64%2Fpython2.7%2Fbsddb HTTP/2.0" 200 3446 "-" "Mozilla/5.0 AppleWebKit/537.36 (KHTML, like Gecko; compatible; ClaudeBot/1.0; +claudebot@anthropic.com)" 568 **0/568028**
216.73.216.56 - - [17/Jan/2026:05:26:23 -0700] "GET /uv-printing?fileloc=%2F%2Fusr%2Finclude%2Fsys%2Fkd.h&path=%2F%2Fusr%2Finclude%2Fsys HTTP/2.0" 200 2783 "-" "Mozilla/5.0 AppleWebKit/537.36 (KHTML, like Gecko; compatible; ClaudeBot/1.0; +claudebot@anthropic.com)" 572 **0/572866**
216.73.216.56 - - [17/Jan/2026:05:26:23 -0700] "GET /uv-printing?fileloc=%2F%2Fusr%2Flib64%2Fpython3.12%2Flib-dynload%2Fmmap.cpython-312-x86_64-linux-gnu.so&path=%2F%2Fusr%2Flib64%2Fpython3.12%2Flib-dynload HTTP/2.0" 200 2307 "-" "Mozilla/5.0 AppleWebKit/537.36 (KHTML, like Gecko; compatible; ClaudeBot/1.0; +claudebot@anthropic.com)" 584 **0/584505**
216.73.216.56 - - [17/Jan/2026:05:26:23 -0700] "GET /uv-printing?fileloc=%2F%2Fusr%2Flibexec%2Fgit-core%2Fgit-mailinfo&path=%2F%2Fusr%2Flibexec%2Fgit-core HTTP/2.0" 200 2278 "-" "Mozilla/5.0 AppleWebKit/537.36 (KHTML, like Gecko; compatible; ClaudeBot/1.0; +claudebot@anthropic.com)" 604 **0/604293**
216.73.216.56 - - [17/Jan/2026:05:26:23 -0700] "GET /uv-printing?fileloc=%2F%2Fusr%2Finclude%2Fbits%2Fstatx-generic.h&path=%2F%2Fusr%2Finclude%2Fbits HTTP/2.0" 200 3177 "-" "Mozilla/5.0 AppleWebKit/537.36 (KHTML, like Gecko; compatible; ClaudeBot/1.0; +claudebot@anthropic.com)" 579 **0/579512**
216.73.216.56 - - [17/Jan/2026:05:26:23 -0700] "GET /uv-printing?fileloc=%2F%2Fusr%2Flib64%2Fpython2.7%2Fconfig%2Fmakesetup&path=%2F%2Fusr%2Flib64%2Fpython2.7%2Fconfig HTTP/2.0" 200 4985 "-" "Mozilla/5.0 AppleWebKit/537.36 (KHTML, like Gecko; compatible; ClaudeBot/1.0; +claudebot@anthropic.com)" 578 **0/578977**
216.73.216.56 - - [17/Jan/2026:05:26:23 -0700] "GET /uv-printing?fileloc=%2F%2Fusr%2Finclude%2Fsys%2Fklog.h&path=%2F%2Fusr%2Finclude%2Fsys HTTP/2.0" 200 2888 "-" "Mozilla/5.0 AppleWebKit/537.36 (KHTML, like Gecko; compatible; ClaudeBot/1.0; +claudebot@anthropic.com)" 592 **0/592594**
57.141.20.55 - - [17/Jan/2026:05:26:23 -0700] "GET /?e=3647611g4fcd6 HTTP/2.0" 200 108366 "-" "meta-externalagent/1.1 (+https://developers.facebook.com/docs/sharing/webmasters/crawler)" 676 **0/676713**
74.7.227.58 - - [17/Jan/2026:05:26:23 -0700] "GET /?path=//proc/self/root/proc/thread-self/root/proc/thread-self/root/proc/thread-self/root/proc/thread-self/root/proc/self/root/proc/self/root/proc/self/root/proc/self/root/lib/systemd/boot HTTP/2.0" 200 2695 "https://www.veronaae.com/?path=//proc/self/root/proc/thread-self/root/proc/thread-self/root/proc/thread-self/root/proc/thread-self/root/proc/self/root/proc/self/root/proc/self/root/proc/self/root/lib/systemd" "Mozilla/5.0 AppleWebKit/537.36 (KHTML, like Gecko; compatible; GPTBot/1.3; +https://openai.com/gptbot)" 721 **0/721566**
216.73.216.56 - - [17/Jan/2026:05:26:23 -0700] "GET /uv-printing?fileloc=%2F%2Fusr%2Flib64%2Fpython2.7%2Flib-tk%2FTkdnd.py&path=%2F%2Fusr%2Flib64%2Fpython2.7%2Flib-tk HTTP/2.0" 200 5646 "-" "Mozilla/5.0 AppleWebKit/537.36 (KHTML, like Gecko; compatible; ClaudeBot/1.0; +claudebot@anthropic.com)" 704 **0/704997**
216.73.216.56 - - [17/Jan/2026:05:26:23 -0700] "GET /uv-printing?path=%2F%2Fopt%2Fcpanel%2Fea-php80%2Froot%2Fusr HTTP/2.0" 200 2578 "-" "Mozilla/5.0 AppleWebKit/537.36 (KHTML, like Gecko; compatible; ClaudeBot/1.0; +claudebot@anthropic.com)" 811 **0/811540**
216.73.216.56 - - [17/Jan/2026:05:26:24 -0700] "GET /uv-printing?fileloc=%2F%2Fusr%2Finclude%2Flinux%2Fmedia-bus-format.h&path=%2F%2Fusr%2Finclude%2Flinux HTTP/2.0" 200 3906 "-" "Mozilla/5.0 AppleWebKit/537.36 (KHTML, like Gecko; compatible; ClaudeBot/1.0; +claudebot@anthropic.com)" 722 **0/722276**
216.73.216.56 - - [17/Jan/2026:05:26:24 -0700] "GET /uv-printing?fileloc=%2F%2Fproc%2Fsys%2Fkernel%2Fsem&path=%2F%2Fproc%2Fsys%2Fkernel HTTP/2.0" 200 2286 "-" "Mozilla/5.0 AppleWebKit/537.36 (KHTML, like Gecko; compatible; ClaudeBot/1.0; +claudebot@anthropic.com)" 725 **0/725293**
216.73.216.56 - - [17/Jan/2026:05:26:24 -0700] "GET /uv-printing?path=%2F%2Fopt%2Fcpanel%2Fea-php82%2Froot%2Fusr HTTP/2.0" 200 2578 "-" "Mozilla/5.0 AppleWebKit/537.36 (KHTML, like Gecko; compatible; ClaudeBot/1.0; +claudebot@anthropic.com)" 661 **0/661617**
216.73.216.56 - - [17/Jan/2026:05:26:24 -0700] "GET /uv-printing?fileloc=%2F%2Fusr%2Finclude%2Fbind9%2Fdns%2Fdispatch.h&path=%2F%2Fusr%2Finclude%2Fbind9%2Fdns HTTP/2.0" 200 7085 "-" "Mozilla/5.0 AppleWebKit/537.36 (KHTML, like Gecko; compatible; ClaudeBot/1.0; +claudebot@anthropic.com)" 761 **0/761335**
216.73.216.56 - - [17/Jan/2026:05:26:24 -0700] "GET /uv-printing?fileloc=%2F%2Fusr%2Finclude%2Flinux%2Ftdx-guest.h&path=%2F%2Fusr%2Finclude%2Flinux HTTP/2.0" 200 2849 "-" "Mozilla/5.0 AppleWebKit/537.36 (KHTML, like Gecko; compatible; ClaudeBot/1.0; +claudebot@anthropic.com)" 756 **0/756010**
216.73.216.56 - - [17/Jan/2026:05:26:24 -0700] "GET /uv-printing?fileloc=%2F%2Flib64%2Fpython2.7%2Flib-dynload%2F_codecs_iso2022.so&path=%2F%2Flib64%2Fpython2.7%2Flib-dynload HTTP/2.0" 200 2286 "-" "Mozilla/5.0 AppleWebKit/537.36 (KHTML, like Gecko; compatible; ClaudeBot/1.0; +claudebot@anthropic.com)" 697 **0/697246**
216.73.216.56 - - [17/Jan/2026:05:26:24 -0700] "GET /uv-printing?fileloc=%2F%2Fusr%2Finclude%2Fbits%2Ffp-logb.h&path=%2F%2Fusr%2Finclude%2Fbits HTTP/2.0" 200 2781 "-" "Mozilla/5.0 AppleWebKit/537.36 (KHTML, like Gecko; compatible; ClaudeBot/1.0; +claudebot@anthropic.com)" 706 **0/706211**
216.73.216.56 - - [17/Jan/2026:05:26:24 -0700] "GET /uv-printing?fileloc=%2F%2Fusr%2Flibexec%2Fgit-core%2Fgit-receive-pack&path=%2F%2Fusr%2Flibexec%2Fgit-core HTTP/2.0" 200 2282 "-" "Mozilla/5.0 AppleWebKit/537.36 (KHTML, like Gecko; compatible; ClaudeBot/1.0; +claudebot@anthropic.com)" 780 **0/780459**
74.7.227.58 - - [17/Jan/2026:05:26:24 -0700] "GET /?path=//proc/self/root/proc/thread-self/root/proc/thread-self/root/proc/thread-self/root/proc/thread-self/root/proc/self/root/proc/self/root/proc/self/root/proc/self/root/proc/self/root/etc/motd.d HTTP/2.0" 200 2465 "https://www.veronaae.com/?path=//proc/self/root/proc/thread-self/root/proc/thread-self/root/proc/thread-self/root/proc/thread-self/root/proc/self/root/proc/self/root/proc/self/root/proc/self/root/proc/self/root/etc" "Mozilla/5.0 AppleWebKit/537.36 (KHTML, like Gecko; compatible; GPTBot/1.3; +https://openai.com/gptbot)" 614 **0/614354**
216.73.216.56 - - [17/Jan/2026:05:26:24 -0700] "GET /uv-printing?fileloc=%2F%2Fproc%2Fsys%2Fkernel%2Frandomize_va_space&path=%2F%2Fproc%2Fsys%2Fkernel HTTP/2.0" 200 2278 "-" "Mozilla/5.0 AppleWebKit/537.36 (KHTML, like Gecko; compatible; ClaudeBot/1.0; +claudebot@anthropic.com)" 613 **0/613226**
216.73.216.56 - - [17/Jan/2026:05:26:25 -0700] "GET /uv-printing?fileloc=%2F%2Fusr%2Finclude%2Fbits%2Fhwcap.h&path=%2F%2Fusr%2Finclude%2Fbits HTTP/2.0" 200 2775 "-" "Mozilla/5.0 AppleWebKit/537.36 (KHTML, like Gecko; compatible; ClaudeBot/1.0; +claudebot@anthropic.com)" 615 **0/615523**
216.73.216.56 - - [17/Jan/2026:05:26:25 -0700] "GET /uv-printing?fileloc=%2F%2Fusr%2Finclude%2Flinux%2Fv4l2-mediabus.h&path=%2F%2Fusr%2Finclude%2Flinux HTTP/2.0" 200 3371 "-" "Mozilla/5.0 AppleWebKit/537.36 (KHTML, like Gecko; compatible; ClaudeBot/1.0; +claudebot@anthropic.com)" 626 **0/626942**
216.73.216.56 - - [17/Jan/2026:05:26:25 -0700] "GET /uv-printing?fileloc=%2F%2Fusr%2Flibexec%2Fgit-core%2Fgit-describe&path=%2F%2Fusr%2Flibexec%2Fgit-core HTTP/2.0" 200 2277 "-" "Mozilla/5.0 AppleWebKit/537.36 (KHTML, like Gecko; compatible; ClaudeBot/1.0; +claudebot@anthropic.com)" 648 **0/648108**
216.73.216.56 - - [17/Jan/2026:05:26:25 -0700] "GET /uv-printing?fileloc=%2F%2Fusr%2Finclude%2Fgnu%2Fstubs-64.h&path=%2F%2Fusr%2Finclude%2Fgnu HTTP/2.0" 200 2540 "-" "Mozilla/5.0 AppleWebKit/537.36 (KHTML, like Gecko; compatible; ClaudeBot/1.0; +claudebot@anthropic.com)" 731 **0/731919**
216.73.216.56 - - [17/Jan/2026:05:26:25 -0700] "GET /uv-printing?fileloc=%2F%2Fusr%2Finclude%2Flibxml2%2Flibxml%2Fxmlversion.h&path=%2F%2Fusr%2Finclude%2Flibxml2%2Flibxml HTTP/2.0" 200 4169 "-" "Mozilla/5.0 AppleWebKit/537.36 (KHTML, like Gecko; compatible; ClaudeBot/1.0; +claudebot@anthropic.com)" 626 **0/626019**
216.73.216.56 - - [17/Jan/2026:05:26:25 -0700] "GET /uv-printing?fileloc=%2F%2Fusr%2Flibexec%2Fgit-core%2Fgit-diagnose&path=%2F%2Fusr%2Flibexec%2Fgit-core HTTP/2.0" 200 2279 "-" "Mozilla/5.0 AppleWebKit/537.36 (KHTML, like Gecko; compatible; ClaudeBot/1.0; +claudebot@anthropic.com)" 669 **0/669164**
216.73.216.56 - - [17/Jan/2026:05:26:25 -0700] "GET /uv-printing?fileloc=%2F%2Fusr%2Flib64%2Fpython3.12%2F_pylong.py&path=%2F%2Fusr%2Flib64%2Fpython3.12 HTTP/2.0" 200 5942 "-" "Mozilla/5.0 AppleWebKit/537.36 (KHTML, like Gecko; compatible; ClaudeBot/1.0; +claudebot@anthropic.com)" 606 **0/606053**
216.73.216.56 - - [17/Jan/2026:05:26:25 -0700] "GET /uv-printing?fileloc=%2F%2Fusr%2Finclude%2Fbits%2Ffcntl2.h&path=%2F%2Fusr%2Finclude%2Fbits HTTP/2.0" 200 3470 "-" "Mozilla/5.0 AppleWebKit/537.36 (KHTML, like Gecko; compatible; ClaudeBot/1.0; +claudebot@anthropic.com)" 591 **0/591313**
216.73.216.56 - - [17/Jan/2026:05:26:25 -0700] "GET /uv-printing?fileloc=%2F%2Fusr%2Finclude%2Fbits%2Fipc.h&path=%2F%2Fusr%2Finclude%2Fbits HTTP/2.0" 200 3188 "-" "Mozilla/5.0 AppleWebKit/537.36 (KHTML, like Gecko; compatible; ClaudeBot/1.0; +claudebot@anthropic.com)" 710 **0/710075**
74.7.227.58 - - [17/Jan/2026:05:26:25 -0700] "GET /?path=//proc/self/root/proc/thread-self/root/proc/thread-self/root/proc/thread-self/root/proc/thread-self/root/proc/self/root/proc/self/root/proc/self/root/proc/self/root/proc/self/root/etc/pki HTTP/2.0" 200 2910 "https://www.veronaae.com/?path=//proc/self/root/proc/thread-self/root/proc/thread-self/root/proc/thread-self/root/proc/thread-self/root/proc/self/root/proc/self/root/proc/self/root/proc/self/root/proc/self/root/etc" "Mozilla/5.0 AppleWebKit/537.36 (KHTML, like Gecko; compatible; GPTBot/1.3; +https://openai.com/gptbot)" 651 **0/651073**
216.73.216.56 - - [17/Jan/2026:05:26:25 -0700] "GET /uv-printing?fileloc=%2F%2Fusr%2Flib64%2Fpython3.12%2Fcollections%2F__init__.py&path=%2F%2Fusr%2Flib64%2Fpython3.12%2Fcollections HTTP/2.0" 200 14029 "-" "Mozilla/5.0 AppleWebKit/537.36 (KHTML, like Gecko; compatible; ClaudeBot/1.0; +claudebot@anthropic.com)" 623 **0/623738**
216.73.216.56 - - [17/Jan/2026:05:26:25 -0700] "GET /uv-printing?fileloc=%2F%2Fusr%2Finclude%2Fbits%2Fmonetary-ldbl.h&path=%2F%2Fusr%2Finclude%2Fbits HTTP/2.0" 200 2803 "-" "Mozilla/5.0 AppleWebKit/537.36 (KHTML, like Gecko; compatible; ClaudeBot/1.0; +claudebot@anthropic.com)" 812 **0/812494**
216.73.216.56 - - [17/Jan/2026:05:26:26 -0700] "GET /uv-printing?fileloc=%2F%2Fusr%2Flib64%2Fpython3.12%2Flib-dynload%2Faudioop.cpython-312-x86_64-linux-gnu.so&path=%2F%2Fusr%2Flib64%2Fpython3.12%2Flib-dynload HTTP/2.0" 200 2309 "-" "Mozilla/5.0 AppleWebKit/537.36 (KHTML, like Gecko; compatible; ClaudeBot/1.0; +claudebot@anthropic.com)" 731 **0/731152**
216.73.216.56 - - [17/Jan/2026:05:26:26 -0700] "GET /uv-printing?fileloc=%2F%2Fusr%2Finclude%2Flinux%2Fquota.h&path=%2F%2Fusr%2Finclude%2Flinux HTTP/2.0" 200 4534 "-" "Mozilla/5.0 AppleWebKit/537.36 (KHTML, like Gecko; compatible; ClaudeBot/1.0; +claudebot@anthropic.com)" 648 **0/648091**
66.249.75.75 - - [17/Jan/2026:05:26:25 -0700] "GET /?v=colour-409802824 HTTP/1.1" 200 22549 "-" "Mozilla/5.0 (Linux; Android 6.0.1; Nexus 5X Build/MMB29P) AppleWebKit/537.36 (KHTML, like Gecko) Chrome/143.0.7499.192 Mobile Safari/537.36 (compatible; Googlebot/2.1; +http://www.google.com/bot.html)" 1763 **1/1763034**
216.73.216.56 - - [17/Jan/2026:05:26:26 -0700] "GET /uv-printing?fileloc=%2F%2Fusr%2Finclude%2Flinux%2Fzorro.h&path=%2F%2Fusr%2Finclude%2Flinux HTTP/2.0" 200 3727 "-" "Mozilla/5.0 AppleWebKit/537.36 (KHTML, like Gecko; compatible; ClaudeBot/1.0; +claudebot@anthropic.com)" 743 **0/743080**
216.73.216.56 - - [17/Jan/2026:05:26:26 -0700] "GET /uv-printing?fileloc=%2F%2Fusr%2Flib64%2Fpython3.6%2Fvenv%2F__init__.py&path=%2F%2Fusr%2Flib64%2Fpython3.6%2Fvenv HTTP/2.0" 200 7304 "-" "Mozilla/5.0 AppleWebKit/537.36 (KHTML, like Gecko; compatible; ClaudeBot/1.0; +claudebot@anthropic.com)" 837 **0/837031**
216.73.216.56 - - [17/Jan/2026:05:26:26 -0700] "GET /uv-printing?fileloc=%2F%2Fusr%2Flib64%2Fpython2.7%2Fnntplib.pyo&path=%2F%2Fusr%2Flib64%2Fpython2.7 HTTP/2.0" 200 2277 "-" "Mozilla/5.0 AppleWebKit/537.36 (KHTML, like Gecko; compatible; ClaudeBot/1.0; +claudebot@anthropic.com)" 760 **0/760371**
216.73.216.56 - - [17/Jan/2026:05:26:26 -0700] "GET /uv-printing?fileloc=%2F%2Fproc%2Fsys%2Fkernel%2Fsoftlockup_all_cpu_backtrace&path=%2F%2Fproc%2Fsys%2Fkernel HTTP/2.0" 200 2289 "-" "Mozilla/5.0 AppleWebKit/537.36 (KHTML, like Gecko; compatible; ClaudeBot/1.0; +claudebot@anthropic.com)" 750 **0/750133**
57.141.20.47 - - [17/Jan/2026:05:26:26 -0700] "GET /?e=4078678i34gda HTTP/2.0" 200 108366 "-" "meta-externalagent/1.1 (+https://developers.facebook.com/docs/sharing/webmasters/crawler)" 683 **0/683545**
216.73.216.56 - - [17/Jan/2026:05:26:26 -0700] "GET /uv-printing?fileloc=%2F%2Fusr%2Flib64%2Fpython2.7%2Fbsddb%2Fdbtables.pyo&path=%2F%2Fusr%2Flib64%2Fpython2.7%2Fbsddb HTTP/2.0" 200 2288 "-" "Mozilla/5.0 AppleWebKit/537.36 (KHTML, like Gecko; compatible; ClaudeBot/1.0; +claudebot@anthropic.com)" 771 **0/771551**
216.73.216.56 - - [17/Jan/2026:05:26:26 -0700] "GET /uv-printing?fileloc=%2F%2Fusr%2Finclude%2Flinux%2Fqrtr.h&path=%2F%2Fusr%2Finclude%2Flinux HTTP/2.0" 200 2696 "-" "Mozilla/5.0 AppleWebKit/537.36 (KHTML, like Gecko; compatible; ClaudeBot/1.0; +claudebot@anthropic.com)" 695 **0/695771**
74.7.227.58 - - [17/Jan/2026:05:26:26 -0700] "GET /?path=//proc/self/root/proc/thread-self/root/proc/thread-self/root/proc/thread-self/root/proc/thread-self/root/proc/self/root/proc/self/root/proc/self/root/proc/self/root/proc/self/root/opt/cpanel/ea-profiles-cpanel HTTP/2.0" 200 3254 "https://www.veronaae.com/?path=//proc/self/root/proc/thread-self/root/proc/thread-self/root/proc/thread-self/root/proc/thread-self/root/proc/self/root/proc/self/root/proc/self/root/proc/self/root/proc/self/root/opt/cpanel" "Mozilla/5.0 AppleWebKit/537.36 (KHTML, like Gecko; compatible; GPTBot/1.3; +https://openai.com/gptbot)" 876 **0/876122**
216.73.216.56 - - [17/Jan/2026:05:26:27 -0700] "GET /uv-printing?fileloc=%2F%2Fusr%2Finclude%2Fsys%2Fperm.h&path=%2F%2Fusr%2Finclude%2Fsys HTTP/2.0" 200 2847 "-" "Mozilla/5.0 AppleWebKit/537.36 (KHTML, like Gecko; compatible; ClaudeBot/1.0; +claudebot@anthropic.com)" 721 **0/721630**
216.73.216.56 - - [17/Jan/2026:05:26:26 -0700] "GET /uv-printing?fileloc=%2F%2Fusr%2Flibexec%2Fgit-core%2Fgit-quiltimport&path=%2F%2Fusr%2Flibexec%2Fgit-core HTTP/2.0" 200 3695 "-" "Mozilla/5.0 AppleWebKit/537.36 (KHTML, like Gecko; compatible; ClaudeBot/1.0; +claudebot@anthropic.com)" 917 **0/917961**
216.73.216.56 - - [17/Jan/2026:05:26:26 -0700] "GET /uv-printing?fileloc=%2F%2Fusr%2Finclude%2Flinux%2Fhysdn_if.h&path=%2F%2Fusr%2Finclude%2Flinux HTTP/2.0" 200 2929 "-" "Mozilla/5.0 AppleWebKit/537.36 (KHTML, like Gecko; compatible; ClaudeBot/1.0; +claudebot@anthropic.com)" 904 **0/904624**
216.73.216.56 - - [17/Jan/2026:05:26:27 -0700] "GET /uv-printing?fileloc=%2F%2Fusr%2Finclude%2Flinux%2Fhsr_netlink.h&path=%2F%2Fusr%2Finclude%2Flinux HTTP/2.0" 200 2771 "-" "Mozilla/5.0 AppleWebKit/537.36 (KHTML, like Gecko; compatible; ClaudeBot/1.0; +claudebot@anthropic.com)" 727 **0/727391**
216.73.216.56 - - [17/Jan/2026:05:26:27 -0700] "GET /uv-printing?fileloc=%2F%2Fusr%2Finclude%2Flinux%2Fpacket_diag.h&path=%2F%2Fusr%2Finclude%2Flinux HTTP/2.0" 200 2902 "-" "Mozilla/5.0 AppleWebKit/537.36 (KHTML, like Gecko; compatible; ClaudeBot/1.0; +claudebot@anthropic.com)" 914 **0/914804**
216.73.216.56 - - [17/Jan/2026:05:26:27 -0700] "GET /uv-printing?fileloc=%2F%2Fusr%2Flibexec%2Fgit-core%2Fgit-difftool--helper&path=%2F%2Fusr%2Flibexec%2Fgit-core HTTP/2.0" 200 3399 "-" "Mozilla/5.0 AppleWebKit/537.36 (KHTML, like Gecko; compatible; ClaudeBot/1.0; +claudebot@anthropic.com)" 843 **0/843068**
216.73.216.56 - - [17/Jan/2026:05:26:27 -0700] "GET /uv-printing?fileloc=%2F%2Fusr%2Finclude%2Fsys%2Fvm86.h&path=%2F%2Fusr%2Finclude%2Fsys HTTP/2.0" 200 2890 "-" "Mozilla/5.0 AppleWebKit/537.36 (KHTML, like Gecko; compatible; ClaudeBot/1.0; +claudebot@anthropic.com)" 775 **0/775932**
216.73.216.56 - - [17/Jan/2026:05:26:27 -0700] "GET /uv-printing?fileloc=%2F%2Fusr%2Flib64%2Fpython3.12%2Flib-dynload%2F_zoneinfo.cpython-312-x86_64-linux-gnu.so&path=%2F%2Fusr%2Flib64%2Fpython3.12%2Flib-dynload HTTP/2.0" 200 2308 "-" "Mozilla/5.0 AppleWebKit/537.36 (KHTML, like Gecko; compatible; ClaudeBot/1.0; +claudebot@anthropic.com)" 649 **0/649305**
216.73.216.56 - - [17/Jan/2026:05:26:27 -0700] "GET /uv-printing?fileloc=%2F%2Fusr%2Finclude%2Fbits%2Fwchar.h&path=%2F%2Fusr%2Finclude%2Fbits HTTP/2.0" 200 3096 "-" "Mozilla/5.0 AppleWebKit/537.36 (KHTML, like Gecko; compatible; ClaudeBot/1.0; +claudebot@anthropic.com)" 643 **0/643877**
216.73.216.56 - - [17/Jan/2026:05:26:27 -0700] "GET /uv-printing?fileloc=%2F%2Fusr%2Finclude%2Fbind9%2Fisc%2Fassertions.h&path=%2F%2Fusr%2Finclude%2Fbind9%2Fisc HTTP/2.0" 200 3074 "-" "Mozilla/5.0 AppleWebKit/537.36 (KHTML, like Gecko; compatible; ClaudeBot/1.0; +claudebot@anthropic.com)" 647 **0/647184**
216.73.216.56 - - [17/Jan/2026:05:26:28 -0700] "GET /uv-printing?fileloc=%2F%2Flib64%2Fpython3.6%2Femail%2Fheaderregistry.py&path=%2F%2Flib64%2Fpython3.6%2Femail HTTP/2.0" 200 7476 "-" "Mozilla/5.0 AppleWebKit/537.36 (KHTML, like Gecko; compatible; ClaudeBot/1.0; +claudebot@anthropic.com)" 627 **0/627628**
74.7.227.58 - - [17/Jan/2026:05:26:28 -0700] "GET /?path=//proc/self/root/proc/thread-self/root/proc/thread-self/root/proc/thread-self/root/proc/thread-self/root/proc/self/root/proc/self/root/proc/self/root/proc/self/root/proc/self/root/opt/cpanel/ea-brotli HTTP/2.0" 200 2808 "https://www.veronaae.com/?path=//proc/self/root/proc/thread-self/root/proc/thread-self/root/proc/thread-self/root/proc/thread-self/root/proc/self/root/proc/self/root/proc/self/root/proc/self/root/proc/self/root/opt/cpanel" "Mozilla/5.0 AppleWebKit/537.36 (KHTML, like Gecko; compatible; GPTBot/1.3; +https://openai.com/gptbot)" 686 **0/686752**
216.73.216.56 - - [17/Jan/2026:05:26:28 -0700] "GET /uv-printing?fileloc=%2F%2Fopt%2Falt%2Fpython311%2Fbin%2Fmsgfmt3.11.py&path=%2F%2Fopt%2Falt%2Fpython311%2Fbin HTTP/2.0" 200 4776 "-" "Mozilla/5.0 AppleWebKit/537.36 (KHTML, like Gecko; compatible; ClaudeBot/1.0; +claudebot@anthropic.com)" 633 **0/633577**
216.73.216.56 - - [17/Jan/2026:05:26:28 -0700] "GET /uv-printing?fileloc=%2F%2Fusr%2Finclude%2Flinux%2Fatmbr2684.h&path=%2F%2Fusr%2Finclude%2Flinux HTTP/2.0" 200 3535 "-" "Mozilla/5.0 AppleWebKit/537.36 (KHTML, like Gecko; compatible; ClaudeBot/1.0; +claudebot@anthropic.com)" 648 **0/648004**
216.73.216.56 - - [17/Jan/2026:05:26:28 -0700] "GET /uv-printing?fileloc=%2F%2Fusr%2Finclude%2Fbits%2Flong-double.h&path=%2F%2Fusr%2Finclude%2Fbits HTTP/2.0" 200 2722 "-" "Mozilla/5.0 AppleWebKit/537.36 (KHTML, like Gecko; compatible; ClaudeBot/1.0; +claudebot@anthropic.com)" 677 **0/677996**
216.73.216.56 - - [17/Jan/2026:05:26:28 -0700] "GET /uv-printing?fileloc=%2F%2Fusr%2Finclude%2Flinux%2Fhdlcdrv.h&path=%2F%2Fusr%2Finclude%2Flinux HTTP/2.0" 200 3180 "-" "Mozilla/5.0 AppleWebKit/537.36 (KHTML, like Gecko; compatible; ClaudeBot/1.0; +claudebot@anthropic.com)" 640 **0/640053**
216.73.216.56 - - [17/Jan/2026:05:26:28 -0700] "GET /uv-printing?fileloc=%2F%2Fusr%2Finclude%2Flinux%2Fif_hippi.h&path=%2F%2Fusr%2Finclude%2Flinux HTTP/2.0" 200 3889 "-" "Mozilla/5.0 AppleWebKit/537.36 (KHTML, like Gecko; compatible; ClaudeBot/1.0; +claudebot@anthropic.com)" 643 **0/643856**
66.249.75.75 - - [17/Jan/2026:05:26:27 -0700] "GET /?e=3269012c2dj5c HTTP/1.1" 200 22592 "-" "Mozilla/5.0 (Linux; Android 6.0.1; Nexus 5X Build/MMB29P) AppleWebKit/537.36 (KHTML, like Gecko) Chrome/143.0.7499.192 Mobile Safari/537.36 (compatible; Googlebot/2.1; +http://www.google.com/bot.html)" 1768 **1/1768172**
216.73.216.56 - - [17/Jan/2026:05:26:28 -0700] "GET /uv-printing?path=%2F%2Fopt%2Fcpanel%2Fea-php72%2Froot%2Fusr HTTP/2.0" 200 2578 "-" "Mozilla/5.0 AppleWebKit/537.36 (KHTML, like Gecko; compatible; ClaudeBot/1.0; +claudebot@anthropic.com)" 689 **0/689332**
216.73.216.56 - - [17/Jan/2026:05:26:28 -0700] "GET /uv-printing?fileloc=%2F%2Fusr%2Flib64%2Fpython2.7%2Femail%2Fiterators.pyo&path=%2F%2Fusr%2Flib64%2Fpython2.7%2Femail HTTP/2.0" 200 2287 "-" "Mozilla/5.0 AppleWebKit/537.36 (KHTML, like Gecko; compatible; ClaudeBot/1.0; +claudebot@anthropic.com)" 693 **0/693114**
216.73.216.56 - - [17/Jan/2026:05:26:28 -0700] "GET /uv-printing?fileloc=%2F%2Fusr%2Flib64%2Fpython3.12%2Fturtledemo%2Fforest.py&path=%2F%2Fusr%2Flib64%2Fpython3.12%2Fturtledemo HTTP/2.0" 200 3358 "-" "Mozilla/5.0 AppleWebKit/537.36 (KHTML, like Gecko; compatible; ClaudeBot/1.0; +claudebot@anthropic.com)" 614 **0/614512**
216.73.216.56 - - [17/Jan/2026:05:26:28 -0700] "GET /uv-printing?fileloc=%2F%2Fusr%2Finclude%2Flinux%2Fsuspend_ioctls.h&path=%2F%2Fusr%2Finclude%2Flinux HTTP/2.0" 200 2788 "-" "Mozilla/5.0 AppleWebKit/537.36 (KHTML, like Gecko; compatible; ClaudeBot/1.0; +claudebot@anthropic.com)" 707 **0/707289**
216.73.216.56 - - [17/Jan/2026:05:26:28 -0700] "GET /uv-printing?fileloc=%2F%2Fusr%2Finclude%2Flinux%2Fnilfs2_ondisk.h&path=%2F%2Fusr%2Finclude%2Flinux HTTP/2.0" 200 7719 "-" "Mozilla/5.0 AppleWebKit/537.36 (KHTML, like Gecko; compatible; ClaudeBot/1.0; +claudebot@anthropic.com)" 618 **0/618005**
74.7.227.58 - - [17/Jan/2026:05:26:29 -0700] "GET /?path=//proc/self/root/proc/thread-self/root/proc/thread-self/root/proc/thread-self/root/proc/thread-self/root/proc/self/root/proc/self/root/proc/self/root/proc/self/root/lib/games HTTP/2.0" 200 2443 "https://www.veronaae.com/?path=//proc/self/root/proc/thread-self/root/proc/thread-self/root/proc/thread-self/root/proc/thread-self/root/proc/self/root/proc/self/root/proc/self/root/proc/self/root/lib" "Mozilla/5.0 AppleWebKit/537.36 (KHTML, like Gecko; compatible; GPTBot/1.3; +https://openai.com/gptbot)" 713 **0/713712**
216.73.216.56 - - [17/Jan/2026:05:26:29 -0700] "GET /uv-printing?path=%2F%2Fopt%2Fcpanel%2Fea-php73%2Froot%2Fusr HTTP/2.0" 200 2578 "-" "Mozilla/5.0 AppleWebKit/537.36 (KHTML, like Gecko; compatible; ClaudeBot/1.0; +claudebot@anthropic.com)" 712 **0/712662**
216.73.216.56 - - [17/Jan/2026:05:26:29 -0700] "GET /uv-printing?fileloc=%2F%2Fusr%2Finclude%2Flibxml2%2Flibxml%2FxmlIO.h&path=%2F%2Fusr%2Finclude%2Flibxml2%2Flibxml HTTP/2.0" 200 4351 "-" "Mozilla/5.0 AppleWebKit/537.36 (KHTML, like Gecko; compatible; ClaudeBot/1.0; +claudebot@anthropic.com)" 650 **0/650185**
216.73.216.56 - - [17/Jan/2026:05:26:29 -0700] "GET /uv-printing?fileloc=%2F%2Fproc%2Fsys%2Fkernel%2Fkptr_restrict&path=%2F%2Fproc%2Fsys%2Fkernel HTTP/2.0" 200 2278 "-" "Mozilla/5.0 AppleWebKit/537.36 (KHTML, like Gecko; compatible; ClaudeBot/1.0; +claudebot@anthropic.com)" 570 **0/570474**
216.73.216.56 - - [17/Jan/2026:05:26:29 -0700] "GET /uv-printing?fileloc=%2F%2Fusr%2Flib64%2Fpython2.7%2Flib-tk%2Fttk.pyc&path=%2F%2Fusr%2Flib64%2Fpython2.7%2Flib-tk HTTP/2.0" 200 2287 "-" "Mozilla/5.0 AppleWebKit/537.36 (KHTML, like Gecko; compatible; ClaudeBot/1.0; +claudebot@anthropic.com)" 556 **0/556778**
216.73.216.56 - - [17/Jan/2026:05:26:29 -0700] "GET /uv-printing?fileloc=%2F%2Fusr%2Finclude%2Flibxml2%2Flibxml%2Fvalid.h&path=%2F%2Fusr%2Finclude%2Flibxml2%2Flibxml HTTP/2.0" 200 4803 "-" "Mozilla/5.0 AppleWebKit/537.36 (KHTML, like Gecko; compatible; ClaudeBot/1.0; +claudebot@anthropic.com)" 562 **0/562393**
216.73.216.56 - - [17/Jan/2026:05:26:29 -0700] "GET /uv-printing?fileloc=%2F%2Fusr%2Flib64%2Fpython2.7%2Femail%2Ferrors.pyo&path=%2F%2Fusr%2Flib64%2Fpython2.7%2Femail HTTP/2.0" 200 2285 "-" "Mozilla/5.0 AppleWebKit/537.36 (KHTML, like Gecko; compatible; ClaudeBot/1.0; +claudebot@anthropic.com)" 568 **0/568984**
74.7.227.58 - - [17/Jan/2026:05:26:30 -0700] "GET /?path=//proc/self/root/proc/thread-self/root/proc/thread-self/root/proc/thread-self/root/proc/thread-self/root/proc/self/root/proc/self/root/proc/self/root/proc/self/root/etc/openldap/certs HTTP/2.0" 200 2458 "https://www.veronaae.com/?path=//proc/self/root/proc/thread-self/root/proc/thread-self/root/proc/thread-self/root/proc/thread-self/root/proc/self/root/proc/self/root/proc/self/root/proc/self/root/etc/openldap" "Mozilla/5.0 AppleWebKit/537.36 (KHTML, like Gecko; compatible; GPTBot/1.3; +https://openai.com/gptbot)" 519 **0/519940**
74.7.227.58 - - [17/Jan/2026:05:26:30 -0700] "GET /?path=//proc/self/root/proc/thread-self/root/proc/thread-self/root/proc/thread-self/root/proc/thread-self/root/proc/self/root/proc/self/root/proc/self/root/proc/self/root/etc/crypto-policies/policies HTTP/2.0" 200 2700 "https://www.veronaae.com/?path=//proc/self/root/proc/thread-self/root/proc/thread-self/root/proc/thread-self/root/proc/thread-self/root/proc/self/root/proc/self/root/proc/self/root/proc/self/root/etc/crypto-policies" "Mozilla/5.0 AppleWebKit/537.36 (KHTML, like Gecko; compatible; GPTBot/1.3; +https://openai.com/gptbot)" 530 **0/530719**
74.7.227.58 - - [17/Jan/2026:05:26:31 -0700] "GET /?path=//proc/self/root/proc/thread-self/root/proc/thread-self/root/proc/thread-self/root/proc/thread-self/root/proc/self/root/proc/self/root/proc/self/root/proc/self/root/lib/rpm/platform/mips64-linux HTTP/2.0" 200 2740 "https://www.veronaae.com/?path=//proc/self/root/proc/thread-self/root/proc/thread-self/root/proc/thread-self/root/proc/thread-self/root/proc/self/root/proc/self/root/proc/self/root/proc/self/root/lib/rpm/platform" "Mozilla/5.0 AppleWebKit/537.36 (KHTML, like Gecko; compatible; GPTBot/1.3; +https://openai.com/gptbot)" 516 **0/516768**
74.7.227.58 - - [17/Jan/2026:05:26:32 -0700] "GET /?path=//proc/self/root/proc/thread-self/root/proc/thread-self/root/proc/thread-self/root/proc/thread-self/root/proc/self/root/proc/self/root/proc/self/root/proc/self/root/etc/crypto-policies/state HTTP/2.0" 200 2768 "https://www.veronaae.com/?path=//proc/self/root/proc/thread-self/root/proc/thread-self/root/proc/thread-self/root/proc/thread-self/root/proc/self/root/proc/self/root/proc/self/root/proc/self/root/etc/crypto-policies" "Mozilla/5.0 AppleWebKit/537.36 (KHTML, like Gecko; compatible; GPTBot/1.3; +https://openai.com/gptbot)" 538 **0/538396**
18.97.14.88 - - [17/Jan/2026:05:26:32 -0700] "GET /?e=49280786ed6a5 HTTP/2.0" 200 4315 "-" "CCBot/2.0 (https://commoncrawl.org/faq/)" 523 **0/523179**
74.7.227.58 - - [17/Jan/2026:05:26:33 -0700] "GET /?path=//proc/self/root/proc/thread-self/root/proc/thread-self/root/proc/thread-self/root/proc/thread-self/root/proc/self/root/proc/self/root/proc/self/root/proc/self/root/etc/crypto-policies/local.d HTTP/2.0" 200 2733 "https://www.veronaae.com/?path=//proc/self/root/proc/thread-self/root/proc/thread-self/root/proc/thread-self/root/proc/thread-self/root/proc/self/root/proc/self/root/proc/self/root/proc/self/root/etc/crypto-policies" "Mozilla/5.0 AppleWebKit/537.36 (KHTML, like Gecko; compatible; GPTBot/1.3; +https://openai.com/gptbot)" 516 **0/516422**
192.178.6.100 - - [17/Jan/2026:05:26:32 -0700] "GET /?e=812485af8122 HTTP/1.1" 200 22049 "-" "Mozilla/5.0 (Linux; Android 6.0.1; Nexus 5X Build/MMB29P) AppleWebKit/537.36 (KHTML, like Gecko) Chrome/143.0.7499.192 Mobile Safari/537.36 (compatible; Googlebot/2.1; +http://www.google.com/bot.html)" 1603 **1/1603196**
74.7.227.58 - - [17/Jan/2026:05:26:34 -0700] "GET /?path=//proc/self/root/proc/thread-self/root/proc/thread-self/root/proc/thread-self/root/proc/thread-self/root/proc/self/root/proc/self/root/proc/self/root/proc/self/root/etc/pki/kcare-gpg HTTP/2.0" 200 2458 "https://www.veronaae.com/?path=//proc/self/root/proc/thread-self/root/proc/thread-self/root/proc/thread-self/root/proc/thread-self/root/proc/self/root/proc/self/root/proc/self/root/proc/self/root/etc/pki" "Mozilla/5.0 AppleWebKit/537.36 (KHTML, like Gecko; compatible; GPTBot/1.3; +https://openai.com/gptbot)" 501 **0/501337**
74.7.227.58 - - [17/Jan/2026:05:26:35 -0700] "GET /?path=//proc/self/root/proc/thread-self/root/proc/thread-self/root/proc/thread-self/root/proc/thread-self/root/proc/self/root/proc/self/root/proc/self/root/proc/self/root/proc/self/root/opt/cpanel/composer HTTP/2.0" 200 2813 "https://www.veronaae.com/?path=//proc/self/root/proc/thread-self/root/proc/thread-self/root/proc/thread-self/root/proc/thread-self/root/proc/self/root/proc/self/root/proc/self/root/proc/self/root/proc/self/root/opt/cpanel" "Mozilla/5.0 AppleWebKit/537.36 (KHTML, like Gecko; compatible; GPTBot/1.3; +https://openai.com/gptbot)" 497 **0/497655**
57.141.20.51 - - [17/Jan/2026:05:26:35 -0700] "GET /?e=4847782a8095 HTTP/2.0" 200 108366 "-" "meta-externalagent/1.1 (+https://developers.facebook.com/docs/sharing/webmasters/crawler)" 503 **0/503241**
57.141.20.49 - - [17/Jan/2026:05:26:35 -0700] "GET /?e=23946538a550j HTTP/2.0" 200 108366 "-" "meta-externalagent/1.1 (+https://developers.facebook.com/docs/sharing/webmasters/crawler)" 513 **0/513017**
74.7.227.58 - - [17/Jan/2026:05:26:35 -0700] "GET /?path=//proc/self/root/proc/thread-self/root/proc/thread-self/root/proc/thread-self/root/proc/thread-self/root/proc/self/root/proc/self/root/proc/self/root/proc/self/root/proc/self/root/etc/pki/tls HTTP/2.0" 200 2913 "https://www.veronaae.com/?path=//proc/self/root/proc/thread-self/root/proc/thread-self/root/proc/thread-self/root/proc/thread-self/root/proc/self/root/proc/self/root/proc/self/root/proc/self/root/proc/self/root/etc/pki" "Mozilla/5.0 AppleWebKit/537.36 (KHTML, like Gecko; compatible; GPTBot/1.3; +https://openai.com/gptbot)" 510 **0/510134**
66.249.75.75 - - [17/Jan/2026:05:26:35 -0700] "GET /?v=colour-102883324 HTTP/1.1" 200 21283 "-" "Mozilla/5.0 (Linux; Android 6.0.1; Nexus 5X Build/MMB29P) AppleWebKit/537.36 (KHTML, like Gecko) Chrome/143.0.7499.192 Mobile Safari/537.36 (compatible; Googlebot/2.1; +http://www.google.com/bot.html)" 1614 **1/1614571**
74.7.227.58 - - [17/Jan/2026:05:26:36 -0700] "GET /?path=//proc/self/root/proc/thread-self/root/proc/thread-self/root/proc/thread-self/root/proc/thread-self/root/proc/self/root/proc/self/root/proc/self/root/proc/self/root/proc/self/root/etc/pki/rpm-gpg HTTP/2.0" 200 2914 "https://www.veronaae.com/?path=//proc/self/root/proc/thread-self/root/proc/thread-self/root/proc/thread-self/root/proc/thread-self/root/proc/self/root/proc/self/root/proc/self/root/proc/self/root/proc/self/root/etc/pki" "Mozilla/5.0 AppleWebKit/537.36 (KHTML, like Gecko; compatible; GPTBot/1.3; +https://openai.com/gptbot)" 517 **0/517898**
74.7.227.58 - - [17/Jan/2026:05:26:37 -0700] "GET /?path=//proc/self/root/proc/thread-self/root/proc/thread-self/root/proc/thread-self/root/proc/thread-self/root/proc/self/root/proc/self/root/proc/self/root/proc/self/root/proc/self/root/opt/cpanel/ea-brotli/include HTTP/2.0" 200 2728 "https://www.veronaae.com/?path=//proc/self/root/proc/thread-self/root/proc/thread-self/root/proc/thread-self/root/proc/thread-self/root/proc/self/root/proc/self/root/proc/self/root/proc/self/root/proc/self/root/opt/cpanel/ea-brotli" "Mozilla/5.0 AppleWebKit/537.36 (KHTML, like Gecko; compatible; GPTBot/1.3; +https://openai.com/gptbot)" 520 **0/520693**
66.249.75.75 - - [17/Jan/2026:05:26:36 -0700] "GET /?e=391846350273j HTTP/1.1" 200 24001 "-" "Mozilla/5.0 (Linux; Android 6.0.1; Nexus 5X Build/MMB29P) AppleWebKit/537.36 (KHTML, like Gecko) Chrome/143.0.7499.192 Mobile Safari/537.36 (compatible; Googlebot/2.1; +http://www.google.com/bot.html)" 1615 **1/1615537**
74.7.227.58 - - [17/Jan/2026:05:26:38 -0700] "GET /?path=//proc/self/root/proc/thread-self/root/proc/thread-self/root/proc/thread-self/root/proc/thread-self/root/proc/self/root/proc/self/root/proc/self/root/proc/self/root/proc/self/root/opt/cpanel/ea-brotli/lib HTTP/2.0" 200 3131 "https://www.veronaae.com/?path=//proc/self/root/proc/thread-self/root/proc/thread-self/root/proc/thread-self/root/proc/thread-self/root/proc/self/root/proc/self/root/proc/self/root/proc/self/root/proc/self/root/opt/cpanel/ea-brotli" "Mozilla/5.0 AppleWebKit/537.36 (KHTML, like Gecko; compatible; GPTBot/1.3; +https://openai.com/gptbot)" 525 **0/525025**
57.141.20.54 - - [17/Jan/2026:05:26:38 -0700] "GET /?e=387270723ci0f HTTP/2.0" 200 108366 "-" "meta-externalagent/1.1 (+https://developers.facebook.com/docs/sharing/webmasters/crawler)" 512 **0/512606**
74.7.227.58 - - [17/Jan/2026:05:26:39 -0700] "GET /?path=//proc/self/root/proc/thread-self/root/proc/thread-self/root/proc/thread-self/root/proc/thread-self/root/proc/self/root/proc/self/root/proc/self/root/proc/self/root/proc/self/root/etc/pki/nssdb HTTP/2.0" 200 2881 "https://www.veronaae.com/?path=//proc/self/root/proc/thread-self/root/proc/thread-self/root/proc/thread-self/root/proc/thread-self/root/proc/self/root/proc/self/root/proc/self/root/proc/self/root/proc/self/root/etc/pki" "Mozilla/5.0 AppleWebKit/537.36 (KHTML, like Gecko; compatible; GPTBot/1.3; +https://openai.com/gptbot)" 518 **0/518701**
74.7.227.58 - - [17/Jan/2026:05:26:40 -0700] "GET /?path=//proc/self/root/proc/thread-self/root/proc/thread-self/root/proc/thread-self/root/proc/thread-self/root/proc/self/root/proc/self/root/proc/self/root/proc/self/root/proc/self/root/opt/cpanel/ea-brotli/bin HTTP/2.0" 200 2755 "https://www.veronaae.com/?path=//proc/self/root/proc/thread-self/root/proc/thread-self/root/proc/thread-self/root/proc/thread-self/root/proc/self/root/proc/self/root/proc/self/root/proc/self/root/proc/self/root/opt/cpanel/ea-brotli" "Mozilla/5.0 AppleWebKit/537.36 (KHTML, like Gecko; compatible; GPTBot/1.3; +https://openai.com/gptbot)" 508 **0/508740**
74.7.227.58 - - [17/Jan/2026:05:26:40 -0700] "GET /?path=//proc/self/root/proc/thread-self/root/proc/thread-self/root/proc/thread-self/root/proc/thread-self/root/proc/self/root/proc/self/root/proc/self/root/proc/self/root/proc/self/root/etc/pki/dovecot HTTP/2.0" 200 2812 "https://www.veronaae.com/?path=//proc/self/root/proc/thread-self/root/proc/thread-self/root/proc/thread-self/root/proc/thread-self/root/proc/self/root/proc/self/root/proc/self/root/proc/self/root/proc/self/root/etc/pki" "Mozilla/5.0 AppleWebKit/537.36 (KHTML, like Gecko; compatible; GPTBot/1.3; +https://openai.com/gptbot)" 502 **0/502922**
66.249.75.76 - - [17/Jan/2026:05:26:39 -0700] "GET /?v=colour-22439756 HTTP/1.1" 200 21591 "-" "Mozilla/5.0 (Linux; Android 6.0.1; Nexus 5X Build/MMB29P) AppleWebKit/537.36 (KHTML, like Gecko) Chrome/143.0.7499.192 Mobile Safari/537.36 (compatible; Googlebot/2.1; +http://www.google.com/bot.html)" 1631 **1/1631667**
74.7.227.58 - - [17/Jan/2026:05:26:41 -0700] "GET /?path=//proc/self/root/proc/thread-self/root/proc/thread-self/root/proc/thread-self/root/proc/thread-self/root/proc/self/root/proc/self/root/proc/self/root/proc/self/root/proc/self/root/etc/pki/java HTTP/2.0" 200 2734 "https://www.veronaae.com/?path=//proc/self/root/proc/thread-self/root/proc/thread-self/root/proc/thread-self/root/proc/thread-self/root/proc/self/root/proc/self/root/proc/self/root/proc/self/root/proc/self/root/etc/pki" "Mozilla/5.0 AppleWebKit/537.36 (KHTML, like Gecko; compatible; GPTBot/1.3; +https://openai.com/gptbot)" 504 **0/504479**
74.7.227.58 - - [17/Jan/2026:05:26:42 -0700] "GET /?path=//proc/self/root/proc/thread-self/root/proc/thread-self/root/proc/thread-self/root/proc/thread-self/root/proc/self/root/proc/self/root/proc/self/root/proc/self/root/usr/lib/dracut HTTP/2.0" 200 3056 "https://www.veronaae.com/?path=//proc/self/root/proc/thread-self/root/proc/thread-self/root/proc/thread-self/root/proc/thread-self/root/proc/self/root/proc/self/root/proc/self/root/proc/self/root/usr/lib" "Mozilla/5.0 AppleWebKit/537.36 (KHTML, like Gecko; compatible; GPTBot/1.3; +https://openai.com/gptbot)" 500 **0/500843**
66.249.75.75 - - [17/Jan/2026:05:26:41 -0700] "GET /?e=1744809h5a7i1 HTTP/1.1" 200 22356 "-" "Mozilla/5.0 (Linux; Android 6.0.1; Nexus 5X Build/MMB29P) AppleWebKit/537.36 (KHTML, like Gecko) Chrome/143.0.7499.192 Mobile Safari/537.36 (compatible; Googlebot/2.1; +http://www.google.com/bot.html)" 1655 **1/1655834**
57.141.20.4 - - [17/Jan/2026:05:26:43 -0700] "GET /?e=3125321be89a8 HTTP/2.0" 200 108366 "-" "meta-externalagent/1.1 (+https://developers.facebook.com/docs/sharing/webmasters/crawler)" 509 **0/509286**
74.7.227.58 - - [17/Jan/2026:05:26:43 -0700] "GET /?path=//proc/self/root/proc/thread-self/root/proc/thread-self/root/proc/thread-self/root/proc/thread-self/root/proc/self/root/proc/self/root/proc/self/root/proc/self/root/usr/selector.etc HTTP/2.0" 200 2707 "https://www.veronaae.com/?path=//proc/self/root/proc/thread-self/root/proc/thread-self/root/proc/thread-self/root/proc/thread-self/root/proc/self/root/proc/self/root/proc/self/root/proc/self/root/usr" "Mozilla/5.0 AppleWebKit/537.36 (KHTML, like Gecko; compatible; GPTBot/1.3; +https://openai.com/gptbot)" 507 **0/507931**
57.141.20.45 - - [17/Jan/2026:05:26:43 -0700] "GET /?e=4426162485dgc HTTP/2.0" 200 108366 "-" "meta-externalagent/1.1 (+https://developers.facebook.com/docs/sharing/webmasters/crawler)" 494 **0/494412**
57.141.20.17 - - [17/Jan/2026:05:26:43 -0700] "GET /?e=2840873a4i67a HTTP/2.0" 200 108366 "-" "meta-externalagent/1.1 (+https://developers.facebook.com/docs/sharing/webmasters/crawler)" 507 **0/507006**
74.7.227.58 - - [17/Jan/2026:05:26:44 -0700] "GET /?path=//proc/self/root/proc/thread-self/root/proc/thread-self/root/proc/thread-self/root/proc/thread-self/root/proc/self/root/proc/self/root/proc/self/root/proc/self/root/proc/self/root/opt/cpanel/composer/bin HTTP/2.0" 200 2752 "https://www.veronaae.com/?path=//proc/self/root/proc/thread-self/root/proc/thread-self/root/proc/thread-self/root/proc/thread-self/root/proc/self/root/proc/self/root/proc/self/root/proc/self/root/proc/self/root/opt/cpanel/composer" "Mozilla/5.0 AppleWebKit/537.36 (KHTML, like Gecko; compatible; GPTBot/1.3; +https://openai.com/gptbot)" 502 **0/502301**
74.7.227.58 - - [17/Jan/2026:05:26:44 -0700] "GET /?path=//proc/self/root/proc/thread-self/root/proc/thread-self/root/proc/thread-self/root/proc/thread-self/root/proc/self/root/proc/self/root/proc/self/root/proc/self/root/proc/self/root/etc/pki/tls/certs HTTP/2.0" 200 3197 "https://www.veronaae.com/?path=//proc/self/root/proc/thread-self/root/proc/thread-self/root/proc/thread-self/root/proc/thread-self/root/proc/self/root/proc/self/root/proc/self/root/proc/self/root/proc/self/root/etc/pki/tls" "Mozilla/5.0 AppleWebKit/537.36 (KHTML, like Gecko; compatible; GPTBot/1.3; +https://openai.com/gptbot)" 510 **0/510015**
66.249.75.76 - - [17/Jan/2026:05:26:44 -0700] "GET /?v=colour-120237358 HTTP/1.1" 200 22608 "-" "Mozilla/5.0 (Linux; Android 6.0.1; Nexus 5X Build/MMB29P) AppleWebKit/537.36 (KHTML, like Gecko) Chrome/143.0.7499.192 Mobile Safari/537.36 (compatible; Googlebot/2.1; +http://www.google.com/bot.html)" 1602 **1/1602923**
74.7.227.58 - - [17/Jan/2026:05:26:45 -0700] "GET /?path=//proc/self/root/proc/thread-self/root/proc/thread-self/root/proc/thread-self/root/proc/thread-self/root/proc/self/root/proc/self/root/proc/self/root/proc/self/root/proc/self/root/etc/pki/tls/misc HTTP/2.0" 200 2488 "https://www.veronaae.com/?path=//proc/self/root/proc/thread-self/root/proc/thread-self/root/proc/thread-self/root/proc/thread-self/root/proc/self/root/proc/self/root/proc/self/root/proc/self/root/proc/self/root/etc/pki/tls" "Mozilla/5.0 AppleWebKit/537.36 (KHTML, like Gecko; compatible; GPTBot/1.3; +https://openai.com/gptbot)" 510 **0/510698**
74.7.227.58 - - [17/Jan/2026:05:26:46 -0700] "GET /?path=//proc/self/root/proc/thread-self/root/proc/thread-self/root/proc/thread-self/root/proc/thread-self/root/proc/self/root/proc/self/root/proc/self/root/proc/self/root/var/log HTTP/2.0" 200 2869 "https://www.veronaae.com/?path=//proc/self/root/proc/thread-self/root/proc/thread-self/root/proc/thread-self/root/proc/thread-self/root/proc/self/root/proc/self/root/proc/self/root/proc/self/root/var" "Mozilla/5.0 AppleWebKit/537.36 (KHTML, like Gecko; compatible; GPTBot/1.3; +https://openai.com/gptbot)" 513 **0/513257**
74.7.227.58 - - [17/Jan/2026:05:26:47 -0700] "GET /?path=//proc/self/root/proc/thread-self/root/proc/thread-self/root/proc/thread-self/root/proc/thread-self/root/proc/self/root/proc/self/root/proc/self/root/proc/self/root/proc/self/root/etc/pki/rsyslog HTTP/2.0" 200 2471 "https://www.veronaae.com/?path=//proc/self/root/proc/thread-self/root/proc/thread-self/root/proc/thread-self/root/proc/thread-self/root/proc/self/root/proc/self/root/proc/self/root/proc/self/root/proc/self/root/etc/pki" "Mozilla/5.0 AppleWebKit/537.36 (KHTML, like Gecko; compatible; GPTBot/1.3; +https://openai.com/gptbot)" 519 **0/519057**
66.249.75.76 - - [17/Jan/2026:05:26:46 -0700] "GET /?e=1136058g30b9f HTTP/1.1" 200 22366 "-" "Mozilla/5.0 (Linux; Android 6.0.1; Nexus 5X Build/MMB29P) AppleWebKit/537.36 (KHTML, like Gecko) Chrome/143.0.7499.192 Mobile Safari/537.36 (compatible; Googlebot/2.1; +http://www.google.com/bot.html)" 1604 **1/1604668**
74.7.227.58 - - [17/Jan/2026:05:26:48 -0700] "GET /?path=//proc/self/root/proc/thread-self/root/proc/thread-self/root/proc/thread-self/root/proc/thread-self/root/proc/self/root/proc/self/root/proc/self/root/proc/self/root/proc/self/root/proc/thread-self/root/usr/bin HTTP/2.0" 200 15598 "https://www.veronaae.com/?path=//proc/self/root/proc/thread-self/root/proc/thread-self/root/proc/thread-self/root/proc/thread-self/root/proc/self/root/proc/self/root/proc/self/root/proc/self/root/proc/self/root/proc/thread-self/root/usr" "Mozilla/5.0 AppleWebKit/537.36 (KHTML, like Gecko; compatible; GPTBot/1.3; +https://openai.com/gptbot)" 709 **0/709221**
74.7.227.58 - - [17/Jan/2026:05:26:49 -0700] "GET /?path=//proc/self/root/proc/thread-self/root/proc/thread-self/root/proc/thread-self/root/proc/thread-self/root/proc/self/root/proc/self/root/proc/self/root/proc/self/root/proc/self/root/etc/mail HTTP/2.0" 200 2703 "https://www.veronaae.com/?path=//proc/self/root/proc/thread-self/root/proc/thread-self/root/proc/thread-self/root/proc/thread-self/root/proc/self/root/proc/self/root/proc/self/root/proc/self/root/proc/self/root/etc" "Mozilla/5.0 AppleWebKit/537.36 (KHTML, like Gecko; compatible; GPTBot/1.3; +https://openai.com/gptbot)" 524 **0/524567**
