216.73.216.56 - - [17/Jan/2026:05:23:10 -0700] "GET /uv-printing?fileloc=%2F%2Fusr%2Finclude%2Fpython3.6m%2Fstructseq.h&path=%2F%2Fusr%2Finclude%2Fpython3.6m HTTP/2.0" 403 4315 "-" "Mozilla/5.0 AppleWebKit/537.36 (KHTML, like Gecko; compatible; ClaudeBot/1.0; +claudebot@anthropic.com)" 761 **0/761050**
216.73.216.56 - - [17/Jan/2026:05:23:10 -0700] "GET /uv-printing?path=%2F%2Fopt%2Falt%2Fpython39%2Flib%2Fpython3.9 HTTP/2.0" 403 4315 "-" "Mozilla/5.0 AppleWebKit/537.36 (KHTML, like Gecko; compatible; ClaudeBot/1.0; +claudebot@anthropic.com)" 756 **0/756133**
74.7.227.58 - - [17/Jan/2026:05:23:10 -0700] "GET /?path=//proc/self/root/proc/thread-self/root/proc/thread-self/root/proc/thread-self/root/proc/thread-self/root/proc/self/root/proc/self/root/proc/self/root/proc/self/root/proc/self/root/proc/sys/kernel/yama HTTP/2.0" 200 2750 "https://www.veronaae.com/?path=//proc/self/root/proc/thread-self/root/proc/thread-self/root/proc/thread-self/root/proc/thread-self/root/proc/self/root/proc/self/root/proc/self/root/proc/self/root/proc/self/root/proc/sys/kernel" "Mozilla/5.0 AppleWebKit/537.36 (KHTML, like Gecko; compatible; GPTBot/1.3; +https://openai.com/gptbot)" 678 **0/678722**
216.73.216.56 - - [17/Jan/2026:05:23:10 -0700] "GET /uv-printing?fileloc=%2F%2Fusr%2Finclude%2Fpython3.6m%2Fmethodobject.h&path=%2F%2Fusr%2Finclude%2Fpython3.6m HTTP/2.0" 403 4315 "-" "Mozilla/5.0 AppleWebKit/537.36 (KHTML, like Gecko; compatible; ClaudeBot/1.0; +claudebot@anthropic.com)" 696 **0/696324**
216.73.216.56 - - [17/Jan/2026:05:23:10 -0700] "GET /uv-printing?fileloc=%2F%2Fusr%2Finclude%2Fpython3.6m%2FPython.h&path=%2F%2Fusr%2Finclude%2Fpython3.6m HTTP/2.0" 403 4315 "-" "Mozilla/5.0 AppleWebKit/537.36 (KHTML, like Gecko; compatible; ClaudeBot/1.0; +claudebot@anthropic.com)" 717 **0/717677**
216.73.216.56 - - [17/Jan/2026:05:23:10 -0700] "GET /uv-printing?fileloc=%2F%2Fusr%2Finclude%2Fpython2.7%2Fclassobject.h&path=%2F%2Fusr%2Finclude%2Fpython2.7 HTTP/2.0" 403 4315 "-" "Mozilla/5.0 AppleWebKit/537.36 (KHTML, like Gecko; compatible; ClaudeBot/1.0; +claudebot@anthropic.com)" 694 **0/694498**
216.73.216.56 - - [17/Jan/2026:05:23:10 -0700] "GET /uv-printing?path=%2F%2Fopt%2Falt%2Fpython36%2Flib%2Fpython3.6 HTTP/2.0" 403 4315 "-" "Mozilla/5.0 AppleWebKit/537.36 (KHTML, like Gecko; compatible; ClaudeBot/1.0; +claudebot@anthropic.com)" 716 **0/716377**
216.73.216.56 - - [17/Jan/2026:05:23:10 -0700] "GET /uv-printing?path=%2F%2Fopt%2Falt%2Fpython38%2Flib%2Fpython3.8 HTTP/2.0" 403 4315 "-" "Mozilla/5.0 AppleWebKit/537.36 (KHTML, like Gecko; compatible; ClaudeBot/1.0; +claudebot@anthropic.com)" 712 **0/712718**
216.73.216.56 - - [17/Jan/2026:05:23:10 -0700] "GET /uv-printing?path=%2F%2Fopt%2Falt%2Fpython35%2Flib%2Fpython3.5 HTTP/2.0" 403 4315 "-" "Mozilla/5.0 AppleWebKit/537.36 (KHTML, like Gecko; compatible; ClaudeBot/1.0; +claudebot@anthropic.com)" 637 **0/637460**
216.73.216.56 - - [17/Jan/2026:05:23:11 -0700] "GET /uv-printing?fileloc=%2F%2Fusr%2Finclude%2Fpython2.7%2Fsliceobject.h&path=%2F%2Fusr%2Finclude%2Fpython2.7 HTTP/2.0" 403 4315 "-" "Mozilla/5.0 AppleWebKit/537.36 (KHTML, like Gecko; compatible; ClaudeBot/1.0; +claudebot@anthropic.com)" 681 **0/681267**
216.73.216.56 - - [17/Jan/2026:05:23:11 -0700] "GET /uv-printing?fileloc=%2F%2Fusr%2Finclude%2Fpython2.7%2Fboolobject.h&path=%2F%2Fusr%2Finclude%2Fpython2.7 HTTP/2.0" 403 4315 "-" "Mozilla/5.0 AppleWebKit/537.36 (KHTML, like Gecko; compatible; ClaudeBot/1.0; +claudebot@anthropic.com)" 737 **0/737759**
216.73.216.56 - - [17/Jan/2026:05:23:11 -0700] "GET /uv-printing?path=%2F%2Fopt%2Falt%2Fpython37%2Flib64%2Fpython3.7 HTTP/2.0" 403 4315 "-" "Mozilla/5.0 AppleWebKit/537.36 (KHTML, like Gecko; compatible; ClaudeBot/1.0; +claudebot@anthropic.com)" 647 **0/647018**
216.73.216.56 - - [17/Jan/2026:05:23:11 -0700] "GET /uv-printing?fileloc=%2F%2Fusr%2Finclude%2Fpython2.7%2Fweakrefobject.h&path=%2F%2Fusr%2Finclude%2Fpython2.7 HTTP/2.0" 403 4315 "-" "Mozilla/5.0 AppleWebKit/537.36 (KHTML, like Gecko; compatible; ClaudeBot/1.0; +claudebot@anthropic.com)" 663 **0/663181**
74.7.227.58 - - [17/Jan/2026:05:23:11 -0700] "GET /?path=//proc/self/root/proc/thread-self/root/proc/thread-self/root/proc/thread-self/root/proc/thread-self/root/proc/self/root/proc/self/root/proc/self/root/proc/self/root/proc/self/root/proc/fs/nfsd HTTP/2.0" 200 2473 "https://www.veronaae.com/?path=//proc/self/root/proc/thread-self/root/proc/thread-self/root/proc/thread-self/root/proc/thread-self/root/proc/self/root/proc/self/root/proc/self/root/proc/self/root/proc/self/root/proc/fs" "Mozilla/5.0 AppleWebKit/537.36 (KHTML, like Gecko; compatible; GPTBot/1.3; +https://openai.com/gptbot)" 677 **0/677107**
216.73.216.56 - - [17/Jan/2026:05:23:11 -0700] "GET /uv-printing?fileloc=%2F%2Fusr%2Finclude%2Fpython3.6m%2Fpatchlevel.h&path=%2F%2Fusr%2Finclude%2Fpython3.6m HTTP/2.0" 403 4315 "-" "Mozilla/5.0 AppleWebKit/537.36 (KHTML, like Gecko; compatible; ClaudeBot/1.0; +claudebot@anthropic.com)" 621 **0/621217**
216.73.216.56 - - [17/Jan/2026:05:23:11 -0700] "GET /uv-printing?fileloc=%2F%2Fusr%2Finclude%2Fpython3.6m%2Ffloatobject.h&path=%2F%2Fusr%2Finclude%2Fpython3.6m HTTP/2.0" 403 4315 "-" "Mozilla/5.0 AppleWebKit/537.36 (KHTML, like Gecko; compatible; ClaudeBot/1.0; +claudebot@anthropic.com)" 610 **0/610668**
216.73.216.56 - - [17/Jan/2026:05:23:11 -0700] "GET /uv-printing?fileloc=%2F%2Fusr%2Finclude%2Fpython2.7%2Ftupleobject.h&path=%2F%2Fusr%2Finclude%2Fpython2.7 HTTP/2.0" 403 4315 "-" "Mozilla/5.0 AppleWebKit/537.36 (KHTML, like Gecko; compatible; ClaudeBot/1.0; +claudebot@anthropic.com)" 619 **0/619751**
216.73.216.56 - - [17/Jan/2026:05:23:11 -0700] "GET /uv-printing?fileloc=%2F%2Fusr%2Finclude%2Fpython3.6m%2Fpyerrors.h&path=%2F%2Fusr%2Finclude%2Fpython3.6m HTTP/2.0" 403 4315 "-" "Mozilla/5.0 AppleWebKit/537.36 (KHTML, like Gecko; compatible; ClaudeBot/1.0; +claudebot@anthropic.com)" 607 **0/607924**
66.249.75.76 - - [17/Jan/2026:05:23:10 -0700] "GET /?e=1477359g2i71c HTTP/1.1" 200 21927 "-" "Mozilla/5.0 (Linux; Android 6.0.1; Nexus 5X Build/MMB29P) AppleWebKit/537.36 (KHTML, like Gecko) Chrome/143.0.7499.192 Mobile Safari/537.36 (compatible; Googlebot/2.1; +http://www.google.com/bot.html)" 1805 **1/1805854**
216.73.216.56 - - [17/Jan/2026:05:23:11 -0700] "GET /uv-printing?path=%2F%2Fopt%2Falt%2Fpython34%2Flib%2Fpython3.4 HTTP/2.0" 403 4315 "-" "Mozilla/5.0 AppleWebKit/537.36 (KHTML, like Gecko; compatible; ClaudeBot/1.0; +claudebot@anthropic.com)" 632 **0/632223**
216.73.216.56 - - [17/Jan/2026:05:23:11 -0700] "GET /uv-printing?fileloc=%2F%2Fusr%2Finclude%2Fpython2.7%2Ffuncobject.h&path=%2F%2Fusr%2Finclude%2Fpython2.7 HTTP/2.0" 403 4315 "-" "Mozilla/5.0 AppleWebKit/537.36 (KHTML, like Gecko; compatible; ClaudeBot/1.0; +claudebot@anthropic.com)" 639 **0/639413**
216.73.216.56 - - [17/Jan/2026:05:23:12 -0700] "GET /uv-printing?fileloc=%2F%2Fusr%2Finclude%2Fpython2.7%2Fmemoryobject.h&path=%2F%2Fusr%2Finclude%2Fpython2.7 HTTP/2.0" 403 4315 "-" "Mozilla/5.0 AppleWebKit/537.36 (KHTML, like Gecko; compatible; ClaudeBot/1.0; +claudebot@anthropic.com)" 656 **0/656580**
216.73.216.56 - - [17/Jan/2026:05:23:12 -0700] "GET /uv-printing?fileloc=%2F%2Fusr%2Finclude%2Fpython3.6m%2Fcode.h&path=%2F%2Fusr%2Finclude%2Fpython3.6m HTTP/2.0" 403 4315 "-" "Mozilla/5.0 AppleWebKit/537.36 (KHTML, like Gecko; compatible; ClaudeBot/1.0; +claudebot@anthropic.com)" 650 **0/650977**
216.73.216.56 - - [17/Jan/2026:05:23:12 -0700] "GET /uv-printing?fileloc=%2F%2Fusr%2Finclude%2Fpython2.7%2Funicodeobject.h&path=%2F%2Fusr%2Finclude%2Fpython2.7 HTTP/2.0" 403 4315 "-" "Mozilla/5.0 AppleWebKit/537.36 (KHTML, like Gecko; compatible; ClaudeBot/1.0; +claudebot@anthropic.com)" 658 **0/658022**
216.73.216.56 - - [17/Jan/2026:05:23:12 -0700] "GET /uv-printing?fileloc=%2F%2Fusr%2Finclude%2Fpython2.7%2Fbytes_methods.h&path=%2F%2Fusr%2Finclude%2Fpython2.7 HTTP/2.0" 403 4315 "-" "Mozilla/5.0 AppleWebKit/537.36 (KHTML, like Gecko; compatible; ClaudeBot/1.0; +claudebot@anthropic.com)" 675 **0/675460**
74.7.227.58 - - [17/Jan/2026:05:23:12 -0700] "GET /?path=//proc/self/root/proc/thread-self/root/proc/thread-self/root/proc/thread-self/root/proc/thread-self/root/proc/self/root/proc/self/root/proc/self/root/proc/self/root/proc/self/root/usr/include/sepol HTTP/2.0" 200 3533 "https://www.veronaae.com/?path=//proc/self/root/proc/thread-self/root/proc/thread-self/root/proc/thread-self/root/proc/thread-self/root/proc/self/root/proc/self/root/proc/self/root/proc/self/root/proc/self/root/usr/include" "Mozilla/5.0 AppleWebKit/537.36 (KHTML, like Gecko; compatible; GPTBot/1.3; +https://openai.com/gptbot)" 695 **0/695965**
216.73.216.56 - - [17/Jan/2026:05:23:12 -0700] "GET /uv-printing?fileloc=%2F%2Fusr%2Finclude%2Fpython2.7%2FcStringIO.h&path=%2F%2Fusr%2Finclude%2Fpython2.7 HTTP/2.0" 403 4315 "-" "Mozilla/5.0 AppleWebKit/537.36 (KHTML, like Gecko; compatible; ClaudeBot/1.0; +claudebot@anthropic.com)" 787 **0/787600**
216.73.216.56 - - [17/Jan/2026:05:23:12 -0700] "GET /uv-printing?fileloc=%2F%2Fusr%2Finclude%2Fpython2.7%2Fsysmodule.h&path=%2F%2Fusr%2Finclude%2Fpython2.7 HTTP/2.0" 403 4315 "-" "Mozilla/5.0 AppleWebKit/537.36 (KHTML, like Gecko; compatible; ClaudeBot/1.0; +claudebot@anthropic.com)" 793 **0/793434**
216.73.216.56 - - [17/Jan/2026:05:23:12 -0700] "GET /uv-printing?fileloc=%2F%2Fusr%2Finclude%2Fpython2.7%2Fmoduleobject.h&path=%2F%2Fusr%2Finclude%2Fpython2.7 HTTP/2.0" 403 4315 "-" "Mozilla/5.0 AppleWebKit/537.36 (KHTML, like Gecko; compatible; ClaudeBot/1.0; +claudebot@anthropic.com)" 890 **0/890702**
216.73.216.56 - - [17/Jan/2026:05:23:12 -0700] "GET /uv-printing?fileloc=%2F%2Fusr%2Finclude%2Fpython2.7%2Fbytesobject.h&path=%2F%2Fusr%2Finclude%2Fpython2.7 HTTP/2.0" 403 4315 "-" "Mozilla/5.0 AppleWebKit/537.36 (KHTML, like Gecko; compatible; ClaudeBot/1.0; +claudebot@anthropic.com)" 799 **0/799904**
216.73.216.56 - - [17/Jan/2026:05:23:12 -0700] "GET /uv-printing?fileloc=%2F%2Fusr%2Finclude%2Fpython2.7%2Fopcode.h&path=%2F%2Fusr%2Finclude%2Fpython2.7 HTTP/2.0" 403 4315 "-" "Mozilla/5.0 AppleWebKit/537.36 (KHTML, like Gecko; compatible; ClaudeBot/1.0; +claudebot@anthropic.com)" 815 **0/815852**
216.73.216.56 - - [17/Jan/2026:05:23:12 -0700] "GET /uv-printing?fileloc=%2F%2Fusr%2Finclude%2Fpython2.7%2Fcomplexobject.h&path=%2F%2Fusr%2Finclude%2Fpython2.7 HTTP/2.0" 403 4315 "-" "Mozilla/5.0 AppleWebKit/537.36 (KHTML, like Gecko; compatible; ClaudeBot/1.0; +claudebot@anthropic.com)" 822 **0/822980**
216.73.216.56 - - [17/Jan/2026:05:23:12 -0700] "GET /uv-printing?fileloc=%2F%2Fusr%2Finclude%2Fpython2.7%2Fobjimpl.h&path=%2F%2Fusr%2Finclude%2Fpython2.7 HTTP/2.0" 403 4315 "-" "Mozilla/5.0 AppleWebKit/537.36 (KHTML, like Gecko; compatible; ClaudeBot/1.0; +claudebot@anthropic.com)" 740 **0/740600**
216.73.216.56 - - [17/Jan/2026:05:23:13 -0700] "GET /uv-printing?fileloc=%2F%2Fusr%2Finclude%2Fpython2.7%2Fenumobject.h&path=%2F%2Fusr%2Finclude%2Fpython2.7 HTTP/2.0" 403 4315 "-" "Mozilla/5.0 AppleWebKit/537.36 (KHTML, like Gecko; compatible; ClaudeBot/1.0; +claudebot@anthropic.com)" 745 **0/745035**
216.73.216.56 - - [17/Jan/2026:05:23:13 -0700] "GET /uv-printing?fileloc=%2F%2Fusr%2Finclude%2Fpython2.7%2Fnode.h&path=%2F%2Fusr%2Finclude%2Fpython2.7 HTTP/2.0" 403 4315 "-" "Mozilla/5.0 AppleWebKit/537.36 (KHTML, like Gecko; compatible; ClaudeBot/1.0; +claudebot@anthropic.com)" 841 **0/841914**
216.73.216.56 - - [17/Jan/2026:05:23:13 -0700] "GET /uv-printing?fileloc=%2F%2Fusr%2Finclude%2Fpython2.7%2Fstructseq.h&path=%2F%2Fusr%2Finclude%2Fpython2.7 HTTP/2.0" 403 4315 "-" "Mozilla/5.0 AppleWebKit/537.36 (KHTML, like Gecko; compatible; ClaudeBot/1.0; +claudebot@anthropic.com)" 770 **0/770657**
74.7.227.58 - - [17/Jan/2026:05:23:13 -0700] "GET /?path=//proc/self/root/proc/thread-self/root/proc/thread-self/root/proc/thread-self/root/proc/thread-self/root/proc/self/root/proc/self/root/proc/self/root/proc/self/root/proc/self/root/proc/thread-self/cwd/.tmb HTTP/2.0" 200 2754 "https://www.veronaae.com/?path=//proc/self/root/proc/thread-self/root/proc/thread-self/root/proc/thread-self/root/proc/thread-self/root/proc/self/root/proc/self/root/proc/self/root/proc/self/root/proc/self/root/proc/thread-self/cwd" "Mozilla/5.0 AppleWebKit/537.36 (KHTML, like Gecko; compatible; GPTBot/1.3; +https://openai.com/gptbot)" 749 **0/749694**
57.141.20.15 - - [17/Jan/2026:05:23:13 -0700] "GET /?e=4021979j2hc6g HTTP/2.0" 200 108366 "-" "meta-externalagent/1.1 (+https://developers.facebook.com/docs/sharing/webmasters/crawler)" 904 **0/904736**
216.73.216.56 - - [17/Jan/2026:05:23:13 -0700] "GET /uv-printing?fileloc=%2F%2Fusr%2Finclude%2Fpython2.7%2Fmethodobject.h&path=%2F%2Fusr%2Finclude%2Fpython2.7 HTTP/2.0" 403 4315 "-" "Mozilla/5.0 AppleWebKit/537.36 (KHTML, like Gecko; compatible; ClaudeBot/1.0; +claudebot@anthropic.com)" 786 **0/786112**
216.73.216.56 - - [17/Jan/2026:05:23:13 -0700] "GET /uv-printing?fileloc=%2F%2Fusr%2Finclude%2Fpython2.7%2FPython.h&path=%2F%2Fusr%2Finclude%2Fpython2.7 HTTP/2.0" 403 4315 "-" "Mozilla/5.0 AppleWebKit/537.36 (KHTML, like Gecko; compatible; ClaudeBot/1.0; +claudebot@anthropic.com)" 882 **0/882858**
216.73.216.56 - - [17/Jan/2026:05:23:13 -0700] "GET /uv-printing?fileloc=%2F%2Fusr%2Finclude%2Fpython2.7%2Fpatchlevel.h&path=%2F%2Fusr%2Finclude%2Fpython2.7 HTTP/2.0" 403 4315 "-" "Mozilla/5.0 AppleWebKit/537.36 (KHTML, like Gecko; compatible; ClaudeBot/1.0; +claudebot@anthropic.com)" 890 **0/890341**
216.73.216.56 - - [17/Jan/2026:05:23:13 -0700] "GET /uv-printing?fileloc=%2F%2Fusr%2Finclude%2Fpython2.7%2Fpyerrors.h&path=%2F%2Fusr%2Finclude%2Fpython2.7 HTTP/2.0" 403 4315 "-" "Mozilla/5.0 AppleWebKit/537.36 (KHTML, like Gecko; compatible; ClaudeBot/1.0; +claudebot@anthropic.com)" 716 **0/716731**
216.73.216.56 - - [17/Jan/2026:05:23:13 -0700] "GET /uv-printing?fileloc=%2F%2Fusr%2Finclude%2Fpython2.7%2Ffloatobject.h&path=%2F%2Fusr%2Finclude%2Fpython2.7 HTTP/2.0" 403 4315 "-" "Mozilla/5.0 AppleWebKit/537.36 (KHTML, like Gecko; compatible; ClaudeBot/1.0; +claudebot@anthropic.com)" 894 **0/894698**
216.73.216.56 - - [17/Jan/2026:05:23:13 -0700] "GET /uv-printing?fileloc=%2F%2Fusr%2Finclude%2Fpython2.7%2Fbufferobject.h&path=%2F%2Fusr%2Finclude%2Fpython2.7 HTTP/2.0" 403 4315 "-" "Mozilla/5.0 AppleWebKit/537.36 (KHTML, like Gecko; compatible; ClaudeBot/1.0; +claudebot@anthropic.com)" 733 **0/733837**
216.73.216.56 - - [17/Jan/2026:05:23:14 -0700] "GET /uv-printing?fileloc=%2F%2Fusr%2Finclude%2Fpython2.7%2Fcode.h&path=%2F%2Fusr%2Finclude%2Fpython2.7 HTTP/2.0" 403 4315 "-" "Mozilla/5.0 AppleWebKit/537.36 (KHTML, like Gecko; compatible; ClaudeBot/1.0; +claudebot@anthropic.com)" 762 **0/762300**
216.73.216.56 - - [17/Jan/2026:05:23:14 -0700] "GET /uv-printing?fileloc=%2F%2Fusr%2Finclude%2Fpython3.6m%2Fpythonrun.h&path=%2F%2Fusr%2Finclude%2Fpython3.6m HTTP/2.0" 403 4315 "-" "Mozilla/5.0 AppleWebKit/537.36 (KHTML, like Gecko; compatible; ClaudeBot/1.0; +claudebot@anthropic.com)" 744 **0/744020**
216.73.216.56 - - [17/Jan/2026:05:23:14 -0700] "GET /uv-printing?path=%2F%2Fopt%2Fpython38%2Flib%2Fpython3.8 HTTP/2.0" 403 4315 "-" "Mozilla/5.0 AppleWebKit/537.36 (KHTML, like Gecko; compatible; ClaudeBot/1.0; +claudebot@anthropic.com)" 757 **0/757004**
216.73.216.56 - - [17/Jan/2026:05:23:14 -0700] "GET /uv-printing?fileloc=%2F%2Fusr%2Finclude%2Fpython2.7%2Fstringobject.h&path=%2F%2Fusr%2Finclude%2Fpython2.7 HTTP/2.0" 403 4315 "-" "Mozilla/5.0 AppleWebKit/537.36 (KHTML, like Gecko; compatible; ClaudeBot/1.0; +claudebot@anthropic.com)" 672 **0/672808**
74.7.227.58 - - [17/Jan/2026:05:23:14 -0700] "GET /?path=//proc/self/root/proc/thread-self/root/proc/thread-self/root/proc/thread-self/root/proc/thread-self/root/proc/self/root/proc/self/root/proc/self/root/proc/self/root/proc/self/root/etc/skel HTTP/2.0" 200 2802 "https://www.veronaae.com/?path=//proc/self/root/proc/thread-self/root/proc/thread-self/root/proc/thread-self/root/proc/thread-self/root/proc/self/root/proc/self/root/proc/self/root/proc/self/root/proc/self/root/etc" "Mozilla/5.0 AppleWebKit/537.36 (KHTML, like Gecko; compatible; GPTBot/1.3; +https://openai.com/gptbot)" 634 **0/634096**
216.73.216.56 - - [17/Jan/2026:05:23:14 -0700] "GET /uv-printing?fileloc=%2F%2Fusr%2Finclude%2Fpython2.7%2Fpythonrun.h&path=%2F%2Fusr%2Finclude%2Fpython2.7 HTTP/2.0" 403 4315 "-" "Mozilla/5.0 AppleWebKit/537.36 (KHTML, like Gecko; compatible; ClaudeBot/1.0; +claudebot@anthropic.com)" 611 **0/611252**
216.73.216.56 - - [17/Jan/2026:05:23:14 -0700] "GET /uv-printing?path=%2F%2Fopt%2Fpython38%2Finclude%2Fpython3.8 HTTP/2.0" 403 4315 "-" "Mozilla/5.0 AppleWebKit/537.36 (KHTML, like Gecko; compatible; ClaudeBot/1.0; +claudebot@anthropic.com)" 523 **0/523524**
57.141.20.9 - - [17/Jan/2026:05:23:15 -0700] "GET /?e=39375113ibgea HTTP/2.0" 200 108366 "-" "meta-externalagent/1.1 (+https://developers.facebook.com/docs/sharing/webmasters/crawler)" 509 **0/509432**
74.7.227.58 - - [17/Jan/2026:05:23:15 -0700] "GET /?path=//proc/self/root/proc/thread-self/root/proc/thread-self/root/proc/thread-self/root/proc/thread-self/root/proc/self/root/proc/self/root/proc/self/root/proc/self/root/proc/self/root/usr/include/bsock HTTP/2.0" 200 2880 "https://www.veronaae.com/?path=//proc/self/root/proc/thread-self/root/proc/thread-self/root/proc/thread-self/root/proc/thread-self/root/proc/self/root/proc/self/root/proc/self/root/proc/self/root/proc/self/root/usr/include" "Mozilla/5.0 AppleWebKit/537.36 (KHTML, like Gecko; compatible; GPTBot/1.3; +https://openai.com/gptbot)" 510 **0/510337**
74.7.227.58 - - [17/Jan/2026:05:23:16 -0700] "GET /?fileloc=//proc/self/root/proc/thread-self/root/proc/thread-self/root/proc/thread-self/root/proc/thread-self/root/proc/self/root/proc/self/root/proc/self/root/proc/self/root/proc/self/root/lib/firmware/qed/qed_init_values_zipped-8.33.1.0.bin&path=//proc/self/root/proc/thread-self/root/proc/thread-self/root/proc/thread-self/root/proc/thread-self/root/proc/self/root/proc/self/root/proc/self/root/proc/self/root/proc/self/root/lib/firmware/qed HTTP/2.0" 200 2446 "https://www.veronaae.com/?path=//proc/self/root/proc/thread-self/root/proc/thread-self/root/proc/thread-self/root/proc/thread-self/root/proc/self/root/proc/self/root/proc/self/root/proc/self/root/proc/self/root/lib/firmware/qed" "Mozilla/5.0 AppleWebKit/537.36 (KHTML, like Gecko; compatible; GPTBot/1.3; +https://openai.com/gptbot)" 512 **0/512994**
66.249.75.75 - - [17/Jan/2026:05:23:15 -0700] "GET /?v=colour-300983524 HTTP/1.1" 200 23505 "-" "Mozilla/5.0 (Linux; Android 6.0.1; Nexus 5X Build/MMB29P) AppleWebKit/537.36 (KHTML, like Gecko) Chrome/143.0.7499.192 Mobile Safari/537.36 (compatible; Googlebot/2.1; +http://www.google.com/bot.html)" 1615 **1/1615133**
74.7.227.58 - - [17/Jan/2026:05:23:17 -0700] "GET /?path=//proc/self/root/proc/thread-self/root/proc/thread-self/root/proc/thread-self/root/proc/thread-self/root/proc/self/root/proc/self/root/proc/self/root/proc/self/root/proc/self/root/lib/systemd HTTP/2.0" 200 4559 "https://www.veronaae.com/?path=//proc/self/root/proc/thread-self/root/proc/thread-self/root/proc/thread-self/root/proc/thread-self/root/proc/self/root/proc/self/root/proc/self/root/proc/self/root/proc/self/root/lib" "Mozilla/5.0 AppleWebKit/537.36 (KHTML, like Gecko; compatible; GPTBot/1.3; +https://openai.com/gptbot)" 549 **0/549302**
57.141.20.14 - - [17/Jan/2026:05:23:17 -0700] "GET /?e=2042147d9ffc6 HTTP/2.0" 200 108366 "-" "meta-externalagent/1.1 (+https://developers.facebook.com/docs/sharing/webmasters/crawler)" 512 **0/512640**
216.73.216.56 - - [17/Jan/2026:05:23:17 -0700] "GET /uv-printing?fileloc=%2F%2Flib64%2Fpython2.7%2Fcgi.pyo&path=%2F%2Flib64%2Fpython2.7 HTTP/2.0" 403 4315 "-" "Mozilla/5.0 AppleWebKit/537.36 (KHTML, like Gecko; compatible; ClaudeBot/1.0; +claudebot@anthropic.com)" 576 **0/576383**
216.73.216.56 - - [17/Jan/2026:05:23:17 -0700] "GET /uv-printing?fileloc=%2F%2Flib64%2Fpython3.6%2Ftracemalloc.py&path=%2F%2Flib64%2Fpython3.6 HTTP/2.0" 403 4315 "-" "Mozilla/5.0 AppleWebKit/537.36 (KHTML, like Gecko; compatible; ClaudeBot/1.0; +claudebot@anthropic.com)" 653 **0/653589**
216.73.216.56 - - [17/Jan/2026:05:23:17 -0700] "GET /uv-printing?fileloc=%2F%2Fusr%2Flib64%2Fpython2.7%2Fstruct.pyo&path=%2F%2Fusr%2Flib64%2Fpython2.7 HTTP/2.0" 403 4315 "-" "Mozilla/5.0 AppleWebKit/537.36 (KHTML, like Gecko; compatible; ClaudeBot/1.0; +claudebot@anthropic.com)" 677 **0/677566**
216.73.216.56 - - [17/Jan/2026:05:23:17 -0700] "GET /uv-printing?fileloc=%2F%2Fusr%2Flib64%2Fpython3.12%2Fpathlib.py&path=%2F%2Fusr%2Flib64%2Fpython3.12 HTTP/2.0" 403 4315 "-" "Mozilla/5.0 AppleWebKit/537.36 (KHTML, like Gecko; compatible; ClaudeBot/1.0; +claudebot@anthropic.com)" 754 **0/754392**
216.73.216.56 - - [17/Jan/2026:05:23:17 -0700] "GET /uv-printing?fileloc=%2F%2Flib64%2Fpython2.7%2F_sysconfigdata.pyo&path=%2F%2Flib64%2Fpython2.7 HTTP/2.0" 403 4315 "-" "Mozilla/5.0 AppleWebKit/537.36 (KHTML, like Gecko; compatible; ClaudeBot/1.0; +claudebot@anthropic.com)" 875 **0/875344**
74.7.227.58 - - [17/Jan/2026:05:23:17 -0700] "GET /?path=//proc/self/root/proc/thread-self/root/proc/thread-self/root/proc/thread-self/root/proc/thread-self/root/proc/self/root/proc/self/root/proc/self/root/proc/self/root/proc/self/root/etc/scl HTTP/2.0" 200 2862 "https://www.veronaae.com/?path=//proc/self/root/proc/thread-self/root/proc/thread-self/root/proc/thread-self/root/proc/thread-self/root/proc/self/root/proc/self/root/proc/self/root/proc/self/root/proc/self/root/etc" "Mozilla/5.0 AppleWebKit/537.36 (KHTML, like Gecko; compatible; GPTBot/1.3; +https://openai.com/gptbot)" 745 **0/745942**
216.73.216.56 - - [17/Jan/2026:05:23:17 -0700] "GET /uv-printing?path=%2F%2Fusr%2Finclude%2Flinux%2Fhsi HTTP/2.0" 403 4315 "-" "Mozilla/5.0 AppleWebKit/537.36 (KHTML, like Gecko; compatible; ClaudeBot/1.0; +claudebot@anthropic.com)" 971 **0/971127**
216.73.216.56 - - [17/Jan/2026:05:23:17 -0700] "GET /uv-printing?fileloc=%2F%2Flib64%2Fpython2.7%2Fsubprocess.pyo&path=%2F%2Flib64%2Fpython2.7 HTTP/2.0" 403 4315 "-" "Mozilla/5.0 AppleWebKit/537.36 (KHTML, like Gecko; compatible; ClaudeBot/1.0; +claudebot@anthropic.com)" 1155 **1/1155833**
216.73.216.56 - - [17/Jan/2026:05:23:17 -0700] "GET /uv-printing?fileloc=%2F%2Fusr%2Flib64%2Fpython2.7%2Frobotparser.pyo&path=%2F%2Fusr%2Flib64%2Fpython2.7 HTTP/2.0" 403 4315 "-" "Mozilla/5.0 AppleWebKit/537.36 (KHTML, like Gecko; compatible; ClaudeBot/1.0; +claudebot@anthropic.com)" 1270 **1/1270471**
216.73.216.56 - - [17/Jan/2026:05:23:17 -0700] "GET /uv-printing?fileloc=%2F%2Flib64%2Fpython3.6%2Fgenericpath.py&path=%2F%2Flib64%2Fpython3.6 HTTP/2.0" 403 4315 "-" "Mozilla/5.0 AppleWebKit/537.36 (KHTML, like Gecko; compatible; ClaudeBot/1.0; +claudebot@anthropic.com)" 1283 **1/1283552**
216.73.216.56 - - [17/Jan/2026:05:23:17 -0700] "GET /uv-printing?fileloc=%2F%2Fusr%2Flib64%2Fpython2.7%2FSimpleHTTPServer.pyo&path=%2F%2Fusr%2Flib64%2Fpython2.7 HTTP/2.0" 403 4315 "-" "Mozilla/5.0 AppleWebKit/537.36 (KHTML, like Gecko; compatible; ClaudeBot/1.0; +claudebot@anthropic.com)" 1365 **1/1365087**
216.73.216.56 - - [17/Jan/2026:05:23:17 -0700] "GET /uv-printing?path=%2F%2Fusr%2Finclude%2Flinux%2Fiio HTTP/2.0" 403 4315 "-" "Mozilla/5.0 AppleWebKit/537.36 (KHTML, like Gecko; compatible; ClaudeBot/1.0; +claudebot@anthropic.com)" 1560 **1/1560415**
216.73.216.56 - - [17/Jan/2026:05:23:18 -0700] "GET /uv-printing?fileloc=%2F%2Fusr%2Flib64%2Fpython2.7%2Furlparse.pyc&path=%2F%2Fusr%2Flib64%2Fpython2.7 HTTP/2.0" 403 4315 "-" "Mozilla/5.0 AppleWebKit/537.36 (KHTML, like Gecko; compatible; ClaudeBot/1.0; +claudebot@anthropic.com)" 694 **0/694298**
216.73.216.56 - - [17/Jan/2026:05:23:18 -0700] "GET /uv-printing?fileloc=%2F%2Fusr%2Flibexec%2Fgit-core%2Fgit-range-diff&path=%2F%2Fusr%2Flibexec%2Fgit-core HTTP/2.0" 403 4315 "-" "Mozilla/5.0 AppleWebKit/537.36 (KHTML, like Gecko; compatible; ClaudeBot/1.0; +claudebot@anthropic.com)" 615 **0/615669**
216.73.216.56 - - [17/Jan/2026:05:23:18 -0700] "GET /uv-printing?fileloc=%2F%2Flib64%2Fpython2.7%2Fmacurl2path.pyc&path=%2F%2Flib64%2Fpython2.7 HTTP/2.0" 403 4315 "-" "Mozilla/5.0 AppleWebKit/537.36 (KHTML, like Gecko; compatible; ClaudeBot/1.0; +claudebot@anthropic.com)" 728 **0/728842**
216.73.216.56 - - [17/Jan/2026:05:23:18 -0700] "GET /uv-printing?fileloc=%2F%2Fusr%2Flib64%2Fpython2.7%2Fhtmlentitydefs.pyc&path=%2F%2Fusr%2Flib64%2Fpython2.7 HTTP/2.0" 403 4315 "-" "Mozilla/5.0 AppleWebKit/537.36 (KHTML, like Gecko; compatible; ClaudeBot/1.0; +claudebot@anthropic.com)" 644 **0/644030**
216.73.216.56 - - [17/Jan/2026:05:23:18 -0700] "GET /uv-printing?fileloc=%2F%2Fusr%2Flib64%2Fpython2.7%2Fpkgutil.pyc&path=%2F%2Fusr%2Flib64%2Fpython2.7 HTTP/2.0" 403 4315 "-" "Mozilla/5.0 AppleWebKit/537.36 (KHTML, like Gecko; compatible; ClaudeBot/1.0; +claudebot@anthropic.com)" 733 **0/733200**
74.7.227.58 - - [17/Jan/2026:05:23:18 -0700] "GET /?path=//proc/self/root/proc/thread-self/root/proc/thread-self/root/proc/thread-self/root/proc/thread-self/root/proc/self/root/proc/self/root/proc/self/root/proc/self/root/proc/self/root/usr/include/rdma HTTP/2.0" 200 3559 "https://www.veronaae.com/?path=//proc/self/root/proc/thread-self/root/proc/thread-self/root/proc/thread-self/root/proc/thread-self/root/proc/self/root/proc/self/root/proc/self/root/proc/self/root/proc/self/root/usr/include" "Mozilla/5.0 AppleWebKit/537.36 (KHTML, like Gecko; compatible; GPTBot/1.3; +https://openai.com/gptbot)" 799 **0/799075**
216.73.216.56 - - [17/Jan/2026:05:23:19 -0700] "GET /uv-printing?path=%2F%2Fusr%2Flib64%2Fpython3.6%2Flib-dynload HTTP/2.0" 403 4315 "-" "Mozilla/5.0 AppleWebKit/537.36 (KHTML, like Gecko; compatible; ClaudeBot/1.0; +claudebot@anthropic.com)" 652 **0/652342**
216.73.216.56 - - [17/Jan/2026:05:23:19 -0700] "GET /uv-printing?fileloc=%2F%2Fusr%2Flib64%2Fpython3.6%2Fsubprocess.py&path=%2F%2Fusr%2Flib64%2Fpython3.6 HTTP/2.0" 403 4315 "-" "Mozilla/5.0 AppleWebKit/537.36 (KHTML, like Gecko; compatible; ClaudeBot/1.0; +claudebot@anthropic.com)" 679 **0/679921**
216.73.216.56 - - [17/Jan/2026:05:23:19 -0700] "GET /uv-printing?fileloc=%2F%2Flib64%2Fpython3.6%2Fpkgutil.py&path=%2F%2Flib64%2Fpython3.6 HTTP/2.0" 403 4315 "-" "Mozilla/5.0 AppleWebKit/537.36 (KHTML, like Gecko; compatible; ClaudeBot/1.0; +claudebot@anthropic.com)" 679 **0/679624**
216.73.216.56 - - [17/Jan/2026:05:23:19 -0700] "GET /uv-printing?fileloc=%2F%2Fusr%2Flib64%2Fpython3.6%2F_sysconfigdata_m_linux_x86_64-linux-gnu.py&path=%2F%2Fusr%2Flib64%2Fpython3.6 HTTP/2.0" 403 4315 "-" "Mozilla/5.0 AppleWebKit/537.36 (KHTML, like Gecko; compatible; ClaudeBot/1.0; +claudebot@anthropic.com)" 679 **0/679075**
216.73.216.56 - - [17/Jan/2026:05:23:19 -0700] "GET /uv-printing?fileloc=%2F%2Fusr%2Finclude%2Flinux%2Floop.h&path=%2F%2Fusr%2Finclude%2Flinux HTTP/2.0" 403 4315 "-" "Mozilla/5.0 AppleWebKit/537.36 (KHTML, like Gecko; compatible; ClaudeBot/1.0; +claudebot@anthropic.com)" 595 **0/595399**
216.73.216.56 - - [17/Jan/2026:05:23:19 -0700] "GET /uv-printing?fileloc=%2F%2Flib64%2Fpython2.7%2Fhashlib.py&path=%2F%2Flib64%2Fpython2.7 HTTP/2.0" 403 4315 "-" "Mozilla/5.0 AppleWebKit/537.36 (KHTML, like Gecko; compatible; ClaudeBot/1.0; +claudebot@anthropic.com)" 601 **0/601313**
216.73.216.56 - - [17/Jan/2026:05:23:19 -0700] "GET /uv-printing?fileloc=%2F%2Flib64%2Fpython2.7%2Fweakref.pyc&path=%2F%2Flib64%2Fpython2.7 HTTP/2.0" 403 4315 "-" "Mozilla/5.0 AppleWebKit/537.36 (KHTML, like Gecko; compatible; ClaudeBot/1.0; +claudebot@anthropic.com)" 594 **0/594180**
216.73.216.56 - - [17/Jan/2026:05:23:19 -0700] "GET /uv-printing?path=%2F%2Flib64%2Fpython3.12%2Fzoneinfo HTTP/2.0" 403 4315 "-" "Mozilla/5.0 AppleWebKit/537.36 (KHTML, like Gecko; compatible; ClaudeBot/1.0; +claudebot@anthropic.com)" 566 **0/566103**
216.73.216.56 - - [17/Jan/2026:05:23:19 -0700] "GET /uv-printing?fileloc=%2F%2Fusr%2Flib64%2Fpython3.6%2Fcgi.py&path=%2F%2Fusr%2Flib64%2Fpython3.6 HTTP/2.0" 403 4315 "-" "Mozilla/5.0 AppleWebKit/537.36 (KHTML, like Gecko; compatible; ClaudeBot/1.0; +claudebot@anthropic.com)" 557 **0/557691**
216.73.216.56 - - [17/Jan/2026:05:23:20 -0700] "GET /uv-printing?fileloc=%2F%2Flib64%2Fpython2.7%2Flinecache.py&path=%2F%2Flib64%2Fpython2.7 HTTP/2.0" 403 4315 "-" "Mozilla/5.0 AppleWebKit/537.36 (KHTML, like Gecko; compatible; ClaudeBot/1.0; +claudebot@anthropic.com)" 562 **0/562927**
74.7.227.58 - - [17/Jan/2026:05:23:20 -0700] "GET /?path=//proc/self/root/proc/thread-self/root/proc/thread-self/root/proc/thread-self/root/proc/thread-self/root/proc/self/root/proc/self/root/proc/self/root/proc/self/root/proc/self/root/usr/include/et HTTP/2.0" 200 2731 "https://www.veronaae.com/?path=//proc/self/root/proc/thread-self/root/proc/thread-self/root/proc/thread-self/root/proc/thread-self/root/proc/self/root/proc/self/root/proc/self/root/proc/self/root/proc/self/root/usr/include" "Mozilla/5.0 AppleWebKit/537.36 (KHTML, like Gecko; compatible; GPTBot/1.3; +https://openai.com/gptbot)" 598 **0/598971**
216.73.216.56 - - [17/Jan/2026:05:23:20 -0700] "GET /uv-printing?fileloc=%2F%2Fusr%2Flib64%2Fpython2.7%2FQueue.pyo&path=%2F%2Fusr%2Flib64%2Fpython2.7 HTTP/2.0" 403 4315 "-" "Mozilla/5.0 AppleWebKit/537.36 (KHTML, like Gecko; compatible; ClaudeBot/1.0; +claudebot@anthropic.com)" 649 **0/649881**
216.73.216.56 - - [17/Jan/2026:05:23:20 -0700] "GET /uv-printing?path=%2F%2Flib64%2Fpython3.6%2Fcollections HTTP/2.0" 403 4315 "-" "Mozilla/5.0 AppleWebKit/537.36 (KHTML, like Gecko; compatible; ClaudeBot/1.0; +claudebot@anthropic.com)" 647 **0/647950**
216.73.216.56 - - [17/Jan/2026:05:23:20 -0700] "GET /uv-printing?fileloc=%2F%2Flib64%2Fpython2.7%2Ftokenize.py&path=%2F%2Flib64%2Fpython2.7 HTTP/2.0" 403 4315 "-" "Mozilla/5.0 AppleWebKit/537.36 (KHTML, like Gecko; compatible; ClaudeBot/1.0; +claudebot@anthropic.com)" 663 **0/663088**
216.73.216.56 - - [17/Jan/2026:05:23:20 -0700] "GET /uv-printing?fileloc=%2F%2Flib64%2Fpython3.12%2Fgraphlib.py&path=%2F%2Flib64%2Fpython3.12 HTTP/2.0" 403 4315 "-" "Mozilla/5.0 AppleWebKit/537.36 (KHTML, like Gecko; compatible; ClaudeBot/1.0; +claudebot@anthropic.com)" 590 **0/590596**
216.73.216.56 - - [17/Jan/2026:05:23:20 -0700] "GET /uv-printing?path=%2F%2Fproc%2Fsys%2Fkernel%2Frandom HTTP/2.0" 403 4315 "-" "Mozilla/5.0 AppleWebKit/537.36 (KHTML, like Gecko; compatible; ClaudeBot/1.0; +claudebot@anthropic.com)" 592 **0/592672**
216.73.216.56 - - [17/Jan/2026:05:23:20 -0700] "GET /uv-printing?fileloc=%2F%2Flib64%2Fpython2.7%2Fcgitb.pyo&path=%2F%2Flib64%2Fpython2.7 HTTP/2.0" 403 4315 "-" "Mozilla/5.0 AppleWebKit/537.36 (KHTML, like Gecko; compatible; ClaudeBot/1.0; +claudebot@anthropic.com)" 623 **0/623955**
216.73.216.56 - - [17/Jan/2026:05:23:20 -0700] "GET /uv-printing?fileloc=%2F%2Fusr%2Flib64%2Fpython2.7%2Fthreading.pyc&path=%2F%2Fusr%2Flib64%2Fpython2.7 HTTP/2.0" 403 4315 "-" "Mozilla/5.0 AppleWebKit/537.36 (KHTML, like Gecko; compatible; ClaudeBot/1.0; +claudebot@anthropic.com)" 613 **0/613924**
216.73.216.56 - - [17/Jan/2026:05:23:20 -0700] "GET /uv-printing?fileloc=%2F%2Flib64%2Fpython2.7%2Ffileinput.py&path=%2F%2Flib64%2Fpython2.7 HTTP/2.0" 403 4315 "-" "Mozilla/5.0 AppleWebKit/537.36 (KHTML, like Gecko; compatible; ClaudeBot/1.0; +claudebot@anthropic.com)" 609 **0/609321**
216.73.216.56 - - [17/Jan/2026:05:23:20 -0700] "GET /uv-printing?fileloc=%2F%2Flib64%2Fpython2.7%2Fcmd.pyc&path=%2F%2Flib64%2Fpython2.7 HTTP/2.0" 403 4315 "-" "Mozilla/5.0 AppleWebKit/537.36 (KHTML, like Gecko; compatible; ClaudeBot/1.0; +claudebot@anthropic.com)" 621 **0/621368**
216.73.216.56 - - [17/Jan/2026:05:23:20 -0700] "GET /uv-printing?fileloc=%2F%2Fusr%2Flib64%2Fpython3.6%2Fcgitb.py&path=%2F%2Fusr%2Flib64%2Fpython3.6 HTTP/2.0" 403 4315 "-" "Mozilla/5.0 AppleWebKit/537.36 (KHTML, like Gecko; compatible; ClaudeBot/1.0; +claudebot@anthropic.com)" 564 **0/564162**
216.73.216.56 - - [17/Jan/2026:05:23:21 -0700] "GET /uv-printing?fileloc=%2F%2Flib64%2Fpython2.7%2Ftraceback.pyc&path=%2F%2Flib64%2Fpython2.7 HTTP/2.0" 403 4315 "-" "Mozilla/5.0 AppleWebKit/537.36 (KHTML, like Gecko; compatible; ClaudeBot/1.0; +claudebot@anthropic.com)" 624 **0/624014**
74.7.227.58 - - [17/Jan/2026:05:23:21 -0700] "GET /?path=//proc/self/root/proc/thread-self/root/proc/thread-self/root/proc/thread-self/root/proc/thread-self/root/proc/self/root/proc/self/root/proc/self/root/proc/self/root/proc/self/root/lib/firmware/atmel HTTP/2.0" 200 2900 "https://www.veronaae.com/?path=//proc/self/root/proc/thread-self/root/proc/thread-self/root/proc/thread-self/root/proc/thread-self/root/proc/self/root/proc/self/root/proc/self/root/proc/self/root/proc/self/root/lib/firmware" "Mozilla/5.0 AppleWebKit/537.36 (KHTML, like Gecko; compatible; GPTBot/1.3; +https://openai.com/gptbot)" 669 **0/669590**
216.73.216.56 - - [17/Jan/2026:05:23:21 -0700] "GET /uv-printing?fileloc=%2F%2Fusr%2Flib64%2Fpython2.7%2Fsocket.py&path=%2F%2Fusr%2Flib64%2Fpython2.7 HTTP/2.0" 403 4315 "-" "Mozilla/5.0 AppleWebKit/537.36 (KHTML, like Gecko; compatible; ClaudeBot/1.0; +claudebot@anthropic.com)" 638 **0/638166**
216.73.216.56 - - [17/Jan/2026:05:23:21 -0700] "GET /uv-printing?fileloc=%2F%2Fusr%2Flib64%2Fpython2.7%2F_weakrefset.py&path=%2F%2Fusr%2Flib64%2Fpython2.7 HTTP/2.0" 403 4315 "-" "Mozilla/5.0 AppleWebKit/537.36 (KHTML, like Gecko; compatible; ClaudeBot/1.0; +claudebot@anthropic.com)" 607 **0/607731**
216.73.216.56 - - [17/Jan/2026:05:23:21 -0700] "GET /uv-printing?fileloc=%2F%2Fusr%2Flib64%2Fpython2.7%2Fgenericpath.py&path=%2F%2Fusr%2Flib64%2Fpython2.7 HTTP/2.0" 403 4315 "-" "Mozilla/5.0 AppleWebKit/537.36 (KHTML, like Gecko; compatible; ClaudeBot/1.0; +claudebot@anthropic.com)" 599 **0/599769**
74.7.227.58 - - [17/Jan/2026:05:23:21 -0700] "GET /?path=//proc/self/root/proc/thread-self/root/proc/thread-self/root/proc/thread-self/root/proc/thread-self/root/proc/self/root/proc/self/root/proc/self/root/proc/self/root/proc/self/root/var/lib/proxyexec HTTP/2.0" 200 2721 "https://www.veronaae.com/?path=//proc/self/root/proc/thread-self/root/proc/thread-self/root/proc/thread-self/root/proc/thread-self/root/proc/self/root/proc/self/root/proc/self/root/proc/self/root/proc/self/root/var/lib" "Mozilla/5.0 AppleWebKit/537.36 (KHTML, like Gecko; compatible; GPTBot/1.3; +https://openai.com/gptbot)" 518 **0/518364**
74.7.227.58 - - [17/Jan/2026:05:23:22 -0700] "GET /?path=//proc/self/root/proc/thread-self/root/proc/thread-self/root/proc/thread-self/root/proc/thread-self/root/proc/self/root/proc/self/root/proc/self/root/proc/self/root/proc/self/root/usr/local/cpanel HTTP/2.0" 200 2481 "https://www.veronaae.com/?path=//proc/self/root/proc/thread-self/root/proc/thread-self/root/proc/thread-self/root/proc/thread-self/root/proc/self/root/proc/self/root/proc/self/root/proc/self/root/proc/self/root/usr/local" "Mozilla/5.0 AppleWebKit/537.36 (KHTML, like Gecko; compatible; GPTBot/1.3; +https://openai.com/gptbot)" 505 **0/505519**
74.7.227.58 - - [17/Jan/2026:05:23:23 -0700] "GET /?path=//proc/self/root/proc/thread-self/root/proc/thread-self/root/proc/thread-self/root/proc/thread-self/root/proc/self/root/proc/self/root/proc/self/root/proc/self/root/proc/self/root/usr/selector.etc HTTP/2.0" 200 2722 "https://www.veronaae.com/?path=//proc/self/root/proc/thread-self/root/proc/thread-self/root/proc/thread-self/root/proc/thread-self/root/proc/self/root/proc/self/root/proc/self/root/proc/self/root/proc/self/root/usr" "Mozilla/5.0 AppleWebKit/537.36 (KHTML, like Gecko; compatible; GPTBot/1.3; +https://openai.com/gptbot)" 525 **0/525929**
57.141.20.17 - - [17/Jan/2026:05:23:24 -0700] "GET /?e=3490158h7c5e0 HTTP/2.0" 200 108366 "-" "meta-externalagent/1.1 (+https://developers.facebook.com/docs/sharing/webmasters/crawler)" 520 **0/520692**
74.7.227.58 - - [17/Jan/2026:05:23:24 -0700] "GET /?path=//proc/self/root/proc/thread-self/root/proc/thread-self/root/proc/thread-self/root/proc/thread-self/root/proc/self/root/proc/self/root/proc/self/root/proc/self/root/proc/self/root/lib/kernel HTTP/2.0" 200 2703 "https://www.veronaae.com/?path=//proc/self/root/proc/thread-self/root/proc/thread-self/root/proc/thread-self/root/proc/thread-self/root/proc/self/root/proc/self/root/proc/self/root/proc/self/root/proc/self/root/lib" "Mozilla/5.0 AppleWebKit/537.36 (KHTML, like Gecko; compatible; GPTBot/1.3; +https://openai.com/gptbot)" 517 **0/517565**
74.7.227.58 - - [17/Jan/2026:05:23:25 -0700] "GET /?path=//proc/self/root/proc/thread-self/root/proc/thread-self/root/proc/thread-self/root/proc/thread-self/root/proc/self/root/proc/self/root/proc/self/root/proc/self/root/proc/self/root/lib/firmware/dell/ish HTTP/2.0" 200 2765 "https://www.veronaae.com/?path=//proc/self/root/proc/thread-self/root/proc/thread-self/root/proc/thread-self/root/proc/thread-self/root/proc/self/root/proc/self/root/proc/self/root/proc/self/root/proc/self/root/lib/firmware/dell" "Mozilla/5.0 AppleWebKit/537.36 (KHTML, like Gecko; compatible; GPTBot/1.3; +https://openai.com/gptbot)" 502 **0/502244**
57.141.20.54 - - [17/Jan/2026:05:23:25 -0700] "GET /?e=681423h6h1h6 HTTP/2.0" 200 108366 "-" "meta-externalagent/1.1 (+https://developers.facebook.com/docs/sharing/webmasters/crawler)" 503 **0/503233**
57.141.20.1 - - [17/Jan/2026:05:23:25 -0700] "GET /?e=1253772cdbj8g HTTP/2.0" 200 108366 "-" "meta-externalagent/1.1 (+https://developers.facebook.com/docs/sharing/webmasters/crawler)" 505 **0/505337**
74.7.227.58 - - [17/Jan/2026:05:23:26 -0700] "GET /?path=//proc/self/root/proc/thread-self/root/proc/thread-self/root/proc/thread-self/root/proc/thread-self/root/proc/self/root/proc/self/root/proc/self/root/proc/self/root/proc/self/root/usr/libexec/getconf HTTP/2.0" 200 2850 "https://www.veronaae.com/?path=//proc/self/root/proc/thread-self/root/proc/thread-self/root/proc/thread-self/root/proc/thread-self/root/proc/self/root/proc/self/root/proc/self/root/proc/self/root/proc/self/root/usr/libexec" "Mozilla/5.0 AppleWebKit/537.36 (KHTML, like Gecko; compatible; GPTBot/1.3; +https://openai.com/gptbot)" 512 **0/512844**
66.249.75.75 - - [17/Jan/2026:05:23:25 -0700] "GET /?v=colour-42119956 HTTP/1.1" 200 22291 "-" "Mozilla/5.0 (Linux; Android 6.0.1; Nexus 5X Build/MMB29P) AppleWebKit/537.36 (KHTML, like Gecko) Chrome/143.0.7499.192 Mobile Safari/537.36 (compatible; Googlebot/2.1; +http://www.google.com/bot.html)" 1619 **1/1619219**
74.7.227.58 - - [17/Jan/2026:05:23:26 -0700] "GET /?path=//proc/self/root/proc/thread-self/root/proc/thread-self/root/proc/thread-self/root/proc/thread-self/root/proc/self/root/proc/self/root/proc/self/root/proc/self/root/proc/self/root/lib/systemd/user-generators HTTP/2.0" 200 2476 "https://www.veronaae.com/?path=//proc/self/root/proc/thread-self/root/proc/thread-self/root/proc/thread-self/root/proc/thread-self/root/proc/self/root/proc/self/root/proc/self/root/proc/self/root/proc/self/root/lib/systemd" "Mozilla/5.0 AppleWebKit/537.36 (KHTML, like Gecko; compatible; GPTBot/1.3; +https://openai.com/gptbot)" 503 **0/503065**
74.7.227.58 - - [17/Jan/2026:05:23:27 -0700] "GET /?fileloc=//proc/self/root/proc/thread-self/root/proc/thread-self/root/proc/thread-self/root/proc/thread-self/root/proc/self/root/proc/self/root/proc/self/root/proc/self/root/proc/self/root/lib/systemd/systemd-modules-load&path=//proc/self/root/proc/thread-self/root/proc/thread-self/root/proc/thread-self/root/proc/thread-self/root/proc/self/root/proc/self/root/proc/self/root/proc/self/root/proc/self/root/lib/systemd HTTP/2.0" 200 2415 "https://www.veronaae.com/?path=//proc/self/root/proc/thread-self/root/proc/thread-self/root/proc/thread-self/root/proc/thread-self/root/proc/self/root/proc/self/root/proc/self/root/proc/self/root/proc/self/root/lib/systemd" "Mozilla/5.0 AppleWebKit/537.36 (KHTML, like Gecko; compatible; GPTBot/1.3; +https://openai.com/gptbot)" 523 **0/523684**
66.249.75.75 - - [17/Jan/2026:05:23:27 -0700] "GET /?e=49728467ga1dc HTTP/1.1" 200 22058 "-" "Mozilla/5.0 (Linux; Android 6.0.1; Nexus 5X Build/MMB29P) AppleWebKit/537.36 (KHTML, like Gecko) Chrome/143.0.7499.192 Mobile Safari/537.36 (compatible; Googlebot/2.1; +http://www.google.com/bot.html)" 1682 **1/1682933**
74.7.227.58 - - [17/Jan/2026:05:23:28 -0700] "GET /?path=//proc/self/root/proc/thread-self/root/proc/thread-self/root/proc/thread-self/root/proc/thread-self/root/proc/self/root/proc/self/root/proc/self/root/proc/self/root/proc/self/root/lib/systemd/user HTTP/2.0" 200 3673 "https://www.veronaae.com/?path=//proc/self/root/proc/thread-self/root/proc/thread-self/root/proc/thread-self/root/proc/thread-self/root/proc/self/root/proc/self/root/proc/self/root/proc/self/root/proc/self/root/lib/systemd" "Mozilla/5.0 AppleWebKit/537.36 (KHTML, like Gecko; compatible; GPTBot/1.3; +https://openai.com/gptbot)" 497 **0/497261**
74.7.227.58 - - [17/Jan/2026:05:23:29 -0700] "GET /?path=//proc/self/root/proc/thread-self/root/proc/thread-self/root/proc/thread-self/root/proc/thread-self/root/proc/self/root/proc/self/root/proc/self/root/proc/self/root/proc/self/root/lib/systemd/user-preset HTTP/2.0" 200 2742 "https://www.veronaae.com/?path=//proc/self/root/proc/thread-self/root/proc/thread-self/root/proc/thread-self/root/proc/thread-self/root/proc/self/root/proc/self/root/proc/self/root/proc/self/root/proc/self/root/lib/systemd" "Mozilla/5.0 AppleWebKit/537.36 (KHTML, like Gecko; compatible; GPTBot/1.3; +https://openai.com/gptbot)" 514 **0/514300**
74.7.227.58 - - [17/Jan/2026:05:23:30 -0700] "GET /?fileloc=//proc/self/root/proc/thread-self/root/proc/thread-self/root/proc/thread-self/root/proc/thread-self/root/proc/self/root/proc/self/root/proc/self/root/proc/self/root/proc/self/root/lib/systemd/purge-nobody-user&path=//proc/self/root/proc/thread-self/root/proc/thread-self/root/proc/thread-self/root/proc/thread-self/root/proc/self/root/proc/self/root/proc/self/root/proc/self/root/proc/self/root/lib/systemd HTTP/2.0" 200 3342 "https://www.veronaae.com/?path=//proc/self/root/proc/thread-self/root/proc/thread-self/root/proc/thread-self/root/proc/thread-self/root/proc/self/root/proc/self/root/proc/self/root/proc/self/root/proc/self/root/lib/systemd" "Mozilla/5.0 AppleWebKit/537.36 (KHTML, like Gecko; compatible; GPTBot/1.3; +https://openai.com/gptbot)" 514 **0/514268**
66.249.75.75 - - [17/Jan/2026:05:23:29 -0700] "GET /?e=1322399d8f61c HTTP/1.1" 200 22474 "-" "Mozilla/5.0 (Linux; Android 6.0.1; Nexus 5X Build/MMB29P) AppleWebKit/537.36 (KHTML, like Gecko) Chrome/143.0.7499.192 Mobile Safari/537.36 (compatible; Googlebot/2.1; +http://www.google.com/bot.html)" 1594 **1/1594307**
74.7.227.58 - - [17/Jan/2026:05:23:30 -0700] "GET /?fileloc=//proc/self/root/proc/thread-self/root/proc/thread-self/root/proc/thread-self/root/proc/thread-self/root/proc/self/root/proc/self/root/proc/self/root/proc/self/root/proc/self/root/lib/systemd/systemd-user-sessions&path=//proc/self/root/proc/thread-self/root/proc/thread-self/root/proc/thread-self/root/proc/thread-self/root/proc/self/root/proc/self/root/proc/self/root/proc/self/root/proc/self/root/lib/systemd HTTP/2.0" 200 2416 "https://www.veronaae.com/?path=//proc/self/root/proc/thread-self/root/proc/thread-self/root/proc/thread-self/root/proc/thread-self/root/proc/self/root/proc/self/root/proc/self/root/proc/self/root/proc/self/root/lib/systemd" "Mozilla/5.0 AppleWebKit/537.36 (KHTML, like Gecko; compatible; GPTBot/1.3; +https://openai.com/gptbot)" 503 **0/503630**
74.7.227.58 - - [17/Jan/2026:05:23:31 -0700] "GET /?fileloc=//proc/self/root/proc/thread-self/root/proc/thread-self/root/proc/thread-self/root/proc/thread-self/root/proc/self/root/proc/self/root/proc/self/root/proc/self/root/proc/self/root/lib/systemd/systemd-user-runtime-dir&path=//proc/self/root/proc/thread-self/root/proc/thread-self/root/proc/thread-self/root/proc/thread-self/root/proc/self/root/proc/self/root/proc/self/root/proc/self/root/proc/self/root/lib/systemd HTTP/2.0" 200 2421 "https://www.veronaae.com/?path=//proc/self/root/proc/thread-self/root/proc/thread-self/root/proc/thread-self/root/proc/thread-self/root/proc/self/root/proc/self/root/proc/self/root/proc/self/root/proc/self/root/lib/systemd" "Mozilla/5.0 AppleWebKit/537.36 (KHTML, like Gecko; compatible; GPTBot/1.3; +https://openai.com/gptbot)" 518 **0/518050**
57.141.20.24 - - [17/Jan/2026:05:23:31 -0700] "GET /?e=16134164b6f70 HTTP/2.0" 200 108366 "-" "meta-externalagent/1.1 (+https://developers.facebook.com/docs/sharing/webmasters/crawler)" 515 **0/515696**
74.7.227.58 - - [17/Jan/2026:05:23:32 -0700] "GET /?path=//proc/self/root/proc/thread-self/root/proc/thread-self/root/proc/thread-self/root/proc/thread-self/root/proc/self/root/proc/self/root/proc/self/root/proc/self/root/proc/self/root/lib/systemd/boot HTTP/2.0" 200 2711 "https://www.veronaae.com/?path=//proc/self/root/proc/thread-self/root/proc/thread-self/root/proc/thread-self/root/proc/thread-self/root/proc/self/root/proc/self/root/proc/self/root/proc/self/root/proc/self/root/lib/systemd" "Mozilla/5.0 AppleWebKit/537.36 (KHTML, like Gecko; compatible; GPTBot/1.3; +https://openai.com/gptbot)" 510 **0/510493**
74.7.227.58 - - [17/Jan/2026:05:23:33 -0700] "GET /?path=//proc/self/root/proc/thread-self/root/proc/thread-self/root/proc/thread-self/root/proc/thread-self/root/proc/self/root/proc/self/root/proc/self/root/proc/self/root/proc/self/root/etc/scl/prefixes HTTP/2.0" 200 2960 "https://www.veronaae.com/?path=//proc/self/root/proc/thread-self/root/proc/thread-self/root/proc/thread-self/root/proc/thread-self/root/proc/self/root/proc/self/root/proc/self/root/proc/self/root/proc/self/root/etc/scl" "Mozilla/5.0 AppleWebKit/537.36 (KHTML, like Gecko; compatible; GPTBot/1.3; +https://openai.com/gptbot)" 511 **0/511054**
57.141.20.40 - - [17/Jan/2026:05:23:33 -0700] "GET /?e=21080462a1gd9 HTTP/2.0" 200 108366 "-" "meta-externalagent/1.1 (+https://developers.facebook.com/docs/sharing/webmasters/crawler)" 529 **0/529087**
57.141.20.55 - - [17/Jan/2026:05:23:33 -0700] "GET /?e=1188503dajg5 HTTP/2.0" 200 108366 "-" "meta-externalagent/1.1 (+https://developers.facebook.com/docs/sharing/webmasters/crawler)" 526 **0/526268**
66.249.75.75 - - [17/Jan/2026:05:23:33 -0700] "GET /?v=colour-23286224 HTTP/1.1" 200 21629 "-" "Mozilla/5.0 (Linux; Android 6.0.1; Nexus 5X Build/MMB29P) AppleWebKit/537.36 (KHTML, like Gecko) Chrome/143.0.7499.192 Mobile Safari/537.36 (compatible; Googlebot/2.1; +http://www.google.com/bot.html)" 1616 **1/1616091**
74.7.227.58 - - [17/Jan/2026:05:23:34 -0700] "GET /?path=//proc/self/root/proc/thread-self/root/proc/thread-self/root/proc/thread-self/root/proc/thread-self/root/proc/self/root/proc/self/root/proc/self/root/proc/self/root/proc/self/root/lib/systemd/catalog HTTP/2.0" 200 3055 "https://www.veronaae.com/?path=//proc/self/root/proc/thread-self/root/proc/thread-self/root/proc/thread-self/root/proc/thread-self/root/proc/self/root/proc/self/root/proc/self/root/proc/self/root/proc/self/root/lib/systemd" "Mozilla/5.0 AppleWebKit/537.36 (KHTML, like Gecko; compatible; GPTBot/1.3; +https://openai.com/gptbot)" 517 **0/517236**
74.7.227.58 - - [17/Jan/2026:05:23:35 -0700] "GET /?path=//proc/self/root/proc/thread-self/root/proc/thread-self/root/proc/thread-self/root/proc/thread-self/root/proc/self/root/proc/self/root/proc/self/root/proc/self/root/proc/self/root/lib/systemd/system HTTP/2.0" 200 13899 "https://www.veronaae.com/?path=//proc/self/root/proc/thread-self/root/proc/thread-self/root/proc/thread-self/root/proc/thread-self/root/proc/self/root/proc/self/root/proc/self/root/proc/self/root/proc/self/root/lib/systemd" "Mozilla/5.0 AppleWebKit/537.36 (KHTML, like Gecko; compatible; GPTBot/1.3; +https://openai.com/gptbot)" 663 **0/663181**
66.249.75.75 - - [17/Jan/2026:05:23:34 -0700] "GET /?v=colour-45897953 HTTP/1.1" 200 23370 "-" "Mozilla/5.0 (Linux; Android 6.0.1; Nexus 5X Build/MMB29P) AppleWebKit/537.36 (KHTML, like Gecko) Chrome/143.0.7499.192 Mobile Safari/537.36 (compatible; Googlebot/2.1; +http://www.google.com/bot.html)" 1617 **1/1617518**
74.7.227.58 - - [17/Jan/2026:05:23:36 -0700] "GET /?path=//proc/self/root/proc/thread-self/root/proc/thread-self/root/proc/thread-self/root/proc/thread-self/root/proc/self/root/proc/self/root/proc/self/root/proc/self/root/proc/self/root/proc/thread-self/root HTTP/2.0" 200 3101 "https://www.veronaae.com/?path=//proc/self/root/proc/thread-self/root/proc/thread-self/root/proc/thread-self/root/proc/thread-self/root/proc/self/root/proc/self/root/proc/self/root/proc/self/root/proc/self/root/proc/thread-self" "Mozilla/5.0 AppleWebKit/537.36 (KHTML, like Gecko; compatible; GPTBot/1.3; +https://openai.com/gptbot)" 551 **0/551007**
57.141.20.27 - - [17/Jan/2026:05:23:36 -0700] "GET /?e=3259233f6jahf HTTP/2.0" 200 108366 "-" "meta-externalagent/1.1 (+https://developers.facebook.com/docs/sharing/webmasters/crawler)" 541 **0/541202**
74.7.227.58 - - [17/Jan/2026:05:23:36 -0700] "GET /?path=//proc/self/root/proc/thread-self/root/proc/thread-self/root/proc/thread-self/root/proc/thread-self/root/proc/self/root/proc/self/root/proc/self/root/proc/self/root/proc/self/root/proc/thread-self/ns HTTP/2.0" 200 2946 "https://www.veronaae.com/?path=//proc/self/root/proc/thread-self/root/proc/thread-self/root/proc/thread-self/root/proc/thread-self/root/proc/self/root/proc/self/root/proc/self/root/proc/self/root/proc/self/root/proc/thread-self" "Mozilla/5.0 AppleWebKit/537.36 (KHTML, like Gecko; compatible; GPTBot/1.3; +https://openai.com/gptbot)" 522 **0/522334**
74.7.227.58 - - [17/Jan/2026:05:23:37 -0700] "GET /?fileloc=//proc/self/root/proc/thread-self/root/proc/thread-self/root/proc/thread-self/root/proc/thread-self/root/proc/self/root/proc/self/root/proc/self/root/proc/self/root/proc/self/root/lib/systemd/user/timers.target&path=//proc/self/root/proc/thread-self/root/proc/thread-self/root/proc/thread-self/root/proc/thread-self/root/proc/self/root/proc/self/root/proc/self/root/proc/self/root/proc/self/root/lib/systemd/user HTTP/2.0" 200 2688 "https://www.veronaae.com/?path=//proc/self/root/proc/thread-self/root/proc/thread-self/root/proc/thread-self/root/proc/thread-self/root/proc/self/root/proc/self/root/proc/self/root/proc/self/root/proc/self/root/lib/systemd/user" "Mozilla/5.0 AppleWebKit/537.36 (KHTML, like Gecko; compatible; GPTBot/1.3; +https://openai.com/gptbot)" 535 **0/535866**
