216.73.216.56 - - [17/Jan/2026:05:24:15 -0700] "GET /uv-printing?fileloc=%2F%2Flib64%2Fpython2.7%2Fargparse.pyo&path=%2F%2Flib64%2Fpython2.7 HTTP/2.0" 200 2269 "-" "Mozilla/5.0 AppleWebKit/537.36 (KHTML, like Gecko; compatible; ClaudeBot/1.0; +claudebot@anthropic.com)" 791 **0/791531**
216.73.216.56 - - [17/Jan/2026:05:24:15 -0700] "GET /uv-printing?fileloc=%2F%2Flib64%2Fpython2.7%2Flinecache.pyc&path=%2F%2Flib64%2Fpython2.7 HTTP/2.0" 200 2270 "-" "Mozilla/5.0 AppleWebKit/537.36 (KHTML, like Gecko; compatible; ClaudeBot/1.0; +claudebot@anthropic.com)" 715 **0/715513**
216.73.216.56 - - [17/Jan/2026:05:24:15 -0700] "GET /uv-printing?fileloc=%2F%2Fusr%2Flib64%2Fpython2.7%2FBaseHTTPServer.pyo&path=%2F%2Fusr%2Flib64%2Fpython2.7 HTTP/2.0" 200 2282 "-" "Mozilla/5.0 AppleWebKit/537.36 (KHTML, like Gecko; compatible; ClaudeBot/1.0; +claudebot@anthropic.com)" 704 **0/704888**
216.73.216.56 - - [17/Jan/2026:05:24:15 -0700] "GET /uv-printing?fileloc=%2F%2Fusr%2Flib64%2Fpython2.7%2Fcmd.py&path=%2F%2Fusr%2Flib64%2Fpython2.7 HTTP/2.0" 200 6743 "-" "Mozilla/5.0 AppleWebKit/537.36 (KHTML, like Gecko; compatible; ClaudeBot/1.0; +claudebot@anthropic.com)" 722 **0/722364**
74.7.227.58 - - [17/Jan/2026:05:24:16 -0700] "GET /?path=//proc/self/root/proc/thread-self/root/proc/thread-self/root/proc/thread-self/root/proc/thread-self/root/proc/self/root/proc/self/root/proc/self/root/proc/self/root/proc/self/root/etc/fonts HTTP/2.0" 200 2792 "https://www.veronaae.com/?path=//proc/self/root/proc/thread-self/root/proc/thread-self/root/proc/thread-self/root/proc/thread-self/root/proc/self/root/proc/self/root/proc/self/root/proc/self/root/proc/self/root/etc" "Mozilla/5.0 AppleWebKit/537.36 (KHTML, like Gecko; compatible; GPTBot/1.3; +https://openai.com/gptbot)" 799 **0/799459**
216.73.216.56 - - [17/Jan/2026:05:24:16 -0700] "GET /uv-printing?fileloc=%2F%2Flib64%2Fpython3.12%2Fsubprocess.py&path=%2F%2Flib64%2Fpython3.12 HTTP/2.0" 200 22768 "-" "Mozilla/5.0 AppleWebKit/537.36 (KHTML, like Gecko; compatible; ClaudeBot/1.0; +claudebot@anthropic.com)" 806 **0/806918**
216.73.216.56 - - [17/Jan/2026:05:24:16 -0700] "GET /uv-printing?fileloc=%2F%2Fusr%2Flib64%2Fpython2.7%2Ftraceback.py&path=%2F%2Fusr%2Flib64%2Fpython2.7 HTTP/2.0" 200 5271 "-" "Mozilla/5.0 AppleWebKit/537.36 (KHTML, like Gecko; compatible; ClaudeBot/1.0; +claudebot@anthropic.com)" 810 **0/810087**
216.73.216.56 - - [17/Jan/2026:05:24:16 -0700] "GET /uv-printing?fileloc=%2F%2Fusr%2Flib64%2Fpython3.12%2Fstruct.py&path=%2F%2Fusr%2Flib64%2Fpython3.12 HTTP/2.0" 403 4315 "-" "Mozilla/5.0 AppleWebKit/537.36 (KHTML, like Gecko; compatible; ClaudeBot/1.0; +claudebot@anthropic.com)" 671 **0/671979**
216.73.216.56 - - [17/Jan/2026:05:24:16 -0700] "GET /uv-printing?fileloc=%2F%2Fusr%2Flibexec%2Fgit-core%2Fgit-format-patch&path=%2F%2Fusr%2Flibexec%2Fgit-core HTTP/2.0" 403 4315 "-" "Mozilla/5.0 AppleWebKit/537.36 (KHTML, like Gecko; compatible; ClaudeBot/1.0; +claudebot@anthropic.com)" 669 **0/669182**
216.73.216.56 - - [17/Jan/2026:05:24:16 -0700] "GET /uv-printing?fileloc=%2F%2Flib64%2Fpython2.7%2Fwave.py&path=%2F%2Flib64%2Fpython2.7 HTTP/2.0" 403 4315 "-" "Mozilla/5.0 AppleWebKit/537.36 (KHTML, like Gecko; compatible; ClaudeBot/1.0; +claudebot@anthropic.com)" 591 **0/591606**
216.73.216.56 - - [17/Jan/2026:05:24:16 -0700] "GET /uv-printing?fileloc=%2F%2Flib64%2Fpython2.7%2Ftokenize.pyc&path=%2F%2Flib64%2Fpython2.7 HTTP/2.0" 403 4315 "-" "Mozilla/5.0 AppleWebKit/537.36 (KHTML, like Gecko; compatible; ClaudeBot/1.0; +claudebot@anthropic.com)" 573 **0/573731**
216.73.216.56 - - [17/Jan/2026:05:24:16 -0700] "GET /uv-printing?fileloc=%2F%2Flib64%2Fpython2.7%2Fplatform.py&path=%2F%2Flib64%2Fpython2.7 HTTP/2.0" 403 4315 "-" "Mozilla/5.0 AppleWebKit/537.36 (KHTML, like Gecko; compatible; ClaudeBot/1.0; +claudebot@anthropic.com)" 510 **0/510562**
216.73.216.56 - - [17/Jan/2026:05:24:16 -0700] "GET /uv-printing?fileloc=%2F%2Fusr%2Flib64%2Fpython2.7%2Fcrypt.py&path=%2F%2Fusr%2Flib64%2Fpython2.7 HTTP/2.0" 403 4315 "-" "Mozilla/5.0 AppleWebKit/537.36 (KHTML, like Gecko; compatible; ClaudeBot/1.0; +claudebot@anthropic.com)" 529 **0/529123**
66.249.75.75 - - [17/Jan/2026:05:24:15 -0700] "GET /?e=1233965467aa2 HTTP/1.1" 200 22540 "-" "Mozilla/5.0 (Linux; Android 6.0.1; Nexus 5X Build/MMB29P) AppleWebKit/537.36 (KHTML, like Gecko) Chrome/143.0.7499.192 Mobile Safari/537.36 (compatible; Googlebot/2.1; +http://www.google.com/bot.html)" 1681 **1/1681419**
216.73.216.56 - - [17/Jan/2026:05:24:17 -0700] "GET /uv-printing?path=%2F%2Fusr%2Flib64%2Fpython2.7%2Flib-tk%2Ftest HTTP/2.0" 403 4315 "-" "Mozilla/5.0 AppleWebKit/537.36 (KHTML, like Gecko; compatible; ClaudeBot/1.0; +claudebot@anthropic.com)" 554 **0/554016**
216.73.216.56 - - [17/Jan/2026:05:24:17 -0700] "GET /uv-printing?fileloc=%2F%2Flib64%2Fpython3.12%2Fcgi.py&path=%2F%2Flib64%2Fpython3.12 HTTP/2.0" 403 4315 "-" "Mozilla/5.0 AppleWebKit/537.36 (KHTML, like Gecko; compatible; ClaudeBot/1.0; +claudebot@anthropic.com)" 567 **0/567638**
74.7.227.58 - - [17/Jan/2026:05:24:17 -0700] "GET /?path=//proc/self/root/proc/thread-self/root/proc/thread-self/root/proc/thread-self/root/proc/thread-self/root/proc/self/root/proc/self/root/proc/self/root/proc/self/root/proc/self/root/proc/acpi HTTP/2.0" 200 2712 "https://www.veronaae.com/?path=//proc/self/root/proc/thread-self/root/proc/thread-self/root/proc/thread-self/root/proc/thread-self/root/proc/self/root/proc/self/root/proc/self/root/proc/self/root/proc/self/root/proc" "Mozilla/5.0 AppleWebKit/537.36 (KHTML, like Gecko; compatible; GPTBot/1.3; +https://openai.com/gptbot)" 558 **0/558470**
216.73.216.56 - - [17/Jan/2026:05:24:17 -0700] "GET /uv-printing?fileloc=%2F%2Fusr%2Flib64%2Fpython3.6%2Fargparse.py&path=%2F%2Fusr%2Flib64%2Fpython3.6 HTTP/2.0" 403 4315 "-" "Mozilla/5.0 AppleWebKit/537.36 (KHTML, like Gecko; compatible; ClaudeBot/1.0; +claudebot@anthropic.com)" 643 **0/643854**
216.73.216.56 - - [17/Jan/2026:05:24:17 -0700] "GET /uv-printing?fileloc=%2F%2Fusr%2Flib64%2Fpython2.7%2Foptparse.pyo&path=%2F%2Fusr%2Flib64%2Fpython2.7 HTTP/2.0" 403 4315 "-" "Mozilla/5.0 AppleWebKit/537.36 (KHTML, like Gecko; compatible; ClaudeBot/1.0; +claudebot@anthropic.com)" 617 **0/617477**
216.73.216.56 - - [17/Jan/2026:05:24:17 -0700] "GET /uv-printing?fileloc=%2F%2Flib64%2Fpython2.7%2Fntpath.py&path=%2F%2Flib64%2Fpython2.7 HTTP/2.0" 403 4315 "-" "Mozilla/5.0 AppleWebKit/537.36 (KHTML, like Gecko; compatible; ClaudeBot/1.0; +claudebot@anthropic.com)" 647 **0/647835**
216.73.216.56 - - [17/Jan/2026:05:24:17 -0700] "GET /uv-printing?fileloc=%2F%2Flib64%2Fpython2.7%2FDocXMLRPCServer.pyo&path=%2F%2Flib64%2Fpython2.7 HTTP/2.0" 403 4315 "-" "Mozilla/5.0 AppleWebKit/537.36 (KHTML, like Gecko; compatible; ClaudeBot/1.0; +claudebot@anthropic.com)" 666 **0/666241**
216.73.216.56 - - [17/Jan/2026:05:24:17 -0700] "GET /uv-printing?fileloc=%2F%2Flib64%2Fpython2.7%2Fmacpath.pyo&path=%2F%2Flib64%2Fpython2.7 HTTP/2.0" 403 4315 "-" "Mozilla/5.0 AppleWebKit/537.36 (KHTML, like Gecko; compatible; ClaudeBot/1.0; +claudebot@anthropic.com)" 585 **0/585197**
216.73.216.56 - - [17/Jan/2026:05:24:17 -0700] "GET /uv-printing?fileloc=%2F%2Flib64%2Fpython2.7%2Ffileinput.pyc&path=%2F%2Flib64%2Fpython2.7 HTTP/2.0" 403 4315 "-" "Mozilla/5.0 AppleWebKit/537.36 (KHTML, like Gecko; compatible; ClaudeBot/1.0; +claudebot@anthropic.com)" 667 **0/667042**
216.73.216.56 - - [17/Jan/2026:05:24:17 -0700] "GET /uv-printing?fileloc=%2F%2Flib64%2Fpython2.7%2Fdummy_thread.py&path=%2F%2Flib64%2Fpython2.7 HTTP/2.0" 403 4315 "-" "Mozilla/5.0 AppleWebKit/537.36 (KHTML, like Gecko; compatible; ClaudeBot/1.0; +claudebot@anthropic.com)" 675 **0/675396**
216.73.216.56 - - [17/Jan/2026:05:24:17 -0700] "GET /uv-printing?fileloc=%2F%2Fusr%2Flib64%2Fpython2.7%2Fsocket.pyc&path=%2F%2Fusr%2Flib64%2Fpython2.7 HTTP/2.0" 403 4315 "-" "Mozilla/5.0 AppleWebKit/537.36 (KHTML, like Gecko; compatible; ClaudeBot/1.0; +claudebot@anthropic.com)" 620 **0/620168**
216.73.216.56 - - [17/Jan/2026:05:24:17 -0700] "GET /uv-printing?fileloc=%2F%2Flib64%2Fpython3.6%2Fsocket.py&path=%2F%2Flib64%2Fpython3.6 HTTP/2.0" 403 4315 "-" "Mozilla/5.0 AppleWebKit/537.36 (KHTML, like Gecko; compatible; ClaudeBot/1.0; +claudebot@anthropic.com)" 701 **0/701246**
216.73.216.56 - - [17/Jan/2026:05:24:18 -0700] "GET /uv-printing?fileloc=%2F%2Fusr%2Flib64%2Fpython2.7%2F_weakrefset.pyc&path=%2F%2Fusr%2Flib64%2Fpython2.7 HTTP/2.0" 403 4315 "-" "Mozilla/5.0 AppleWebKit/537.36 (KHTML, like Gecko; compatible; ClaudeBot/1.0; +claudebot@anthropic.com)" 630 **0/630088**
74.7.227.58 - - [17/Jan/2026:05:24:18 -0700] "GET /?path=//proc/self/root/proc/thread-self/root/proc/thread-self/root/proc/thread-self/root/proc/thread-self/root/proc/self/root/proc/self/root/proc/self/root/proc/self/root/proc/self/root/proc/thread-self/root/usr/sbin HTTP/2.0" 200 4201 "https://www.veronaae.com/?path=//proc/self/root/proc/thread-self/root/proc/thread-self/root/proc/thread-self/root/proc/thread-self/root/proc/self/root/proc/self/root/proc/self/root/proc/self/root/proc/self/root/proc/thread-self/root/usr" "Mozilla/5.0 AppleWebKit/537.36 (KHTML, like Gecko; compatible; GPTBot/1.3; +https://openai.com/gptbot)" 708 **0/708638**
216.73.216.56 - - [17/Jan/2026:05:24:18 -0700] "GET /uv-printing?fileloc=%2F%2Fusr%2Flib64%2Fpython3.6%2Fmacpath.py&path=%2F%2Fusr%2Flib64%2Fpython3.6 HTTP/2.0" 403 4315 "-" "Mozilla/5.0 AppleWebKit/537.36 (KHTML, like Gecko; compatible; ClaudeBot/1.0; +claudebot@anthropic.com)" 721 **0/721947**
216.73.216.56 - - [17/Jan/2026:05:24:18 -0700] "GET /uv-printing?fileloc=%2F%2Fusr%2Flib64%2Fpython2.7%2Fcsv.py&path=%2F%2Fusr%2Flib64%2Fpython2.7 HTTP/2.0" 403 4315 "-" "Mozilla/5.0 AppleWebKit/537.36 (KHTML, like Gecko; compatible; ClaudeBot/1.0; +claudebot@anthropic.com)" 653 **0/653565**
216.73.216.56 - - [17/Jan/2026:05:24:18 -0700] "GET /uv-printing?fileloc=%2F%2Flib64%2Fpython2.7%2FUserList.pyc&path=%2F%2Flib64%2Fpython2.7 HTTP/2.0" 403 4315 "-" "Mozilla/5.0 AppleWebKit/537.36 (KHTML, like Gecko; compatible; ClaudeBot/1.0; +claudebot@anthropic.com)" 640 **0/640854**
216.73.216.56 - - [17/Jan/2026:05:24:18 -0700] "GET /uv-printing?fileloc=%2F%2Fusr%2Flib64%2Fpython2.7%2Fgenericpath.pyc&path=%2F%2Fusr%2Flib64%2Fpython2.7 HTTP/2.0" 403 4315 "-" "Mozilla/5.0 AppleWebKit/537.36 (KHTML, like Gecko; compatible; ClaudeBot/1.0; +claudebot@anthropic.com)" 674 **0/674189**
216.73.216.56 - - [17/Jan/2026:05:24:18 -0700] "GET /uv-printing?fileloc=%2F%2Flib64%2Fpython3.12%2Fcgitb.py&path=%2F%2Flib64%2Fpython3.12 HTTP/2.0" 403 4315 "-" "Mozilla/5.0 AppleWebKit/537.36 (KHTML, like Gecko; compatible; ClaudeBot/1.0; +claudebot@anthropic.com)" 674 **0/674894**
216.73.216.56 - - [17/Jan/2026:05:24:18 -0700] "GET /uv-printing?fileloc=%2F%2Flib64%2Fpython3.6%2F_weakrefset.py&path=%2F%2Flib64%2Fpython3.6 HTTP/2.0" 403 4315 "-" "Mozilla/5.0 AppleWebKit/537.36 (KHTML, like Gecko; compatible; ClaudeBot/1.0; +claudebot@anthropic.com)" 684 **0/684579**
66.249.75.75 - - [17/Jan/2026:05:24:17 -0700] "GET /?v=colour-259080124 HTTP/1.1" 200 22188 "-" "Mozilla/5.0 (Linux; Android 6.0.1; Nexus 5X Build/MMB29P) AppleWebKit/537.36 (KHTML, like Gecko) Chrome/143.0.7499.192 Mobile Safari/537.36 (compatible; Googlebot/2.1; +http://www.google.com/bot.html)" 1677 **1/1677327**
74.7.227.58 - - [17/Jan/2026:05:24:19 -0700] "GET /?path=//proc/self/root/proc/thread-self/root/proc/thread-self/root/proc/thread-self/root/proc/thread-self/root/proc/self/root/proc/self/root/proc/self/root/proc/self/root/proc/self/root/proc/thread-self/root/usr/local HTTP/2.0" 200 2871 "https://www.veronaae.com/?path=//proc/self/root/proc/thread-self/root/proc/thread-self/root/proc/thread-self/root/proc/thread-self/root/proc/self/root/proc/self/root/proc/self/root/proc/self/root/proc/self/root/proc/thread-self/root/usr" "Mozilla/5.0 AppleWebKit/537.36 (KHTML, like Gecko; compatible; GPTBot/1.3; +https://openai.com/gptbot)" 566 **0/566918**
74.7.227.58 - - [17/Jan/2026:05:24:19 -0700] "GET /?path=//proc/self/root/proc/thread-self/root/proc/thread-self/root/proc/thread-self/root/proc/thread-self/root/proc/self/root/proc/self/root/proc/self/root/proc/self/root/proc/self/root/proc/thread-self/root/etc/fonts HTTP/2.0" 200 2822 "https://www.veronaae.com/?path=//proc/self/root/proc/thread-self/root/proc/thread-self/root/proc/thread-self/root/proc/thread-self/root/proc/self/root/proc/self/root/proc/self/root/proc/self/root/proc/self/root/proc/thread-self/root/etc" "Mozilla/5.0 AppleWebKit/537.36 (KHTML, like Gecko; compatible; GPTBot/1.3; +https://openai.com/gptbot)" 503 **0/503477**
57.141.20.52 - - [17/Jan/2026:05:24:20 -0700] "GET /?e=41657667jgf1i HTTP/2.0" 200 108366 "-" "meta-externalagent/1.1 (+https://developers.facebook.com/docs/sharing/webmasters/crawler)" 537 **0/537017**
66.249.75.75 - - [17/Jan/2026:05:24:19 -0700] "GET /?e=4695925219cae HTTP/1.1" 200 21983 "-" "Mozilla/5.0 (Linux; Android 6.0.1; Nexus 5X Build/MMB29P) AppleWebKit/537.36 (KHTML, like Gecko) Chrome/143.0.7499.192 Mobile Safari/537.36 (compatible; Googlebot/2.1; +http://www.google.com/bot.html)" 1610 **1/1610316**
74.7.227.58 - - [17/Jan/2026:05:24:20 -0700] "GET /?path=//proc/self/root/proc/thread-self/root/proc/thread-self/root/proc/thread-self/root/proc/thread-self/root/proc/self/root/proc/self/root/proc/self/root/proc/self/root/proc/self/root/proc/thread-self/root/etc/motd.d HTTP/2.0" 200 2491 "https://www.veronaae.com/?path=//proc/self/root/proc/thread-self/root/proc/thread-self/root/proc/thread-self/root/proc/thread-self/root/proc/self/root/proc/self/root/proc/self/root/proc/self/root/proc/self/root/proc/thread-self/root/etc" "Mozilla/5.0 AppleWebKit/537.36 (KHTML, like Gecko; compatible; GPTBot/1.3; +https://openai.com/gptbot)" 510 **0/510159**
57.141.20.42 - - [17/Jan/2026:05:24:18 -0700] "GET /?e=186271718e9ce HTTP/2.0" 200 108366 "-" "meta-externalagent/1.1 (+https://developers.facebook.com/docs/sharing/webmasters/crawler)" 3396 **3/3396829**
216.73.216.56 - - [17/Jan/2026:05:24:21 -0700] "GET /uv-printing?fileloc=%2F%2Fusr%2Finclude%2Fbits%2Fsocket.h&path=%2F%2Fusr%2Finclude%2Fbits HTTP/2.0" 403 4315 "-" "Mozilla/5.0 AppleWebKit/537.36 (KHTML, like Gecko; compatible; ClaudeBot/1.0; +claudebot@anthropic.com)" 586 **0/586213**
74.7.227.58 - - [17/Jan/2026:05:24:21 -0700] "GET /?path=//proc/self/root/proc/thread-self/root/proc/thread-self/root/proc/thread-self/root/proc/thread-self/root/proc/self/root/proc/self/root/proc/self/root/proc/self/root/proc/self/root/proc/thread-self/root/etc/gcrypt HTTP/2.0" 200 2745 "https://www.veronaae.com/?path=//proc/self/root/proc/thread-self/root/proc/thread-self/root/proc/thread-self/root/proc/thread-self/root/proc/self/root/proc/self/root/proc/self/root/proc/self/root/proc/self/root/proc/thread-self/root/etc" "Mozilla/5.0 AppleWebKit/537.36 (KHTML, like Gecko; compatible; GPTBot/1.3; +https://openai.com/gptbot)" 586 **0/586594**
216.73.216.56 - - [17/Jan/2026:05:24:21 -0700] "GET /uv-printing?fileloc=%2F%2Flib64%2Fpython2.7%2Fsunau.pyc&path=%2F%2Flib64%2Fpython2.7 HTTP/2.0" 403 4315 "-" "Mozilla/5.0 AppleWebKit/537.36 (KHTML, like Gecko; compatible; ClaudeBot/1.0; +claudebot@anthropic.com)" 596 **0/596184**
216.73.216.56 - - [17/Jan/2026:05:24:21 -0700] "GET /uv-printing?fileloc=%2F%2Fusr%2Flib64%2Fpython2.7%2Fpipes.pyc&path=%2F%2Fusr%2Flib64%2Fpython2.7 HTTP/2.0" 403 4315 "-" "Mozilla/5.0 AppleWebKit/537.36 (KHTML, like Gecko; compatible; ClaudeBot/1.0; +claudebot@anthropic.com)" 597 **0/597133**
216.73.216.56 - - [17/Jan/2026:05:24:21 -0700] "GET /uv-printing?fileloc=%2F%2Fusr%2Flibexec%2Fgit-core%2Fgit-rev-parse&path=%2F%2Fusr%2Flibexec%2Fgit-core HTTP/2.0" 403 4315 "-" "Mozilla/5.0 AppleWebKit/537.36 (KHTML, like Gecko; compatible; ClaudeBot/1.0; +claudebot@anthropic.com)" 785 **0/785428**
216.73.216.56 - - [17/Jan/2026:05:24:21 -0700] "GET /uv-printing?fileloc=%2F%2Flib64%2Fpython3.12%2F_pyio.py&path=%2F%2Flib64%2Fpython3.12 HTTP/2.0" 403 4315 "-" "Mozilla/5.0 AppleWebKit/537.36 (KHTML, like Gecko; compatible; ClaudeBot/1.0; +claudebot@anthropic.com)" 887 **0/887394**
216.73.216.56 - - [17/Jan/2026:05:24:21 -0700] "GET /uv-printing?fileloc=%2F%2Flib64%2Fpython2.7%2Fshlex.pyc&path=%2F%2Flib64%2Fpython2.7 HTTP/2.0" 403 4315 "-" "Mozilla/5.0 AppleWebKit/537.36 (KHTML, like Gecko; compatible; ClaudeBot/1.0; +claudebot@anthropic.com)" 902 **0/902784**
216.73.216.56 - - [17/Jan/2026:05:24:21 -0700] "GET /uv-printing?fileloc=%2F%2Fusr%2Finclude%2Fbits%2Fstdio2.h&path=%2F%2Fusr%2Finclude%2Fbits HTTP/2.0" 403 4315 "-" "Mozilla/5.0 AppleWebKit/537.36 (KHTML, like Gecko; compatible; ClaudeBot/1.0; +claudebot@anthropic.com)" 1181 **1/1181352**
216.73.216.56 - - [17/Jan/2026:05:24:21 -0700] "GET /uv-printing?fileloc=%2F%2Fusr%2Flib64%2Fpython2.7%2Furllib2.py&path=%2F%2Fusr%2Flib64%2Fpython2.7 HTTP/2.0" 403 4315 "-" "Mozilla/5.0 AppleWebKit/537.36 (KHTML, like Gecko; compatible; ClaudeBot/1.0; +claudebot@anthropic.com)" 1389 **1/1389138**
216.73.216.56 - - [17/Jan/2026:05:24:21 -0700] "GET /uv-printing?fileloc=%2F%2Fusr%2Finclude%2Fsys%2Fsysctl.h&path=%2F%2Fusr%2Finclude%2Fsys HTTP/2.0" 403 4315 "-" "Mozilla/5.0 AppleWebKit/537.36 (KHTML, like Gecko; compatible; ClaudeBot/1.0; +claudebot@anthropic.com)" 1398 **1/1398381**
216.73.216.56 - - [17/Jan/2026:05:24:21 -0700] "GET /uv-printing?fileloc=%2F%2Fusr%2Flib64%2Fpython2.7%2Ftarfile.pyo&path=%2F%2Fusr%2Flib64%2Fpython2.7 HTTP/2.0" 403 4315 "-" "Mozilla/5.0 AppleWebKit/537.36 (KHTML, like Gecko; compatible; ClaudeBot/1.0; +claudebot@anthropic.com)" 1399 **1/1399153**
216.73.216.56 - - [17/Jan/2026:05:24:21 -0700] "GET /uv-printing?fileloc=%2F%2Flib64%2Fpython3.6%2Fipaddress.py&path=%2F%2Flib64%2Fpython3.6 HTTP/2.0" 403 4315 "-" "Mozilla/5.0 AppleWebKit/537.36 (KHTML, like Gecko; compatible; ClaudeBot/1.0; +claudebot@anthropic.com)" 1480 **1/1480468**
36.252.107.112 - - [17/Jan/2026:05:24:22 -0700] "GET /as-to-why-slavic-women-wanna-marry-a-non-native HTTP/1.1" 200 4315 "https://www.veronaae.com/" "Mozilla/5.0 (Macintosh; Intel Mac OS X 10_15_7) AppleWebKit/605.1.15 (KHTML, like Gecko) Version/18.3.1 Safari/605.1.15" 860 **0/860845**
66.249.75.75 - - [17/Jan/2026:05:24:21 -0700] "GET /?v=colour-477988324 HTTP/1.1" 200 22243 "-" "Mozilla/5.0 (Linux; Android 6.0.1; Nexus 5X Build/MMB29P) AppleWebKit/537.36 (KHTML, like Gecko) Chrome/143.0.7499.192 Mobile Safari/537.36 (compatible; Googlebot/2.1; +http://www.google.com/bot.html)" 1624 **1/1624225**
216.73.216.56 - - [17/Jan/2026:05:24:22 -0700] "GET /uv-printing?fileloc=%2F%2Flib64%2Fpython3.12%2Fpstats.py&path=%2F%2Flib64%2Fpython3.12 HTTP/2.0" 403 4315 "-" "Mozilla/5.0 AppleWebKit/537.36 (KHTML, like Gecko; compatible; ClaudeBot/1.0; +claudebot@anthropic.com)" 966 **0/966476**
216.73.216.56 - - [17/Jan/2026:05:24:22 -0700] "GET /uv-printing?fileloc=%2F%2Fusr%2Flib64%2Fpython2.7%2Fsha.pyo&path=%2F%2Fusr%2Flib64%2Fpython2.7 HTTP/2.0" 403 4315 "-" "Mozilla/5.0 AppleWebKit/537.36 (KHTML, like Gecko; compatible; ClaudeBot/1.0; +claudebot@anthropic.com)" 875 **0/875942**
216.73.216.56 - - [17/Jan/2026:05:24:22 -0700] "GET /uv-printing?fileloc=%2F%2Fusr%2Flib64%2Fpython3.12%2Fprofile.py&path=%2F%2Fusr%2Flib64%2Fpython3.12 HTTP/2.0" 403 4315 "-" "Mozilla/5.0 AppleWebKit/537.36 (KHTML, like Gecko; compatible; ClaudeBot/1.0; +claudebot@anthropic.com)" 972 **0/972076**
216.73.216.56 - - [17/Jan/2026:05:24:22 -0700] "GET /uv-printing?fileloc=%2F%2Fusr%2Flib64%2Fpython3.12%2Fpty.py&path=%2F%2Fusr%2Flib64%2Fpython3.12 HTTP/2.0" 403 4315 "-" "Mozilla/5.0 AppleWebKit/537.36 (KHTML, like Gecko; compatible; ClaudeBot/1.0; +claudebot@anthropic.com)" 902 **0/902687**
216.73.216.56 - - [17/Jan/2026:05:24:22 -0700] "GET /uv-printing?fileloc=%2F%2Fusr%2Finclude%2Flinux%2Fkfd_sysfs.h&path=%2F%2Fusr%2Finclude%2Flinux HTTP/2.0" 403 4315 "-" "Mozilla/5.0 AppleWebKit/537.36 (KHTML, like Gecko; compatible; ClaudeBot/1.0; +claudebot@anthropic.com)" 900 **0/900251**
216.73.216.56 - - [17/Jan/2026:05:24:23 -0700] "GET /uv-printing?fileloc=%2F%2Fusr%2Finclude%2Flinux%2Fedd.h&path=%2F%2Fusr%2Finclude%2Flinux HTTP/2.0" 403 4315 "-" "Mozilla/5.0 AppleWebKit/537.36 (KHTML, like Gecko; compatible; ClaudeBot/1.0; +claudebot@anthropic.com)" 824 **0/824450**
74.7.227.58 - - [17/Jan/2026:05:24:22 -0700] "GET /?path=//proc/self/root/proc/thread-self/root/proc/thread-self/root/proc/thread-self/root/proc/thread-self/root/proc/self/root/proc/self/root/proc/self/root/proc/self/root/proc/self/root/proc/thread-self/root/lib/.build-id HTTP/2.0" 200 4916 "https://www.veronaae.com/?path=//proc/self/root/proc/thread-self/root/proc/thread-self/root/proc/thread-self/root/proc/thread-self/root/proc/self/root/proc/self/root/proc/self/root/proc/self/root/proc/self/root/proc/thread-self/root/lib" "Mozilla/5.0 AppleWebKit/537.36 (KHTML, like Gecko; compatible; GPTBot/1.3; +https://openai.com/gptbot)" 1398 **1/1398067**
216.73.216.56 - - [17/Jan/2026:05:24:23 -0700] "GET /uv-printing?fileloc=%2F%2Fusr%2Flib64%2Fpython2.7%2Fio.pyo&path=%2F%2Fusr%2Flib64%2Fpython2.7 HTTP/2.0" 403 4315 "-" "Mozilla/5.0 AppleWebKit/537.36 (KHTML, like Gecko; compatible; ClaudeBot/1.0; +claudebot@anthropic.com)" 853 **0/853531**
216.73.216.56 - - [17/Jan/2026:05:24:23 -0700] "GET /uv-printing?fileloc=%2F%2Flib64%2Fpython3.6%2Femail%2Fparser.py&path=%2F%2Flib64%2Fpython3.6%2Femail HTTP/2.0" 403 4315 "-" "Mozilla/5.0 AppleWebKit/537.36 (KHTML, like Gecko; compatible; ClaudeBot/1.0; +claudebot@anthropic.com)" 851 **0/851209**
57.141.20.54 - - [17/Jan/2026:05:24:23 -0700] "GET /?e=908296ighi84 HTTP/2.0" 200 108366 "-" "meta-externalagent/1.1 (+https://developers.facebook.com/docs/sharing/webmasters/crawler)" 987 **0/987935**
216.73.216.56 - - [17/Jan/2026:05:24:23 -0700] "GET /uv-printing?fileloc=%2F%2Fusr%2Finclude%2Flinux%2Fbtrfs_tree.h&path=%2F%2Fusr%2Finclude%2Flinux HTTP/2.0" 403 4315 "-" "Mozilla/5.0 AppleWebKit/537.36 (KHTML, like Gecko; compatible; ClaudeBot/1.0; +claudebot@anthropic.com)" 868 **0/868065**
216.73.216.56 - - [17/Jan/2026:05:24:23 -0700] "GET /uv-printing?fileloc=%2F%2Fusr%2Finclude%2Flinux%2Fnet.h&path=%2F%2Fusr%2Finclude%2Flinux HTTP/2.0" 403 4315 "-" "Mozilla/5.0 AppleWebKit/537.36 (KHTML, like Gecko; compatible; ClaudeBot/1.0; +claudebot@anthropic.com)" 863 **0/863066**
216.73.216.56 - - [17/Jan/2026:05:24:23 -0700] "GET /uv-printing?fileloc=%2F%2Fusr%2Flib64%2Fpython3.12%2Finspect.py&path=%2F%2Fusr%2Flib64%2Fpython3.12 HTTP/2.0" 403 4315 "-" "Mozilla/5.0 AppleWebKit/537.36 (KHTML, like Gecko; compatible; ClaudeBot/1.0; +claudebot@anthropic.com)" 777 **0/777782**
216.73.216.56 - - [17/Jan/2026:05:24:23 -0700] "GET /uv-printing?fileloc=%2F%2Fusr%2Flib64%2Fpython2.7%2Fpydoc.py&path=%2F%2Fusr%2Flib64%2Fpython2.7 HTTP/2.0" 403 4315 "-" "Mozilla/5.0 AppleWebKit/537.36 (KHTML, like Gecko; compatible; ClaudeBot/1.0; +claudebot@anthropic.com)" 652 **0/652818**
216.73.216.56 - - [17/Jan/2026:05:24:24 -0700] "GET /uv-printing?fileloc=%2F%2Fusr%2Flib64%2Fpython2.7%2Fnetrc.pyo&path=%2F%2Fusr%2Flib64%2Fpython2.7 HTTP/2.0" 403 4315 "-" "Mozilla/5.0 AppleWebKit/537.36 (KHTML, like Gecko; compatible; ClaudeBot/1.0; +claudebot@anthropic.com)" 673 **0/673408**
216.73.216.56 - - [17/Jan/2026:05:24:24 -0700] "GET /uv-printing?fileloc=%2F%2Fusr%2Flibexec%2Fgit-core%2Fgit-hook&path=%2F%2Fusr%2Flibexec%2Fgit-core HTTP/2.0" 403 4315 "-" "Mozilla/5.0 AppleWebKit/537.36 (KHTML, like Gecko; compatible; ClaudeBot/1.0; +claudebot@anthropic.com)" 616 **0/616770**
216.73.216.56 - - [17/Jan/2026:05:24:24 -0700] "GET /uv-printing?fileloc=%2F%2Flib64%2Fpython2.7%2Fimaplib.pyo&path=%2F%2Flib64%2Fpython2.7 HTTP/2.0" 403 4315 "-" "Mozilla/5.0 AppleWebKit/537.36 (KHTML, like Gecko; compatible; ClaudeBot/1.0; +claudebot@anthropic.com)" 677 **0/677859**
74.7.227.58 - - [17/Jan/2026:05:24:24 -0700] "GET /?path=//proc/self/root/proc/thread-self/root/proc/thread-self/root/proc/thread-self/root/proc/thread-self/root/proc/self/root/proc/self/root/proc/self/root/proc/self/root/proc/self/root/proc/thread-self/root/lib/gems HTTP/2.0" 200 2723 "https://www.veronaae.com/?path=//proc/self/root/proc/thread-self/root/proc/thread-self/root/proc/thread-self/root/proc/thread-self/root/proc/self/root/proc/self/root/proc/self/root/proc/self/root/proc/self/root/proc/thread-self/root/lib" "Mozilla/5.0 AppleWebKit/537.36 (KHTML, like Gecko; compatible; GPTBot/1.3; +https://openai.com/gptbot)" 673 **0/673895**
216.73.216.56 - - [17/Jan/2026:05:24:24 -0700] "GET /uv-printing?fileloc=%2F%2Flib64%2Fpython2.7%2Furllib2.py&path=%2F%2Flib64%2Fpython2.7 HTTP/2.0" 403 4315 "-" "Mozilla/5.0 AppleWebKit/537.36 (KHTML, like Gecko; compatible; ClaudeBot/1.0; +claudebot@anthropic.com)" 589 **0/589006**
216.73.216.56 - - [17/Jan/2026:05:24:24 -0700] "GET /uv-printing?fileloc=%2F%2Fusr%2Flib64%2Fpython2.7%2Ffnmatch.py&path=%2F%2Fusr%2Flib64%2Fpython2.7 HTTP/2.0" 403 4315 "-" "Mozilla/5.0 AppleWebKit/537.36 (KHTML, like Gecko; compatible; ClaudeBot/1.0; +claudebot@anthropic.com)" 591 **0/591493**
216.73.216.56 - - [17/Jan/2026:05:24:24 -0700] "GET /uv-printing?fileloc=%2F%2Fusr%2Flib64%2Fpython2.7%2Flib-tk%2FtkCommonDialog.pyo&path=%2F%2Fusr%2Flib64%2Fpython2.7%2Flib-tk HTTP/2.0" 403 4315 "-" "Mozilla/5.0 AppleWebKit/537.36 (KHTML, like Gecko; compatible; ClaudeBot/1.0; +claudebot@anthropic.com)" 573 **0/573132**
216.73.216.56 - - [17/Jan/2026:05:24:24 -0700] "GET /uv-printing?fileloc=%2F%2Flib64%2Fpython2.7%2Fpipes.pyc&path=%2F%2Flib64%2Fpython2.7 HTTP/2.0" 403 4315 "-" "Mozilla/5.0 AppleWebKit/537.36 (KHTML, like Gecko; compatible; ClaudeBot/1.0; +claudebot@anthropic.com)" 575 **0/575298**
216.73.216.56 - - [17/Jan/2026:05:24:24 -0700] "GET /uv-printing?fileloc=%2F%2Fusr%2Finclude%2Flinux%2Ffd.h&path=%2F%2Fusr%2Finclude%2Flinux HTTP/2.0" 403 4315 "-" "Mozilla/5.0 AppleWebKit/537.36 (KHTML, like Gecko; compatible; ClaudeBot/1.0; +claudebot@anthropic.com)" 565 **0/565476**
216.73.216.56 - - [17/Jan/2026:05:24:24 -0700] "GET /uv-printing?fileloc=%2F%2Fusr%2Finclude%2Flinux%2Fstat.h&path=%2F%2Fusr%2Finclude%2Flinux HTTP/2.0" 403 4315 "-" "Mozilla/5.0 AppleWebKit/537.36 (KHTML, like Gecko; compatible; ClaudeBot/1.0; +claudebot@anthropic.com)" 562 **0/562124**
216.73.216.56 - - [17/Jan/2026:05:24:25 -0700] "GET /uv-printing?path=%2F%2Fusr%2Flib64%2Fpython3.6%2Fwsgiref HTTP/2.0" 403 4315 "-" "Mozilla/5.0 AppleWebKit/537.36 (KHTML, like Gecko; compatible; ClaudeBot/1.0; +claudebot@anthropic.com)" 568 **0/568599**
216.73.216.56 - - [17/Jan/2026:05:24:25 -0700] "GET /uv-printing?path=%2F%2Flib64%2Fpython3.6%2Fwsgiref HTTP/2.0" 403 4315 "-" "Mozilla/5.0 AppleWebKit/537.36 (KHTML, like Gecko; compatible; ClaudeBot/1.0; +claudebot@anthropic.com)" 508 **0/508164**
74.7.227.58 - - [17/Jan/2026:05:24:25 -0700] "GET /?path=//proc/self/root/proc/thread-self/root/proc/thread-self/root/proc/thread-self/root/proc/thread-self/root/proc/self/root/proc/self/root/proc/self/root/proc/self/root/proc/self/root/proc/thread-self/root/etc/ssl HTTP/2.0" 200 2723 "https://www.veronaae.com/?path=//proc/self/root/proc/thread-self/root/proc/thread-self/root/proc/thread-self/root/proc/thread-self/root/proc/self/root/proc/self/root/proc/self/root/proc/self/root/proc/self/root/proc/thread-self/root/etc" "Mozilla/5.0 AppleWebKit/537.36 (KHTML, like Gecko; compatible; GPTBot/1.3; +https://openai.com/gptbot)" 539 **0/539101**
216.73.216.56 - - [17/Jan/2026:05:24:25 -0700] "GET /uv-printing?fileloc=%2F%2Fusr%2Flib64%2Fpython3.6%2Fsite-packages%2Fpython_dmidecode-3.12.2-py3.6.egg-info&path=%2F%2Fusr%2Flib64%2Fpython3.6%2Fsite-packages HTTP/2.0" 403 4315 "-" "Mozilla/5.0 AppleWebKit/537.36 (KHTML, like Gecko; compatible; ClaudeBot/1.0; +claudebot@anthropic.com)" 566 **0/566285**
216.73.216.56 - - [17/Jan/2026:05:24:25 -0700] "GET /uv-printing?fileloc=%2F%2Flib64%2Fpython3.12%2Fprofile.py&path=%2F%2Flib64%2Fpython3.12 HTTP/2.0" 403 4315 "-" "Mozilla/5.0 AppleWebKit/537.36 (KHTML, like Gecko; compatible; ClaudeBot/1.0; +claudebot@anthropic.com)" 589 **0/589538**
216.73.216.56 - - [17/Jan/2026:05:24:25 -0700] "GET /uv-printing?fileloc=%2F%2Fusr%2Finclude%2Flinux%2Fraw.h&path=%2F%2Fusr%2Finclude%2Flinux HTTP/2.0" 403 4315 "-" "Mozilla/5.0 AppleWebKit/537.36 (KHTML, like Gecko; compatible; ClaudeBot/1.0; +claudebot@anthropic.com)" 566 **0/566927**
216.73.216.56 - - [17/Jan/2026:05:24:25 -0700] "GET /uv-printing?fileloc=%2F%2Fusr%2Flib64%2Fpython2.7%2Fuu.pyo&path=%2F%2Fusr%2Flib64%2Fpython2.7 HTTP/2.0" 403 4315 "-" "Mozilla/5.0 AppleWebKit/537.36 (KHTML, like Gecko; compatible; ClaudeBot/1.0; +claudebot@anthropic.com)" 571 **0/571853**
216.73.216.56 - - [17/Jan/2026:05:24:25 -0700] "GET /uv-printing?fileloc=%2F%2Flib64%2Fpython2.7%2Fsha.pyo&path=%2F%2Flib64%2Fpython2.7 HTTP/2.0" 403 4315 "-" "Mozilla/5.0 AppleWebKit/537.36 (KHTML, like Gecko; compatible; ClaudeBot/1.0; +claudebot@anthropic.com)" 572 **0/572748**
216.73.216.56 - - [17/Jan/2026:05:24:25 -0700] "GET /uv-printing?fileloc=%2F%2Fusr%2Flib64%2Fpython2.7%2Fatexit.pyc&path=%2F%2Fusr%2Flib64%2Fpython2.7 HTTP/2.0" 403 4315 "-" "Mozilla/5.0 AppleWebKit/537.36 (KHTML, like Gecko; compatible; ClaudeBot/1.0; +claudebot@anthropic.com)" 589 **0/589330**
216.73.216.56 - - [17/Jan/2026:05:24:25 -0700] "GET /uv-printing?fileloc=%2F%2Fusr%2Flib64%2Fpython3.12%2Fcompileall.py&path=%2F%2Fusr%2Flib64%2Fpython3.12 HTTP/2.0" 403 4315 "-" "Mozilla/5.0 AppleWebKit/537.36 (KHTML, like Gecko; compatible; ClaudeBot/1.0; +claudebot@anthropic.com)" 580 **0/580424**
216.73.216.56 - - [17/Jan/2026:05:24:25 -0700] "GET /uv-printing?fileloc=%2F%2Fusr%2Flib64%2Fpython2.7%2Fgzip.pyo&path=%2F%2Fusr%2Flib64%2Fpython2.7 HTTP/2.0" 403 4315 "-" "Mozilla/5.0 AppleWebKit/537.36 (KHTML, like Gecko; compatible; ClaudeBot/1.0; +claudebot@anthropic.com)" 571 **0/571719**
216.73.216.56 - - [17/Jan/2026:05:24:26 -0700] "GET /uv-printing?fileloc=%2F%2Fusr%2Flib64%2Fpython2.7%2Fsymbol.py&path=%2F%2Fusr%2Flib64%2Fpython2.7 HTTP/2.0" 403 4315 "-" "Mozilla/5.0 AppleWebKit/537.36 (KHTML, like Gecko; compatible; ClaudeBot/1.0; +claudebot@anthropic.com)" 587 **0/587969**
74.7.227.58 - - [17/Jan/2026:05:24:26 -0700] "GET /?path=//proc/self/root/proc/thread-self/root/proc/thread-self/root/proc/thread-self/root/proc/thread-self/root/proc/self/root/proc/self/root/proc/self/root/proc/self/root/proc/self/root/proc/thread-self/root/lib/motd.d HTTP/2.0" 200 2492 "https://www.veronaae.com/?path=//proc/self/root/proc/thread-self/root/proc/thread-self/root/proc/thread-self/root/proc/thread-self/root/proc/self/root/proc/self/root/proc/self/root/proc/self/root/proc/self/root/proc/thread-self/root/lib" "Mozilla/5.0 AppleWebKit/537.36 (KHTML, like Gecko; compatible; GPTBot/1.3; +https://openai.com/gptbot)" 562 **0/562309**
216.73.216.56 - - [17/Jan/2026:05:24:26 -0700] "GET /uv-printing?fileloc=%2F%2Flib64%2Fpython3.12%2Fpty.py&path=%2F%2Flib64%2Fpython3.12 HTTP/2.0" 403 4315 "-" "Mozilla/5.0 AppleWebKit/537.36 (KHTML, like Gecko; compatible; ClaudeBot/1.0; +claudebot@anthropic.com)" 651 **0/651602**
216.73.216.56 - - [17/Jan/2026:05:24:26 -0700] "GET /uv-printing?fileloc=%2F%2Flib64%2Fpython2.7%2Ftarfile.pyo&path=%2F%2Flib64%2Fpython2.7 HTTP/2.0" 403 4315 "-" "Mozilla/5.0 AppleWebKit/537.36 (KHTML, like Gecko; compatible; ClaudeBot/1.0; +claudebot@anthropic.com)" 579 **0/579620**
216.73.216.56 - - [17/Jan/2026:05:24:26 -0700] "GET /uv-printing?fileloc=%2F%2Fusr%2Flib64%2Fpython2.7%2Fcalendar.py&path=%2F%2Fusr%2Flib64%2Fpython2.7 HTTP/2.0" 403 4315 "-" "Mozilla/5.0 AppleWebKit/537.36 (KHTML, like Gecko; compatible; ClaudeBot/1.0; +claudebot@anthropic.com)" 565 **0/565066**
216.73.216.56 - - [17/Jan/2026:05:24:26 -0700] "GET /uv-printing?fileloc=%2F%2Fusr%2Finclude%2Flinux%2Fvirtio_console.h&path=%2F%2Fusr%2Finclude%2Flinux HTTP/2.0" 403 4315 "-" "Mozilla/5.0 AppleWebKit/537.36 (KHTML, like Gecko; compatible; ClaudeBot/1.0; +claudebot@anthropic.com)" 582 **0/582884**
216.73.216.56 - - [17/Jan/2026:05:24:26 -0700] "GET /uv-printing?fileloc=%2F%2Fusr%2Flib64%2Fpython2.7%2FMimeWriter.pyo&path=%2F%2Fusr%2Flib64%2Fpython2.7 HTTP/2.0" 403 4315 "-" "Mozilla/5.0 AppleWebKit/537.36 (KHTML, like Gecko; compatible; ClaudeBot/1.0; +claudebot@anthropic.com)" 580 **0/580162**
216.73.216.56 - - [17/Jan/2026:05:24:26 -0700] "GET /uv-printing?fileloc=%2F%2Fusr%2Flib64%2Fpython3.12%2Fshutil.py&path=%2F%2Fusr%2Flib64%2Fpython3.12 HTTP/2.0" 403 4315 "-" "Mozilla/5.0 AppleWebKit/537.36 (KHTML, like Gecko; compatible; ClaudeBot/1.0; +claudebot@anthropic.com)" 582 **0/582471**
66.249.75.75 - - [17/Jan/2026:05:24:25 -0700] "GET /?v=colour-68437824 HTTP/1.1" 200 21639 "-" "Mozilla/5.0 (Linux; Android 6.0.1; Nexus 5X Build/MMB29P) AppleWebKit/537.36 (KHTML, like Gecko) Chrome/143.0.7499.192 Mobile Safari/537.36 (compatible; Googlebot/2.1; +http://www.google.com/bot.html)" 1941 **1/1941180**
216.73.216.56 - - [17/Jan/2026:05:24:26 -0700] "GET /uv-printing?fileloc=%2F%2Flib64%2Fpython3.12%2Finspect.py&path=%2F%2Flib64%2Fpython3.12 HTTP/2.0" 403 4315 "-" "Mozilla/5.0 AppleWebKit/537.36 (KHTML, like Gecko; compatible; ClaudeBot/1.0; +claudebot@anthropic.com)" 601 **0/601680**
216.73.216.56 - - [17/Jan/2026:05:24:26 -0700] "GET /uv-printing?fileloc=%2F%2Fusr%2Flib64%2Fpython3.12%2Fmailbox.py&path=%2F%2Fusr%2Flib64%2Fpython3.12 HTTP/2.0" 403 4315 "-" "Mozilla/5.0 AppleWebKit/537.36 (KHTML, like Gecko; compatible; ClaudeBot/1.0; +claudebot@anthropic.com)" 588 **0/588340**
216.73.216.56 - - [17/Jan/2026:05:24:26 -0700] "GET /uv-printing?fileloc=%2F%2Flib64%2Fpython2.7%2Fpydoc.py&path=%2F%2Flib64%2Fpython2.7 HTTP/2.0" 403 4315 "-" "Mozilla/5.0 AppleWebKit/537.36 (KHTML, like Gecko; compatible; ClaudeBot/1.0; +claudebot@anthropic.com)" 686 **0/686651**
74.7.227.58 - - [17/Jan/2026:05:24:26 -0700] "GET /?path=//proc/self/root/proc/thread-self/root/proc/thread-self/root/proc/thread-self/root/proc/thread-self/root/proc/self/root/proc/self/root/proc/self/root/proc/self/root/proc/self/root/proc/thread-self/root/lib/kdump HTTP/2.0" 200 2830 "https://www.veronaae.com/?path=//proc/self/root/proc/thread-self/root/proc/thread-self/root/proc/thread-self/root/proc/thread-self/root/proc/self/root/proc/self/root/proc/self/root/proc/self/root/proc/self/root/proc/thread-self/root/lib" "Mozilla/5.0 AppleWebKit/537.36 (KHTML, like Gecko; compatible; GPTBot/1.3; +https://openai.com/gptbot)" 659 **0/659303**
216.73.216.56 - - [17/Jan/2026:05:24:27 -0700] "GET /uv-printing?fileloc=%2F%2Flib64%2Fpython2.7%2Fio.pyo&path=%2F%2Flib64%2Fpython2.7 HTTP/2.0" 403 4315 "-" "Mozilla/5.0 AppleWebKit/537.36 (KHTML, like Gecko; compatible; ClaudeBot/1.0; +claudebot@anthropic.com)" 675 **0/675966**
216.73.216.56 - - [17/Jan/2026:05:24:27 -0700] "GET /uv-printing?fileloc=%2F%2Fproc%2Fsys%2Fkernel%2Fmsgmax&path=%2F%2Fproc%2Fsys%2Fkernel HTTP/2.0" 403 4315 "-" "Mozilla/5.0 AppleWebKit/537.36 (KHTML, like Gecko; compatible; ClaudeBot/1.0; +claudebot@anthropic.com)" 708 **0/708742**
216.73.216.56 - - [17/Jan/2026:05:24:27 -0700] "GET /uv-printing?fileloc=%2F%2Flib64%2Fpython2.7%2Fnetrc.pyo&path=%2F%2Flib64%2Fpython2.7 HTTP/2.0" 403 4315 "-" "Mozilla/5.0 AppleWebKit/537.36 (KHTML, like Gecko; compatible; ClaudeBot/1.0; +claudebot@anthropic.com)" 708 **0/708471**
216.73.216.56 - - [17/Jan/2026:05:24:27 -0700] "GET /uv-printing?fileloc=%2F%2Flib64%2Fpython3.6%2Fsite-packages%2Fpython_dmidecode-3.12.2-py3.6.egg-info&path=%2F%2Flib64%2Fpython3.6%2Fsite-packages HTTP/2.0" 403 4315 "-" "Mozilla/5.0 AppleWebKit/537.36 (KHTML, like Gecko; compatible; ClaudeBot/1.0; +claudebot@anthropic.com)" 626 **0/626285**
216.73.216.56 - - [17/Jan/2026:05:24:27 -0700] "GET /uv-printing?fileloc=%2F%2Flib64%2Fpython2.7%2Ffnmatch.py&path=%2F%2Flib64%2Fpython2.7 HTTP/2.0" 403 4315 "-" "Mozilla/5.0 AppleWebKit/537.36 (KHTML, like Gecko; compatible; ClaudeBot/1.0; +claudebot@anthropic.com)" 635 **0/635632**
216.73.216.56 - - [17/Jan/2026:05:24:27 -0700] "GET /uv-printing?fileloc=%2F%2Flib64%2Fpython2.7%2Flib-dynload%2F_bisectmodule.so&path=%2F%2Flib64%2Fpython2.7%2Flib-dynload HTTP/2.0" 403 4315 "-" "Mozilla/5.0 AppleWebKit/537.36 (KHTML, like Gecko; compatible; ClaudeBot/1.0; +claudebot@anthropic.com)" 725 **0/725667**
216.73.216.56 - - [17/Jan/2026:05:24:27 -0700] "GET /uv-printing?fileloc=%2F%2Fusr%2Flib64%2Fpython2.7%2Fantigravity.py&path=%2F%2Fusr%2Flib64%2Fpython2.7 HTTP/2.0" 403 4315 "-" "Mozilla/5.0 AppleWebKit/537.36 (KHTML, like Gecko; compatible; ClaudeBot/1.0; +claudebot@anthropic.com)" 644 **0/644450**
216.73.216.56 - - [17/Jan/2026:05:24:27 -0700] "GET /uv-printing?fileloc=%2F%2Fusr%2Flib64%2Fpython2.7%2Fpyclbr.pyo&path=%2F%2Fusr%2Flib64%2Fpython2.7 HTTP/2.0" 403 4315 "-" "Mozilla/5.0 AppleWebKit/537.36 (KHTML, like Gecko; compatible; ClaudeBot/1.0; +claudebot@anthropic.com)" 674 **0/674302**
216.73.216.56 - - [17/Jan/2026:05:24:27 -0700] "GET /uv-printing?fileloc=%2F%2Fusr%2Flib64%2Fpython3.12%2Faifc.py&path=%2F%2Fusr%2Flib64%2Fpython3.12 HTTP/2.0" 403 4315 "-" "Mozilla/5.0 AppleWebKit/537.36 (KHTML, like Gecko; compatible; ClaudeBot/1.0; +claudebot@anthropic.com)" 656 **0/656927**
74.7.227.58 - - [17/Jan/2026:05:24:27 -0700] "GET /?path=//proc/self/root/proc/thread-self/root/proc/thread-self/root/proc/thread-self/root/proc/thread-self/root/proc/self/root/proc/self/root/proc/self/root/proc/self/root/proc/self/root/proc/thread-self/root/lib/games HTTP/2.0" 200 2490 "https://www.veronaae.com/?path=//proc/self/root/proc/thread-self/root/proc/thread-self/root/proc/thread-self/root/proc/thread-self/root/proc/self/root/proc/self/root/proc/self/root/proc/self/root/proc/self/root/proc/thread-self/root/lib" "Mozilla/5.0 AppleWebKit/537.36 (KHTML, like Gecko; compatible; GPTBot/1.3; +https://openai.com/gptbot)" 566 **0/566938**
216.73.216.56 - - [17/Jan/2026:05:24:27 -0700] "GET /uv-printing?fileloc=%2F%2Flib64%2Fpython2.7%2Fatexit.pyc&path=%2F%2Flib64%2Fpython2.7 HTTP/2.0" 403 4315 "-" "Mozilla/5.0 AppleWebKit/537.36 (KHTML, like Gecko; compatible; ClaudeBot/1.0; +claudebot@anthropic.com)" 664 **0/664971**
216.73.216.56 - - [17/Jan/2026:05:24:28 -0700] "GET /uv-printing?fileloc=%2F%2Fusr%2Flib64%2Fpython2.7%2Fmd5.pyo&path=%2F%2Fusr%2Flib64%2Fpython2.7 HTTP/2.0" 403 4315 "-" "Mozilla/5.0 AppleWebKit/537.36 (KHTML, like Gecko; compatible; ClaudeBot/1.0; +claudebot@anthropic.com)" 613 **0/613780**
216.73.216.56 - - [17/Jan/2026:05:24:28 -0700] "GET /uv-printing?fileloc=%2F%2Fusr%2Flib64%2Fpython3.12%2Fpickle.py&path=%2F%2Fusr%2Flib64%2Fpython3.12 HTTP/2.0" 403 4315 "-" "Mozilla/5.0 AppleWebKit/537.36 (KHTML, like Gecko; compatible; ClaudeBot/1.0; +claudebot@anthropic.com)" 777 **0/777565**
216.73.216.56 - - [17/Jan/2026:05:24:28 -0700] "GET /uv-printing?fileloc=%2F%2Flib64%2Fpython2.7%2Fuu.pyo&path=%2F%2Flib64%2Fpython2.7 HTTP/2.0" 403 4315 "-" "Mozilla/5.0 AppleWebKit/537.36 (KHTML, like Gecko; compatible; ClaudeBot/1.0; +claudebot@anthropic.com)" 616 **0/616379**
216.73.216.56 - - [17/Jan/2026:05:24:28 -0700] "GET /uv-printing?fileloc=%2F%2Fusr%2Finclude%2Fbits%2Fsocket2.h&path=%2F%2Fusr%2Finclude%2Fbits HTTP/2.0" 403 4315 "-" "Mozilla/5.0 AppleWebKit/537.36 (KHTML, like Gecko; compatible; ClaudeBot/1.0; +claudebot@anthropic.com)" 704 **0/704917**
216.73.216.56 - - [17/Jan/2026:05:24:28 -0700] "GET /uv-printing?fileloc=%2F%2Flib64%2Fpython3.12%2Fcompileall.py&path=%2F%2Flib64%2Fpython3.12 HTTP/2.0" 403 4315 "-" "Mozilla/5.0 AppleWebKit/537.36 (KHTML, like Gecko; compatible; ClaudeBot/1.0; +claudebot@anthropic.com)" 638 **0/638417**
216.73.216.56 - - [17/Jan/2026:05:24:28 -0700] "GET /uv-printing?fileloc=%2F%2Flib64%2Fpython2.7%2Fsymbol.py&path=%2F%2Flib64%2Fpython2.7 HTTP/2.0" 403 4315 "-" "Mozilla/5.0 AppleWebKit/537.36 (KHTML, like Gecko; compatible; ClaudeBot/1.0; +claudebot@anthropic.com)" 638 **0/638628**
216.73.216.56 - - [17/Jan/2026:05:24:28 -0700] "GET /uv-printing?fileloc=%2F%2Fusr%2Flib64%2Fpython2.7%2FCookie.py&path=%2F%2Fusr%2Flib64%2Fpython2.7 HTTP/2.0" 403 4315 "-" "Mozilla/5.0 AppleWebKit/537.36 (KHTML, like Gecko; compatible; ClaudeBot/1.0; +claudebot@anthropic.com)" 638 **0/638113**
216.73.216.56 - - [17/Jan/2026:05:24:28 -0700] "GET /uv-printing?fileloc=%2F%2Flib64%2Fpython3.6%2Femail%2F_parseaddr.py&path=%2F%2Flib64%2Fpython3.6%2Femail HTTP/2.0" 403 4315 "-" "Mozilla/5.0 AppleWebKit/537.36 (KHTML, like Gecko; compatible; ClaudeBot/1.0; +claudebot@anthropic.com)" 650 **0/650155**
216.73.216.56 - - [17/Jan/2026:05:24:28 -0700] "GET /uv-printing?fileloc=%2F%2Fusr%2Flib64%2Fpython3.12%2Fcontextvars.py&path=%2F%2Fusr%2Flib64%2Fpython3.12 HTTP/2.0" 403 4315 "-" "Mozilla/5.0 AppleWebKit/537.36 (KHTML, like Gecko; compatible; ClaudeBot/1.0; +claudebot@anthropic.com)" 648 **0/648984**
216.73.216.56 - - [17/Jan/2026:05:24:28 -0700] "GET /uv-printing?fileloc=%2F%2Fusr%2Flib64%2Fpython2.7%2Fnumbers.pyo&path=%2F%2Fusr%2Flib64%2Fpython2.7 HTTP/2.0" 403 4315 "-" "Mozilla/5.0 AppleWebKit/537.36 (KHTML, like Gecko; compatible; ClaudeBot/1.0; +claudebot@anthropic.com)" 657 **0/657102**
74.7.227.58 - - [17/Jan/2026:05:24:28 -0700] "GET /?path=//proc/self/root/proc/thread-self/root/proc/thread-self/root/proc/thread-self/root/proc/thread-self/root/proc/self/root/proc/self/root/proc/self/root/proc/self/root/proc/self/root/proc/thread-self/root/lib/locale HTTP/2.0" 200 3688 "https://www.veronaae.com/?path=//proc/self/root/proc/thread-self/root/proc/thread-self/root/proc/thread-self/root/proc/thread-self/root/proc/self/root/proc/self/root/proc/self/root/proc/self/root/proc/self/root/proc/thread-self/root/lib" "Mozilla/5.0 AppleWebKit/537.36 (KHTML, like Gecko; compatible; GPTBot/1.3; +https://openai.com/gptbot)" 694 **0/694044**
216.73.216.56 - - [17/Jan/2026:05:24:29 -0700] "GET /uv-printing?fileloc=%2F%2Flib64%2Fpython3.12%2Fshutil.py&path=%2F%2Flib64%2Fpython3.12 HTTP/2.0" 403 4315 "-" "Mozilla/5.0 AppleWebKit/537.36 (KHTML, like Gecko; compatible; ClaudeBot/1.0; +claudebot@anthropic.com)" 607 **0/607712**
216.73.216.56 - - [17/Jan/2026:05:24:29 -0700] "GET /uv-printing?fileloc=%2F%2Fusr%2Flib64%2Fpython2.7%2Fwarnings.pyo&path=%2F%2Fusr%2Flib64%2Fpython2.7 HTTP/2.0" 403 4315 "-" "Mozilla/5.0 AppleWebKit/537.36 (KHTML, like Gecko; compatible; ClaudeBot/1.0; +claudebot@anthropic.com)" 579 **0/579736**
216.73.216.56 - - [17/Jan/2026:05:24:29 -0700] "GET /uv-printing?fileloc=%2F%2Fusr%2Flib64%2Fpython2.7%2Fshlex.py&path=%2F%2Fusr%2Flib64%2Fpython2.7 HTTP/2.0" 403 4315 "-" "Mozilla/5.0 AppleWebKit/537.36 (KHTML, like Gecko; compatible; ClaudeBot/1.0; +claudebot@anthropic.com)" 540 **0/540630**
216.73.216.56 - - [17/Jan/2026:05:24:29 -0700] "GET /uv-printing?fileloc=%2F%2Fusr%2Finclude%2Flinux%2Ftermios.h&path=%2F%2Fusr%2Finclude%2Flinux HTTP/2.0" 403 4315 "-" "Mozilla/5.0 AppleWebKit/537.36 (KHTML, like Gecko; compatible; ClaudeBot/1.0; +claudebot@anthropic.com)" 554 **0/554947**
216.73.216.56 - - [17/Jan/2026:05:24:29 -0700] "GET /uv-printing?fileloc=%2F%2Flib64%2Fpython2.7%2Fcalendar.py&path=%2F%2Flib64%2Fpython2.7 HTTP/2.0" 403 4315 "-" "Mozilla/5.0 AppleWebKit/537.36 (KHTML, like Gecko; compatible; ClaudeBot/1.0; +claudebot@anthropic.com)" 541 **0/541853**
216.73.216.56 - - [17/Jan/2026:05:24:29 -0700] "GET /uv-printing?fileloc=%2F%2Fopt%2Falt%2Fpython-internal%2Flib64%2Flibpython3.11.so.1.0&path=%2F%2Fopt%2Falt%2Fpython-internal%2Flib64 HTTP/2.0" 403 4315 "-" "Mozilla/5.0 AppleWebKit/537.36 (KHTML, like Gecko; compatible; ClaudeBot/1.0; +claudebot@anthropic.com)" 578 **0/578758**
216.73.216.56 - - [17/Jan/2026:05:24:29 -0700] "GET /uv-printing?fileloc=%2F%2Flib64%2Fpython2.7%2FMimeWriter.pyo&path=%2F%2Flib64%2Fpython2.7 HTTP/2.0" 403 4315 "-" "Mozilla/5.0 AppleWebKit/537.36 (KHTML, like Gecko; compatible; ClaudeBot/1.0; +claudebot@anthropic.com)" 556 **0/556696**
216.73.216.56 - - [17/Jan/2026:05:24:29 -0700] "GET /uv-printing?fileloc=%2F%2Fusr%2Finclude%2Flinux%2Fl2tp.h&path=%2F%2Fusr%2Finclude%2Flinux HTTP/2.0" 403 4315 "-" "Mozilla/5.0 AppleWebKit/537.36 (KHTML, like Gecko; compatible; ClaudeBot/1.0; +claudebot@anthropic.com)" 580 **0/580685**
216.73.216.56 - - [17/Jan/2026:05:24:29 -0700] "GET /uv-printing?fileloc=%2F%2Fusr%2Flib64%2Fpython2.7%2Fsunau.py&path=%2F%2Fusr%2Flib64%2Fpython2.7 HTTP/2.0" 403 4315 "-" "Mozilla/5.0 AppleWebKit/537.36 (KHTML, like Gecko; compatible; ClaudeBot/1.0; +claudebot@anthropic.com)" 583 **0/583315**
74.7.227.58 - - [17/Jan/2026:05:24:29 -0700] "GET /?path=//proc/self/root/proc/thread-self/root/proc/thread-self/root/proc/thread-self/root/proc/thread-self/root/proc/self/root/proc/self/root/proc/self/root/proc/self/root/proc/self/root/proc/thread-self/root/lib/grub HTTP/2.0" 200 2727 "https://www.veronaae.com/?path=//proc/self/root/proc/thread-self/root/proc/thread-self/root/proc/thread-self/root/proc/thread-self/root/proc/self/root/proc/self/root/proc/self/root/proc/self/root/proc/self/root/proc/thread-self/root/lib" "Mozilla/5.0 AppleWebKit/537.36 (KHTML, like Gecko; compatible; GPTBot/1.3; +https://openai.com/gptbot)" 679 **0/679857**
216.73.216.56 - - [17/Jan/2026:05:24:29 -0700] "GET /uv-printing?fileloc=%2F%2Flib64%2Fpython3.12%2Fmailbox.py&path=%2F%2Flib64%2Fpython3.12 HTTP/2.0" 403 4315 "-" "Mozilla/5.0 AppleWebKit/537.36 (KHTML, like Gecko; compatible; ClaudeBot/1.0; +claudebot@anthropic.com)" 757 **0/757327**
216.73.216.56 - - [17/Jan/2026:05:24:29 -0700] "GET /uv-printing?fileloc=%2F%2Fusr%2Flib64%2Fpython2.7%2Ftoaiff.pyc&path=%2F%2Fusr%2Flib64%2Fpython2.7 HTTP/2.0" 403 4315 "-" "Mozilla/5.0 AppleWebKit/537.36 (KHTML, like Gecko; compatible; ClaudeBot/1.0; +claudebot@anthropic.com)" 672 **0/672823**
216.73.216.56 - - [17/Jan/2026:05:24:30 -0700] "GET /uv-printing?fileloc=%2F%2Flib64%2Fpython2.7%2Fgzip.pyo&path=%2F%2Flib64%2Fpython2.7 HTTP/2.0" 403 4315 "-" "Mozilla/5.0 AppleWebKit/537.36 (KHTML, like Gecko; compatible; ClaudeBot/1.0; +claudebot@anthropic.com)" 778 **0/778971**
57.141.20.44 - - [17/Jan/2026:05:24:29 -0700] "GET /?e=3088698if3b3g HTTP/2.0" 200 108366 "-" "meta-externalagent/1.1 (+https://developers.facebook.com/docs/sharing/webmasters/crawler)" 931 **0/931301**
216.73.216.56 - - [17/Jan/2026:05:24:30 -0700] "GET /uv-printing?fileloc=%2F%2Fusr%2Finclude%2Fbits%2Fsys_errlist.h&path=%2F%2Fusr%2Finclude%2Fbits HTTP/2.0" 403 4315 "-" "Mozilla/5.0 AppleWebKit/537.36 (KHTML, like Gecko; compatible; ClaudeBot/1.0; +claudebot@anthropic.com)" 794 **0/794952**
216.73.216.56 - - [17/Jan/2026:05:24:30 -0700] "GET /uv-printing?fileloc=%2F%2Fusr%2Flib64%2Fpython3.12%2Fstatistics.py&path=%2F%2Fusr%2Flib64%2Fpython3.12 HTTP/2.0" 403 4315 "-" "Mozilla/5.0 AppleWebKit/537.36 (KHTML, like Gecko; compatible; ClaudeBot/1.0; +claudebot@anthropic.com)" 704 **0/704915**
216.73.216.56 - - [17/Jan/2026:05:24:30 -0700] "GET /uv-printing?fileloc=%2F%2Fusr%2Flib64%2Fpython3.12%2Fdoctest.py&path=%2F%2Fusr%2Flib64%2Fpython3.12 HTTP/2.0" 403 4315 "-" "Mozilla/5.0 AppleWebKit/537.36 (KHTML, like Gecko; compatible; ClaudeBot/1.0; +claudebot@anthropic.com)" 802 **0/802094**
216.73.216.56 - - [17/Jan/2026:05:24:30 -0700] "GET /uv-printing?fileloc=%2F%2Fusr%2Finclude%2Flinux%2Fmatroxfb.h&path=%2F%2Fusr%2Finclude%2Flinux HTTP/2.0" 403 4315 "-" "Mozilla/5.0 AppleWebKit/537.36 (KHTML, like Gecko; compatible; ClaudeBot/1.0; +claudebot@anthropic.com)" 803 **0/803961**
216.73.216.56 - - [17/Jan/2026:05:24:30 -0700] "GET /uv-printing?fileloc=%2F%2Fusr%2Finclude%2Flinux%2Fcdrom.h&path=%2F%2Fusr%2Finclude%2Flinux HTTP/2.0" 403 4315 "-" "Mozilla/5.0 AppleWebKit/537.36 (KHTML, like Gecko; compatible; ClaudeBot/1.0; +claudebot@anthropic.com)" 848 **0/848892**
216.73.216.56 - - [17/Jan/2026:05:24:30 -0700] "GET /uv-printing?fileloc=%2F%2Fproc%2Fsys%2Fkernel%2Fperf_event_max_stack&path=%2F%2Fproc%2Fsys%2Fkernel HTTP/2.0" 403 4315 "-" "Mozilla/5.0 AppleWebKit/537.36 (KHTML, like Gecko; compatible; ClaudeBot/1.0; +claudebot@anthropic.com)" 834 **0/834107**
216.73.216.56 - - [17/Jan/2026:05:24:30 -0700] "GET /uv-printing?fileloc=%2F%2Flib64%2Fpython2.7%2Flib-dynload%2Fitertoolsmodule.so&path=%2F%2Flib64%2Fpython2.7%2Flib-dynload HTTP/2.0" 403 4315 "-" "Mozilla/5.0 AppleWebKit/537.36 (KHTML, like Gecko; compatible; ClaudeBot/1.0; +claudebot@anthropic.com)" 823 **0/823052**
216.73.216.56 - - [17/Jan/2026:05:24:30 -0700] "GET /uv-printing?fileloc=%2F%2Fusr%2Flib64%2Fpython3.6%2Frlcompleter.py&path=%2F%2Fusr%2Flib64%2Fpython3.6 HTTP/2.0" 403 4315 "-" "Mozilla/5.0 AppleWebKit/537.36 (KHTML, like Gecko; compatible; ClaudeBot/1.0; +claudebot@anthropic.com)" 764 **0/764415**
216.73.216.56 - - [17/Jan/2026:05:24:30 -0700] "GET /uv-printing?fileloc=%2F%2Flib64%2Fpython2.7%2Fantigravity.py&path=%2F%2Flib64%2Fpython2.7 HTTP/2.0" 403 4315 "-" "Mozilla/5.0 AppleWebKit/537.36 (KHTML, like Gecko; compatible; ClaudeBot/1.0; +claudebot@anthropic.com)" 760 **0/760484**
74.7.227.58 - - [17/Jan/2026:05:24:30 -0700] "GET /?path=//proc/self/root/proc/thread-self/root/proc/thread-self/root/proc/thread-self/root/proc/thread-self/root/proc/self/root/proc/self/root/proc/self/root/proc/self/root/proc/self/root/proc/thread-self/root/etc/pki HTTP/2.0" 200 2940 "https://www.veronaae.com/?path=//proc/self/root/proc/thread-self/root/proc/thread-self/root/proc/thread-self/root/proc/thread-self/root/proc/self/root/proc/self/root/proc/self/root/proc/self/root/proc/self/root/proc/thread-self/root/etc" "Mozilla/5.0 AppleWebKit/537.36 (KHTML, like Gecko; compatible; GPTBot/1.3; +https://openai.com/gptbot)" 849 **0/849053**
216.73.216.56 - - [17/Jan/2026:05:24:31 -0700] "GET /uv-printing?fileloc=%2F%2Fopt%2Falt%2Fpython34%2Flib64%2Flibpython3.4m.so.1.0&path=%2F%2Fopt%2Falt%2Fpython34%2Flib64 HTTP/2.0" 403 4315 "-" "Mozilla/5.0 AppleWebKit/537.36 (KHTML, like Gecko; compatible; ClaudeBot/1.0; +claudebot@anthropic.com)" 689 **0/689872**
216.73.216.56 - - [17/Jan/2026:05:24:31 -0700] "GET /uv-printing?fileloc=%2F%2Fusr%2Flib64%2Fpython2.7%2F_pyio.pyo&path=%2F%2Fusr%2Flib64%2Fpython2.7 HTTP/2.0" 403 4315 "-" "Mozilla/5.0 AppleWebKit/537.36 (KHTML, like Gecko; compatible; ClaudeBot/1.0; +claudebot@anthropic.com)" 695 **0/695505**
216.73.216.56 - - [17/Jan/2026:05:24:31 -0700] "GET /uv-printing?fileloc=%2F%2Fusr%2Flib64%2Fpython2.7%2F_strptime.pyc&path=%2F%2Fusr%2Flib64%2Fpython2.7 HTTP/2.0" 403 4315 "-" "Mozilla/5.0 AppleWebKit/537.36 (KHTML, like Gecko; compatible; ClaudeBot/1.0; +claudebot@anthropic.com)" 701 **0/701952**
