74.7.227.58 - - [17/Jan/2026:05:28:13 -0700] "GET /?path=//proc/self/root/proc/thread-self/root/proc/thread-self/root/proc/thread-self/root/proc/thread-self/root/proc/self/root/proc/self/root/proc/self/root/proc/self/root/proc/self/root/var/tmp/php_sessions HTTP/2.0" 200 14845 "https://www.veronaae.com/?path=//proc/self/root/proc/thread-self/root/proc/thread-self/root/proc/thread-self/root/proc/thread-self/root/proc/self/root/proc/self/root/proc/self/root/proc/self/root/proc/self/root/var/tmp" "Mozilla/5.0 AppleWebKit/537.36 (KHTML, like Gecko; compatible; GPTBot/1.3; +https://openai.com/gptbot)" 1104 **1/1104539**
216.73.216.56 - - [17/Jan/2026:05:28:14 -0700] "GET /uv-printing?fileloc=%2F%2Fusr%2Flib64%2Fpython3.12%2Fencodings%2Fmac_latin2.pyc&path=%2F%2Fusr%2Flib64%2Fpython3.12%2Fencodings HTTP/2.0" 200 2295 "-" "Mozilla/5.0 AppleWebKit/537.36 (KHTML, like Gecko; compatible; ClaudeBot/1.0; +claudebot@anthropic.com)" 883 **0/883637**
216.73.216.56 - - [17/Jan/2026:05:28:14 -0700] "GET /uv-printing?fileloc=%2F%2Fusr%2Flib64%2Fpython3.12%2Fencodings%2Fmac_roman.pyc&path=%2F%2Fusr%2Flib64%2Fpython3.12%2Fencodings HTTP/2.0" 200 2292 "-" "Mozilla/5.0 AppleWebKit/537.36 (KHTML, like Gecko; compatible; ClaudeBot/1.0; +claudebot@anthropic.com)" 884 **0/884463**
216.73.216.56 - - [17/Jan/2026:05:28:14 -0700] "GET /uv-printing?path=%2F%2Fproc%2Fself%2Froot%2Flib64%2Fnss%2Fsaved HTTP/2.0" 200 2344 "-" "Mozilla/5.0 AppleWebKit/537.36 (KHTML, like Gecko; compatible; ClaudeBot/1.0; +claudebot@anthropic.com)" 723 **0/723875**
216.73.216.56 - - [17/Jan/2026:05:28:14 -0700] "GET /uv-printing?fileloc=%2F%2Fusr%2Flib64%2Fpython3.12%2Fencodings%2Fmac_arabic.pyc&path=%2F%2Fusr%2Flib64%2Fpython3.12%2Fencodings HTTP/2.0" 200 2296 "-" "Mozilla/5.0 AppleWebKit/537.36 (KHTML, like Gecko; compatible; ClaudeBot/1.0; +claudebot@anthropic.com)" 894 **0/894594**
216.73.216.56 - - [17/Jan/2026:05:28:14 -0700] "GET /uv-printing?fileloc=%2F%2Flib64%2Fpython3.12%2Fencodings%2Fmbcs.py&path=%2F%2Flib64%2Fpython3.12%2Fencodings HTTP/2.0" 200 2789 "-" "Mozilla/5.0 AppleWebKit/537.36 (KHTML, like Gecko; compatible; ClaudeBot/1.0; +claudebot@anthropic.com)" 721 **0/721757**
216.73.216.56 - - [17/Jan/2026:05:28:14 -0700] "GET /uv-printing?fileloc=%2F%2Fusr%2Flib64%2Fpython3.12%2Fencodings%2Feuc_jp.py&path=%2F%2Fusr%2Flib64%2Fpython3.12%2Fencodings HTTP/2.0" 200 2614 "-" "Mozilla/5.0 AppleWebKit/537.36 (KHTML, like Gecko; compatible; ClaudeBot/1.0; +claudebot@anthropic.com)" 887 **0/887228**
216.73.216.56 - - [17/Jan/2026:05:28:14 -0700] "GET /uv-printing?fileloc=%2F%2Fproc%2Fsys%2Fkernel%2Fpty%2Freserve&path=%2F%2Fproc%2Fsys%2Fkernel%2Fpty HTTP/2.0" 200 2282 "-" "Mozilla/5.0 AppleWebKit/537.36 (KHTML, like Gecko; compatible; ClaudeBot/1.0; +claudebot@anthropic.com)" 746 **0/746743**
216.73.216.56 - - [17/Jan/2026:05:28:14 -0700] "GET /uv-printing?fileloc=%2F%2Flib%2Fpython2.7%2Fsite-packages%2Fchardet%2Funiversaldetector.pyc&path=%2F%2Flib%2Fpython2.7%2Fsite-packages%2Fchardet HTTP/2.0" 200 2301 "-" "Mozilla/5.0 AppleWebKit/537.36 (KHTML, like Gecko; compatible; ClaudeBot/1.0; +claudebot@anthropic.com)" 734 **0/734433**
216.73.216.56 - - [17/Jan/2026:05:28:14 -0700] "GET /uv-printing?fileloc=%2F%2Flib%2Fpython2.7%2Fsite-packages%2Fchardet%2Fcompat.pyc&path=%2F%2Flib%2Fpython2.7%2Fsite-packages%2Fchardet HTTP/2.0" 200 2293 "-" "Mozilla/5.0 AppleWebKit/537.36 (KHTML, like Gecko; compatible; ClaudeBot/1.0; +claudebot@anthropic.com)" 670 **0/670910**
216.73.216.56 - - [17/Jan/2026:05:28:15 -0700] "GET /uv-printing?fileloc=%2F%2Fusr%2Flib64%2Fpython3.12%2Fencodings%2Fcp862.pyc&path=%2F%2Fusr%2Flib64%2Fpython3.12%2Fencodings HTTP/2.0" 200 2291 "-" "Mozilla/5.0 AppleWebKit/537.36 (KHTML, like Gecko; compatible; ClaudeBot/1.0; +claudebot@anthropic.com)" 667 **0/667437**
66.249.75.75 - - [17/Jan/2026:05:28:14 -0700] "GET /?e=2882690j4g559 HTTP/1.1" 200 21635 "-" "Mozilla/5.0 (Linux; Android 6.0.1; Nexus 5X Build/MMB29P) AppleWebKit/537.36 (KHTML, like Gecko) Chrome/143.0.7499.192 Mobile Safari/537.36 (compatible; Googlebot/2.1; +http://www.google.com/bot.html)" 1638 **1/1638808**
216.73.216.56 - - [17/Jan/2026:05:28:15 -0700] "GET /uv-printing?fileloc=%2F%2Flib%2Fpython2.7%2Fsite-packages%2Fchardet%2Funiversaldetector.py&path=%2F%2Flib%2Fpython2.7%2Fsite-packages%2Fchardet HTTP/2.0" 200 5610 "-" "Mozilla/5.0 AppleWebKit/537.36 (KHTML, like Gecko; compatible; ClaudeBot/1.0; +claudebot@anthropic.com)" 614 **0/614350**
74.7.227.58 - - [17/Jan/2026:05:28:15 -0700] "GET /?path=//proc/self/root/proc/thread-self/root/proc/thread-self/root/proc/thread-self/root/proc/thread-self/root/proc/self/root/proc/self/root/proc/self/root/proc/self/root/var/cache/man/local HTTP/2.0" 200 2961 "https://www.veronaae.com/?path=//proc/self/root/proc/thread-self/root/proc/thread-self/root/proc/thread-self/root/proc/thread-self/root/proc/self/root/proc/self/root/proc/self/root/proc/self/root/var/cache/man" "Mozilla/5.0 AppleWebKit/537.36 (KHTML, like Gecko; compatible; GPTBot/1.3; +https://openai.com/gptbot)" 677 **0/677643**
216.73.216.56 - - [17/Jan/2026:05:28:15 -0700] "GET /uv-printing?fileloc=%2F%2Fusr%2Flib64%2Fpython3.12%2Fencodings%2Foem.py&path=%2F%2Fusr%2Flib64%2Fpython3.12%2Fencodings HTTP/2.0" 200 2675 "-" "Mozilla/5.0 AppleWebKit/537.36 (KHTML, like Gecko; compatible; ClaudeBot/1.0; +claudebot@anthropic.com)" 632 **0/632237**
216.73.216.56 - - [17/Jan/2026:05:28:15 -0700] "GET /uv-printing?fileloc=%2F%2Flib%2Fpython2.7%2Fsite-packages%2Fchardet%2Fcompat.py&path=%2F%2Flib%2Fpython2.7%2Fsite-packages%2Fchardet HTTP/2.0" 200 2860 "-" "Mozilla/5.0 AppleWebKit/537.36 (KHTML, like Gecko; compatible; ClaudeBot/1.0; +claudebot@anthropic.com)" 728 **0/728436**
216.73.216.56 - - [17/Jan/2026:05:28:15 -0700] "GET /uv-printing?fileloc=%2F%2Flib%2Fpython2.7%2Fsite-packages%2Fchardet%2Fversion.pyc&path=%2F%2Flib%2Fpython2.7%2Fsite-packages%2Fchardet HTTP/2.0" 200 2291 "-" "Mozilla/5.0 AppleWebKit/537.36 (KHTML, like Gecko; compatible; ClaudeBot/1.0; +claudebot@anthropic.com)" 702 **0/702104**
216.73.216.56 - - [17/Jan/2026:05:28:15 -0700] "GET /uv-printing?fileloc=%2F%2Flib64%2Fpython3.12%2Fencodings%2Fquopri_codec.py&path=%2F%2Flib64%2Fpython3.12%2Fencodings HTTP/2.0" 200 2710 "-" "Mozilla/5.0 AppleWebKit/537.36 (KHTML, like Gecko; compatible; ClaudeBot/1.0; +claudebot@anthropic.com)" 707 **0/707111**
216.73.216.56 - - [17/Jan/2026:05:28:15 -0700] "GET /uv-printing?fileloc=%2F%2Fproc%2Fself%2Fcwd%2Fwp-includes%2Fcss%2Fjquery-ui-dialog.css&path=%2F%2Fproc%2Fself%2Fcwd%2Fwp-includes%2Fcss HTTP/2.0" 200 3834 "-" "Mozilla/5.0 AppleWebKit/537.36 (KHTML, like Gecko; compatible; ClaudeBot/1.0; +claudebot@anthropic.com)" 720 **0/720131**
216.73.216.56 - - [17/Jan/2026:05:28:15 -0700] "GET /uv-printing?fileloc=%2F%2Flib%2Fpython2.7%2Fsite-packages%2Fchardet%2Fversion.py&path=%2F%2Flib%2Fpython2.7%2Fsite-packages%2Fchardet HTTP/2.0" 200 2439 "-" "Mozilla/5.0 AppleWebKit/537.36 (KHTML, like Gecko; compatible; ClaudeBot/1.0; +claudebot@anthropic.com)" 643 **0/643798**
216.73.216.56 - - [17/Jan/2026:05:28:15 -0700] "GET /uv-printing?fileloc=%2F%2Flib64%2Fpython3.6%2Flib2to3%2FPatternGrammar.txt&path=%2F%2Flib64%2Fpython3.6%2Flib2to3 HTTP/2.0" 200 2678 "-" "Mozilla/5.0 AppleWebKit/537.36 (KHTML, like Gecko; compatible; ClaudeBot/1.0; +claudebot@anthropic.com)" 660 **0/660066**
216.73.216.56 - - [17/Jan/2026:05:28:15 -0700] "GET /uv-printing?fileloc=%2F%2Fproc%2Fself%2Fcwd%2Fwp-includes%2Fcss%2Fwp-embed-template-ie.css&path=%2F%2Fproc%2Fself%2Fcwd%2Fwp-includes%2Fcss HTTP/2.0" 200 3050 "-" "Mozilla/5.0 AppleWebKit/537.36 (KHTML, like Gecko; compatible; ClaudeBot/1.0; +claudebot@anthropic.com)" 669 **0/669057**
216.73.216.56 - - [17/Jan/2026:05:28:16 -0700] "GET /uv-printing?fileloc=%2F%2Fusr%2Flib64%2Fpython3.12%2Fencodings%2Fcp950.py&path=%2F%2Fusr%2Flib64%2Fpython3.12%2Fencodings HTTP/2.0" 200 2612 "-" "Mozilla/5.0 AppleWebKit/537.36 (KHTML, like Gecko; compatible; ClaudeBot/1.0; +claudebot@anthropic.com)" 665 **0/665268**
74.7.227.58 - - [17/Jan/2026:05:28:16 -0700] "GET /?path=//proc/self/root/proc/thread-self/root/proc/thread-self/root/proc/thread-self/root/proc/thread-self/root/proc/self/root/proc/self/root/proc/self/root/proc/self/root/etc/ssl/certs HTTP/2.0" 200 3163 "https://www.veronaae.com/?path=//proc/self/root/proc/thread-self/root/proc/thread-self/root/proc/thread-self/root/proc/thread-self/root/proc/self/root/proc/self/root/proc/self/root/proc/self/root/etc/ssl" "Mozilla/5.0 AppleWebKit/537.36 (KHTML, like Gecko; compatible; GPTBot/1.3; +https://openai.com/gptbot)" 627 **0/627758**
216.73.216.56 - - [17/Jan/2026:05:28:16 -0700] "GET /uv-printing?fileloc=%2F%2Flib%2Fpython2.7%2Fsite-packages%2Fchardet%2Fmbcssm.pyo&path=%2F%2Flib%2Fpython2.7%2Fsite-packages%2Fchardet HTTP/2.0" 200 2294 "-" "Mozilla/5.0 AppleWebKit/537.36 (KHTML, like Gecko; compatible; ClaudeBot/1.0; +claudebot@anthropic.com)" 704 **0/704160**
216.73.216.56 - - [17/Jan/2026:05:28:16 -0700] "GET /uv-printing?fileloc=%2F%2Fusr%2Flib64%2Fpython3.12%2Fencodings%2Fcp720.py&path=%2F%2Fusr%2Flib64%2Fpython3.12%2Fencodings HTTP/2.0" 200 4976 "-" "Mozilla/5.0 AppleWebKit/537.36 (KHTML, like Gecko; compatible; ClaudeBot/1.0; +claudebot@anthropic.com)" 721 **0/721138**
216.73.216.56 - - [17/Jan/2026:05:28:16 -0700] "GET /uv-printing?fileloc=%2F%2Fproc%2Fself%2Fcwd%2Fwp-admin%2Finstall.php&path=%2F%2Fproc%2Fself%2Fcwd%2Fwp-admin HTTP/2.0" 200 7533 "-" "Mozilla/5.0 AppleWebKit/537.36 (KHTML, like Gecko; compatible; ClaudeBot/1.0; +claudebot@anthropic.com)" 639 **0/639365**
216.73.216.56 - - [17/Jan/2026:05:28:16 -0700] "GET /uv-printing?path=%2F%2Fvar%2Fcache%2Fman%2Fru%2Fcat5 HTTP/2.0" 200 2334 "-" "Mozilla/5.0 AppleWebKit/537.36 (KHTML, like Gecko; compatible; ClaudeBot/1.0; +claudebot@anthropic.com)" 653 **0/653393**
216.73.216.56 - - [17/Jan/2026:05:28:16 -0700] "GET /uv-printing?fileloc=%2F%2Fproc%2Fself%2Fcwd%2Fwp-includes%2Ffeed-rss2-comments.php&path=%2F%2Fproc%2Fself%2Fcwd%2Fwp-includes HTTP/2.0" 200 3694 "-" "Mozilla/5.0 AppleWebKit/537.36 (KHTML, like Gecko; compatible; ClaudeBot/1.0; +claudebot@anthropic.com)" 605 **0/605636**
216.73.216.56 - - [17/Jan/2026:05:28:16 -0700] "GET /uv-printing?fileloc=%2F%2Fusr%2Flib64%2Fpython3.12%2Fencodings%2Fcp856.pyc&path=%2F%2Fusr%2Flib64%2Fpython3.12%2Fencodings HTTP/2.0" 200 2291 "-" "Mozilla/5.0 AppleWebKit/537.36 (KHTML, like Gecko; compatible; ClaudeBot/1.0; +claudebot@anthropic.com)" 602 **0/602954**
216.73.216.56 - - [17/Jan/2026:05:28:16 -0700] "GET /uv-printing?path=%2F%2Fvar%2Fcache%2Fman%2Fpt%2Fcat1 HTTP/2.0" 200 2337 "-" "Mozilla/5.0 AppleWebKit/537.36 (KHTML, like Gecko; compatible; ClaudeBot/1.0; +claudebot@anthropic.com)" 592 **0/592364**
216.73.216.56 - - [17/Jan/2026:05:28:16 -0700] "GET /uv-printing?fileloc=%2F%2Fproc%2Fself%2Fcwd%2Fwp-includes%2Fcss%2Fbuttons.min.css&path=%2F%2Fproc%2Fself%2Fcwd%2Fwp-includes%2Fcss HTTP/2.0" 200 3510 "-" "Mozilla/5.0 AppleWebKit/537.36 (KHTML, like Gecko; compatible; ClaudeBot/1.0; +claudebot@anthropic.com)" 592 **0/592972**
216.73.216.56 - - [17/Jan/2026:05:28:17 -0700] "GET /uv-printing?fileloc=%2F%2Flib64%2Fpython3.12%2Fencodings%2Fshift_jis.py&path=%2F%2Flib64%2Fpython3.12%2Fencodings HTTP/2.0" 200 2614 "-" "Mozilla/5.0 AppleWebKit/537.36 (KHTML, like Gecko; compatible; ClaudeBot/1.0; +claudebot@anthropic.com)" 535 **0/535451**
74.7.227.58 - - [17/Jan/2026:05:28:17 -0700] "GET /?fileloc=//proc/self/root/proc/thread-self/root/proc/thread-self/root/proc/thread-self/root/proc/thread-self/root/proc/self/root/proc/self/root/proc/self/root/proc/self/root/proc/self/root/lib/firmware/qca/hpnv21.baa&path=//proc/self/root/proc/thread-self/root/proc/thread-self/root/proc/thread-self/root/proc/thread-self/root/proc/self/root/proc/self/root/proc/self/root/proc/self/root/proc/self/root/lib/firmware/qca HTTP/2.0" 200 2430 "https://www.veronaae.com/?path=//proc/self/root/proc/thread-self/root/proc/thread-self/root/proc/thread-self/root/proc/thread-self/root/proc/self/root/proc/self/root/proc/self/root/proc/self/root/proc/self/root/lib/firmware/qca" "Mozilla/5.0 AppleWebKit/537.36 (KHTML, like Gecko; compatible; GPTBot/1.3; +https://openai.com/gptbot)" 598 **0/598413**
216.73.216.56 - - [17/Jan/2026:05:28:17 -0700] "GET /uv-printing?fileloc=%2F%2Fproc%2Fself%2Fcwd%2Fwp-includes%2Fcss%2Fbuttons-rtl.css&path=%2F%2Fproc%2Fself%2Fcwd%2Fwp-includes%2Fcss HTTP/2.0" 200 4479 "-" "Mozilla/5.0 AppleWebKit/537.36 (KHTML, like Gecko; compatible; ClaudeBot/1.0; +claudebot@anthropic.com)" 613 **0/613036**
216.73.216.56 - - [17/Jan/2026:05:28:17 -0700] "GET /uv-printing?fileloc=%2F%2Fusr%2Flib64%2Fpython3.12%2Fencodings%2Fbig5.py&path=%2F%2Fusr%2Flib64%2Fpython3.12%2Fencodings HTTP/2.0" 200 2611 "-" "Mozilla/5.0 AppleWebKit/537.36 (KHTML, like Gecko; compatible; ClaudeBot/1.0; +claudebot@anthropic.com)" 616 **0/616687**
216.73.216.56 - - [17/Jan/2026:05:28:17 -0700] "GET /uv-printing?path=%2F%2Fvar%2Fcache%2Fman%2Fes%2Fcat1 HTTP/2.0" 200 2335 "-" "Mozilla/5.0 AppleWebKit/537.36 (KHTML, like Gecko; compatible; ClaudeBot/1.0; +claudebot@anthropic.com)" 628 **0/628126**
216.73.216.56 - - [17/Jan/2026:05:28:17 -0700] "GET /uv-printing?fileloc=%2F%2Fproc%2Fself%2Fcwd%2Fwp-admin%2Fterm.php&path=%2F%2Fproc%2Fself%2Fcwd%2Fwp-admin HTTP/2.0" 200 3168 "-" "Mozilla/5.0 AppleWebKit/537.36 (KHTML, like Gecko; compatible; ClaudeBot/1.0; +claudebot@anthropic.com)" 646 **0/646504**
216.73.216.56 - - [17/Jan/2026:05:28:17 -0700] "GET /uv-printing?fileloc=%2F%2Fusr%2Flib64%2Fpython3.12%2Flib2to3%2FPatternGrammar3.12.12.final.0.pickle&path=%2F%2Fusr%2Flib64%2Fpython3.12%2Flib2to3 HTTP/2.0" 200 2307 "-" "Mozilla/5.0 AppleWebKit/537.36 (KHTML, like Gecko; compatible; ClaudeBot/1.0; +claudebot@anthropic.com)" 633 **0/633881**
216.73.216.56 - - [17/Jan/2026:05:28:17 -0700] "GET /uv-printing?fileloc=%2F%2Fproc%2Fself%2Fcwd%2Fwp-includes%2Fcomment.php&path=%2F%2Fproc%2Fself%2Fcwd%2Fwp-includes HTTP/2.0" 200 30254 "-" "Mozilla/5.0 AppleWebKit/537.36 (KHTML, like Gecko; compatible; ClaudeBot/1.0; +claudebot@anthropic.com)" 668 **0/668246**
216.73.216.56 - - [17/Jan/2026:05:28:17 -0700] "GET /uv-printing?path=%2F%2Fproc%2Fthread-self%2Fcwd%2Fwp-includes%2Fblock-supports%2Fsitemaps HTTP/2.0" 200 2836 "-" "Mozilla/5.0 AppleWebKit/537.36 (KHTML, like Gecko; compatible; ClaudeBot/1.0; +claudebot@anthropic.com)" 675 **0/675555**
216.73.216.56 - - [17/Jan/2026:05:28:17 -0700] "GET /uv-printing?fileloc=%2F%2Flib%2Fpython2.7%2Fsite-packages%2Fchardet%2Futf8prober.pyc&path=%2F%2Flib%2Fpython2.7%2Fsite-packages%2Fchardet HTTP/2.0" 200 2295 "-" "Mozilla/5.0 AppleWebKit/537.36 (KHTML, like Gecko; compatible; ClaudeBot/1.0; +claudebot@anthropic.com)" 608 **0/608346**
66.249.75.75 - - [17/Jan/2026:05:28:16 -0700] "GET /?v=colour-360356924 HTTP/1.1" 200 22334 "-" "Mozilla/5.0 (Linux; Android 6.0.1; Nexus 5X Build/MMB29P) AppleWebKit/537.36 (KHTML, like Gecko) Chrome/143.0.7499.192 Mobile Safari/537.36 (compatible; Googlebot/2.1; +http://www.google.com/bot.html)" 1667 **1/1667747**
216.73.216.56 - - [17/Jan/2026:05:28:17 -0700] "GET /uv-printing?fileloc=%2F%2Fproc%2Fself%2Fcwd%2Fwp-includes%2Fembed-template.php&path=%2F%2Fproc%2Fself%2Fcwd%2Fwp-includes HTTP/2.0" 200 2446 "-" "Mozilla/5.0 AppleWebKit/537.36 (KHTML, like Gecko; compatible; ClaudeBot/1.0; +claudebot@anthropic.com)" 696 **0/696333**
216.73.216.56 - - [17/Jan/2026:05:28:17 -0700] "GET /uv-printing?fileloc=%2F%2Fproc%2Fself%2Fcwd%2Fwp-includes%2Fclass-wp-widget.php&path=%2F%2Fproc%2Fself%2Fcwd%2Fwp-includes HTTP/2.0" 200 6535 "-" "Mozilla/5.0 AppleWebKit/537.36 (KHTML, like Gecko; compatible; ClaudeBot/1.0; +claudebot@anthropic.com)" 615 **0/615883**
216.73.216.56 - - [17/Jan/2026:05:28:18 -0700] "GET /uv-printing?fileloc=%2F%2Fproc%2Fself%2Fcwd%2Fwp-admin%2Fupdate.php&path=%2F%2Fproc%2Fself%2Fcwd%2Fwp-admin HTTP/2.0" 200 4820 "-" "Mozilla/5.0 AppleWebKit/537.36 (KHTML, like Gecko; compatible; ClaudeBot/1.0; +claudebot@anthropic.com)" 684 **0/684050**
74.7.227.58 - - [17/Jan/2026:05:28:18 -0700] "GET /?fileloc=//proc/self/root/proc/thread-self/root/proc/thread-self/root/proc/thread-self/root/proc/thread-self/root/proc/self/root/proc/self/root/proc/self/root/proc/self/root/proc/self/root/lib/firmware/qca/hmtnv20.b10f&path=//proc/self/root/proc/thread-self/root/proc/thread-self/root/proc/thread-self/root/proc/thread-self/root/proc/self/root/proc/self/root/proc/self/root/proc/self/root/proc/self/root/lib/firmware/qca HTTP/2.0" 200 2431 "https://www.veronaae.com/?path=//proc/self/root/proc/thread-self/root/proc/thread-self/root/proc/thread-self/root/proc/thread-self/root/proc/self/root/proc/self/root/proc/self/root/proc/self/root/proc/self/root/lib/firmware/qca" "Mozilla/5.0 AppleWebKit/537.36 (KHTML, like Gecko; compatible; GPTBot/1.3; +https://openai.com/gptbot)" 664 **0/664952**
216.73.216.56 - - [17/Jan/2026:05:28:18 -0700] "GET /uv-printing?fileloc=%2F%2Fusr%2Finclude%2Fasm%2Fptrace.h&path=%2F%2Fusr%2Finclude%2Fasm HTTP/2.0" 200 2851 "-" "Mozilla/5.0 AppleWebKit/537.36 (KHTML, like Gecko; compatible; ClaudeBot/1.0; +claudebot@anthropic.com)" 687 **0/687090**
216.73.216.56 - - [17/Jan/2026:05:28:18 -0700] "GET /uv-printing?path=%2F%2Fvar%2Fcache%2Fman%2Flocal%2Fcat4 HTTP/2.0" 200 2338 "-" "Mozilla/5.0 AppleWebKit/537.36 (KHTML, like Gecko; compatible; ClaudeBot/1.0; +claudebot@anthropic.com)" 618 **0/618629**
216.73.216.56 - - [17/Jan/2026:05:28:18 -0700] "GET /uv-printing?path=%2F%2Fvar%2Fcache%2Fman%2Ffr%2Fcat8 HTTP/2.0" 200 2335 "-" "Mozilla/5.0 AppleWebKit/537.36 (KHTML, like Gecko; compatible; ClaudeBot/1.0; +claudebot@anthropic.com)" 646 **0/646979**
216.73.216.56 - - [17/Jan/2026:05:28:18 -0700] "GET /uv-printing?fileloc=%2F%2Fproc%2Fself%2Fcwd%2Fwp-admin%2Fms-users.php&path=%2F%2Fproc%2Fself%2Fcwd%2Fwp-admin HTTP/2.0" 200 2399 "-" "Mozilla/5.0 AppleWebKit/537.36 (KHTML, like Gecko; compatible; ClaudeBot/1.0; +claudebot@anthropic.com)" 713 **0/713233**
216.73.216.56 - - [17/Jan/2026:05:28:18 -0700] "GET /uv-printing?fileloc=%2F%2Fproc%2Fself%2Fcwd%2Fwp-includes%2Fclass-oembed.php&path=%2F%2Fproc%2Fself%2Fcwd%2Fwp-includes HTTP/2.0" 200 2487 "-" "Mozilla/5.0 AppleWebKit/537.36 (KHTML, like Gecko; compatible; ClaudeBot/1.0; +claudebot@anthropic.com)" 650 **0/650652**
216.73.216.56 - - [17/Jan/2026:05:28:18 -0700] "GET /uv-printing?fileloc=%2F%2Flib64%2Fpython3.12%2Fencodings%2Fraw_unicode_escape.py&path=%2F%2Flib64%2Fpython3.12%2Fencodings HTTP/2.0" 200 2757 "-" "Mozilla/5.0 AppleWebKit/537.36 (KHTML, like Gecko; compatible; ClaudeBot/1.0; +claudebot@anthropic.com)" 650 **0/650090**
216.73.216.56 - - [17/Jan/2026:05:28:18 -0700] "GET /uv-printing?fileloc=%2F%2Flib%2Fpython2.7%2Fsite-packages%2Fchardet%2Futf8prober.py&path=%2F%2Flib%2Fpython2.7%2Fsite-packages%2Fchardet HTTP/2.0" 200 3358 "-" "Mozilla/5.0 AppleWebKit/537.36 (KHTML, like Gecko; compatible; ClaudeBot/1.0; +claudebot@anthropic.com)" 666 **0/666331**
216.73.216.56 - - [17/Jan/2026:05:28:18 -0700] "GET /uv-printing?fileloc=%2F%2Fproc%2Fself%2Fcwd%2Fwp-admin%2Fsetup-config.php&path=%2F%2Fproc%2Fself%2Fcwd%2Fwp-admin HTTP/2.0" 200 7853 "-" "Mozilla/5.0 AppleWebKit/537.36 (KHTML, like Gecko; compatible; ClaudeBot/1.0; +claudebot@anthropic.com)" 585 **0/585472**
216.73.216.56 - - [17/Jan/2026:05:28:18 -0700] "GET /uv-printing?fileloc=%2F%2Fusr%2Finclude%2Fasm%2Fshmbuf.h&path=%2F%2Fusr%2Finclude%2Fasm HTTP/2.0" 200 2773 "-" "Mozilla/5.0 AppleWebKit/537.36 (KHTML, like Gecko; compatible; ClaudeBot/1.0; +claudebot@anthropic.com)" 579 **0/579988**
74.7.227.58 - - [17/Jan/2026:05:28:19 -0700] "GET /?path=//proc/self/root/proc/thread-self/root/proc/thread-self/root/proc/thread-self/root/proc/thread-self/root/proc/self/root/proc/self/root/proc/self/root/proc/self/root/proc/tty/driver HTTP/2.0" 200 2451 "https://www.veronaae.com/?path=//proc/self/root/proc/thread-self/root/proc/thread-self/root/proc/thread-self/root/proc/thread-self/root/proc/self/root/proc/self/root/proc/self/root/proc/self/root/proc/tty" "Mozilla/5.0 AppleWebKit/537.36 (KHTML, like Gecko; compatible; GPTBot/1.3; +https://openai.com/gptbot)" 607 **0/607371**
216.73.216.56 - - [17/Jan/2026:05:28:19 -0700] "GET /uv-printing?path=%2F%2Fopt%2Falt%2Ftests%2Falt-php74-pecl-igbinary_3.2.15-2.el8%2Ftests HTTP/2.0" 200 5237 "-" "Mozilla/5.0 AppleWebKit/537.36 (KHTML, like Gecko; compatible; ClaudeBot/1.0; +claudebot@anthropic.com)" 614 **0/614838**
216.73.216.56 - - [17/Jan/2026:05:28:19 -0700] "GET /uv-printing?fileloc=%2F%2Fproc%2Fself%2Fcwd%2Fwp-includes%2Fcss%2Fadmin-bar-rtl.min.css&path=%2F%2Fproc%2Fself%2Fcwd%2Fwp-includes%2Fcss HTTP/2.0" 200 5880 "-" "Mozilla/5.0 AppleWebKit/537.36 (KHTML, like Gecko; compatible; ClaudeBot/1.0; +claudebot@anthropic.com)" 614 **0/614127**
216.73.216.56 - - [17/Jan/2026:05:28:19 -0700] "GET /uv-printing?path=%2F%2Fvar%2Fcache%2Fman%2Fnl%2Fcat7 HTTP/2.0" 200 2337 "-" "Mozilla/5.0 AppleWebKit/537.36 (KHTML, like Gecko; compatible; ClaudeBot/1.0; +claudebot@anthropic.com)" 627 **0/627594**
216.73.216.56 - - [17/Jan/2026:05:28:19 -0700] "GET /uv-printing?fileloc=%2F%2Flib64%2Fpython3.12%2Fencodings%2Futf_16_be.py&path=%2F%2Flib64%2Fpython3.12%2Fencodings HTTP/2.0" 200 2666 "-" "Mozilla/5.0 AppleWebKit/537.36 (KHTML, like Gecko; compatible; ClaudeBot/1.0; +claudebot@anthropic.com)" 619 **0/619016**
216.73.216.56 - - [17/Jan/2026:05:28:19 -0700] "GET /uv-printing?fileloc=%2F%2Fusr%2Finclude%2Fnet%2Fif_slip.h&path=%2F%2Fusr%2Finclude%2Fnet HTTP/2.0" 200 2734 "-" "Mozilla/5.0 AppleWebKit/537.36 (KHTML, like Gecko; compatible; ClaudeBot/1.0; +claudebot@anthropic.com)" 616 **0/616463**
216.73.216.56 - - [17/Jan/2026:05:28:19 -0700] "GET /uv-printing?path=%2F%2Fvar%2Fcache%2Fman%2Flocal%2Fcat3 HTTP/2.0" 200 2338 "-" "Mozilla/5.0 AppleWebKit/537.36 (KHTML, like Gecko; compatible; ClaudeBot/1.0; +claudebot@anthropic.com)" 628 **0/628443**
216.73.216.56 - - [17/Jan/2026:05:28:19 -0700] "GET /uv-printing?fileloc=%2F%2Fusr%2Flib64%2Fpython3.12%2Fencodings%2Futf_8_sig.py&path=%2F%2Fusr%2Flib64%2Fpython3.12%2Fencodings HTTP/2.0" 200 3270 "-" "Mozilla/5.0 AppleWebKit/537.36 (KHTML, like Gecko; compatible; ClaudeBot/1.0; +claudebot@anthropic.com)" 581 **0/581464**
216.73.216.56 - - [17/Jan/2026:05:28:19 -0700] "GET /uv-printing?fileloc=%2F%2Fusr%2Flib64%2Fpython3.12%2Flib2to3%2FPatternGrammar.txt&path=%2F%2Fusr%2Flib64%2Fpython3.12%2Flib2to3 HTTP/2.0" 200 2690 "-" "Mozilla/5.0 AppleWebKit/537.36 (KHTML, like Gecko; compatible; ClaudeBot/1.0; +claudebot@anthropic.com)" 582 **0/582411**
216.73.216.56 - - [17/Jan/2026:05:28:19 -0700] "GET /uv-printing?fileloc=%2F%2Fproc%2Fself%2Fcwd%2Fwp-includes%2Fclass-walker-comment.php&path=%2F%2Fproc%2Fself%2Fcwd%2Fwp-includes HTTP/2.0" 200 5405 "-" "Mozilla/5.0 AppleWebKit/537.36 (KHTML, like Gecko; compatible; ClaudeBot/1.0; +claudebot@anthropic.com)" 588 **0/588211**
216.73.216.56 - - [17/Jan/2026:05:28:19 -0700] "GET /uv-printing?path=%2F%2Flib%2Fpython2.7%2Fsite-packages%2Fchardet-3.0.4-py2.7.egg-info HTTP/2.0" 200 2767 "-" "Mozilla/5.0 AppleWebKit/537.36 (KHTML, like Gecko; compatible; ClaudeBot/1.0; +claudebot@anthropic.com)" 579 **0/579184**
216.73.216.56 - - [17/Jan/2026:05:28:19 -0700] "GET /uv-printing?fileloc=%2F%2Fusr%2Flib64%2Fpython3.12%2Fencodings%2Fmac_farsi.pyc&path=%2F%2Fusr%2Flib64%2Fpython3.12%2Fencodings HTTP/2.0" 200 2295 "-" "Mozilla/5.0 AppleWebKit/537.36 (KHTML, like Gecko; compatible; ClaudeBot/1.0; +claudebot@anthropic.com)" 594 **0/594679**
74.7.227.58 - - [17/Jan/2026:05:28:19 -0700] "GET /?path=//proc/self/root/proc/thread-self/root/proc/thread-self/root/proc/thread-self/root/proc/thread-self/root/proc/self/root/proc/self/root/proc/self/root/proc/self/root/proc/self/cwd/.tmb HTTP/2.0" 200 2737 "https://www.veronaae.com/?path=//proc/self/root/proc/thread-self/root/proc/thread-self/root/proc/thread-self/root/proc/thread-self/root/proc/self/root/proc/self/root/proc/self/root/proc/self/root/proc/self/cwd" "Mozilla/5.0 AppleWebKit/537.36 (KHTML, like Gecko; compatible; GPTBot/1.3; +https://openai.com/gptbot)" 584 **0/584574**
216.73.216.56 - - [17/Jan/2026:05:28:20 -0700] "GET /uv-printing?path=%2F%2Fvar%2Fcache%2Fman%2Fru%2Fcat7 HTTP/2.0" 200 2336 "-" "Mozilla/5.0 AppleWebKit/537.36 (KHTML, like Gecko; compatible; ClaudeBot/1.0; +claudebot@anthropic.com)" 676 **0/676868**
216.73.216.56 - - [17/Jan/2026:05:28:20 -0700] "GET /uv-printing?path=%2F%2Fvar%2Fcache%2Fman%2Ffr%2Fcat5 HTTP/2.0" 200 2334 "-" "Mozilla/5.0 AppleWebKit/537.36 (KHTML, like Gecko; compatible; ClaudeBot/1.0; +claudebot@anthropic.com)" 607 **0/607740**
216.73.216.56 - - [17/Jan/2026:05:28:20 -0700] "GET /uv-printing?fileloc=%2F%2Fproc%2Fself%2Fcwd%2Fwp-includes%2Fclass-wp-http-curl.php&path=%2F%2Fproc%2Fself%2Fcwd%2Fwp-includes HTTP/2.0" 200 5800 "-" "Mozilla/5.0 AppleWebKit/537.36 (KHTML, like Gecko; compatible; ClaudeBot/1.0; +claudebot@anthropic.com)" 613 **0/613530**
216.73.216.56 - - [17/Jan/2026:05:28:20 -0700] "GET /uv-printing?fileloc=%2F%2Fproc%2Fself%2Fcwd%2Fwp-admin%2Fedit-form-blocks.php&path=%2F%2Fproc%2Fself%2Fcwd%2Fwp-admin HTTP/2.0" 200 7188 "-" "Mozilla/5.0 AppleWebKit/537.36 (KHTML, like Gecko; compatible; ClaudeBot/1.0; +claudebot@anthropic.com)" 607 **0/607397**
66.249.75.75 - - [17/Jan/2026:05:28:19 -0700] "GET /?v=colour-312591024 HTTP/1.1" 200 23037 "-" "Mozilla/5.0 (Linux; Android 6.0.1; Nexus 5X Build/MMB29P) AppleWebKit/537.36 (KHTML, like Gecko) Chrome/143.0.7499.192 Mobile Safari/537.36 (compatible; Googlebot/2.1; +http://www.google.com/bot.html)" 1713 **1/1713380**
216.73.216.56 - - [17/Jan/2026:05:28:20 -0700] "GET /uv-printing?fileloc=%2F%2Fproc%2Fself%2Fcwd%2Fwp-admin%2Ftools.php&path=%2F%2Fproc%2Fself%2Fcwd%2Fwp-admin HTTP/2.0" 200 3593 "-" "Mozilla/5.0 AppleWebKit/537.36 (KHTML, like Gecko; compatible; ClaudeBot/1.0; +claudebot@anthropic.com)" 594 **0/594192**
216.73.216.56 - - [17/Jan/2026:05:28:20 -0700] "GET /uv-printing?fileloc=%2F%2Fusr%2Flib64%2Fpython3.12%2Fencodings%2Fcp855.pyc&path=%2F%2Fusr%2Flib64%2Fpython3.12%2Fencodings HTTP/2.0" 200 2291 "-" "Mozilla/5.0 AppleWebKit/537.36 (KHTML, like Gecko; compatible; ClaudeBot/1.0; +claudebot@anthropic.com)" 626 **0/626796**
216.73.216.56 - - [17/Jan/2026:05:28:20 -0700] "GET /uv-printing?fileloc=%2F%2Fusr%2Flib64%2Fpython3.6%2Fsite-packages%2Fpygobject-3.28.3-py3.6.egg-info&path=%2F%2Fusr%2Flib64%2Fpython3.6%2Fsite-packages HTTP/2.0" 200 2656 "-" "Mozilla/5.0 AppleWebKit/537.36 (KHTML, like Gecko; compatible; ClaudeBot/1.0; +claudebot@anthropic.com)" 639 **0/639501**
216.73.216.56 - - [17/Jan/2026:05:28:20 -0700] "GET /uv-printing?path=%2F%2Flib64%2Fpython3.6%2Fsite-packages%2Flibcomps-0.1.18-py3.6.egg-info HTTP/2.0" 200 2725 "-" "Mozilla/5.0 AppleWebKit/537.36 (KHTML, like Gecko; compatible; ClaudeBot/1.0; +claudebot@anthropic.com)" 577 **0/577391**
216.73.216.56 - - [17/Jan/2026:05:28:20 -0700] "GET /uv-printing?fileloc=%2F%2Fproc%2Fself%2Fcwd%2Fwp-includes%2Fclass-wp-network.php&path=%2F%2Fproc%2Fself%2Fcwd%2Fwp-includes HTTP/2.0" 200 5898 "-" "Mozilla/5.0 AppleWebKit/537.36 (KHTML, like Gecko; compatible; ClaudeBot/1.0; +claudebot@anthropic.com)" 602 **0/602534**
74.7.227.58 - - [17/Jan/2026:05:28:20 -0700] "GET /?fileloc=//proc/self/root/proc/thread-self/root/proc/thread-self/root/proc/thread-self/root/proc/thread-self/root/proc/self/root/proc/self/root/proc/self/root/proc/self/root/proc/sys/kernel/sysrq&path=//proc/self/root/proc/thread-self/root/proc/thread-self/root/proc/thread-self/root/proc/thread-self/root/proc/self/root/proc/self/root/proc/self/root/proc/self/root/proc/sys/kernel HTTP/2.0" 200 2400 "https://www.veronaae.com/?path=//proc/self/root/proc/thread-self/root/proc/thread-self/root/proc/thread-self/root/proc/thread-self/root/proc/self/root/proc/self/root/proc/self/root/proc/self/root/proc/sys/kernel" "Mozilla/5.0 AppleWebKit/537.36 (KHTML, like Gecko; compatible; GPTBot/1.3; +https://openai.com/gptbot)" 652 **0/652448**
216.73.216.56 - - [17/Jan/2026:05:28:20 -0700] "GET /uv-printing?path=%2F%2Fopt%2Fcpanel%2Fea-libxml2%2Flib64%2Fcmake HTTP/2.0" 200 2581 "-" "Mozilla/5.0 AppleWebKit/537.36 (KHTML, like Gecko; compatible; ClaudeBot/1.0; +claudebot@anthropic.com)" 657 **0/657943**
216.73.216.56 - - [17/Jan/2026:05:28:20 -0700] "GET /uv-printing?fileloc=%2F%2Fproc%2Fthread-self%2Fcwd%2Fwp-includes%2Fblock-supports%2Fwp-diff.php&path=%2F%2Fproc%2Fthread-self%2Fcwd%2Fwp-includes%2Fblock-supports HTTP/2.0" 200 2597 "-" "Mozilla/5.0 AppleWebKit/537.36 (KHTML, like Gecko; compatible; ClaudeBot/1.0; +claudebot@anthropic.com)" 681 **0/681096**
216.73.216.56 - - [17/Jan/2026:05:28:21 -0700] "GET /uv-printing?fileloc=%2F%2Fusr%2Finclude%2Fopenssl%2Fx509.h&path=%2F%2Fusr%2Finclude%2Fopenssl HTTP/2.0" 200 10521 "-" "Mozilla/5.0 AppleWebKit/537.36 (KHTML, like Gecko; compatible; ClaudeBot/1.0; +claudebot@anthropic.com)" 596 **0/596214**
216.73.216.56 - - [17/Jan/2026:05:28:21 -0700] "GET /uv-printing?fileloc=%2F%2Fusr%2Finclude%2Fnet%2Fif_shaper.h&path=%2F%2Fusr%2Finclude%2Fnet HTTP/2.0" 200 3078 "-" "Mozilla/5.0 AppleWebKit/537.36 (KHTML, like Gecko; compatible; ClaudeBot/1.0; +claudebot@anthropic.com)" 693 **0/693900**
216.73.216.56 - - [17/Jan/2026:05:28:21 -0700] "GET /uv-printing?fileloc=%2F%2Fproc%2Fself%2Fcwd%2Fwp-includes%2Fclass-wpdb.php&path=%2F%2Fproc%2Fself%2Fcwd%2Fwp-includes HTTP/2.0" 200 29803 "-" "Mozilla/5.0 AppleWebKit/537.36 (KHTML, like Gecko; compatible; ClaudeBot/1.0; +claudebot@anthropic.com)" 711 **0/711191**
216.73.216.56 - - [17/Jan/2026:05:28:21 -0700] "GET /uv-printing?fileloc=%2F%2Flib64%2Fpython3.12%2Fencodings%2Futf_32_be.py&path=%2F%2Flib64%2Fpython3.12%2Fencodings HTTP/2.0" 200 2590 "-" "Mozilla/5.0 AppleWebKit/537.36 (KHTML, like Gecko; compatible; ClaudeBot/1.0; +claudebot@anthropic.com)" 699 **0/699739**
216.73.216.56 - - [17/Jan/2026:05:28:21 -0700] "GET /uv-printing?fileloc=%2F%2Fproc%2Fself%2Fcwd%2Fwp-includes%2Fcss%2Fcustomize-preview-rtl.min.css&path=%2F%2Fproc%2Fself%2Fcwd%2Fwp-includes%2Fcss HTTP/2.0" 200 2980 "-" "Mozilla/5.0 AppleWebKit/537.36 (KHTML, like Gecko; compatible; ClaudeBot/1.0; +claudebot@anthropic.com)" 704 **0/704643**
216.73.216.56 - - [17/Jan/2026:05:28:21 -0700] "GET /uv-printing?fileloc=%2F%2Fusr%2Flib64%2Fpython3.12%2Fencodings%2Fpalmos.py&path=%2F%2Fusr%2Flib64%2Fpython3.12%2Fencodings HTTP/2.0" 200 5215 "-" "Mozilla/5.0 AppleWebKit/537.36 (KHTML, like Gecko; compatible; ClaudeBot/1.0; +claudebot@anthropic.com)" 635 **0/635517**
216.73.216.56 - - [17/Jan/2026:05:28:21 -0700] "GET /uv-printing?fileloc=%2F%2Fproc%2Fself%2Fcwd%2Fwp-includes%2Fcss%2Feditor-rtl.min.css&path=%2F%2Fproc%2Fself%2Fcwd%2Fwp-includes%2Fcss HTTP/2.0" 200 7848 "-" "Mozilla/5.0 AppleWebKit/537.36 (KHTML, like Gecko; compatible; ClaudeBot/1.0; +claudebot@anthropic.com)" 631 **0/631269**
216.73.216.56 - - [17/Jan/2026:05:28:21 -0700] "GET /uv-printing?fileloc=%2F%2Fproc%2Fself%2Fcwd%2Fwp-includes%2Fshortcodes.php&path=%2F%2Fproc%2Fself%2Fcwd%2Fwp-includes HTTP/2.0" 200 8695 "-" "Mozilla/5.0 AppleWebKit/537.36 (KHTML, like Gecko; compatible; ClaudeBot/1.0; +claudebot@anthropic.com)" 658 **0/658345**
216.73.216.56 - - [17/Jan/2026:05:28:21 -0700] "GET /uv-printing?fileloc=%2F%2Flib64%2Fpython3.6%2Flib2to3%2FGrammar.txt&path=%2F%2Flib64%2Fpython3.6%2Flib2to3 HTTP/2.0" 200 4710 "-" "Mozilla/5.0 AppleWebKit/537.36 (KHTML, like Gecko; compatible; ClaudeBot/1.0; +claudebot@anthropic.com)" 612 **0/612352**
216.73.216.56 - - [17/Jan/2026:05:28:21 -0700] "GET /uv-printing?path=%2F%2Fvar%2Fcache%2Fman%2Fuk%2Fcat8 HTTP/2.0" 200 2337 "-" "Mozilla/5.0 AppleWebKit/537.36 (KHTML, like Gecko; compatible; ClaudeBot/1.0; +claudebot@anthropic.com)" 666 **0/666579**
74.7.227.58 - - [17/Jan/2026:05:28:21 -0700] "GET /?path=//proc/self/root/proc/thread-self/root/proc/thread-self/root/proc/thread-self/root/proc/thread-self/root/proc/self/root/proc/self/root/proc/self/root/proc/self/root/proc/sys/kernel/usermodehelper HTTP/2.0" 200 2759 "https://www.veronaae.com/?path=//proc/self/root/proc/thread-self/root/proc/thread-self/root/proc/thread-self/root/proc/thread-self/root/proc/self/root/proc/self/root/proc/self/root/proc/self/root/proc/sys/kernel" "Mozilla/5.0 AppleWebKit/537.36 (KHTML, like Gecko; compatible; GPTBot/1.3; +https://openai.com/gptbot)" 794 **0/794712**
216.73.216.56 - - [17/Jan/2026:05:28:21 -0700] "GET /uv-printing?fileloc=%2F%2Fusr%2Finclude%2Fbind9%2Fdns%2Fportlist.h&path=%2F%2Fusr%2Finclude%2Fbind9%2Fdns HTTP/2.0" 200 2948 "-" "Mozilla/5.0 AppleWebKit/537.36 (KHTML, like Gecko; compatible; ClaudeBot/1.0; +claudebot@anthropic.com)" 684 **0/684832**
216.73.216.56 - - [17/Jan/2026:05:28:22 -0700] "GET /uv-printing?fileloc=%2F%2Flib%2Fpython2.7%2Fsite-packages%2Fchardet%2F__init__.pyc&path=%2F%2Flib%2Fpython2.7%2Fsite-packages%2Fchardet HTTP/2.0" 200 2295 "-" "Mozilla/5.0 AppleWebKit/537.36 (KHTML, like Gecko; compatible; ClaudeBot/1.0; +claudebot@anthropic.com)" 696 **0/696699**
216.73.216.56 - - [17/Jan/2026:05:28:22 -0700] "GET /uv-printing?path=%2F%2Fvar%2Fcache%2Fman%2Fid%2Fcat8 HTTP/2.0" 200 2336 "-" "Mozilla/5.0 AppleWebKit/537.36 (KHTML, like Gecko; compatible; ClaudeBot/1.0; +claudebot@anthropic.com)" 606 **0/606963**
216.73.216.56 - - [17/Jan/2026:05:28:22 -0700] "GET /uv-printing?fileloc=%2F%2Fusr%2Finclude%2Fnetinet%2Fin_systm.h&path=%2F%2Fusr%2Finclude%2Fnetinet HTTP/2.0" 200 2989 "-" "Mozilla/5.0 AppleWebKit/537.36 (KHTML, like Gecko; compatible; ClaudeBot/1.0; +claudebot@anthropic.com)" 621 **0/621363**
216.73.216.56 - - [17/Jan/2026:05:28:22 -0700] "GET /uv-printing?fileloc=%2F%2Fproc%2Fself%2Fcwd%2Fwp-includes%2Ftemplate-loader.php&path=%2F%2Fproc%2Fself%2Fcwd%2Fwp-includes HTTP/2.0" 200 3280 "-" "Mozilla/5.0 AppleWebKit/537.36 (KHTML, like Gecko; compatible; ClaudeBot/1.0; +claudebot@anthropic.com)" 616 **0/616250**
216.73.216.56 - - [17/Jan/2026:05:28:22 -0700] "GET /uv-printing?fileloc=%2F%2Fproc%2Fself%2Fcwd%2Fwp-includes%2Fclass-wp-comment.php&path=%2F%2Fproc%2Fself%2Fcwd%2Fwp-includes HTTP/2.0" 200 4780 "-" "Mozilla/5.0 AppleWebKit/537.36 (KHTML, like Gecko; compatible; ClaudeBot/1.0; +claudebot@anthropic.com)" 643 **0/643232**
216.73.216.56 - - [17/Jan/2026:05:28:22 -0700] "GET /uv-printing?fileloc=%2F%2Fproc%2Fsys%2Fkernel%2Fsched_migration_cost_ns&path=%2F%2Fproc%2Fsys%2Fkernel HTTP/2.0" 200 2282 "-" "Mozilla/5.0 AppleWebKit/537.36 (KHTML, like Gecko; compatible; ClaudeBot/1.0; +claudebot@anthropic.com)" 637 **0/637081**
57.141.20.37 - - [17/Jan/2026:05:28:22 -0700] "GET /?e=763260i962eb HTTP/2.0" 200 108366 "-" "meta-externalagent/1.1 (+https://developers.facebook.com/docs/sharing/webmasters/crawler)" 720 **0/720127**
216.73.216.56 - - [17/Jan/2026:05:28:22 -0700] "GET /uv-printing?fileloc=%2F%2Fproc%2Fself%2Fcwd%2Fwp-includes%2Fclass-json.php&path=%2F%2Fproc%2Fself%2Fcwd%2Fwp-includes HTTP/2.0" 200 10500 "-" "Mozilla/5.0 AppleWebKit/537.36 (KHTML, like Gecko; compatible; ClaudeBot/1.0; +claudebot@anthropic.com)" 659 **0/659732**
216.73.216.56 - - [17/Jan/2026:05:28:22 -0700] "GET /uv-printing?fileloc=%2F%2Flib%2Fpython2.7%2Fsite-packages%2Fchardet%2F__init__.py&path=%2F%2Flib%2Fpython2.7%2Fsite-packages%2Fchardet HTTP/2.0" 200 3011 "-" "Mozilla/5.0 AppleWebKit/537.36 (KHTML, like Gecko; compatible; ClaudeBot/1.0; +claudebot@anthropic.com)" 735 **0/735022**
216.73.216.56 - - [17/Jan/2026:05:28:22 -0700] "GET /uv-printing?fileloc=%2F%2Fproc%2Fself%2Fcwd%2Fwp-includes%2Fclass-wp-network-query.php&path=%2F%2Fproc%2Fself%2Fcwd%2Fwp-includes HTTP/2.0" 200 6971 "-" "Mozilla/5.0 AppleWebKit/537.36 (KHTML, like Gecko; compatible; ClaudeBot/1.0; +claudebot@anthropic.com)" 649 **0/649023**
66.249.75.75 - - [17/Jan/2026:05:28:21 -0700] "GET /?e=40888721h48ii HTTP/1.1" 200 21772 "-" "Mozilla/5.0 (Linux; Android 6.0.1; Nexus 5X Build/MMB29P) AppleWebKit/537.36 (KHTML, like Gecko) Chrome/143.0.7499.192 Mobile Safari/537.36 (compatible; Googlebot/2.1; +http://www.google.com/bot.html)" 1797 **1/1797958**
216.73.216.56 - - [17/Jan/2026:05:28:22 -0700] "GET /uv-printing?fileloc=%2F%2Fproc%2Fself%2Fcwd%2Fwp-includes%2Fclass-wp-comment-query.php&path=%2F%2Fproc%2Fself%2Fcwd%2Fwp-includes HTTP/2.0" 200 12401 "-" "Mozilla/5.0 AppleWebKit/537.36 (KHTML, like Gecko; compatible; ClaudeBot/1.0; +claudebot@anthropic.com)" 754 **0/754680**
74.7.227.58 - - [17/Jan/2026:05:28:22 -0700] "GET /?path=//proc/self/root/proc/thread-self/root/proc/thread-self/root/proc/thread-self/root/proc/thread-self/root/proc/self/root/proc/self/root/proc/self/root/proc/self/root/proc/sys/kernel/random HTTP/2.0" 200 2926 "https://www.veronaae.com/?path=//proc/self/root/proc/thread-self/root/proc/thread-self/root/proc/thread-self/root/proc/thread-self/root/proc/self/root/proc/self/root/proc/self/root/proc/self/root/proc/sys/kernel" "Mozilla/5.0 AppleWebKit/537.36 (KHTML, like Gecko; compatible; GPTBot/1.3; +https://openai.com/gptbot)" 769 **0/769137**
216.73.216.56 - - [17/Jan/2026:05:28:23 -0700] "GET /uv-printing?fileloc=%2F%2Flib64%2Fpython2.7%2Fhotshot%2Fstones.pyo&path=%2F%2Flib64%2Fpython2.7%2Fhotshot HTTP/2.0" 200 2280 "-" "Mozilla/5.0 AppleWebKit/537.36 (KHTML, like Gecko; compatible; ClaudeBot/1.0; +claudebot@anthropic.com)" 765 **0/765895**
216.73.216.56 - - [17/Jan/2026:05:28:23 -0700] "GET /uv-printing?fileloc=%2F%2Fproc%2Fself%2Fcwd%2Fwp-admin%2Fuser-edit.php&path=%2F%2Fproc%2Fself%2Fcwd%2Fwp-admin HTTP/2.0" 200 12232 "-" "Mozilla/5.0 AppleWebKit/537.36 (KHTML, like Gecko; compatible; ClaudeBot/1.0; +claudebot@anthropic.com)" 862 **0/862703**
216.73.216.56 - - [17/Jan/2026:05:28:23 -0700] "GET /uv-printing?fileloc=%2F%2Fproc%2Fself%2Fcwd%2Fwp-admin%2Fcustom-header.php&path=%2F%2Fproc%2Fself%2Fcwd%2Fwp-admin HTTP/2.0" 200 2500 "-" "Mozilla/5.0 AppleWebKit/537.36 (KHTML, like Gecko; compatible; ClaudeBot/1.0; +claudebot@anthropic.com)" 785 **0/785469**
216.73.216.56 - - [17/Jan/2026:05:28:23 -0700] "GET /uv-printing?path=%2F%2Fopt%2Falt%2Ftests%2Falt-php84-pecl-igbinary_3.2.16-3.el8%2Ftests HTTP/2.0" 200 5212 "-" "Mozilla/5.0 AppleWebKit/537.36 (KHTML, like Gecko; compatible; ClaudeBot/1.0; +claudebot@anthropic.com)" 794 **0/794423**
216.73.216.56 - - [17/Jan/2026:05:28:23 -0700] "GET /uv-printing?fileloc=%2F%2Fusr%2Finclude%2Fbind9%2Fdns%2Frdata.h&path=%2F%2Fusr%2Finclude%2Fbind9%2Fdns HTTP/2.0" 200 8526 "-" "Mozilla/5.0 AppleWebKit/537.36 (KHTML, like Gecko; compatible; ClaudeBot/1.0; +claudebot@anthropic.com)" 790 **0/790335**
216.73.216.56 - - [17/Jan/2026:05:28:23 -0700] "GET /uv-printing?fileloc=%2F%2Fproc%2Fself%2Fcwd%2Fwp-includes%2Fclass-wp-customize-control.php&path=%2F%2Fproc%2Fself%2Fcwd%2Fwp-includes HTTP/2.0" 200 7857 "-" "Mozilla/5.0 AppleWebKit/537.36 (KHTML, like Gecko; compatible; ClaudeBot/1.0; +claudebot@anthropic.com)" 729 **0/729130**
216.73.216.56 - - [17/Jan/2026:05:28:23 -0700] "GET /uv-printing?fileloc=%2F%2Fusr%2Finclude%2Fopenssl%2Fsslerr.h&path=%2F%2Fusr%2Finclude%2Fopenssl HTTP/2.0" 200 9988 "-" "Mozilla/5.0 AppleWebKit/537.36 (KHTML, like Gecko; compatible; ClaudeBot/1.0; +claudebot@anthropic.com)" 726 **0/726764**
216.73.216.56 - - [17/Jan/2026:05:28:23 -0700] "GET /uv-printing?path=%2F%2Fvar%2Fcache%2Fman%2Fuk%2Fcat5 HTTP/2.0" 200 2336 "-" "Mozilla/5.0 AppleWebKit/537.36 (KHTML, like Gecko; compatible; ClaudeBot/1.0; +claudebot@anthropic.com)" 662 **0/662230**
216.73.216.56 - - [17/Jan/2026:05:28:23 -0700] "GET /uv-printing?fileloc=%2F%2Fproc%2Fself%2Fcwd%2Fwp-includes%2Fclass-wp-exception.php&path=%2F%2Fproc%2Fself%2Fcwd%2Fwp-includes HTTP/2.0" 200 2389 "-" "Mozilla/5.0 AppleWebKit/537.36 (KHTML, like Gecko; compatible; ClaudeBot/1.0; +claudebot@anthropic.com)" 653 **0/653076**
216.73.216.56 - - [17/Jan/2026:05:28:23 -0700] "GET /uv-printing?path=%2F%2Fvar%2Fcache%2Fman%2Fid%2Fcat5 HTTP/2.0" 200 2335 "-" "Mozilla/5.0 AppleWebKit/537.36 (KHTML, like Gecko; compatible; ClaudeBot/1.0; +claudebot@anthropic.com)" 657 **0/657200**
74.7.227.58 - - [17/Jan/2026:05:28:24 -0700] "GET /?path=//proc/self/root/proc/thread-self/root/proc/thread-self/root/proc/thread-self/root/proc/thread-self/root/proc/self/root/proc/self/root/proc/self/root/proc/self/root/opt/python38 HTTP/2.0" 200 2776 "https://www.veronaae.com/?path=//proc/self/root/proc/thread-self/root/proc/thread-self/root/proc/thread-self/root/proc/thread-self/root/proc/self/root/proc/self/root/proc/self/root/proc/self/root/opt" "Mozilla/5.0 AppleWebKit/537.36 (KHTML, like Gecko; compatible; GPTBot/1.3; +https://openai.com/gptbot)" 663 **0/663986**
216.73.216.56 - - [17/Jan/2026:05:28:24 -0700] "GET /uv-printing?fileloc=%2F%2Fproc%2Fsys%2Fkernel%2Fsched_energy_aware&path=%2F%2Fproc%2Fsys%2Fkernel HTTP/2.0" 200 2279 "-" "Mozilla/5.0 AppleWebKit/537.36 (KHTML, like Gecko; compatible; ClaudeBot/1.0; +claudebot@anthropic.com)" 615 **0/615650**
216.73.216.56 - - [17/Jan/2026:05:28:24 -0700] "GET /uv-printing?path=%2F%2Fvar%2Fcache%2Fman%2Fru%2Fcat3 HTTP/2.0" 200 2335 "-" "Mozilla/5.0 AppleWebKit/537.36 (KHTML, like Gecko; compatible; ClaudeBot/1.0; +claudebot@anthropic.com)" 668 **0/668660**
216.73.216.56 - - [17/Jan/2026:05:28:24 -0700] "GET /uv-printing?fileloc=%2F%2Flib64%2Fpython3.12%2Fencodings%2Futf_16.py&path=%2F%2Flib64%2Fpython3.12%2Fencodings HTTP/2.0" 200 3403 "-" "Mozilla/5.0 AppleWebKit/537.36 (KHTML, like Gecko; compatible; ClaudeBot/1.0; +claudebot@anthropic.com)" 598 **0/598728**
216.73.216.56 - - [17/Jan/2026:05:28:24 -0700] "GET /uv-printing?path=%2F%2Fvar%2Fcache%2Fman%2Ffr%2Fcat7 HTTP/2.0" 200 2336 "-" "Mozilla/5.0 AppleWebKit/537.36 (KHTML, like Gecko; compatible; ClaudeBot/1.0; +claudebot@anthropic.com)" 604 **0/604792**
216.73.216.56 - - [17/Jan/2026:05:28:24 -0700] "GET /uv-printing?fileloc=%2F%2Fusr%2Finclude%2Fevent2%2Fevent-config.h&path=%2F%2Fusr%2Finclude%2Fevent2 HTTP/2.0" 200 2363 "-" "Mozilla/5.0 AppleWebKit/537.36 (KHTML, like Gecko; compatible; ClaudeBot/1.0; +claudebot@anthropic.com)" 620 **0/620786**
216.73.216.56 - - [17/Jan/2026:05:28:24 -0700] "GET /uv-printing?fileloc=%2F%2Fusr%2Finclude%2Fbind9%2Fdns%2Frdatastruct.h&path=%2F%2Fusr%2Finclude%2Fbind9%2Fdns HTTP/2.0" 200 8283 "-" "Mozilla/5.0 AppleWebKit/537.36 (KHTML, like Gecko; compatible; ClaudeBot/1.0; +claudebot@anthropic.com)" 622 **0/622955**
216.73.216.56 - - [17/Jan/2026:05:28:24 -0700] "GET /uv-printing?fileloc=%2F%2Fproc%2Fself%2Fcwd%2Fwp-includes%2Fclass-wp-http-requests-response.php&path=%2F%2Fproc%2Fself%2Fcwd%2Fwp-includes HTTP/2.0" 200 3431 "-" "Mozilla/5.0 AppleWebKit/537.36 (KHTML, like Gecko; compatible; ClaudeBot/1.0; +claudebot@anthropic.com)" 555 **0/555513**
216.73.216.56 - - [17/Jan/2026:05:28:24 -0700] "GET /uv-printing?fileloc=%2F%2Fproc%2Fsys%2Fkernel%2Fpty%2Fnr&path=%2F%2Fproc%2Fsys%2Fkernel%2Fpty HTTP/2.0" 200 2280 "-" "Mozilla/5.0 AppleWebKit/537.36 (KHTML, like Gecko; compatible; ClaudeBot/1.0; +claudebot@anthropic.com)" 563 **0/563587**
216.73.216.56 - - [17/Jan/2026:05:28:24 -0700] "GET /uv-printing?fileloc=%2F%2Fusr%2Finclude%2Fbind9%2Fdns%2Fgeoip.h&path=%2F%2Fusr%2Finclude%2Fbind9%2Fdns HTTP/2.0" 200 3214 "-" "Mozilla/5.0 AppleWebKit/537.36 (KHTML, like Gecko; compatible; ClaudeBot/1.0; +claudebot@anthropic.com)" 626 **0/626826**
216.73.216.56 - - [17/Jan/2026:05:28:24 -0700] "GET /uv-printing?fileloc=%2F%2Flib64%2Fpython3.6%2Flib2to3%2FPatternGrammar3.6.8.final.0.pickle&path=%2F%2Flib64%2Fpython3.6%2Flib2to3 HTTP/2.0" 200 2295 "-" "Mozilla/5.0 AppleWebKit/537.36 (KHTML, like Gecko; compatible; ClaudeBot/1.0; +claudebot@anthropic.com)" 638 **0/638978**
74.7.227.58 - - [17/Jan/2026:05:28:24 -0700] "GET /?fileloc=//proc/self/root/proc/thread-self/root/proc/thread-self/root/proc/thread-self/root/proc/thread-self/root/proc/self/root/proc/self/root/proc/self/root/proc/self/root/proc/self/root/var/tmp/php_sessions/sess_f57af8a3e3b6a1c960d7083596bfe419&path=//proc/self/root/proc/thread-self/root/proc/thread-self/root/proc/thread-self/root/proc/thread-self/root/proc/self/root/proc/self/root/proc/self/root/proc/self/root/proc/self/root/var/tmp/php_sessions HTTP/2.0" 200 2469 "https://www.veronaae.com/?path=//proc/self/root/proc/thread-self/root/proc/thread-self/root/proc/thread-self/root/proc/thread-self/root/proc/self/root/proc/self/root/proc/self/root/proc/self/root/proc/self/root/var/tmp/php_sessions" "Mozilla/5.0 AppleWebKit/537.36 (KHTML, like Gecko; compatible; GPTBot/1.3; +https://openai.com/gptbot)" 616 **0/616584**
216.73.216.56 - - [17/Jan/2026:05:28:25 -0700] "GET /uv-printing?fileloc=%2F%2Fproc%2Fsys%2Fkernel%2Facpi_video_flags&path=%2F%2Fproc%2Fsys%2Fkernel HTTP/2.0" 200 2280 "-" "Mozilla/5.0 AppleWebKit/537.36 (KHTML, like Gecko; compatible; ClaudeBot/1.0; +claudebot@anthropic.com)" 680 **0/680448**
216.73.216.56 - - [17/Jan/2026:05:28:25 -0700] "GET /uv-printing?fileloc=%2F%2Fproc%2Fself%2Fcwd%2Fwp-admin%2Fedit-link-form.php&path=%2F%2Fproc%2Fself%2Fcwd%2Fwp-admin HTTP/2.0" 200 4308 "-" "Mozilla/5.0 AppleWebKit/537.36 (KHTML, like Gecko; compatible; ClaudeBot/1.0; +claudebot@anthropic.com)" 653 **0/653860**
216.73.216.56 - - [17/Jan/2026:05:28:25 -0700] "GET /uv-printing?fileloc=%2F%2Fusr%2Flib64%2Fpython3.12%2Flib2to3%2FGrammar3.12.12.final.0.pickle&path=%2F%2Fusr%2Flib64%2Fpython3.12%2Flib2to3 HTTP/2.0" 200 2300 "-" "Mozilla/5.0 AppleWebKit/537.36 (KHTML, like Gecko; compatible; ClaudeBot/1.0; +claudebot@anthropic.com)" 659 **0/659562**
66.249.75.75 - - [17/Jan/2026:05:28:24 -0700] "GET /?v=colour-1194956 HTTP/1.1" 200 23055 "-" "Mozilla/5.0 (Linux; Android 6.0.1; Nexus 5X Build/MMB29P) AppleWebKit/537.36 (KHTML, like Gecko) Chrome/143.0.7499.192 Mobile Safari/537.36 (compatible; Googlebot/2.1; +http://www.google.com/bot.html)" 1717 **1/1717620**
57.141.20.54 - - [17/Jan/2026:05:28:25 -0700] "GET /?e=1059100060dfb HTTP/2.0" 200 108366 "-" "meta-externalagent/1.1 (+https://developers.facebook.com/docs/sharing/webmasters/crawler)" 791 **0/791437**
216.73.216.56 - - [17/Jan/2026:05:28:25 -0700] "GET /uv-printing?path=%2F%2Fproc%2Fthread-self%2Fcwd%2Fwp-includes%2Fblock-supports%2FID3 HTTP/2.0" 200 3146 "-" "Mozilla/5.0 AppleWebKit/537.36 (KHTML, like Gecko; compatible; ClaudeBot/1.0; +claudebot@anthropic.com)" 775 **0/775310**
216.73.216.56 - - [17/Jan/2026:05:28:25 -0700] "GET /uv-printing?fileloc=%2F%2Fproc%2Fself%2Fcwd%2Fwp-includes%2Fclass-wp-theme-json-schema.php&path=%2F%2Fproc%2Fself%2Fcwd%2Fwp-includes HTTP/2.0" 200 4488 "-" "Mozilla/5.0 AppleWebKit/537.36 (KHTML, like Gecko; compatible; ClaudeBot/1.0; +claudebot@anthropic.com)" 692 **0/692240**
216.73.216.56 - - [17/Jan/2026:05:28:25 -0700] "GET /uv-printing?fileloc=%2F%2Fproc%2Fself%2Fcwd%2Fwp-admin%2Fasync-upload.php&path=%2F%2Fproc%2Fself%2Fcwd%2Fwp-admin HTTP/2.0" 200 4209 "-" "Mozilla/5.0 AppleWebKit/537.36 (KHTML, like Gecko; compatible; ClaudeBot/1.0; +claudebot@anthropic.com)" 707 **0/707081**
216.73.216.56 - - [17/Jan/2026:05:28:25 -0700] "GET /uv-printing?fileloc=%2F%2Fusr%2Finclude%2Fevent2%2Flistener.h&path=%2F%2Fusr%2Finclude%2Fevent2 HTTP/2.0" 200 4749 "-" "Mozilla/5.0 AppleWebKit/537.36 (KHTML, like Gecko; compatible; ClaudeBot/1.0; +claudebot@anthropic.com)" 693 **0/693737**
216.73.216.56 - - [17/Jan/2026:05:28:25 -0700] "GET /uv-printing?fileloc=%2F%2Fproc%2Fself%2Fcwd%2Fwp-admin%2Fmenu-header.php&path=%2F%2Fproc%2Fself%2Fcwd%2Fwp-admin HTTP/2.0" 200 5052 "-" "Mozilla/5.0 AppleWebKit/537.36 (KHTML, like Gecko; compatible; ClaudeBot/1.0; +claudebot@anthropic.com)" 699 **0/699004**
216.73.216.56 - - [17/Jan/2026:05:28:25 -0700] "GET /uv-printing?fileloc=%2F%2Fproc%2Fself%2Fcwd%2Fwp-includes%2Fclass-wp-customize-widgets.php&path=%2F%2Fproc%2Fself%2Fcwd%2Fwp-includes HTTP/2.0" 200 18197 "-" "Mozilla/5.0 AppleWebKit/537.36 (KHTML, like Gecko; compatible; ClaudeBot/1.0; +claudebot@anthropic.com)" 711 **0/711362**
216.73.216.56 - - [17/Jan/2026:05:28:25 -0700] "GET /uv-printing?fileloc=%2F%2Fproc%2Fsys%2Fkernel%2Fpanic_on_rcu_stall&path=%2F%2Fproc%2Fsys%2Fkernel HTTP/2.0" 200 2282 "-" "Mozilla/5.0 AppleWebKit/537.36 (KHTML, like Gecko; compatible; ClaudeBot/1.0; +claudebot@anthropic.com)" 703 **0/703155**
216.73.216.56 - - [17/Jan/2026:05:28:25 -0700] "GET /uv-printing?fileloc=%2F%2Fusr%2Finclude%2Fnet%2Fppp_defs.h&path=%2F%2Fusr%2Finclude%2Fnet HTTP/2.0" 200 2355 "-" "Mozilla/5.0 AppleWebKit/537.36 (KHTML, like Gecko; compatible; ClaudeBot/1.0; +claudebot@anthropic.com)" 716 **0/716253**
74.7.227.58 - - [17/Jan/2026:05:28:25 -0700] "GET /?fileloc=//proc/self/root/proc/thread-self/root/proc/thread-self/root/proc/thread-self/root/proc/thread-self/root/proc/self/root/proc/self/root/proc/self/root/proc/self/root/proc/self/root/var/tmp/php_sessions/sess_fece5de9feb1a568c4af4392eb148de9&path=//proc/self/root/proc/thread-self/root/proc/thread-self/root/proc/thread-self/root/proc/thread-self/root/proc/self/root/proc/self/root/proc/self/root/proc/self/root/proc/self/root/var/tmp/php_sessions HTTP/2.0" 200 2471 "https://www.veronaae.com/?path=//proc/self/root/proc/thread-self/root/proc/thread-self/root/proc/thread-self/root/proc/thread-self/root/proc/self/root/proc/self/root/proc/self/root/proc/self/root/proc/self/root/var/tmp/php_sessions" "Mozilla/5.0 AppleWebKit/537.36 (KHTML, like Gecko; compatible; GPTBot/1.3; +https://openai.com/gptbot)" 745 **0/745501**
216.73.216.56 - - [17/Jan/2026:05:28:26 -0700] "GET /uv-printing?path=%2F%2Fvar%2Fcache%2Fman%2Fja%2Fcat8 HTTP/2.0" 200 2337 "-" "Mozilla/5.0 AppleWebKit/537.36 (KHTML, like Gecko; compatible; ClaudeBot/1.0; +claudebot@anthropic.com)" 715 **0/715310**
216.73.216.56 - - [17/Jan/2026:05:28:26 -0700] "GET /uv-printing?fileloc=%2F%2Fproc%2Fthread-self%2Fcwd%2Fwp-includes%2Fblock-supports%2Fclass-wp-scripts.php&path=%2F%2Fproc%2Fthread-self%2Fcwd%2Fwp-includes%2Fblock-supports HTTP/2.0" 200 8758 "-" "Mozilla/5.0 AppleWebKit/537.36 (KHTML, like Gecko; compatible; ClaudeBot/1.0; +claudebot@anthropic.com)" 736 **0/736510**
216.73.216.56 - - [17/Jan/2026:05:28:26 -0700] "GET /uv-printing?fileloc=%2F%2Fusr%2Finclude%2Fbind9%2Fdns%2Flookup.h&path=%2F%2Fusr%2Finclude%2Fbind9%2Fdns HTTP/2.0" 200 3538 "-" "Mozilla/5.0 AppleWebKit/537.36 (KHTML, like Gecko; compatible; ClaudeBot/1.0; +claudebot@anthropic.com)" 758 **0/758451**
