216.73.216.56 - - [17/Jan/2026:05:16:37 -0700] "GET /uv-printing?fileloc=%2F%2Fproc%2Fthread-self%2Froot%2Fusr%2Flib64%2Flibenchant.so.1.6.0&path=%2F%2Fproc%2Fthread-self%2Froot%2Fusr%2Flib64 HTTP/2.0" 403 4315 "-" "Mozilla/5.0 AppleWebKit/537.36 (KHTML, like Gecko; compatible; ClaudeBot/1.0; +claudebot@anthropic.com)" 783 **0/783010**
216.73.216.56 - - [17/Jan/2026:05:16:36 -0700] "GET /uv-printing?fileloc=%2F%2Fproc%2Fthread-self%2Froot%2Fusr%2Flib64%2Flibpoppler-glib.so.8&path=%2F%2Fproc%2Fthread-self%2Froot%2Fusr%2Flib64 HTTP/2.0" 403 4315 "-" "Mozilla/5.0 AppleWebKit/537.36 (KHTML, like Gecko; compatible; ClaudeBot/1.0; +claudebot@anthropic.com)" 1877 **1/1877915**
216.73.216.56 - - [17/Jan/2026:05:16:37 -0700] "GET /uv-printing?fileloc=%2F%2Fproc%2Fthread-self%2Froot%2Fusr%2Flib64%2Flibtss2-esys.so.0.0.0&path=%2F%2Fproc%2Fthread-self%2Froot%2Fusr%2Flib64 HTTP/2.0" 403 4315 "-" "Mozilla/5.0 AppleWebKit/537.36 (KHTML, like Gecko; compatible; ClaudeBot/1.0; +claudebot@anthropic.com)" 962 **0/962927**
57.141.20.10 - - [17/Jan/2026:05:16:34 -0700] "GET /?e=512499898654e HTTP/2.0" 200 108366 "-" "meta-externalagent/1.1 (+https://developers.facebook.com/docs/sharing/webmasters/crawler)" 4072 **4/4072897**
216.73.216.56 - - [17/Jan/2026:05:16:37 -0700] "GET /uv-printing?fileloc=%2F%2Fproc%2Fthread-self%2Froot%2Fusr%2Flib64%2Flibijs-0.35.so&path=%2F%2Fproc%2Fthread-self%2Froot%2Fusr%2Flib64 HTTP/2.0" 403 4315 "-" "Mozilla/5.0 AppleWebKit/537.36 (KHTML, like Gecko; compatible; ClaudeBot/1.0; +claudebot@anthropic.com)" 896 **0/896698**
216.73.216.56 - - [17/Jan/2026:05:16:37 -0700] "GET /uv-printing?fileloc=%2F%2Fproc%2Fthread-self%2Froot%2Fusr%2Flib64%2Flibtiffxx.so.5.3.0&path=%2F%2Fproc%2Fthread-self%2Froot%2Fusr%2Flib64 HTTP/2.0" 403 4315 "-" "Mozilla/5.0 AppleWebKit/537.36 (KHTML, like Gecko; compatible; ClaudeBot/1.0; +claudebot@anthropic.com)" 905 **0/905539**
216.73.216.56 - - [17/Jan/2026:05:16:37 -0700] "GET /uv-printing?fileloc=%2F%2Fproc%2Fthread-self%2Froot%2Fusr%2Flib64%2Flibpng16.so&path=%2F%2Fproc%2Fthread-self%2Froot%2Fusr%2Flib64 HTTP/2.0" 403 4315 "-" "Mozilla/5.0 AppleWebKit/537.36 (KHTML, like Gecko; compatible; ClaudeBot/1.0; +claudebot@anthropic.com)" 809 **0/809674**
216.73.216.56 - - [17/Jan/2026:05:16:37 -0700] "GET /uv-printing?fileloc=%2F%2Fproc%2Fthread-self%2Froot%2Fusr%2Flib64%2Flibldap_r-2.4.so.2.10.9&path=%2F%2Fproc%2Fthread-self%2Froot%2Fusr%2Flib64 HTTP/2.0" 403 4315 "-" "Mozilla/5.0 AppleWebKit/537.36 (KHTML, like Gecko; compatible; ClaudeBot/1.0; +claudebot@anthropic.com)" 745 **0/745510**
74.7.227.58 - - [17/Jan/2026:05:16:37 -0700] "GET /?path=//proc/self/root/proc/thread-self/root/proc/thread-self/root/proc/thread-self/root/proc/thread-self/root/proc/self/root/proc/self/root/proc/self/root/proc/self/root/proc/scsi HTTP/2.0" 200 2789 "https://www.veronaae.com/?path=//proc/self/root/proc/thread-self/root/proc/thread-self/root/proc/thread-self/root/proc/thread-self/root/proc/self/root/proc/self/root/proc/self/root/proc/self/root/proc" "Mozilla/5.0 AppleWebKit/537.36 (KHTML, like Gecko; compatible; GPTBot/1.3; +https://openai.com/gptbot)" 1334 **1/1334900**
216.73.216.56 - - [17/Jan/2026:05:16:37 -0700] "GET /uv-printing?fileloc=%2F%2Fproc%2Fthread-self%2Froot%2Fusr%2Flib64%2Fliblzma.so.5.2.4&path=%2F%2Fproc%2Fthread-self%2Froot%2Fusr%2Flib64 HTTP/2.0" 403 4315 "-" "Mozilla/5.0 AppleWebKit/537.36 (KHTML, like Gecko; compatible; ClaudeBot/1.0; +claudebot@anthropic.com)" 671 **0/671709**
216.73.216.56 - - [17/Jan/2026:05:16:37 -0700] "GET /uv-printing?fileloc=%2F%2Fproc%2Fthread-self%2Froot%2Fusr%2Flib64%2Flibdrm_radeon.so.1.0.1&path=%2F%2Fproc%2Fthread-self%2Froot%2Fusr%2Flib64 HTTP/2.0" 403 4315 "-" "Mozilla/5.0 AppleWebKit/537.36 (KHTML, like Gecko; compatible; ClaudeBot/1.0; +claudebot@anthropic.com)" 946 **0/946505**
216.73.216.56 - - [17/Jan/2026:05:16:38 -0700] "GET /uv-printing?fileloc=%2F%2Fproc%2Fthread-self%2Froot%2Fusr%2Flib64%2Flibxcb-dri3.so.0.0.0&path=%2F%2Fproc%2Fthread-self%2Froot%2Fusr%2Flib64 HTTP/2.0" 403 4315 "-" "Mozilla/5.0 AppleWebKit/537.36 (KHTML, like Gecko; compatible; ClaudeBot/1.0; +claudebot@anthropic.com)" 776 **0/776128**
216.73.216.56 - - [17/Jan/2026:05:16:38 -0700] "GET /uv-printing?fileloc=%2F%2Fproc%2Fthread-self%2Froot%2Fusr%2Flib64%2Flibsensors.so.4.4.0&path=%2F%2Fproc%2Fthread-self%2Froot%2Fusr%2Flib64 HTTP/2.0" 403 4315 "-" "Mozilla/5.0 AppleWebKit/537.36 (KHTML, like Gecko; compatible; ClaudeBot/1.0; +claudebot@anthropic.com)" 790 **0/790064**
216.73.216.56 - - [17/Jan/2026:05:16:38 -0700] "GET /uv-printing?fileloc=%2F%2Fproc%2Fthread-self%2Froot%2Fusr%2Flib64%2Flibapr-1.so.0.6.3&path=%2F%2Fproc%2Fthread-self%2Froot%2Fusr%2Flib64 HTTP/2.0" 403 4315 "-" "Mozilla/5.0 AppleWebKit/537.36 (KHTML, like Gecko; compatible; ClaudeBot/1.0; +claudebot@anthropic.com)" 767 **0/767432**
216.73.216.56 - - [17/Jan/2026:05:16:38 -0700] "GET /uv-printing?fileloc=%2F%2Fproc%2Fthread-self%2Froot%2Fusr%2Flib64%2Flibicutu.so.60.3&path=%2F%2Fproc%2Fthread-self%2Froot%2Fusr%2Flib64 HTTP/2.0" 403 4315 "-" "Mozilla/5.0 AppleWebKit/537.36 (KHTML, like Gecko; compatible; ClaudeBot/1.0; +claudebot@anthropic.com)" 702 **0/702701**
74.7.227.58 - - [17/Jan/2026:05:16:38 -0700] "GET /?path=//proc/self/root/proc/thread-self/root/proc/thread-self/root/proc/thread-self/root/proc/thread-self/root/proc/self/root/proc/self/root/proc/self/root/proc/self/root/lib/modules HTTP/2.0" 200 2799 "https://www.veronaae.com/?path=//proc/self/root/proc/thread-self/root/proc/thread-self/root/proc/thread-self/root/proc/thread-self/root/proc/self/root/proc/self/root/proc/self/root/proc/self/root/lib" "Mozilla/5.0 AppleWebKit/537.36 (KHTML, like Gecko; compatible; GPTBot/1.3; +https://openai.com/gptbot)" 643 **0/643830**
216.73.216.56 - - [17/Jan/2026:05:16:38 -0700] "GET /uv-printing?fileloc=%2F%2Fproc%2Fthread-self%2Froot%2Fusr%2Flib64%2Flibpoppler.so.104.0.0&path=%2F%2Fproc%2Fthread-self%2Froot%2Fusr%2Flib64 HTTP/2.0" 403 4315 "-" "Mozilla/5.0 AppleWebKit/537.36 (KHTML, like Gecko; compatible; ClaudeBot/1.0; +claudebot@anthropic.com)" 719 **0/719261**
216.73.216.56 - - [17/Jan/2026:05:16:38 -0700] "GET /uv-printing?fileloc=%2F%2Fproc%2Fthread-self%2Froot%2Fusr%2Flib64%2Flibhdf5_fortran.so.102&path=%2F%2Fproc%2Fthread-self%2Froot%2Fusr%2Flib64 HTTP/2.0" 403 4315 "-" "Mozilla/5.0 AppleWebKit/537.36 (KHTML, like Gecko; compatible; ClaudeBot/1.0; +claudebot@anthropic.com)" 724 **0/724073**
216.73.216.56 - - [17/Jan/2026:05:16:38 -0700] "GET /uv-printing?fileloc=%2F%2Fproc%2Fthread-self%2Froot%2Fusr%2Flib64%2Flibpixman-1.so.0.38.4&path=%2F%2Fproc%2Fthread-self%2Froot%2Fusr%2Flib64 HTTP/2.0" 403 4315 "-" "Mozilla/5.0 AppleWebKit/537.36 (KHTML, like Gecko; compatible; ClaudeBot/1.0; +claudebot@anthropic.com)" 728 **0/728268**
216.73.216.56 - - [17/Jan/2026:05:16:38 -0700] "GET /uv-printing?fileloc=%2F%2Fproc%2Fthread-self%2Froot%2Fusr%2Flib64%2Flibx265_main12.so.176&path=%2F%2Fproc%2Fthread-self%2Froot%2Fusr%2Flib64 HTTP/2.0" 403 4315 "-" "Mozilla/5.0 AppleWebKit/537.36 (KHTML, like Gecko; compatible; ClaudeBot/1.0; +claudebot@anthropic.com)" 754 **0/754177**
216.73.216.56 - - [17/Jan/2026:05:16:38 -0700] "GET /uv-printing?fileloc=%2F%2Fproc%2Fthread-self%2Froot%2Fusr%2Flib64%2Flibbrotlienc.so.1&path=%2F%2Fproc%2Fthread-self%2Froot%2Fusr%2Flib64 HTTP/2.0" 403 4315 "-" "Mozilla/5.0 AppleWebKit/537.36 (KHTML, like Gecko; compatible; ClaudeBot/1.0; +claudebot@anthropic.com)" 752 **0/752809**
216.73.216.56 - - [17/Jan/2026:05:16:39 -0700] "GET /uv-printing?fileloc=%2F%2Fproc%2Fthread-self%2Froot%2Fusr%2Flib64%2Flibrepo.so.0&path=%2F%2Fproc%2Fthread-self%2Froot%2Fusr%2Flib64 HTTP/2.0" 403 4315 "-" "Mozilla/5.0 AppleWebKit/537.36 (KHTML, like Gecko; compatible; ClaudeBot/1.0; +claudebot@anthropic.com)" 761 **0/761705**
216.73.216.56 - - [17/Jan/2026:05:16:39 -0700] "GET /uv-printing?fileloc=%2F%2Fproc%2Fthread-self%2Froot%2Fusr%2Flib64%2Flibsecret-1.so.0&path=%2F%2Fproc%2Fthread-self%2Froot%2Fusr%2Flib64 HTTP/2.0" 403 4315 "-" "Mozilla/5.0 AppleWebKit/537.36 (KHTML, like Gecko; compatible; ClaudeBot/1.0; +claudebot@anthropic.com)" 855 **0/855667**
216.73.216.56 - - [17/Jan/2026:05:16:39 -0700] "GET /uv-printing?fileloc=%2F%2Fproc%2Fthread-self%2Froot%2Fusr%2Flib64%2Flibwmf-0.2.so.7.1.1&path=%2F%2Fproc%2Fthread-self%2Froot%2Fusr%2Flib64 HTTP/2.0" 403 4315 "-" "Mozilla/5.0 AppleWebKit/537.36 (KHTML, like Gecko; compatible; ClaudeBot/1.0; +claudebot@anthropic.com)" 771 **0/771623**
57.141.20.43 - - [17/Jan/2026:05:16:39 -0700] "GET /?e=413512912b3j8 HTTP/2.0" 200 108366 "-" "meta-externalagent/1.1 (+https://developers.facebook.com/docs/sharing/webmasters/crawler)" 768 **0/768554**
216.73.216.56 - - [17/Jan/2026:05:16:39 -0700] "GET /uv-printing?fileloc=%2F%2Fproc%2Fthread-self%2Froot%2Fusr%2Flib64%2Flibxcb-randr.so.0&path=%2F%2Fproc%2Fthread-self%2Froot%2Fusr%2Flib64 HTTP/2.0" 403 4315 "-" "Mozilla/5.0 AppleWebKit/537.36 (KHTML, like Gecko; compatible; ClaudeBot/1.0; +claudebot@anthropic.com)" 898 **0/898457**
216.73.216.56 - - [17/Jan/2026:05:16:39 -0700] "GET /uv-printing?fileloc=%2F%2Fproc%2Fthread-self%2Froot%2Fusr%2Flib64%2Flibdrm_nouveau.so.2&path=%2F%2Fproc%2Fthread-self%2Froot%2Fusr%2Flib64 HTTP/2.0" 403 4315 "-" "Mozilla/5.0 AppleWebKit/537.36 (KHTML, like Gecko; compatible; ClaudeBot/1.0; +claudebot@anthropic.com)" 895 **0/895479**
74.7.227.58 - - [17/Jan/2026:05:16:39 -0700] "GET /?path=//proc/self/root/proc/thread-self/root/proc/thread-self/root/proc/thread-self/root/proc/thread-self/root/proc/self/root/proc/self/root/proc/self/root/proc/self/root/run/screen HTTP/2.0" 200 2431 "https://www.veronaae.com/?path=//proc/self/root/proc/thread-self/root/proc/thread-self/root/proc/thread-self/root/proc/thread-self/root/proc/self/root/proc/self/root/proc/self/root/proc/self/root/run" "Mozilla/5.0 AppleWebKit/537.36 (KHTML, like Gecko; compatible; GPTBot/1.3; +https://openai.com/gptbot)" 866 **0/866601**
216.73.216.56 - - [17/Jan/2026:05:16:39 -0700] "GET /uv-printing?fileloc=%2F%2Fproc%2Fthread-self%2Froot%2Fusr%2Flib64%2Flibxcb-xkb.so&path=%2F%2Fproc%2Fthread-self%2Froot%2Fusr%2Flib64 HTTP/2.0" 403 4315 "-" "Mozilla/5.0 AppleWebKit/537.36 (KHTML, like Gecko; compatible; ClaudeBot/1.0; +claudebot@anthropic.com)" 911 **0/911611**
216.73.216.56 - - [17/Jan/2026:05:16:39 -0700] "GET /uv-printing?fileloc=%2F%2Fproc%2Fthread-self%2Froot%2Fusr%2Flib64%2Flibgio-2.0.so.0.5600.4&path=%2F%2Fproc%2Fthread-self%2Froot%2Fusr%2Flib64 HTTP/2.0" 403 4315 "-" "Mozilla/5.0 AppleWebKit/537.36 (KHTML, like Gecko; compatible; ClaudeBot/1.0; +claudebot@anthropic.com)" 930 **0/930943**
216.73.216.56 - - [17/Jan/2026:05:16:39 -0700] "GET /uv-printing?fileloc=%2F%2Fproc%2Fthread-self%2Froot%2Fusr%2Flib64%2Flibx265_main10.so.176&path=%2F%2Fproc%2Fthread-self%2Froot%2Fusr%2Flib64 HTTP/2.0" 403 4315 "-" "Mozilla/5.0 AppleWebKit/537.36 (KHTML, like Gecko; compatible; ClaudeBot/1.0; +claudebot@anthropic.com)" 743 **0/743547**
216.73.216.56 - - [17/Jan/2026:05:16:39 -0700] "GET /uv-printing?fileloc=%2F%2Fproc%2Fthread-self%2Froot%2Fusr%2Flib64%2Flibxslt.so.1.1.32&path=%2F%2Fproc%2Fthread-self%2Froot%2Fusr%2Flib64 HTTP/2.0" 403 4315 "-" "Mozilla/5.0 AppleWebKit/537.36 (KHTML, like Gecko; compatible; ClaudeBot/1.0; +claudebot@anthropic.com)" 941 **0/941990**
216.73.216.56 - - [17/Jan/2026:05:16:39 -0700] "GET /uv-printing?fileloc=%2F%2Fproc%2Fthread-self%2Froot%2Fusr%2Flib64%2Fliblzma.so.5&path=%2F%2Fproc%2Fthread-self%2Froot%2Fusr%2Flib64 HTTP/2.0" 403 4315 "-" "Mozilla/5.0 AppleWebKit/537.36 (KHTML, like Gecko; compatible; ClaudeBot/1.0; +claudebot@anthropic.com)" 880 **0/880190**
216.73.216.56 - - [17/Jan/2026:05:16:40 -0700] "GET /uv-printing?fileloc=%2F%2Fproc%2Fthread-self%2Froot%2Fusr%2Flib64%2Flibavif.so.14.0.1&path=%2F%2Fproc%2Fthread-self%2Froot%2Fusr%2Flib64 HTTP/2.0" 403 4315 "-" "Mozilla/5.0 AppleWebKit/537.36 (KHTML, like Gecko; compatible; ClaudeBot/1.0; +claudebot@anthropic.com)" 803 **0/803023**
216.73.216.56 - - [17/Jan/2026:05:16:40 -0700] "GET /uv-printing?fileloc=%2F%2Fproc%2Fthread-self%2Froot%2Fusr%2Flib64%2Flibxcb-shm.so.0&path=%2F%2Fproc%2Fthread-self%2Froot%2Fusr%2Flib64 HTTP/2.0" 403 4315 "-" "Mozilla/5.0 AppleWebKit/537.36 (KHTML, like Gecko; compatible; ClaudeBot/1.0; +claudebot@anthropic.com)" 769 **0/769165**
216.73.216.56 - - [17/Jan/2026:05:16:40 -0700] "GET /uv-printing?fileloc=%2F%2Fproc%2Fthread-self%2Froot%2Fusr%2Flib64%2Flibunwind-x86_64.so.8&path=%2F%2Fproc%2Fthread-self%2Froot%2Fusr%2Flib64 HTTP/2.0" 403 4315 "-" "Mozilla/5.0 AppleWebKit/537.36 (KHTML, like Gecko; compatible; ClaudeBot/1.0; +claudebot@anthropic.com)" 765 **0/765880**
216.73.216.56 - - [17/Jan/2026:05:16:40 -0700] "GET /uv-printing?fileloc=%2F%2Fproc%2Fthread-self%2Froot%2Fusr%2Flib64%2Flibgearman.so.8.0.0&path=%2F%2Fproc%2Fthread-self%2Froot%2Fusr%2Flib64 HTTP/2.0" 403 4315 "-" "Mozilla/5.0 AppleWebKit/537.36 (KHTML, like Gecko; compatible; ClaudeBot/1.0; +claudebot@anthropic.com)" 691 **0/691108**
216.73.216.56 - - [17/Jan/2026:05:16:40 -0700] "GET /uv-printing?fileloc=%2F%2Fproc%2Fthread-self%2Froot%2Fusr%2Flib64%2Flibbrotlicommon.so.1&path=%2F%2Fproc%2Fthread-self%2Froot%2Fusr%2Flib64 HTTP/2.0" 403 4315 "-" "Mozilla/5.0 AppleWebKit/537.36 (KHTML, like Gecko; compatible; ClaudeBot/1.0; +claudebot@anthropic.com)" 621 **0/621614**
216.73.216.56 - - [17/Jan/2026:05:16:40 -0700] "GET /uv-printing?fileloc=%2F%2Fproc%2Fthread-self%2Froot%2Fusr%2Flib64%2Flibopcodes-2.30-128.el8_10.so&path=%2F%2Fproc%2Fthread-self%2Froot%2Fusr%2Flib64 HTTP/2.0" 403 4315 "-" "Mozilla/5.0 AppleWebKit/537.36 (KHTML, like Gecko; compatible; ClaudeBot/1.0; +claudebot@anthropic.com)" 554 **0/554280**
74.7.227.58 - - [17/Jan/2026:05:16:40 -0700] "GET /?path=//proc/self/root/proc/thread-self/root/proc/thread-self/root/proc/thread-self/root/proc/thread-self/root/proc/self/root/proc/self/root/proc/self/root/proc/self/root/lib/exim HTTP/2.0" 200 2688 "https://www.veronaae.com/?path=//proc/self/root/proc/thread-self/root/proc/thread-self/root/proc/thread-self/root/proc/thread-self/root/proc/self/root/proc/self/root/proc/self/root/proc/self/root/lib" "Mozilla/5.0 AppleWebKit/537.36 (KHTML, like Gecko; compatible; GPTBot/1.3; +https://openai.com/gptbot)" 634 **0/634497**
216.73.216.56 - - [17/Jan/2026:05:16:40 -0700] "GET /uv-printing?fileloc=%2F%2Fproc%2Fthread-self%2Froot%2Fusr%2Flib64%2Flibpangocairo-1.0.so.0&path=%2F%2Fproc%2Fthread-self%2Froot%2Fusr%2Flib64 HTTP/2.0" 403 4315 "-" "Mozilla/5.0 AppleWebKit/537.36 (KHTML, like Gecko; compatible; ClaudeBot/1.0; +claudebot@anthropic.com)" 566 **0/566938**
216.73.216.56 - - [17/Jan/2026:05:16:40 -0700] "GET /uv-printing?fileloc=%2F%2Fproc%2Fthread-self%2Froot%2Fusr%2Flib64%2Flibxcb-xv.so.0&path=%2F%2Fproc%2Fthread-self%2Froot%2Fusr%2Flib64 HTTP/2.0" 403 4315 "-" "Mozilla/5.0 AppleWebKit/537.36 (KHTML, like Gecko; compatible; ClaudeBot/1.0; +claudebot@anthropic.com)" 610 **0/610791**
74.7.227.58 - - [17/Jan/2026:05:16:41 -0700] "GET /?path=//proc/self/root/proc/thread-self/root/proc/thread-self/root/proc/thread-self/root/proc/thread-self/root/proc/self/root/proc/self/root/proc/self/root/proc/self/root/var/cache/man/id HTTP/2.0" 200 2880 "https://www.veronaae.com/?path=//proc/self/root/proc/thread-self/root/proc/thread-self/root/proc/thread-self/root/proc/thread-self/root/proc/self/root/proc/self/root/proc/self/root/proc/self/root/var/cache/man" "Mozilla/5.0 AppleWebKit/537.36 (KHTML, like Gecko; compatible; GPTBot/1.3; +https://openai.com/gptbot)" 506 **0/506399**
74.7.227.58 - - [17/Jan/2026:05:16:42 -0700] "GET /?path=//proc/self/root/proc/thread-self/root/proc/thread-self/root/proc/thread-self/root/proc/thread-self/root/proc/self/root/proc/self/root/proc/self/root/proc/self/root/var/cache/man/da HTTP/2.0" 200 2880 "https://www.veronaae.com/?path=//proc/self/root/proc/thread-self/root/proc/thread-self/root/proc/thread-self/root/proc/thread-self/root/proc/self/root/proc/self/root/proc/self/root/proc/self/root/var/cache/man" "Mozilla/5.0 AppleWebKit/537.36 (KHTML, like Gecko; compatible; GPTBot/1.3; +https://openai.com/gptbot)" 504 **0/504857**
66.249.75.75 - - [17/Jan/2026:05:16:41 -0700] "GET /?e=5014054acad97 HTTP/1.1" 200 22156 "-" "Mozilla/5.0 (Linux; Android 6.0.1; Nexus 5X Build/MMB29P) AppleWebKit/537.36 (KHTML, like Gecko) Chrome/143.0.7499.192 Mobile Safari/537.36 (compatible; Googlebot/2.1; +http://www.google.com/bot.html)" 1603 **1/1603284**
57.141.20.57 - - [17/Jan/2026:05:16:42 -0700] "GET /?e=24722359dgb4e HTTP/2.0" 200 108366 "-" "meta-externalagent/1.1 (+https://developers.facebook.com/docs/sharing/webmasters/crawler)" 520 **0/520740**
57.141.20.59 - - [17/Jan/2026:05:16:42 -0700] "GET /?e=5152517ag6422 HTTP/2.0" 200 108366 "-" "meta-externalagent/1.1 (+https://developers.facebook.com/docs/sharing/webmasters/crawler)" 504 **0/504833**
74.7.227.58 - - [17/Jan/2026:05:16:43 -0700] "GET /?path=//proc/self/root/proc/thread-self/root/proc/thread-self/root/proc/thread-self/root/proc/thread-self/root/proc/self/root/proc/self/root/proc/self/root/proc/self/root/proc/lve/per-lve HTTP/2.0" 200 2450 "https://www.veronaae.com/?path=//proc/self/root/proc/thread-self/root/proc/thread-self/root/proc/thread-self/root/proc/thread-self/root/proc/self/root/proc/self/root/proc/self/root/proc/self/root/proc/lve" "Mozilla/5.0 AppleWebKit/537.36 (KHTML, like Gecko; compatible; GPTBot/1.3; +https://openai.com/gptbot)" 518 **0/518260**
57.141.20.17 - - [17/Jan/2026:05:16:43 -0700] "GET /?e=26687340ai438 HTTP/2.0" 200 108366 "-" "meta-externalagent/1.1 (+https://developers.facebook.com/docs/sharing/webmasters/crawler)" 516 **0/516896**
74.7.227.58 - - [17/Jan/2026:05:16:44 -0700] "GET /?path=//proc/self/root/proc/thread-self/root/proc/thread-self/root/proc/thread-self/root/proc/thread-self/root/proc/self/root/proc/self/root/proc/self/root/proc/self/root/var/cache/man/ru HTTP/2.0" 200 2910 "https://www.veronaae.com/?path=//proc/self/root/proc/thread-self/root/proc/thread-self/root/proc/thread-self/root/proc/thread-self/root/proc/self/root/proc/self/root/proc/self/root/proc/self/root/var/cache/man" "Mozilla/5.0 AppleWebKit/537.36 (KHTML, like Gecko; compatible; GPTBot/1.3; +https://openai.com/gptbot)" 513 **0/513159**
74.7.227.58 - - [17/Jan/2026:05:16:44 -0700] "GET /?path=//proc/self/root/proc/thread-self/root/proc/thread-self/root/proc/thread-self/root/proc/thread-self/root/proc/self/root/proc/self/root/proc/self/root/proc/self/root/proc/fs/xfs HTTP/2.0" 200 2736 "https://www.veronaae.com/?path=//proc/self/root/proc/thread-self/root/proc/thread-self/root/proc/thread-self/root/proc/thread-self/root/proc/self/root/proc/self/root/proc/self/root/proc/self/root/proc/fs" "Mozilla/5.0 AppleWebKit/537.36 (KHTML, like Gecko; compatible; GPTBot/1.3; +https://openai.com/gptbot)" 509 **0/509180**
57.141.20.13 - - [17/Jan/2026:05:16:45 -0700] "GET /?e=4537617ac5735 HTTP/2.0" 200 108366 "-" "meta-externalagent/1.1 (+https://developers.facebook.com/docs/sharing/webmasters/crawler)" 506 **0/506876**
57.141.20.26 - - [17/Jan/2026:05:16:45 -0700] "GET /?e=32486262f01h8 HTTP/2.0" 200 108366 "-" "meta-externalagent/1.1 (+https://developers.facebook.com/docs/sharing/webmasters/crawler)" 543 **0/543394**
74.7.227.58 - - [17/Jan/2026:05:16:45 -0700] "GET /?path=//proc/self/root/proc/thread-self/root/proc/thread-self/root/proc/thread-self/root/proc/thread-self/root/proc/self/root/proc/self/root/proc/self/root/proc/self/root/usr/libexec HTTP/2.0" 200 3100 "https://www.veronaae.com/?path=//proc/self/root/proc/thread-self/root/proc/thread-self/root/proc/thread-self/root/proc/thread-self/root/proc/self/root/proc/self/root/proc/self/root/proc/self/root/usr" "Mozilla/5.0 AppleWebKit/537.36 (KHTML, like Gecko; compatible; GPTBot/1.3; +https://openai.com/gptbot)" 525 **0/525934**
66.249.75.75 - - [17/Jan/2026:05:16:44 -0700] "GET /?v=colour-151166254 HTTP/1.1" 200 22392 "-" "Mozilla/5.0 (Linux; Android 6.0.1; Nexus 5X Build/MMB29P) AppleWebKit/537.36 (KHTML, like Gecko) Chrome/143.0.7499.192 Mobile Safari/537.36 (compatible; Googlebot/2.1; +http://www.google.com/bot.html)" 1619 **1/1619139**
74.7.227.58 - - [17/Jan/2026:05:16:46 -0700] "GET /?path=//proc/self/root/proc/thread-self/root/proc/thread-self/root/proc/thread-self/root/proc/thread-self/root/proc/self/root/proc/self/root/proc/self/root/proc/self/root/home/bpw3460lz1vy HTTP/2.0" 200 4002 "https://www.veronaae.com/?path=//proc/self/root/proc/thread-self/root/proc/thread-self/root/proc/thread-self/root/proc/thread-self/root/proc/self/root/proc/self/root/proc/self/root/proc/self/root/home" "Mozilla/5.0 AppleWebKit/537.36 (KHTML, like Gecko; compatible; GPTBot/1.3; +https://openai.com/gptbot)" 516 **0/516849**
74.7.227.58 - - [17/Jan/2026:05:16:47 -0700] "GET /?path=//proc/self/root/proc/thread-self/root/proc/thread-self/root/proc/thread-self/root/proc/thread-self/root/proc/self/root/proc/self/root/proc/self/root/proc/self/root/proc/lve/resellers HTTP/2.0" 200 2454 "https://www.veronaae.com/?path=//proc/self/root/proc/thread-self/root/proc/thread-self/root/proc/thread-self/root/proc/thread-self/root/proc/self/root/proc/self/root/proc/self/root/proc/self/root/proc/lve" "Mozilla/5.0 AppleWebKit/537.36 (KHTML, like Gecko; compatible; GPTBot/1.3; +https://openai.com/gptbot)" 526 **0/526341**
57.141.20.13 - - [17/Jan/2026:05:16:47 -0700] "GET /?e=1126870jifghe HTTP/2.0" 200 108366 "-" "meta-externalagent/1.1 (+https://developers.facebook.com/docs/sharing/webmasters/crawler)" 516 **0/516007**
74.7.227.58 - - [17/Jan/2026:05:16:48 -0700] "GET /?path=//proc/self/root/proc/thread-self/root/proc/thread-self/root/proc/thread-self/root/proc/thread-self/root/proc/self/root/proc/self/root/proc/self/root/proc/self/root/var/cache/man/de HTTP/2.0" 200 2894 "https://www.veronaae.com/?path=//proc/self/root/proc/thread-self/root/proc/thread-self/root/proc/thread-self/root/proc/thread-self/root/proc/self/root/proc/self/root/proc/self/root/proc/self/root/var/cache/man" "Mozilla/5.0 AppleWebKit/537.36 (KHTML, like Gecko; compatible; GPTBot/1.3; +https://openai.com/gptbot)" 517 **0/517899**
74.7.227.58 - - [17/Jan/2026:05:16:49 -0700] "GET /?path=//proc/self/root/proc/thread-self/root/proc/thread-self/root/proc/thread-self/root/proc/thread-self/root/proc/self/root/proc/self/root/proc/self/root/proc/self/root/proc/fs/nfsd HTTP/2.0" 200 2448 "https://www.veronaae.com/?path=//proc/self/root/proc/thread-self/root/proc/thread-self/root/proc/thread-self/root/proc/thread-self/root/proc/self/root/proc/self/root/proc/self/root/proc/self/root/proc/fs" "Mozilla/5.0 AppleWebKit/537.36 (KHTML, like Gecko; compatible; GPTBot/1.3; +https://openai.com/gptbot)" 538 **0/538923**
66.249.75.75 - - [17/Jan/2026:05:16:48 -0700] "GET /?v=colour-441232924 HTTP/1.1" 200 22733 "-" "Mozilla/5.0 (Linux; Android 6.0.1; Nexus 5X Build/MMB29P) AppleWebKit/537.36 (KHTML, like Gecko) Chrome/143.0.7499.192 Mobile Safari/537.36 (compatible; Googlebot/2.1; +http://www.google.com/bot.html)" 1623 **1/1623932**
74.7.227.58 - - [17/Jan/2026:05:16:50 -0700] "GET /?path=//proc/self/root/proc/thread-self/root/proc/thread-self/root/proc/thread-self/root/proc/thread-self/root/proc/self/root/proc/self/root/proc/self/root/proc/self/root/usr/include HTTP/2.0" 200 9732 "https://www.veronaae.com/?path=//proc/self/root/proc/thread-self/root/proc/thread-self/root/proc/thread-self/root/proc/thread-self/root/proc/self/root/proc/self/root/proc/self/root/proc/self/root/usr" "Mozilla/5.0 AppleWebKit/537.36 (KHTML, like Gecko; compatible; GPTBot/1.3; +https://openai.com/gptbot)" 679 **0/679562**
57.141.20.49 - - [17/Jan/2026:05:16:50 -0700] "GET /?e=53266065iah7c HTTP/2.0" 200 108366 "-" "meta-externalagent/1.1 (+https://developers.facebook.com/docs/sharing/webmasters/crawler)" 597 **0/597065**
216.73.216.56 - - [17/Jan/2026:05:16:50 -0700] "GET /uv-printing?path=%2F%2Fproc%2Fthread-self%2Froot%2Fusr%2Flib64%2Fnss HTTP/2.0" 200 2627 "-" "Mozilla/5.0 AppleWebKit/537.36 (KHTML, like Gecko; compatible; ClaudeBot/1.0; +claudebot@anthropic.com)" 698 **0/698356**
216.73.216.56 - - [17/Jan/2026:05:16:50 -0700] "GET /uv-printing?path=%2F%2Fproc%2Fthread-self%2Froot%2Fusr%2Flib64%2Fman-db HTTP/2.0" 200 2685 "-" "Mozilla/5.0 AppleWebKit/537.36 (KHTML, like Gecko; compatible; ClaudeBot/1.0; +claudebot@anthropic.com)" 709 **0/709767**
216.73.216.56 - - [17/Jan/2026:05:16:50 -0700] "GET /uv-printing?path=%2F%2Fproc%2Fthread-self%2Froot%2Fopt%2Falt%2Flibmemcached HTTP/2.0" 200 2592 "-" "Mozilla/5.0 AppleWebKit/537.36 (KHTML, like Gecko; compatible; ClaudeBot/1.0; +claudebot@anthropic.com)" 718 **0/718659**
216.73.216.56 - - [17/Jan/2026:05:16:50 -0700] "GET /uv-printing?fileloc=%2F%2Fproc%2Fself%2Froot%2Fusr%2Fbin%2Fphp&path=%2F%2Fproc%2Fself%2Froot%2Fusr%2Fbin HTTP/2.0" 200 2695 "-" "Mozilla/5.0 AppleWebKit/537.36 (KHTML, like Gecko; compatible; ClaudeBot/1.0; +claudebot@anthropic.com)" 797 **0/797426**
216.73.216.56 - - [17/Jan/2026:05:16:50 -0700] "GET /uv-printing?fileloc=%2F%2Fproc%2Fself%2Froot%2Fproc%2Fself%2Fpatch_state&path=%2F%2Fproc%2Fself%2Froot%2Fproc%2Fself HTTP/2.0" 200 2280 "-" "Mozilla/5.0 AppleWebKit/537.36 (KHTML, like Gecko; compatible; ClaudeBot/1.0; +claudebot@anthropic.com)" 912 **0/912021**
216.73.216.56 - - [17/Jan/2026:05:16:50 -0700] "GET /uv-printing?path=%2F%2Fproc%2Fthread-self%2Froot%2Fusr%2Flib64%2Fgems HTTP/2.0" 200 2589 "-" "Mozilla/5.0 AppleWebKit/537.36 (KHTML, like Gecko; compatible; ClaudeBot/1.0; +claudebot@anthropic.com)" 913 **0/913297**
216.73.216.56 - - [17/Jan/2026:05:16:50 -0700] "GET /uv-printing?fileloc=%2F%2Fproc%2Fself%2Froot%2Fusr%2Fbin%2Fstrings&path=%2F%2Fproc%2Fself%2Froot%2Fusr%2Fbin HTTP/2.0" 200 2286 "-" "Mozilla/5.0 AppleWebKit/537.36 (KHTML, like Gecko; compatible; ClaudeBot/1.0; +claudebot@anthropic.com)" 1208 **1/1208530**
216.73.216.56 - - [17/Jan/2026:05:16:50 -0700] "GET /uv-printing?path=%2F%2Fproc%2Fself%2Froot%2Fusr%2Fshare%2Fimunify360 HTTP/2.0" 200 2595 "-" "Mozilla/5.0 AppleWebKit/537.36 (KHTML, like Gecko; compatible; ClaudeBot/1.0; +claudebot@anthropic.com)" 1266 **1/1266770**
66.249.75.75 - - [17/Jan/2026:05:16:50 -0700] "GET /?s=1203761051760 HTTP/1.1" 200 22138 "-" "Mozilla/5.0 (Linux; Android 6.0.1; Nexus 5X Build/MMB29P) AppleWebKit/537.36 (KHTML, like Gecko) Chrome/143.0.7499.192 Mobile Safari/537.36 (compatible; Googlebot/2.1; +http://www.google.com/bot.html)" 1701 **1/1701437**
216.73.216.56 - - [17/Jan/2026:05:16:50 -0700] "GET /uv-printing?path=%2F%2Fproc%2Fthread-self%2Froot%2Fopt%2Falt%2Fcurl HTTP/2.0" 200 2586 "-" "Mozilla/5.0 AppleWebKit/537.36 (KHTML, like Gecko; compatible; ClaudeBot/1.0; +claudebot@anthropic.com)" 1528 **1/1528702**
74.7.227.58 - - [17/Jan/2026:05:16:50 -0700] "GET /?path=//proc/self/root/proc/thread-self/root/proc/thread-self/root/proc/thread-self/root/proc/thread-self/root/proc/self/root/proc/self/root/proc/self/root/proc/self/root/var/cache/man/pl HTTP/2.0" 200 2893 "https://www.veronaae.com/?path=//proc/self/root/proc/thread-self/root/proc/thread-self/root/proc/thread-self/root/proc/thread-self/root/proc/self/root/proc/self/root/proc/self/root/proc/self/root/var/cache/man" "Mozilla/5.0 AppleWebKit/537.36 (KHTML, like Gecko; compatible; GPTBot/1.3; +https://openai.com/gptbot)" 894 **0/894311**
216.73.216.56 - - [17/Jan/2026:05:16:50 -0700] "GET /uv-printing?fileloc=%2F%2Fproc%2Fthread-self%2Fcwd%2Fwp-includes%2FText%2FDiff.php&path=%2F%2Fproc%2Fthread-self%2Fcwd%2Fwp-includes%2FText HTTP/2.0" 200 5243 "-" "Mozilla/5.0 AppleWebKit/537.36 (KHTML, like Gecko; compatible; ClaudeBot/1.0; +claudebot@anthropic.com)" 1612 **1/1612008**
216.73.216.56 - - [17/Jan/2026:05:16:50 -0700] "GET /uv-printing?path=%2F%2Fproc%2Fthread-self%2Froot%2Fopt%2Falt%2Flibwebp HTTP/2.0" 200 2614 "-" "Mozilla/5.0 AppleWebKit/537.36 (KHTML, like Gecko; compatible; ClaudeBot/1.0; +claudebot@anthropic.com)" 1653 **1/1653586**
216.73.216.56 - - [17/Jan/2026:05:16:51 -0700] "GET /uv-printing?path=%2F%2Fproc%2Fthread-self%2Froot%2Fusr%2Flib64%2FX11 HTTP/2.0" 200 2350 "-" "Mozilla/5.0 AppleWebKit/537.36 (KHTML, like Gecko; compatible; ClaudeBot/1.0; +claudebot@anthropic.com)" 852 **0/852538**
216.73.216.56 - - [17/Jan/2026:05:16:51 -0700] "GET /uv-printing?path=%2F%2Fproc%2Fthread-self%2Froot%2Fproc%2Fscsi%2Fsg HTTP/2.0" 200 2756 "-" "Mozilla/5.0 AppleWebKit/537.36 (KHTML, like Gecko; compatible; ClaudeBot/1.0; +claudebot@anthropic.com)" 854 **0/854926**
216.73.216.56 - - [17/Jan/2026:05:16:51 -0700] "GET /uv-printing?path=%2F%2Fproc%2Fthread-self%2Froot%2Fusr%2Flib64%2Flibibverbs HTTP/2.0" 200 2990 "-" "Mozilla/5.0 AppleWebKit/537.36 (KHTML, like Gecko; compatible; ClaudeBot/1.0; +claudebot@anthropic.com)" 764 **0/764130**
216.73.216.56 - - [17/Jan/2026:05:16:51 -0700] "GET /uv-printing?fileloc=%2F%2Fproc%2Fthread-self%2Froot%2Fusr%2Flib64%2Flibpython3.6m.so.1.0&path=%2F%2Fproc%2Fthread-self%2Froot%2Fusr%2Flib64 HTTP/2.0" 200 2298 "-" "Mozilla/5.0 AppleWebKit/537.36 (KHTML, like Gecko; compatible; ClaudeBot/1.0; +claudebot@anthropic.com)" 961 **0/961092**
216.73.216.56 - - [17/Jan/2026:05:16:51 -0700] "GET /uv-printing?path=%2F%2Fproc%2Fself%2Froot%2Fproc%2Fself%2Fcwd HTTP/2.0" 200 4327 "-" "Mozilla/5.0 AppleWebKit/537.36 (KHTML, like Gecko; compatible; ClaudeBot/1.0; +claudebot@anthropic.com)" 883 **0/883305**
216.73.216.56 - - [17/Jan/2026:05:16:51 -0700] "GET /uv-printing?fileloc=%2F%2Fproc%2Fself%2Froot%2Fetc%2Fenvironment-modules%2Fmodulespath&path=%2F%2Fproc%2Fself%2Froot%2Fetc%2Fenvironment-modules HTTP/2.0" 200 2422 "-" "Mozilla/5.0 AppleWebKit/537.36 (KHTML, like Gecko; compatible; ClaudeBot/1.0; +claudebot@anthropic.com)" 900 **0/900590**
216.73.216.56 - - [17/Jan/2026:05:16:51 -0700] "GET /uv-printing?path=%2F%2Fproc%2Fthread-self%2Froot%2Fusr%2Flib64%2Flibxslt-plugins HTTP/2.0" 200 2353 "-" "Mozilla/5.0 AppleWebKit/537.36 (KHTML, like Gecko; compatible; ClaudeBot/1.0; +claudebot@anthropic.com)" 911 **0/911916**
216.73.216.56 - - [17/Jan/2026:05:16:52 -0700] "GET /uv-printing?fileloc=%2F%2Fproc%2Fself%2Froot%2Fusr%2Fbin%2Fobjdump&path=%2F%2Fproc%2Fself%2Froot%2Fusr%2Fbin HTTP/2.0" 200 2288 "-" "Mozilla/5.0 AppleWebKit/537.36 (KHTML, like Gecko; compatible; ClaudeBot/1.0; +claudebot@anthropic.com)" 739 **0/739930**
74.7.227.58 - - [17/Jan/2026:05:16:52 -0700] "GET /?fileloc=//proc/self/root/proc/thread-self/root/proc/thread-self/root/proc/thread-self/root/proc/thread-self/root/proc/self/root/proc/self/root/proc/self/root/proc/self/root/var/cache/man/da/index.db&path=//proc/self/root/proc/thread-self/root/proc/thread-self/root/proc/thread-self/root/proc/thread-self/root/proc/self/root/proc/self/root/proc/self/root/proc/self/root/var/cache/man/da HTTP/2.0" 200 2413 "https://www.veronaae.com/?path=//proc/self/root/proc/thread-self/root/proc/thread-self/root/proc/thread-self/root/proc/thread-self/root/proc/self/root/proc/self/root/proc/self/root/proc/self/root/var/cache/man/da" "Mozilla/5.0 AppleWebKit/537.36 (KHTML, like Gecko; compatible; GPTBot/1.3; +https://openai.com/gptbot)" 996 **0/996204**
216.73.216.56 - - [17/Jan/2026:05:16:52 -0700] "GET /uv-printing?fileloc=%2F%2Fproc%2Fthread-self%2Froot%2Fusr%2Flib64%2Flibpython3.12.so.1.0&path=%2F%2Fproc%2Fthread-self%2Froot%2Fusr%2Flib64 HTTP/2.0" 200 2299 "-" "Mozilla/5.0 AppleWebKit/537.36 (KHTML, like Gecko; compatible; ClaudeBot/1.0; +claudebot@anthropic.com)" 1021 **1/1021622**
216.73.216.56 - - [17/Jan/2026:05:16:52 -0700] "GET /uv-printing?path=%2F%2Fproc%2Fthread-self%2Froot%2Fusr%2Flib64%2Fgames HTTP/2.0" 200 2349 "-" "Mozilla/5.0 AppleWebKit/537.36 (KHTML, like Gecko; compatible; ClaudeBot/1.0; +claudebot@anthropic.com)" 840 **0/840142**
57.141.20.23 - - [17/Jan/2026:05:16:52 -0700] "GET /?e=40674916c2382 HTTP/2.0" 200 108366 "-" "meta-externalagent/1.1 (+https://developers.facebook.com/docs/sharing/webmasters/crawler)" 1057 **1/1057998**
216.73.216.56 - - [17/Jan/2026:05:16:52 -0700] "GET /uv-printing?fileloc=%2F%2Fproc%2Fself%2Froot%2Fusr%2Fbin%2Fsqlite3&path=%2F%2Fproc%2Fself%2Froot%2Fusr%2Fbin HTTP/2.0" 200 2289 "-" "Mozilla/5.0 AppleWebKit/537.36 (KHTML, like Gecko; compatible; ClaudeBot/1.0; +claudebot@anthropic.com)" 1052 **1/1052313**
216.73.216.56 - - [17/Jan/2026:05:16:52 -0700] "GET /uv-printing?path=%2F%2Fproc%2Fthread-self%2Froot%2Fvar%2Frun%2Fnscd HTTP/2.0" 200 2608 "-" "Mozilla/5.0 AppleWebKit/537.36 (KHTML, like Gecko; compatible; ClaudeBot/1.0; +claudebot@anthropic.com)" 1002 **1/1002061**
216.73.216.56 - - [17/Jan/2026:05:16:52 -0700] "GET /uv-printing?fileloc=%2F%2Fproc%2Fself%2Froot%2Fusr%2Fbin%2Fscript&path=%2F%2Fproc%2Fself%2Froot%2Fusr%2Fbin HTTP/2.0" 200 2286 "-" "Mozilla/5.0 AppleWebKit/537.36 (KHTML, like Gecko; compatible; ClaudeBot/1.0; +claudebot@anthropic.com)" 964 **0/964230**
216.73.216.56 - - [17/Jan/2026:05:16:52 -0700] "GET /uv-printing?path=%2F%2Fproc%2Fthread-self%2Froot%2Fopt%2Falt%2Fopenssl11 HTTP/2.0" 200 2664 "-" "Mozilla/5.0 AppleWebKit/537.36 (KHTML, like Gecko; compatible; ClaudeBot/1.0; +claudebot@anthropic.com)" 983 **0/983009**
216.73.216.56 - - [17/Jan/2026:05:16:52 -0700] "GET /uv-printing?path=%2F%2Fproc%2Fself%2Froot%2Fusr%2Fshare%2Fzoneinfo HTTP/2.0" 200 4370 "-" "Mozilla/5.0 AppleWebKit/537.36 (KHTML, like Gecko; compatible; ClaudeBot/1.0; +claudebot@anthropic.com)" 903 **0/903498**
216.73.216.56 - - [17/Jan/2026:05:16:52 -0700] "GET /uv-printing?fileloc=%2F%2Fproc%2Fself%2Froot%2Fusr%2Fbin%2Fuapi&path=%2F%2Fproc%2Fself%2Froot%2Fusr%2Fbin HTTP/2.0" 200 2805 "-" "Mozilla/5.0 AppleWebKit/537.36 (KHTML, like Gecko; compatible; ClaudeBot/1.0; +claudebot@anthropic.com)" 998 **0/998835**
216.73.216.56 - - [17/Jan/2026:05:16:53 -0700] "GET /uv-printing?path=%2F%2Fproc%2Fself%2Froot%2Fusr%2Fshare%2Fmysql HTTP/2.0" 200 3848 "-" "Mozilla/5.0 AppleWebKit/537.36 (KHTML, like Gecko; compatible; ClaudeBot/1.0; +claudebot@anthropic.com)" 908 **0/908994**
216.73.216.56 - - [17/Jan/2026:05:16:53 -0700] "GET /uv-printing?fileloc=%2F%2Fproc%2Fself%2Froot%2Fusr%2Fsbin%2Fproxyexec&path=%2F%2Fproc%2Fself%2Froot%2Fusr%2Fsbin HTTP/2.0" 200 2287 "-" "Mozilla/5.0 AppleWebKit/537.36 (KHTML, like Gecko; compatible; ClaudeBot/1.0; +claudebot@anthropic.com)" 911 **0/911653**
216.73.216.56 - - [17/Jan/2026:05:16:53 -0700] "GET /uv-printing?fileloc=%2F%2Fproc%2Fself%2Froot%2Fusr%2Fbin%2Fbzdiff&path=%2F%2Fproc%2Fself%2Froot%2Fusr%2Fbin HTTP/2.0" 200 3183 "-" "Mozilla/5.0 AppleWebKit/537.36 (KHTML, like Gecko; compatible; ClaudeBot/1.0; +claudebot@anthropic.com)" 749 **0/749866**
74.7.227.58 - - [17/Jan/2026:05:16:53 -0700] "GET /?fileloc=//proc/self/root/proc/thread-self/root/proc/thread-self/root/proc/thread-self/root/proc/thread-self/root/proc/self/root/proc/self/root/proc/self/root/proc/self/root/var/cache/man/da/CACHEDIR.TAG&path=//proc/self/root/proc/thread-self/root/proc/thread-self/root/proc/thread-self/root/proc/thread-self/root/proc/self/root/proc/self/root/proc/self/root/proc/self/root/var/cache/man/da HTTP/2.0" 200 2539 "https://www.veronaae.com/?path=//proc/self/root/proc/thread-self/root/proc/thread-self/root/proc/thread-self/root/proc/thread-self/root/proc/self/root/proc/self/root/proc/self/root/proc/self/root/var/cache/man/da" "Mozilla/5.0 AppleWebKit/537.36 (KHTML, like Gecko; compatible; GPTBot/1.3; +https://openai.com/gptbot)" 802 **0/802839**
216.73.216.56 - - [17/Jan/2026:05:16:53 -0700] "GET /uv-printing?path=%2F%2Fproc%2Fself%2Froot%2Fusr%2Fshare%2Fterminfo HTTP/2.0" 200 2832 "-" "Mozilla/5.0 AppleWebKit/537.36 (KHTML, like Gecko; compatible; ClaudeBot/1.0; +claudebot@anthropic.com)" 872 **0/872842**
216.73.216.56 - - [17/Jan/2026:05:16:53 -0700] "GET /uv-printing?path=%2F%2Fproc%2Fthread-self%2Froot%2Fopt%2Falt%2Flibzip HTTP/2.0" 200 2588 "-" "Mozilla/5.0 AppleWebKit/537.36 (KHTML, like Gecko; compatible; ClaudeBot/1.0; +claudebot@anthropic.com)" 867 **0/867900**
216.73.216.56 - - [17/Jan/2026:05:16:53 -0700] "GET /uv-printing?fileloc=%2F%2Fproc%2Fself%2Froot%2Fusr%2Fbin%2Fghostscript&path=%2F%2Fproc%2Fself%2Froot%2Fusr%2Fbin HTTP/2.0" 200 2290 "-" "Mozilla/5.0 AppleWebKit/537.36 (KHTML, like Gecko; compatible; ClaudeBot/1.0; +claudebot@anthropic.com)" 798 **0/798066**
216.73.216.56 - - [17/Jan/2026:05:16:53 -0700] "GET /uv-printing?fileloc=%2F%2Fproc%2Fself%2Froot%2Fusr%2Fbin%2Fdiff3&path=%2F%2Fproc%2Fself%2Froot%2Fusr%2Fbin HTTP/2.0" 200 2285 "-" "Mozilla/5.0 AppleWebKit/537.36 (KHTML, like Gecko; compatible; ClaudeBot/1.0; +claudebot@anthropic.com)" 790 **0/790183**
216.73.216.56 - - [17/Jan/2026:05:16:54 -0700] "GET /uv-printing?path=%2F%2Fproc%2Fself%2Froot%2Fusr%2Fshare%2Fapplications HTTP/2.0" 200 2606 "-" "Mozilla/5.0 AppleWebKit/537.36 (KHTML, like Gecko; compatible; ClaudeBot/1.0; +claudebot@anthropic.com)" 801 **0/801812**
216.73.216.56 - - [17/Jan/2026:05:16:54 -0700] "GET /uv-printing?path=%2F%2Fproc%2Fthread-self%2Froot%2Fusr%2Flib64%2Fcifs-utils HTTP/2.0" 200 2627 "-" "Mozilla/5.0 AppleWebKit/537.36 (KHTML, like Gecko; compatible; ClaudeBot/1.0; +claudebot@anthropic.com)" 730 **0/730594**
216.73.216.56 - - [17/Jan/2026:05:16:54 -0700] "GET /uv-printing?fileloc=%2F%2Fproc%2Fthread-self%2Froot%2Fusr%2Flib64%2Flibbasicobjects.so.0.1.0&path=%2F%2Fproc%2Fthread-self%2Froot%2Fusr%2Flib64 HTTP/2.0" 200 2300 "-" "Mozilla/5.0 AppleWebKit/537.36 (KHTML, like Gecko; compatible; ClaudeBot/1.0; +claudebot@anthropic.com)" 720 **0/720260**
216.73.216.56 - - [17/Jan/2026:05:16:54 -0700] "GET /uv-printing?path=%2F%2Fproc%2Fthread-self%2Froot%2Fusr%2Flib64%2Fsse2 HTTP/2.0" 200 2349 "-" "Mozilla/5.0 AppleWebKit/537.36 (KHTML, like Gecko; compatible; ClaudeBot/1.0; +claudebot@anthropic.com)" 823 **0/823354**
216.73.216.56 - - [17/Jan/2026:05:16:54 -0700] "GET /uv-printing?fileloc=%2F%2Fproc%2Fself%2Froot%2Fusr%2Fbin%2Fpatch&path=%2F%2Fproc%2Fself%2Froot%2Fusr%2Fbin HTTP/2.0" 200 2285 "-" "Mozilla/5.0 AppleWebKit/537.36 (KHTML, like Gecko; compatible; ClaudeBot/1.0; +claudebot@anthropic.com)" 836 **0/836246**
57.141.20.26 - - [17/Jan/2026:05:16:54 -0700] "GET /?e=4749592bfa4gj HTTP/2.0" 200 108366 "-" "meta-externalagent/1.1 (+https://developers.facebook.com/docs/sharing/webmasters/crawler)" 893 **0/893539**
216.73.216.56 - - [17/Jan/2026:05:16:54 -0700] "GET /uv-printing?path=%2F%2Fproc%2Fthread-self%2Froot%2Fusr%2Flib64%2Ftls HTTP/2.0" 200 2349 "-" "Mozilla/5.0 AppleWebKit/537.36 (KHTML, like Gecko; compatible; ClaudeBot/1.0; +claudebot@anthropic.com)" 821 **0/821681**
74.7.227.58 - - [17/Jan/2026:05:16:54 -0700] "GET /?path=//proc/self/root/proc/thread-self/root/proc/thread-self/root/proc/thread-self/root/proc/thread-self/root/proc/self/root/proc/self/root/proc/self/root/proc/self/root/usr/local HTTP/2.0" 200 2838 "https://www.veronaae.com/?path=//proc/self/root/proc/thread-self/root/proc/thread-self/root/proc/thread-self/root/proc/thread-self/root/proc/self/root/proc/self/root/proc/self/root/proc/self/root/usr" "Mozilla/5.0 AppleWebKit/537.36 (KHTML, like Gecko; compatible; GPTBot/1.3; +https://openai.com/gptbot)" 812 **0/812156**
216.73.216.56 - - [17/Jan/2026:05:16:54 -0700] "GET /uv-printing?path=%2F%2Fproc%2Fthread-self%2Froot%2Fusr%2Flib64%2Fmysql HTTP/2.0" 200 2840 "-" "Mozilla/5.0 AppleWebKit/537.36 (KHTML, like Gecko; compatible; ClaudeBot/1.0; +claudebot@anthropic.com)" 783 **0/783729**
216.73.216.56 - - [17/Jan/2026:05:16:54 -0700] "GET /uv-printing?fileloc=%2F%2Fproc%2Fself%2Froot%2Fproc%2Fself%2Fcpu_resctrl_groups&path=%2F%2Fproc%2Fself%2Froot%2Fproc%2Fself HTTP/2.0" 200 2288 "-" "Mozilla/5.0 AppleWebKit/537.36 (KHTML, like Gecko; compatible; ClaudeBot/1.0; +claudebot@anthropic.com)" 713 **0/713051**
216.73.216.56 - - [17/Jan/2026:05:16:54 -0700] "GET /uv-printing?path=%2F%2Fproc%2Fself%2Froot%2Fusr%2Fshare%2Fman HTTP/2.0" 200 3192 "-" "Mozilla/5.0 AppleWebKit/537.36 (KHTML, like Gecko; compatible; ClaudeBot/1.0; +claudebot@anthropic.com)" 718 **0/718415**
216.73.216.56 - - [17/Jan/2026:05:16:55 -0700] "GET /uv-printing?path=%2F%2Fproc%2Fself%2Froot%2Fproc%2Fself%2Ffdinfo HTTP/2.0" 200 2712 "-" "Mozilla/5.0 AppleWebKit/537.36 (KHTML, like Gecko; compatible; ClaudeBot/1.0; +claudebot@anthropic.com)" 819 **0/819509**
216.73.216.56 - - [17/Jan/2026:05:16:55 -0700] "GET /uv-printing?path=%2F%2Fproc%2Fthread-self%2Froot%2Fusr%2Flib64%2Flibdnf HTTP/2.0" 200 2590 "-" "Mozilla/5.0 AppleWebKit/537.36 (KHTML, like Gecko; compatible; ClaudeBot/1.0; +claudebot@anthropic.com)" 729 **0/729582**
216.73.216.56 - - [17/Jan/2026:05:16:55 -0700] "GET /uv-printing?path=%2F%2Fproc%2Fthread-self%2Froot%2Fusr%2Flib64%2FGraphicsMagick-1.3.38 HTTP/2.0" 200 2641 "-" "Mozilla/5.0 AppleWebKit/537.36 (KHTML, like Gecko; compatible; ClaudeBot/1.0; +claudebot@anthropic.com)" 743 **0/743558**
216.73.216.56 - - [17/Jan/2026:05:16:55 -0700] "GET /uv-printing?path=%2F%2Fproc%2Fself%2Froot%2Fusr%2Fshare%2Fi360-php-opts HTTP/2.0" 200 3155 "-" "Mozilla/5.0 AppleWebKit/537.36 (KHTML, like Gecko; compatible; ClaudeBot/1.0; +claudebot@anthropic.com)" 756 **0/756908**
216.73.216.56 - - [17/Jan/2026:05:16:55 -0700] "GET /uv-printing?fileloc=%2F%2Fproc%2Fself%2Froot%2Fusr%2Fbin%2Fdiff&path=%2F%2Fproc%2Fself%2Froot%2Fusr%2Fbin HTTP/2.0" 200 2284 "-" "Mozilla/5.0 AppleWebKit/537.36 (KHTML, like Gecko; compatible; ClaudeBot/1.0; +claudebot@anthropic.com)" 758 **0/758498**
216.73.216.56 - - [17/Jan/2026:05:16:55 -0700] "GET /uv-printing?path=%2F%2Fproc%2Fthread-self%2Froot%2Fusr%2Flib64%2Flftp HTTP/2.0" 200 2590 "-" "Mozilla/5.0 AppleWebKit/537.36 (KHTML, like Gecko; compatible; ClaudeBot/1.0; +claudebot@anthropic.com)" 754 **0/754614**
216.73.216.56 - - [17/Jan/2026:05:16:55 -0700] "GET /uv-printing?fileloc=%2F%2Fproc%2Fthread-self%2Froot%2Fusr%2Flib64%2Flibpython2.7.so.1.0&path=%2F%2Fproc%2Fthread-self%2Froot%2Fusr%2Flib64 HTTP/2.0" 200 2299 "-" "Mozilla/5.0 AppleWebKit/537.36 (KHTML, like Gecko; compatible; ClaudeBot/1.0; +claudebot@anthropic.com)" 857 **0/857796**
74.7.227.58 - - [17/Jan/2026:05:16:55 -0700] "GET /?path=//proc/self/root/proc/thread-self/root/proc/thread-self/root/proc/thread-self/root/proc/thread-self/root/proc/self/root/proc/self/root/proc/self/root/proc/self/root/var/cache/man/ja HTTP/2.0" 200 2896 "https://www.veronaae.com/?path=//proc/self/root/proc/thread-self/root/proc/thread-self/root/proc/thread-self/root/proc/thread-self/root/proc/self/root/proc/self/root/proc/self/root/proc/self/root/var/cache/man" "Mozilla/5.0 AppleWebKit/537.36 (KHTML, like Gecko; compatible; GPTBot/1.3; +https://openai.com/gptbot)" 845 **0/845558**
57.141.20.4 - - [17/Jan/2026:05:16:55 -0700] "GET /?e=113028853115e HTTP/2.0" 200 108366 "-" "meta-externalagent/1.1 (+https://developers.facebook.com/docs/sharing/webmasters/crawler)" 931 **0/931877**
216.73.216.56 - - [17/Jan/2026:05:16:55 -0700] "GET /uv-printing?path=%2F%2Fproc%2Fthread-self%2Froot%2Fusr%2Flib64%2Fgraphviz HTTP/2.0" 200 3159 "-" "Mozilla/5.0 AppleWebKit/537.36 (KHTML, like Gecko; compatible; ClaudeBot/1.0; +claudebot@anthropic.com)" 883 **0/883270**
216.73.216.56 - - [17/Jan/2026:05:16:55 -0700] "GET /uv-printing?fileloc=%2F%2Fproc%2Fself%2Froot%2Fproc%2Fself%2Fstack&path=%2F%2Fproc%2Fself%2Froot%2Fproc%2Fself HTTP/2.0" 200 2273 "-" "Mozilla/5.0 AppleWebKit/537.36 (KHTML, like Gecko; compatible; ClaudeBot/1.0; +claudebot@anthropic.com)" 797 **0/797748**
216.73.216.56 - - [17/Jan/2026:05:16:55 -0700] "GET /uv-printing?path=%2F%2Fproc%2Fthread-self%2Froot%2Fusr%2Flib64%2Fsssd HTTP/2.0" 200 3151 "-" "Mozilla/5.0 AppleWebKit/537.36 (KHTML, like Gecko; compatible; ClaudeBot/1.0; +claudebot@anthropic.com)" 895 **0/895622**
216.73.216.56 - - [17/Jan/2026:05:16:56 -0700] "GET /uv-printing?path=%2F%2Fproc%2Fthread-self%2Froot%2Fusr%2Flib64%2Fbpf HTTP/2.0" 200 2348 "-" "Mozilla/5.0 AppleWebKit/537.36 (KHTML, like Gecko; compatible; ClaudeBot/1.0; +claudebot@anthropic.com)" 813 **0/813345**
57.141.20.6 - - [17/Jan/2026:05:16:56 -0700] "GET /?e=311164h2di14 HTTP/2.0" 200 108366 "-" "meta-externalagent/1.1 (+https://developers.facebook.com/docs/sharing/webmasters/crawler)" 911 **0/911230**
216.73.216.56 - - [17/Jan/2026:05:16:56 -0700] "GET /uv-printing?fileloc=%2F%2Fproc%2Fself%2Froot%2Fusr%2Fbin%2Fexpr&path=%2F%2Fproc%2Fself%2Froot%2Fusr%2Fbin HTTP/2.0" 200 2285 "-" "Mozilla/5.0 AppleWebKit/537.36 (KHTML, like Gecko; compatible; ClaudeBot/1.0; +claudebot@anthropic.com)" 831 **0/831751**
216.73.216.56 - - [17/Jan/2026:05:16:56 -0700] "GET /uv-printing?path=%2F%2Fproc%2Fself%2Froot%2Fusr%2Fshare%2Fgroff HTTP/2.0" 200 2614 "-" "Mozilla/5.0 AppleWebKit/537.36 (KHTML, like Gecko; compatible; ClaudeBot/1.0; +claudebot@anthropic.com)" 932 **0/932398**
216.73.216.56 - - [17/Jan/2026:05:16:56 -0700] "GET /uv-printing?path=%2F%2Fproc%2Fthread-self%2Froot%2Fusr%2Flib64%2Fgconv HTTP/2.0" 200 6931 "-" "Mozilla/5.0 AppleWebKit/537.36 (KHTML, like Gecko; compatible; ClaudeBot/1.0; +claudebot@anthropic.com)" 1113 **1/1113107**
216.73.216.56 - - [17/Jan/2026:05:16:56 -0700] "GET /uv-printing?path=%2F%2Fproc%2Fthread-self%2Froot%2Fusr%2Flib64%2Ftk8.6 HTTP/2.0" 200 2615 "-" "Mozilla/5.0 AppleWebKit/537.36 (KHTML, like Gecko; compatible; ClaudeBot/1.0; +claudebot@anthropic.com)" 772 **0/772904**
216.73.216.56 - - [17/Jan/2026:05:16:56 -0700] "GET /uv-printing?path=%2F%2Fproc%2Fthread-self%2Froot%2Fusr%2Flib64%2Fdovecot HTTP/2.0" 200 4308 "-" "Mozilla/5.0 AppleWebKit/537.36 (KHTML, like Gecko; compatible; ClaudeBot/1.0; +claudebot@anthropic.com)" 951 **0/951292**
216.73.216.56 - - [17/Jan/2026:05:16:56 -0700] "GET /uv-printing?path=%2F%2Fproc%2Fthread-self%2Froot%2Fusr%2Flib64%2Ficinga2 HTTP/2.0" 200 2592 "-" "Mozilla/5.0 AppleWebKit/537.36 (KHTML, like Gecko; compatible; ClaudeBot/1.0; +claudebot@anthropic.com)" 788 **0/788405**
74.7.227.58 - - [17/Jan/2026:05:16:56 -0700] "GET /?path=//proc/self/root/proc/thread-self/root/proc/thread-self/root/proc/thread-self/root/proc/thread-self/root/proc/self/root/proc/self/root/proc/self/root/proc/self/root/var/cache/man/hu HTTP/2.0" 200 2881 "https://www.veronaae.com/?path=//proc/self/root/proc/thread-self/root/proc/thread-self/root/proc/thread-self/root/proc/thread-self/root/proc/self/root/proc/self/root/proc/self/root/proc/self/root/var/cache/man" "Mozilla/5.0 AppleWebKit/537.36 (KHTML, like Gecko; compatible; GPTBot/1.3; +https://openai.com/gptbot)" 869 **0/869048**
216.73.216.56 - - [17/Jan/2026:05:16:56 -0700] "GET /uv-printing?path=%2F%2Fproc%2Fthread-self%2Froot%2Fvar%2Frun%2Fsepermit HTTP/2.0" 200 2353 "-" "Mozilla/5.0 AppleWebKit/537.36 (KHTML, like Gecko; compatible; ClaudeBot/1.0; +claudebot@anthropic.com)" 793 **0/793626**
216.73.216.56 - - [17/Jan/2026:05:16:57 -0700] "GET /uv-printing?path=%2F%2Fproc%2Fself%2Froot%2Fusr%2Fshare%2Ffile HTTP/2.0" 200 2603 "-" "Mozilla/5.0 AppleWebKit/537.36 (KHTML, like Gecko; compatible; ClaudeBot/1.0; +claudebot@anthropic.com)" 818 **0/818363**
216.73.216.56 - - [17/Jan/2026:05:16:57 -0700] "GET /uv-printing?path=%2F%2Fproc%2Fself%2Froot%2Fetc%2Fsecurity%2Fnamespace.d HTTP/2.0" 200 2349 "-" "Mozilla/5.0 AppleWebKit/537.36 (KHTML, like Gecko; compatible; ClaudeBot/1.0; +claudebot@anthropic.com)" 718 **0/718515**
216.73.216.56 - - [17/Jan/2026:05:16:57 -0700] "GET /uv-printing?path=%2F%2Fproc%2Fthread-self%2Froot%2Fusr%2Flib64%2Ffirebird HTTP/2.0" 200 2625 "-" "Mozilla/5.0 AppleWebKit/537.36 (KHTML, like Gecko; compatible; ClaudeBot/1.0; +claudebot@anthropic.com)" 812 **0/812769**
216.73.216.56 - - [17/Jan/2026:05:16:57 -0700] "GET /uv-printing?fileloc=%2F%2Fproc%2Fself%2Froot%2Fusr%2Fbin%2Fssh&path=%2F%2Fproc%2Fself%2Froot%2Fusr%2Fbin HTTP/2.0" 200 2285 "-" "Mozilla/5.0 AppleWebKit/537.36 (KHTML, like Gecko; compatible; ClaudeBot/1.0; +claudebot@anthropic.com)" 643 **0/643777**
216.73.216.56 - - [17/Jan/2026:05:16:57 -0700] "GET /uv-printing?path=%2F%2Fproc%2Fself%2Froot%2Fproc%2Fself%2Fns HTTP/2.0" 200 2794 "-" "Mozilla/5.0 AppleWebKit/537.36 (KHTML, like Gecko; compatible; ClaudeBot/1.0; +claudebot@anthropic.com)" 666 **0/666373**
216.73.216.56 - - [17/Jan/2026:05:16:57 -0700] "GET /uv-printing?path=%2F%2Fproc%2Fthread-self%2Froot%2Fusr%2Flib64%2Fgroff HTTP/2.0" 200 2350 "-" "Mozilla/5.0 AppleWebKit/537.36 (KHTML, like Gecko; compatible; ClaudeBot/1.0; +claudebot@anthropic.com)" 596 **0/596505**
216.73.216.56 - - [17/Jan/2026:05:16:57 -0700] "GET /uv-printing?path=%2F%2Fproc%2Fthread-self%2Froot%2Fopt%2Falt%2Fvips HTTP/2.0" 200 2613 "-" "Mozilla/5.0 AppleWebKit/537.36 (KHTML, like Gecko; compatible; ClaudeBot/1.0; +claudebot@anthropic.com)" 611 **0/611200**
216.73.216.56 - - [17/Jan/2026:05:16:57 -0700] "GET /uv-printing?path=%2F%2Fproc%2Fthread-self%2Froot%2Fusr%2Flib64%2Faudit HTTP/2.0" 200 2618 "-" "Mozilla/5.0 AppleWebKit/537.36 (KHTML, like Gecko; compatible; ClaudeBot/1.0; +claudebot@anthropic.com)" 613 **0/613285**
216.73.216.56 - - [17/Jan/2026:05:16:58 -0700] "GET /uv-printing?fileloc=%2F%2Fproc%2Fself%2Froot%2Fusr%2Fbin%2Fgit-shell&path=%2F%2Fproc%2Fself%2Froot%2Fusr%2Fbin HTTP/2.0" 200 2290 "-" "Mozilla/5.0 AppleWebKit/537.36 (KHTML, like Gecko; compatible; ClaudeBot/1.0; +claudebot@anthropic.com)" 611 **0/611769**
216.73.216.56 - - [17/Jan/2026:05:16:58 -0700] "GET /uv-printing?path=%2F%2Fproc%2Fthread-self%2Froot%2Fetc%2Fssl%2Fcerts HTTP/2.0" 200 3045 "-" "Mozilla/5.0 AppleWebKit/537.36 (KHTML, like Gecko; compatible; ClaudeBot/1.0; +claudebot@anthropic.com)" 707 **0/707674**
74.7.227.58 - - [17/Jan/2026:05:16:58 -0700] "GET /?fileloc=//proc/self/root/proc/thread-self/root/proc/thread-self/root/proc/thread-self/root/proc/thread-self/root/proc/self/root/proc/self/root/proc/self/root/proc/self/root/home/bpw3460lz1vy/.myimunify_id&path=//proc/self/root/proc/thread-self/root/proc/thread-self/root/proc/thread-self/root/proc/thread-self/root/proc/self/root/proc/self/root/proc/self/root/proc/self/root/home/bpw3460lz1vy HTTP/2.0" 200 2450 "https://www.veronaae.com/?path=//proc/self/root/proc/thread-self/root/proc/thread-self/root/proc/thread-self/root/proc/thread-self/root/proc/self/root/proc/self/root/proc/self/root/proc/self/root/home/bpw3460lz1vy" "Mozilla/5.0 AppleWebKit/537.36 (KHTML, like Gecko; compatible; GPTBot/1.3; +https://openai.com/gptbot)" 696 **0/696334**
