216.73.216.56 - - [17/Jan/2026:05:25:51 -0700] "GET /uv-printing?fileloc=%2F%2Fusr%2Finclude%2Flinux%2Fnfc.h&path=%2F%2Fusr%2Finclude%2Flinux HTTP/2.0" 403 4315 "-" "Mozilla/5.0 AppleWebKit/537.36 (KHTML, like Gecko; compatible; ClaudeBot/1.0; +claudebot@anthropic.com)" 652 **0/652206**
216.73.216.56 - - [17/Jan/2026:05:25:51 -0700] "GET /uv-printing?fileloc=%2F%2Fusr%2Flib64%2Fpython2.7%2Fsite.pyo&path=%2F%2Fusr%2Flib64%2Fpython2.7 HTTP/2.0" 403 4315 "-" "Mozilla/5.0 AppleWebKit/537.36 (KHTML, like Gecko; compatible; ClaudeBot/1.0; +claudebot@anthropic.com)" 569 **0/569155**
216.73.216.56 - - [17/Jan/2026:05:25:51 -0700] "GET /uv-printing?fileloc=%2F%2Fusr%2Flib64%2Fpython3.6%2Fshlex.py&path=%2F%2Fusr%2Flib64%2Fpython3.6 HTTP/2.0" 403 4315 "-" "Mozilla/5.0 AppleWebKit/537.36 (KHTML, like Gecko; compatible; ClaudeBot/1.0; +claudebot@anthropic.com)" 569 **0/569787**
216.73.216.56 - - [17/Jan/2026:05:25:51 -0700] "GET /uv-printing?path=%2F%2Flib64%2Fpython3.12%2Fwsgiref HTTP/2.0" 403 4315 "-" "Mozilla/5.0 AppleWebKit/537.36 (KHTML, like Gecko; compatible; ClaudeBot/1.0; +claudebot@anthropic.com)" 558 **0/558416**
216.73.216.56 - - [17/Jan/2026:05:25:51 -0700] "GET /uv-printing?fileloc=%2F%2Flib64%2Fpython3.12%2Fdis.py&path=%2F%2Flib64%2Fpython3.12 HTTP/2.0" 403 4315 "-" "Mozilla/5.0 AppleWebKit/537.36 (KHTML, like Gecko; compatible; ClaudeBot/1.0; +claudebot@anthropic.com)" 571 **0/571867**
74.7.227.58 - - [17/Jan/2026:05:25:52 -0700] "GET /?fileloc=//proc/self/root/proc/thread-self/root/proc/thread-self/root/proc/thread-self/root/proc/thread-self/root/proc/self/root/proc/self/root/proc/self/root/proc/self/root/proc/self/root/usr/bin/sqlite3&path=//proc/self/root/proc/thread-self/root/proc/thread-self/root/proc/thread-self/root/proc/thread-self/root/proc/self/root/proc/self/root/proc/self/root/proc/self/root/proc/self/root/usr/bin HTTP/2.0" 200 2415 "https://www.veronaae.com/?path=//proc/self/root/proc/thread-self/root/proc/thread-self/root/proc/thread-self/root/proc/thread-self/root/proc/self/root/proc/self/root/proc/self/root/proc/self/root/proc/self/root/usr/bin" "Mozilla/5.0 AppleWebKit/537.36 (KHTML, like Gecko; compatible; GPTBot/1.3; +https://openai.com/gptbot)" 510 **0/510226**
66.249.75.75 - - [17/Jan/2026:05:25:49 -0700] "GET /?e=360908d2ba21 HTTP/1.1" 200 21689 "-" "Mozilla/5.0 (Linux; Android 6.0.1; Nexus 5X Build/MMB29P) AppleWebKit/537.36 (KHTML, like Gecko) Chrome/143.0.7499.192 Mobile Safari/537.36 (compatible; Googlebot/2.1; +http://www.google.com/bot.html)" 4047 **4/4047689**
74.7.227.58 - - [17/Jan/2026:05:25:52 -0700] "GET /?fileloc=//proc/self/root/proc/thread-self/root/proc/thread-self/root/proc/thread-self/root/proc/thread-self/root/proc/self/root/proc/self/root/proc/self/root/proc/self/root/proc/self/root/usr/bin/pdf2dsc&path=//proc/self/root/proc/thread-self/root/proc/thread-self/root/proc/thread-self/root/proc/thread-self/root/proc/self/root/proc/self/root/proc/self/root/proc/self/root/proc/self/root/usr/bin HTTP/2.0" 200 2855 "https://www.veronaae.com/?path=//proc/self/root/proc/thread-self/root/proc/thread-self/root/proc/thread-self/root/proc/thread-self/root/proc/self/root/proc/self/root/proc/self/root/proc/self/root/proc/self/root/usr/bin" "Mozilla/5.0 AppleWebKit/537.36 (KHTML, like Gecko; compatible; GPTBot/1.3; +https://openai.com/gptbot)" 495 **0/495061**
57.141.20.8 - - [17/Jan/2026:05:25:53 -0700] "GET /?e=22346979b8178 HTTP/2.0" 200 108366 "-" "meta-externalagent/1.1 (+https://developers.facebook.com/docs/sharing/webmasters/crawler)" 515 **0/515375**
74.7.227.58 - - [17/Jan/2026:05:25:53 -0700] "GET /?fileloc=//proc/self/root/proc/thread-self/root/proc/thread-self/root/proc/thread-self/root/proc/thread-self/root/proc/self/root/proc/self/root/proc/self/root/proc/self/root/proc/self/root/usr/bin/post-grohtml&path=//proc/self/root/proc/thread-self/root/proc/thread-self/root/proc/thread-self/root/proc/thread-self/root/proc/self/root/proc/self/root/proc/self/root/proc/self/root/proc/self/root/usr/bin HTTP/2.0" 200 2413 "https://www.veronaae.com/?path=//proc/self/root/proc/thread-self/root/proc/thread-self/root/proc/thread-self/root/proc/thread-self/root/proc/self/root/proc/self/root/proc/self/root/proc/self/root/proc/self/root/usr/bin" "Mozilla/5.0 AppleWebKit/537.36 (KHTML, like Gecko; compatible; GPTBot/1.3; +https://openai.com/gptbot)" 518 **0/518358**
66.249.75.75 - - [17/Jan/2026:05:25:53 -0700] "GET /?v=colour-55040953 HTTP/1.1" 200 22214 "-" "Mozilla/5.0 (Linux; Android 6.0.1; Nexus 5X Build/MMB29P) AppleWebKit/537.36 (KHTML, like Gecko) Chrome/143.0.7499.192 Mobile Safari/537.36 (compatible; Googlebot/2.1; +http://www.google.com/bot.html)" 1616 **1/1616668**
74.7.227.58 - - [17/Jan/2026:05:25:54 -0700] "GET /?fileloc=//proc/self/root/proc/thread-self/root/proc/thread-self/root/proc/thread-self/root/proc/thread-self/root/proc/self/root/proc/self/root/proc/self/root/proc/self/root/proc/self/root/var/cache/man/da/index.db&path=//proc/self/root/proc/thread-self/root/proc/thread-self/root/proc/thread-self/root/proc/thread-self/root/proc/self/root/proc/self/root/proc/self/root/proc/self/root/proc/self/root/var/cache/man/da HTTP/2.0" 200 2430 "https://www.veronaae.com/?path=//proc/self/root/proc/thread-self/root/proc/thread-self/root/proc/thread-self/root/proc/thread-self/root/proc/self/root/proc/self/root/proc/self/root/proc/self/root/proc/self/root/var/cache/man/da" "Mozilla/5.0 AppleWebKit/537.36 (KHTML, like Gecko; compatible; GPTBot/1.3; +https://openai.com/gptbot)" 507 **0/507698**
216.73.216.56 - - [17/Jan/2026:05:25:54 -0700] "GET /uv-printing?fileloc=%2F%2Fusr%2Flib64%2Fpython2.7%2Fconfig%2Finstall-sh&path=%2F%2Fusr%2Flib64%2Fpython2.7%2Fconfig HTTP/2.0" 403 4315 "-" "Mozilla/5.0 AppleWebKit/537.36 (KHTML, like Gecko; compatible; ClaudeBot/1.0; +claudebot@anthropic.com)" 604 **0/604921**
216.73.216.56 - - [17/Jan/2026:05:25:54 -0700] "GET /uv-printing?fileloc=%2F%2Fusr%2Finclude%2Fevent2%2Frpc_struct.h&path=%2F%2Fusr%2Finclude%2Fevent2 HTTP/2.0" 403 4315 "-" "Mozilla/5.0 AppleWebKit/537.36 (KHTML, like Gecko; compatible; ClaudeBot/1.0; +claudebot@anthropic.com)" 696 **0/696035**
216.73.216.56 - - [17/Jan/2026:05:25:54 -0700] "GET /uv-printing?fileloc=%2F%2Flib64%2Fpython2.7%2F_LWPCookieJar.pyc&path=%2F%2Flib64%2Fpython2.7 HTTP/2.0" 403 4315 "-" "Mozilla/5.0 AppleWebKit/537.36 (KHTML, like Gecko; compatible; ClaudeBot/1.0; +claudebot@anthropic.com)" 706 **0/706629**
216.73.216.56 - - [17/Jan/2026:05:25:54 -0700] "GET /uv-printing?fileloc=%2F%2Flib64%2Fpython3.6%2Fnntplib.py&path=%2F%2Flib64%2Fpython3.6 HTTP/2.0" 403 4315 "-" "Mozilla/5.0 AppleWebKit/537.36 (KHTML, like Gecko; compatible; ClaudeBot/1.0; +claudebot@anthropic.com)" 801 **0/801023**
216.73.216.56 - - [17/Jan/2026:05:25:54 -0700] "GET /uv-printing?path=%2F%2Fopt%2Fcpanel%2Fea-ruby27%2Froot%2Frun HTTP/2.0" 403 4315 "-" "Mozilla/5.0 AppleWebKit/537.36 (KHTML, like Gecko; compatible; ClaudeBot/1.0; +claudebot@anthropic.com)" 801 **0/801605**
216.73.216.56 - - [17/Jan/2026:05:25:54 -0700] "GET /uv-printing?fileloc=%2F%2Flib64%2Fpython2.7%2Flib-dynload%2Fossaudiodev.so&path=%2F%2Flib64%2Fpython2.7%2Flib-dynload HTTP/2.0" 403 4315 "-" "Mozilla/5.0 AppleWebKit/537.36 (KHTML, like Gecko; compatible; ClaudeBot/1.0; +claudebot@anthropic.com)" 805 **0/805876**
74.7.227.58 - - [17/Jan/2026:05:25:55 -0700] "GET /?fileloc=//proc/self/root/proc/thread-self/root/proc/thread-self/root/proc/thread-self/root/proc/thread-self/root/proc/self/root/proc/self/root/proc/self/root/proc/self/root/proc/self/root/var/cache/man/da/CACHEDIR.TAG&path=//proc/self/root/proc/thread-self/root/proc/thread-self/root/proc/thread-self/root/proc/thread-self/root/proc/self/root/proc/self/root/proc/self/root/proc/self/root/proc/self/root/var/cache/man/da HTTP/2.0" 200 2556 "https://www.veronaae.com/?path=//proc/self/root/proc/thread-self/root/proc/thread-self/root/proc/thread-self/root/proc/thread-self/root/proc/self/root/proc/self/root/proc/self/root/proc/self/root/proc/self/root/var/cache/man/da" "Mozilla/5.0 AppleWebKit/537.36 (KHTML, like Gecko; compatible; GPTBot/1.3; +https://openai.com/gptbot)" 534 **0/534540**
216.73.216.56 - - [17/Jan/2026:05:25:54 -0700] "GET /uv-printing?fileloc=%2F%2Fusr%2Finclude%2Flinux%2Fvirtio_pci.h&path=%2F%2Fusr%2Finclude%2Flinux HTTP/2.0" 403 4315 "-" "Mozilla/5.0 AppleWebKit/537.36 (KHTML, like Gecko; compatible; ClaudeBot/1.0; +claudebot@anthropic.com)" 1217 **1/1217334**
216.73.216.56 - - [17/Jan/2026:05:25:54 -0700] "GET /uv-printing?fileloc=%2F%2Fusr%2Flib64%2Fpython3.12%2Fdbm%2Fndbm.py&path=%2F%2Fusr%2Flib64%2Fpython3.12%2Fdbm HTTP/2.0" 403 4315 "-" "Mozilla/5.0 AppleWebKit/537.36 (KHTML, like Gecko; compatible; ClaudeBot/1.0; +claudebot@anthropic.com)" 1219 **1/1219401**
216.73.216.56 - - [17/Jan/2026:05:25:54 -0700] "GET /uv-printing?fileloc=%2F%2Fusr%2Finclude%2Fsys%2Feventfd.h&path=%2F%2Fusr%2Finclude%2Fsys HTTP/2.0" 403 4315 "-" "Mozilla/5.0 AppleWebKit/537.36 (KHTML, like Gecko; compatible; ClaudeBot/1.0; +claudebot@anthropic.com)" 1297 **1/1297567**
216.73.216.56 - - [17/Jan/2026:05:25:54 -0700] "GET /uv-printing?path=%2F%2Fproc%2Fself%2Fcwd%2Fwp-includes%2FText HTTP/2.0" 403 4315 "-" "Mozilla/5.0 AppleWebKit/537.36 (KHTML, like Gecko; compatible; ClaudeBot/1.0; +claudebot@anthropic.com)" 1419 **1/1419114**
216.73.216.56 - - [17/Jan/2026:05:25:54 -0700] "GET /uv-printing?fileloc=%2F%2Fusr%2Finclude%2Fasm%2Fbootparam.h&path=%2F%2Fusr%2Finclude%2Fasm HTTP/2.0" 403 4315 "-" "Mozilla/5.0 AppleWebKit/537.36 (KHTML, like Gecko; compatible; ClaudeBot/1.0; +claudebot@anthropic.com)" 1501 **1/1501154**
216.73.216.56 - - [17/Jan/2026:05:25:55 -0700] "GET /uv-printing?fileloc=%2F%2Fusr%2Finclude%2Fsys%2Ftimeb.h&path=%2F%2Fusr%2Finclude%2Fsys HTTP/2.0" 403 4315 "-" "Mozilla/5.0 AppleWebKit/537.36 (KHTML, like Gecko; compatible; ClaudeBot/1.0; +claudebot@anthropic.com)" 698 **0/698778**
216.73.216.56 - - [17/Jan/2026:05:25:55 -0700] "GET /uv-printing?fileloc=%2F%2Fusr%2Finclude%2Flinux%2Fefs_fs_sb.h&path=%2F%2Fusr%2Finclude%2Flinux HTTP/2.0" 403 4315 "-" "Mozilla/5.0 AppleWebKit/537.36 (KHTML, like Gecko; compatible; ClaudeBot/1.0; +claudebot@anthropic.com)" 705 **0/705639**
216.73.216.56 - - [17/Jan/2026:05:25:55 -0700] "GET /uv-printing?fileloc=%2F%2Fproc%2Fsys%2Fkernel%2Fproc_disable_net&path=%2F%2Fproc%2Fsys%2Fkernel HTTP/2.0" 403 4315 "-" "Mozilla/5.0 AppleWebKit/537.36 (KHTML, like Gecko; compatible; ClaudeBot/1.0; +claudebot@anthropic.com)" 648 **0/648454**
216.73.216.56 - - [17/Jan/2026:05:25:55 -0700] "GET /uv-printing?fileloc=%2F%2Fusr%2Finclude%2Flinux%2Fxfrm.h&path=%2F%2Fusr%2Finclude%2Flinux HTTP/2.0" 403 4315 "-" "Mozilla/5.0 AppleWebKit/537.36 (KHTML, like Gecko; compatible; ClaudeBot/1.0; +claudebot@anthropic.com)" 724 **0/724734**
216.73.216.56 - - [17/Jan/2026:05:25:56 -0700] "GET /uv-printing?fileloc=%2F%2Fusr%2Flibexec%2Fgit-core%2Fgit-upload-archive&path=%2F%2Fusr%2Flibexec%2Fgit-core HTTP/2.0" 403 4315 "-" "Mozilla/5.0 AppleWebKit/537.36 (KHTML, like Gecko; compatible; ClaudeBot/1.0; +claudebot@anthropic.com)" 655 **0/655345**
216.73.216.56 - - [17/Jan/2026:05:25:56 -0700] "GET /uv-printing?fileloc=%2F%2Fusr%2Finclude%2Fopenssl%2Fengine.h&path=%2F%2Fusr%2Finclude%2Fopenssl HTTP/2.0" 403 4315 "-" "Mozilla/5.0 AppleWebKit/537.36 (KHTML, like Gecko; compatible; ClaudeBot/1.0; +claudebot@anthropic.com)" 587 **0/587697**
74.7.227.58 - - [17/Jan/2026:05:25:56 -0700] "GET /?path=//proc/self/root/proc/thread-self/root/proc/thread-self/root/proc/thread-self/root/proc/thread-self/root/proc/self/root/proc/self/root/proc/self/root/proc/self/root/proc/self/root/usr/local/apache/domlogs HTTP/2.0" 200 2494 "https://www.veronaae.com/?path=//proc/self/root/proc/thread-self/root/proc/thread-self/root/proc/thread-self/root/proc/thread-self/root/proc/self/root/proc/self/root/proc/self/root/proc/self/root/proc/self/root/usr/local/apache" "Mozilla/5.0 AppleWebKit/537.36 (KHTML, like Gecko; compatible; GPTBot/1.3; +https://openai.com/gptbot)" 628 **0/628636**
216.73.216.56 - - [17/Jan/2026:05:25:56 -0700] "GET /uv-printing?fileloc=%2F%2Fusr%2Finclude%2Fbits%2Fwchar2.h&path=%2F%2Fusr%2Finclude%2Fbits HTTP/2.0" 403 4315 "-" "Mozilla/5.0 AppleWebKit/537.36 (KHTML, like Gecko; compatible; ClaudeBot/1.0; +claudebot@anthropic.com)" 684 **0/684640**
216.73.216.56 - - [17/Jan/2026:05:25:56 -0700] "GET /uv-printing?fileloc=%2F%2Flib64%2Fpython2.7%2Flib-dynload%2F_codecs_kr.so&path=%2F%2Flib64%2Fpython2.7%2Flib-dynload HTTP/2.0" 403 4315 "-" "Mozilla/5.0 AppleWebKit/537.36 (KHTML, like Gecko; compatible; ClaudeBot/1.0; +claudebot@anthropic.com)" 698 **0/698087**
216.73.216.56 - - [17/Jan/2026:05:25:56 -0700] "GET /uv-printing?fileloc=%2F%2Fusr%2Finclude%2Flinux%2Fudf_fs_i.h&path=%2F%2Fusr%2Finclude%2Flinux HTTP/2.0" 403 4315 "-" "Mozilla/5.0 AppleWebKit/537.36 (KHTML, like Gecko; compatible; ClaudeBot/1.0; +claudebot@anthropic.com)" 778 **0/778785**
216.73.216.56 - - [17/Jan/2026:05:25:56 -0700] "GET /uv-printing?fileloc=%2F%2Fusr%2Finclude%2Flinux%2Fatm_tcp.h&path=%2F%2Fusr%2Finclude%2Flinux HTTP/2.0" 403 4315 "-" "Mozilla/5.0 AppleWebKit/537.36 (KHTML, like Gecko; compatible; ClaudeBot/1.0; +claudebot@anthropic.com)" 780 **0/780655**
216.73.216.56 - - [17/Jan/2026:05:25:56 -0700] "GET /uv-printing?fileloc=%2F%2Flib64%2Fpython2.7%2Flib-dynload%2Fgrpmodule.so&path=%2F%2Flib64%2Fpython2.7%2Flib-dynload HTTP/2.0" 403 4315 "-" "Mozilla/5.0 AppleWebKit/537.36 (KHTML, like Gecko; compatible; ClaudeBot/1.0; +claudebot@anthropic.com)" 624 **0/624079**
216.73.216.56 - - [17/Jan/2026:05:25:56 -0700] "GET /uv-printing?fileloc=%2F%2Fusr%2Finclude%2Flinux%2Fcciss_defs.h&path=%2F%2Fusr%2Finclude%2Flinux HTTP/2.0" 403 4315 "-" "Mozilla/5.0 AppleWebKit/537.36 (KHTML, like Gecko; compatible; ClaudeBot/1.0; +claudebot@anthropic.com)" 613 **0/613173**
216.73.216.56 - - [17/Jan/2026:05:25:56 -0700] "GET /uv-printing?fileloc=%2F%2Fusr%2Finclude%2Fbits%2Fsemaphore.h&path=%2F%2Fusr%2Finclude%2Fbits HTTP/2.0" 403 4315 "-" "Mozilla/5.0 AppleWebKit/537.36 (KHTML, like Gecko; compatible; ClaudeBot/1.0; +claudebot@anthropic.com)" 560 **0/560803**
216.73.216.56 - - [17/Jan/2026:05:25:57 -0700] "GET /uv-printing?fileloc=%2F%2Fusr%2Flib64%2Fpython3.12%2Flib-dynload%2Fpyexpat.cpython-312-x86_64-linux-gnu.so&path=%2F%2Fusr%2Flib64%2Fpython3.12%2Flib-dynload HTTP/2.0" 403 4315 "-" "Mozilla/5.0 AppleWebKit/537.36 (KHTML, like Gecko; compatible; ClaudeBot/1.0; +claudebot@anthropic.com)" 558 **0/558392**
216.73.216.56 - - [17/Jan/2026:05:25:57 -0700] "GET /uv-printing?fileloc=%2F%2Fusr%2Finclude%2Fbind9%2Fisc%2Fparseint.h&path=%2F%2Fusr%2Finclude%2Fbind9%2Fisc HTTP/2.0" 403 4315 "-" "Mozilla/5.0 AppleWebKit/537.36 (KHTML, like Gecko; compatible; ClaudeBot/1.0; +claudebot@anthropic.com)" 555 **0/555758**
74.7.227.58 - - [17/Jan/2026:05:25:57 -0700] "GET /?path=//proc/self/root/proc/thread-self/root/proc/thread-self/root/proc/thread-self/root/proc/thread-self/root/proc/self/root/proc/self/root/proc/self/root/proc/self/root/proc/self/root/var/cache/man/pt HTTP/2.0" 200 2898 "https://www.veronaae.com/?path=//proc/self/root/proc/thread-self/root/proc/thread-self/root/proc/thread-self/root/proc/thread-self/root/proc/self/root/proc/self/root/proc/self/root/proc/self/root/proc/self/root/var/cache/man" "Mozilla/5.0 AppleWebKit/537.36 (KHTML, like Gecko; compatible; GPTBot/1.3; +https://openai.com/gptbot)" 648 **0/648851**
216.73.216.56 - - [17/Jan/2026:05:25:57 -0700] "GET /uv-printing?fileloc=%2F%2Flib64%2Fpython2.7%2Flib-dynload%2Ffuture_builtins.so&path=%2F%2Flib64%2Fpython2.7%2Flib-dynload HTTP/2.0" 403 4315 "-" "Mozilla/5.0 AppleWebKit/537.36 (KHTML, like Gecko; compatible; ClaudeBot/1.0; +claudebot@anthropic.com)" 616 **0/616251**
216.73.216.56 - - [17/Jan/2026:05:25:57 -0700] "GET /uv-printing?fileloc=%2F%2Fusr%2Flib64%2Fpython2.7%2Flib-tk%2Fttk.py&path=%2F%2Fusr%2Flib64%2Fpython2.7%2Flib-tk HTTP/2.0" 403 4315 "-" "Mozilla/5.0 AppleWebKit/537.36 (KHTML, like Gecko; compatible; ClaudeBot/1.0; +claudebot@anthropic.com)" 614 **0/614046**
216.73.216.56 - - [17/Jan/2026:05:25:57 -0700] "GET /uv-printing?fileloc=%2F%2Flib64%2Fpython2.7%2Flib-dynload%2Fimageop.so&path=%2F%2Flib64%2Fpython2.7%2Flib-dynload HTTP/2.0" 403 4315 "-" "Mozilla/5.0 AppleWebKit/537.36 (KHTML, like Gecko; compatible; ClaudeBot/1.0; +claudebot@anthropic.com)" 624 **0/624536**
216.73.216.56 - - [17/Jan/2026:05:25:57 -0700] "GET /uv-printing?fileloc=%2F%2Flib64%2Fpython2.7%2F_LWPCookieJar.py&path=%2F%2Flib64%2Fpython2.7 HTTP/2.0" 403 4315 "-" "Mozilla/5.0 AppleWebKit/537.36 (KHTML, like Gecko; compatible; ClaudeBot/1.0; +claudebot@anthropic.com)" 639 **0/639359**
216.73.216.56 - - [17/Jan/2026:05:25:57 -0700] "GET /uv-printing?fileloc=%2F%2Flib64%2Fpython2.7%2Flib-dynload%2FPython-2.7.18-py2.7.egg-info&path=%2F%2Flib64%2Fpython2.7%2Flib-dynload HTTP/2.0" 403 4315 "-" "Mozilla/5.0 AppleWebKit/537.36 (KHTML, like Gecko; compatible; ClaudeBot/1.0; +claudebot@anthropic.com)" 649 **0/649539**
216.73.216.56 - - [17/Jan/2026:05:25:57 -0700] "GET /uv-printing?fileloc=%2F%2Fusr%2Finclude%2Fgssapi%2Fgssapi.h&path=%2F%2Fusr%2Finclude%2Fgssapi HTTP/2.0" 403 4315 "-" "Mozilla/5.0 AppleWebKit/537.36 (KHTML, like Gecko; compatible; ClaudeBot/1.0; +claudebot@anthropic.com)" 607 **0/607492**
216.73.216.56 - - [17/Jan/2026:05:25:57 -0700] "GET /uv-printing?fileloc=%2F%2Fusr%2Finclude%2Fsys%2Fioctl.h&path=%2F%2Fusr%2Finclude%2Fsys HTTP/2.0" 403 4315 "-" "Mozilla/5.0 AppleWebKit/537.36 (KHTML, like Gecko; compatible; ClaudeBot/1.0; +claudebot@anthropic.com)" 612 **0/612206**
216.73.216.56 - - [17/Jan/2026:05:25:57 -0700] "GET /uv-printing?fileloc=%2F%2Fusr%2Finclude%2Flinux%2Fipmi_bmc.h&path=%2F%2Fusr%2Finclude%2Flinux HTTP/2.0" 403 4315 "-" "Mozilla/5.0 AppleWebKit/537.36 (KHTML, like Gecko; compatible; ClaudeBot/1.0; +claudebot@anthropic.com)" 648 **0/648471**
216.73.216.56 - - [17/Jan/2026:05:25:58 -0700] "GET /uv-printing?fileloc=%2F%2Fusr%2Finclude%2Flinux%2Fvirtio_mmio.h&path=%2F%2Fusr%2Finclude%2Flinux HTTP/2.0" 403 4315 "-" "Mozilla/5.0 AppleWebKit/537.36 (KHTML, like Gecko; compatible; ClaudeBot/1.0; +claudebot@anthropic.com)" 684 **0/684759**
74.7.227.58 - - [17/Jan/2026:05:25:58 -0700] "GET /?path=//proc/self/root/proc/thread-self/root/proc/thread-self/root/proc/thread-self/root/proc/thread-self/root/proc/self/root/proc/self/root/proc/self/root/proc/self/root/proc/self/root/var/cache/man/ko HTTP/2.0" 200 2898 "https://www.veronaae.com/?path=//proc/self/root/proc/thread-self/root/proc/thread-self/root/proc/thread-self/root/proc/thread-self/root/proc/self/root/proc/self/root/proc/self/root/proc/self/root/proc/self/root/var/cache/man" "Mozilla/5.0 AppleWebKit/537.36 (KHTML, like Gecko; compatible; GPTBot/1.3; +https://openai.com/gptbot)" 720 **0/720442**
216.73.216.56 - - [17/Jan/2026:05:25:58 -0700] "GET /uv-printing?fileloc=%2F%2Fusr%2Flib64%2Fpython2.7%2Flib-tk%2FTix.pyc&path=%2F%2Fusr%2Flib64%2Fpython2.7%2Flib-tk HTTP/2.0" 403 4315 "-" "Mozilla/5.0 AppleWebKit/537.36 (KHTML, like Gecko; compatible; ClaudeBot/1.0; +claudebot@anthropic.com)" 771 **0/771474**
216.73.216.56 - - [17/Jan/2026:05:25:58 -0700] "GET /uv-printing?fileloc=%2F%2Fusr%2Flib64%2Fpython3.12%2Flib-dynload%2Ffcntl.cpython-312-x86_64-linux-gnu.so&path=%2F%2Fusr%2Flib64%2Fpython3.12%2Flib-dynload HTTP/2.0" 403 4315 "-" "Mozilla/5.0 AppleWebKit/537.36 (KHTML, like Gecko; compatible; ClaudeBot/1.0; +claudebot@anthropic.com)" 722 **0/722325**
216.73.216.56 - - [17/Jan/2026:05:25:58 -0700] "GET /uv-printing?fileloc=%2F%2Fusr%2Finclude%2Fbind9%2Fisc%2Foffset.h&path=%2F%2Fusr%2Finclude%2Fbind9%2Fisc HTTP/2.0" 403 4315 "-" "Mozilla/5.0 AppleWebKit/537.36 (KHTML, like Gecko; compatible; ClaudeBot/1.0; +claudebot@anthropic.com)" 718 **0/718620**
216.73.216.56 - - [17/Jan/2026:05:25:58 -0700] "GET /uv-printing?fileloc=%2F%2Fusr%2Finclude%2Flinux%2Frds.h&path=%2F%2Fusr%2Finclude%2Flinux HTTP/2.0" 403 4315 "-" "Mozilla/5.0 AppleWebKit/537.36 (KHTML, like Gecko; compatible; ClaudeBot/1.0; +claudebot@anthropic.com)" 740 **0/740423**
216.73.216.56 - - [17/Jan/2026:05:25:58 -0700] "GET /uv-printing?fileloc=%2F%2Fusr%2Flib64%2Fpython3.12%2Furllib%2Ferror.py&path=%2F%2Fusr%2Flib64%2Fpython3.12%2Furllib HTTP/2.0" 403 4315 "-" "Mozilla/5.0 AppleWebKit/537.36 (KHTML, like Gecko; compatible; ClaudeBot/1.0; +claudebot@anthropic.com)" 818 **0/818109**
216.73.216.56 - - [17/Jan/2026:05:25:58 -0700] "GET /uv-printing?path=%2F%2Flib64%2Fpm-utils%2Fmodule.d HTTP/2.0" 403 4315 "-" "Mozilla/5.0 AppleWebKit/537.36 (KHTML, like Gecko; compatible; ClaudeBot/1.0; +claudebot@anthropic.com)" 752 **0/752505**
216.73.216.56 - - [17/Jan/2026:05:25:58 -0700] "GET /uv-printing?fileloc=%2F%2Fproc%2Fsys%2Fkernel%2Fsoftlockup_panic&path=%2F%2Fproc%2Fsys%2Fkernel HTTP/2.0" 403 4315 "-" "Mozilla/5.0 AppleWebKit/537.36 (KHTML, like Gecko; compatible; ClaudeBot/1.0; +claudebot@anthropic.com)" 727 **0/727951**
216.73.216.56 - - [17/Jan/2026:05:25:58 -0700] "GET /uv-printing?path=%2F%2Fopt%2Falt%2Fpython310%2Fshare%2Flicenses HTTP/2.0" 403 4315 "-" "Mozilla/5.0 AppleWebKit/537.36 (KHTML, like Gecko; compatible; ClaudeBot/1.0; +claudebot@anthropic.com)" 757 **0/757928**
216.73.216.56 - - [17/Jan/2026:05:25:58 -0700] "GET /uv-printing?fileloc=%2F%2Fproc%2Fsys%2Fkernel%2Fversion&path=%2F%2Fproc%2Fsys%2Fkernel HTTP/2.0" 403 4315 "-" "Mozilla/5.0 AppleWebKit/537.36 (KHTML, like Gecko; compatible; ClaudeBot/1.0; +claudebot@anthropic.com)" 686 **0/686254**
216.73.216.56 - - [17/Jan/2026:05:25:58 -0700] "GET /uv-printing?path=%2F%2Fopt%2Fcpanel%2Fea-php71%2Froot%2Fusr HTTP/2.0" 403 4315 "-" "Mozilla/5.0 AppleWebKit/537.36 (KHTML, like Gecko; compatible; ClaudeBot/1.0; +claudebot@anthropic.com)" 756 **0/756414**
74.7.227.58 - - [17/Jan/2026:05:25:59 -0700] "GET /?path=//proc/self/root/proc/thread-self/root/proc/thread-self/root/proc/thread-self/root/proc/thread-self/root/proc/self/root/proc/self/root/proc/self/root/proc/self/root/proc/self/root/var/cache/man/nl HTTP/2.0" 200 2911 "https://www.veronaae.com/?path=//proc/self/root/proc/thread-self/root/proc/thread-self/root/proc/thread-self/root/proc/thread-self/root/proc/self/root/proc/self/root/proc/self/root/proc/self/root/proc/self/root/var/cache/man" "Mozilla/5.0 AppleWebKit/537.36 (KHTML, like Gecko; compatible; GPTBot/1.3; +https://openai.com/gptbot)" 560 **0/560956**
216.73.216.56 - - [17/Jan/2026:05:25:59 -0700] "GET /uv-printing?fileloc=%2F%2Flib64%2Fpython3.12%2Fsignal.py&path=%2F%2Flib64%2Fpython3.12 HTTP/2.0" 403 4315 "-" "Mozilla/5.0 AppleWebKit/537.36 (KHTML, like Gecko; compatible; ClaudeBot/1.0; +claudebot@anthropic.com)" 693 **0/693712**
216.73.216.56 - - [17/Jan/2026:05:25:59 -0700] "GET /uv-printing?fileloc=%2F%2Fusr%2Finclude%2Fbits%2Fsetjmp.h&path=%2F%2Fusr%2Finclude%2Fbits HTTP/2.0" 403 4315 "-" "Mozilla/5.0 AppleWebKit/537.36 (KHTML, like Gecko; compatible; ClaudeBot/1.0; +claudebot@anthropic.com)" 616 **0/616581**
216.73.216.56 - - [17/Jan/2026:05:25:59 -0700] "GET /uv-printing?fileloc=%2F%2Flib64%2Fpython3.6%2Fsite-packages%2Fsystemd_python-234-py3.6.egg-info&path=%2F%2Flib64%2Fpython3.6%2Fsite-packages HTTP/2.0" 403 4315 "-" "Mozilla/5.0 AppleWebKit/537.36 (KHTML, like Gecko; compatible; ClaudeBot/1.0; +claudebot@anthropic.com)" 619 **0/619372**
216.73.216.56 - - [17/Jan/2026:05:25:59 -0700] "GET /uv-printing?fileloc=%2F%2Fusr%2Finclude%2Fext2fs%2Fext2_err.h&path=%2F%2Fusr%2Finclude%2Fext2fs HTTP/2.0" 403 4315 "-" "Mozilla/5.0 AppleWebKit/537.36 (KHTML, like Gecko; compatible; ClaudeBot/1.0; +claudebot@anthropic.com)" 640 **0/640061**
216.73.216.56 - - [17/Jan/2026:05:25:59 -0700] "GET /uv-printing?fileloc=%2F%2Fusr%2Finclude%2Fsys%2Ftime.h&path=%2F%2Fusr%2Finclude%2Fsys HTTP/2.0" 403 4315 "-" "Mozilla/5.0 AppleWebKit/537.36 (KHTML, like Gecko; compatible; ClaudeBot/1.0; +claudebot@anthropic.com)" 649 **0/649284**
216.73.216.56 - - [17/Jan/2026:05:25:59 -0700] "GET /uv-printing?path=%2F%2Fopt%2Fcpanel%2Fea-ruby27%2Froot%2Fbin HTTP/2.0" 403 4315 "-" "Mozilla/5.0 AppleWebKit/537.36 (KHTML, like Gecko; compatible; ClaudeBot/1.0; +claudebot@anthropic.com)" 758 **0/758324**
57.141.20.21 - - [17/Jan/2026:05:25:59 -0700] "GET /?e=1261325idic5a HTTP/2.0" 200 108366 "-" "meta-externalagent/1.1 (+https://developers.facebook.com/docs/sharing/webmasters/crawler)" 785 **0/785975**
216.73.216.56 - - [17/Jan/2026:05:25:59 -0700] "GET /uv-printing?fileloc=%2F%2Fusr%2Flib64%2Fpython3.12%2Fzipfile%2F__main__.py&path=%2F%2Fusr%2Flib64%2Fpython3.12%2Fzipfile HTTP/2.0" 403 4315 "-" "Mozilla/5.0 AppleWebKit/537.36 (KHTML, like Gecko; compatible; ClaudeBot/1.0; +claudebot@anthropic.com)" 854 **0/854554**
57.141.20.2 - - [17/Jan/2026:05:25:56 -0700] "GET /?e=1698093649ja5 HTTP/2.0" 200 108366 "-" "meta-externalagent/1.1 (+https://developers.facebook.com/docs/sharing/webmasters/crawler)" 4359 **4/4359905**
216.73.216.56 - - [17/Jan/2026:05:25:59 -0700] "GET /uv-printing?path=%2F%2Fopt%2Fcpanel%2Fea-ruby27%2Froot%2Fopt HTTP/2.0" 403 4315 "-" "Mozilla/5.0 AppleWebKit/537.36 (KHTML, like Gecko; compatible; ClaudeBot/1.0; +claudebot@anthropic.com)" 921 **0/921975**
216.73.216.56 - - [17/Jan/2026:05:25:59 -0700] "GET /uv-printing?fileloc=%2F%2Fusr%2Flib64%2Fpython3.12%2Flib-dynload%2F_pickle.cpython-312-x86_64-linux-gnu.so&path=%2F%2Fusr%2Flib64%2Fpython3.12%2Flib-dynload HTTP/2.0" 403 4315 "-" "Mozilla/5.0 AppleWebKit/537.36 (KHTML, like Gecko; compatible; ClaudeBot/1.0; +claudebot@anthropic.com)" 876 **0/876813**
74.7.227.58 - - [17/Jan/2026:05:26:00 -0700] "GET /?path=//proc/self/root/proc/thread-self/root/proc/thread-self/root/proc/thread-self/root/proc/thread-self/root/proc/self/root/proc/self/root/proc/self/root/proc/self/root/proc/self/root/var/cache/man/sv HTTP/2.0" 200 2922 "https://www.veronaae.com/?path=//proc/self/root/proc/thread-self/root/proc/thread-self/root/proc/thread-self/root/proc/thread-self/root/proc/self/root/proc/self/root/proc/self/root/proc/self/root/proc/self/root/var/cache/man" "Mozilla/5.0 AppleWebKit/537.36 (KHTML, like Gecko; compatible; GPTBot/1.3; +https://openai.com/gptbot)" 866 **0/866246**
66.249.75.76 - - [17/Jan/2026:05:25:56 -0700] "GET /?e=26098476b992h HTTP/1.1" 200 21699 "-" "Mozilla/5.0 (Linux; Android 6.0.1; Nexus 5X Build/MMB29P) AppleWebKit/537.36 (KHTML, like Gecko) Chrome/143.0.7499.192 Mobile Safari/537.36 (compatible; Googlebot/2.1; +http://www.google.com/bot.html)" 4178 **4/4178743**
216.73.216.56 - - [17/Jan/2026:05:26:00 -0700] "GET /uv-printing?fileloc=%2F%2Fusr%2Finclude%2Flinux%2Fnfsacl.h&path=%2F%2Fusr%2Finclude%2Flinux HTTP/2.0" 403 4315 "-" "Mozilla/5.0 AppleWebKit/537.36 (KHTML, like Gecko; compatible; ClaudeBot/1.0; +claudebot@anthropic.com)" 980 **0/980707**
216.73.216.56 - - [17/Jan/2026:05:26:00 -0700] "GET /uv-printing?fileloc=%2F%2Fusr%2Finclude%2Flinux%2Fmrp_bridge.h&path=%2F%2Fusr%2Finclude%2Flinux HTTP/2.0" 403 4315 "-" "Mozilla/5.0 AppleWebKit/537.36 (KHTML, like Gecko; compatible; ClaudeBot/1.0; +claudebot@anthropic.com)" 907 **0/907314**
216.73.216.56 - - [17/Jan/2026:05:26:00 -0700] "GET /uv-printing?fileloc=%2F%2Fusr%2Finclude%2Fbits%2Futsname.h&path=%2F%2Fusr%2Finclude%2Fbits HTTP/2.0" 403 4315 "-" "Mozilla/5.0 AppleWebKit/537.36 (KHTML, like Gecko; compatible; ClaudeBot/1.0; +claudebot@anthropic.com)" 1102 **1/1102111**
216.73.216.56 - - [17/Jan/2026:05:26:00 -0700] "GET /uv-printing?fileloc=%2F%2Fusr%2Finclude%2Flinux%2Fvdpa.h&path=%2F%2Fusr%2Finclude%2Flinux HTTP/2.0" 403 4315 "-" "Mozilla/5.0 AppleWebKit/537.36 (KHTML, like Gecko; compatible; ClaudeBot/1.0; +claudebot@anthropic.com)" 928 **0/928934**
216.73.216.56 - - [17/Jan/2026:05:26:00 -0700] "GET /uv-printing?fileloc=%2F%2Fusr%2Finclude%2Flinux%2Fip6_tunnel.h&path=%2F%2Fusr%2Finclude%2Flinux HTTP/2.0" 403 4315 "-" "Mozilla/5.0 AppleWebKit/537.36 (KHTML, like Gecko; compatible; ClaudeBot/1.0; +claudebot@anthropic.com)" 1106 **1/1106256**
216.73.216.56 - - [17/Jan/2026:05:26:00 -0700] "GET /uv-printing?fileloc=%2F%2Fusr%2Finclude%2Fopenssl%2Fobj_mac.h&path=%2F%2Fusr%2Finclude%2Fopenssl HTTP/2.0" 403 4315 "-" "Mozilla/5.0 AppleWebKit/537.36 (KHTML, like Gecko; compatible; ClaudeBot/1.0; +claudebot@anthropic.com)" 827 **0/827526**
216.73.216.56 - - [17/Jan/2026:05:26:00 -0700] "GET /uv-printing?fileloc=%2F%2Fusr%2Finclude%2Fsys%2Fresource.h&path=%2F%2Fusr%2Finclude%2Fsys HTTP/2.0" 403 4315 "-" "Mozilla/5.0 AppleWebKit/537.36 (KHTML, like Gecko; compatible; ClaudeBot/1.0; +claudebot@anthropic.com)" 1059 **1/1059686**
216.73.216.56 - - [17/Jan/2026:05:26:00 -0700] "GET /uv-printing?fileloc=%2F%2Fusr%2Finclude%2Fbits%2Fstatfs.h&path=%2F%2Fusr%2Finclude%2Fbits HTTP/2.0" 403 4315 "-" "Mozilla/5.0 AppleWebKit/537.36 (KHTML, like Gecko; compatible; ClaudeBot/1.0; +claudebot@anthropic.com)" 893 **0/893038**
216.73.216.56 - - [17/Jan/2026:05:26:01 -0700] "GET /uv-printing?fileloc=%2F%2Fusr%2Flib64%2Fpython2.7%2Flib-tk%2FTix.py&path=%2F%2Fusr%2Flib64%2Fpython2.7%2Flib-tk HTTP/2.0" 403 4315 "-" "Mozilla/5.0 AppleWebKit/537.36 (KHTML, like Gecko; compatible; ClaudeBot/1.0; +claudebot@anthropic.com)" 810 **0/810328**
216.73.216.56 - - [17/Jan/2026:05:26:01 -0700] "GET /uv-printing?fileloc=%2F%2Fusr%2Flib64%2Fpython2.7%2Fconfig%2Fconfig.c&path=%2F%2Fusr%2Flib64%2Fpython2.7%2Fconfig HTTP/2.0" 403 4315 "-" "Mozilla/5.0 AppleWebKit/537.36 (KHTML, like Gecko; compatible; ClaudeBot/1.0; +claudebot@anthropic.com)" 886 **0/886929**
74.7.227.58 - - [17/Jan/2026:05:26:01 -0700] "GET /?path=//proc/self/root/proc/thread-self/root/proc/thread-self/root/proc/thread-self/root/proc/thread-self/root/proc/self/root/proc/self/root/proc/self/root/proc/self/root/proc/self/root/proc/kcare/opt HTTP/2.0" 200 2897 "https://www.veronaae.com/?path=//proc/self/root/proc/thread-self/root/proc/thread-self/root/proc/thread-self/root/proc/thread-self/root/proc/self/root/proc/self/root/proc/self/root/proc/self/root/proc/self/root/proc/kcare" "Mozilla/5.0 AppleWebKit/537.36 (KHTML, like Gecko; compatible; GPTBot/1.3; +https://openai.com/gptbot)" 904 **0/904759**
216.73.216.56 - - [17/Jan/2026:05:26:01 -0700] "GET /uv-printing?fileloc=%2F%2Fusr%2Flib64%2Fpython3.12%2Flib-dynload%2Freadline.cpython-312-x86_64-linux-gnu.so&path=%2F%2Fusr%2Flib64%2Fpython3.12%2Flib-dynload HTTP/2.0" 403 4315 "-" "Mozilla/5.0 AppleWebKit/537.36 (KHTML, like Gecko; compatible; ClaudeBot/1.0; +claudebot@anthropic.com)" 838 **0/838360**
216.73.216.56 - - [17/Jan/2026:05:26:01 -0700] "GET /uv-printing?fileloc=%2F%2Fusr%2Finclude%2Flinux%2Fvt.h&path=%2F%2Fusr%2Finclude%2Flinux HTTP/2.0" 403 4315 "-" "Mozilla/5.0 AppleWebKit/537.36 (KHTML, like Gecko; compatible; ClaudeBot/1.0; +claudebot@anthropic.com)" 939 **0/939426**
216.73.216.56 - - [17/Jan/2026:05:26:01 -0700] "GET /uv-printing?fileloc=%2F%2Fusr%2Flibexec%2Fgit-core%2Fgit-fetch-pack&path=%2F%2Fusr%2Flibexec%2Fgit-core HTTP/2.0" 403 4315 "-" "Mozilla/5.0 AppleWebKit/537.36 (KHTML, like Gecko; compatible; ClaudeBot/1.0; +claudebot@anthropic.com)" 746 **0/746091**
216.73.216.56 - - [17/Jan/2026:05:26:01 -0700] "GET /uv-printing?fileloc=%2F%2Fproc%2Fsys%2Fkernel%2Fio_delay_type&path=%2F%2Fproc%2Fsys%2Fkernel HTTP/2.0" 403 4315 "-" "Mozilla/5.0 AppleWebKit/537.36 (KHTML, like Gecko; compatible; ClaudeBot/1.0; +claudebot@anthropic.com)" 880 **0/880336**
216.73.216.56 - - [17/Jan/2026:05:26:01 -0700] "GET /uv-printing?fileloc=%2F%2Fusr%2Finclude%2Flinux%2Fwimax.h&path=%2F%2Fusr%2Finclude%2Flinux HTTP/2.0" 403 4315 "-" "Mozilla/5.0 AppleWebKit/537.36 (KHTML, like Gecko; compatible; ClaudeBot/1.0; +claudebot@anthropic.com)" 699 **0/699450**
216.73.216.56 - - [17/Jan/2026:05:26:01 -0700] "GET /uv-printing?fileloc=%2F%2Fusr%2Finclude%2Flinux%2Farm_sdei.h&path=%2F%2Fusr%2Finclude%2Flinux HTTP/2.0" 403 4315 "-" "Mozilla/5.0 AppleWebKit/537.36 (KHTML, like Gecko; compatible; ClaudeBot/1.0; +claudebot@anthropic.com)" 882 **0/882564**
216.73.216.56 - - [17/Jan/2026:05:26:02 -0700] "GET /uv-printing?fileloc=%2F%2Flib64%2Fpython3.6%2Femail%2Fiterators.py&path=%2F%2Flib64%2Fpython3.6%2Femail HTTP/2.0" 403 4315 "-" "Mozilla/5.0 AppleWebKit/537.36 (KHTML, like Gecko; compatible; ClaudeBot/1.0; +claudebot@anthropic.com)" 798 **0/798201**
216.73.216.56 - - [17/Jan/2026:05:26:02 -0700] "GET /uv-printing?fileloc=%2F%2Fusr%2Flib64%2Fpython3.12%2Flib-dynload%2F_codecs_iso2022.cpython-312-x86_64-linux-gnu.so&path=%2F%2Fusr%2Flib64%2Fpython3.12%2Flib-dynload HTTP/2.0" 403 4315 "-" "Mozilla/5.0 AppleWebKit/537.36 (KHTML, like Gecko; compatible; ClaudeBot/1.0; +claudebot@anthropic.com)" 897 **0/897225**
216.73.216.56 - - [17/Jan/2026:05:26:02 -0700] "GET /uv-printing?fileloc=%2F%2Fusr%2Finclude%2Flinux%2Fivtv.h&path=%2F%2Fusr%2Finclude%2Flinux HTTP/2.0" 403 4315 "-" "Mozilla/5.0 AppleWebKit/537.36 (KHTML, like Gecko; compatible; ClaudeBot/1.0; +claudebot@anthropic.com)" 891 **0/891323**
216.73.216.56 - - [17/Jan/2026:05:26:02 -0700] "GET /uv-printing?fileloc=%2F%2Fusr%2Flib64%2Fpython3.12%2Flib-dynload%2F_contextvars.cpython-312-x86_64-linux-gnu.so&path=%2F%2Fusr%2Flib64%2Fpython3.12%2Flib-dynload HTTP/2.0" 403 4315 "-" "Mozilla/5.0 AppleWebKit/537.36 (KHTML, like Gecko; compatible; ClaudeBot/1.0; +claudebot@anthropic.com)" 872 **0/872756**
216.73.216.56 - - [17/Jan/2026:05:26:02 -0700] "GET /uv-printing?path=%2F%2Flib%2Fpython2.7%2Fsite-packages%2Furllib3 HTTP/2.0" 403 4315 "-" "Mozilla/5.0 AppleWebKit/537.36 (KHTML, like Gecko; compatible; ClaudeBot/1.0; +claudebot@anthropic.com)" 739 **0/739388**
216.73.216.56 - - [17/Jan/2026:05:26:02 -0700] "GET /uv-printing?fileloc=%2F%2Fusr%2Finclude%2Fbits%2Fxopen_lim.h&path=%2F%2Fusr%2Finclude%2Fbits HTTP/2.0" 403 4315 "-" "Mozilla/5.0 AppleWebKit/537.36 (KHTML, like Gecko; compatible; ClaudeBot/1.0; +claudebot@anthropic.com)" 932 **0/932048**
74.7.227.58 - - [17/Jan/2026:05:26:02 -0700] "GET /?path=//proc/self/root/proc/thread-self/root/proc/thread-self/root/proc/thread-self/root/proc/thread-self/root/proc/self/root/proc/self/root/proc/self/root/proc/self/root/proc/self/root/var/cache/man/ja HTTP/2.0" 200 2910 "https://www.veronaae.com/?path=//proc/self/root/proc/thread-self/root/proc/thread-self/root/proc/thread-self/root/proc/thread-self/root/proc/self/root/proc/self/root/proc/self/root/proc/self/root/proc/self/root/var/cache/man" "Mozilla/5.0 AppleWebKit/537.36 (KHTML, like Gecko; compatible; GPTBot/1.3; +https://openai.com/gptbot)" 1053 **1/1053931**
216.73.216.56 - - [17/Jan/2026:05:26:02 -0700] "GET /uv-printing?fileloc=%2F%2Fusr%2Finclude%2Flinux%2Fisst_if.h&path=%2F%2Fusr%2Finclude%2Flinux HTTP/2.0" 403 4315 "-" "Mozilla/5.0 AppleWebKit/537.36 (KHTML, like Gecko; compatible; ClaudeBot/1.0; +claudebot@anthropic.com)" 938 **0/938430**
216.73.216.56 - - [17/Jan/2026:05:26:02 -0700] "GET /uv-printing?fileloc=%2F%2Fproc%2Fself%2Fcwd%2Fwp-includes%2Fblock-patterns%2Fquery-offset-posts.php&path=%2F%2Fproc%2Fself%2Fcwd%2Fwp-includes%2Fblock-patterns HTTP/2.0" 403 4315 "-" "Mozilla/5.0 AppleWebKit/537.36 (KHTML, like Gecko; compatible; ClaudeBot/1.0; +claudebot@anthropic.com)" 787 **0/787751**
216.73.216.56 - - [17/Jan/2026:05:26:03 -0700] "GET /uv-printing?fileloc=%2F%2Fusr%2Finclude%2Fbits%2Fsetjmp2.h&path=%2F%2Fusr%2Finclude%2Fbits HTTP/2.0" 403 4315 "-" "Mozilla/5.0 AppleWebKit/537.36 (KHTML, like Gecko; compatible; ClaudeBot/1.0; +claudebot@anthropic.com)" 700 **0/700366**
216.73.216.56 - - [17/Jan/2026:05:26:03 -0700] "GET /uv-printing?fileloc=%2F%2Fusr%2Finclude%2Fbind9%2Fisc%2Fcommandline.h&path=%2F%2Fusr%2Finclude%2Fbind9%2Fisc HTTP/2.0" 403 4315 "-" "Mozilla/5.0 AppleWebKit/537.36 (KHTML, like Gecko; compatible; ClaudeBot/1.0; +claudebot@anthropic.com)" 799 **0/799163**
216.73.216.56 - - [17/Jan/2026:05:26:03 -0700] "GET /uv-printing?fileloc=%2F%2Fusr%2Flib64%2Fpython3.12%2Funittest%2F__main__.py&path=%2F%2Fusr%2Flib64%2Fpython3.12%2Funittest HTTP/2.0" 403 4315 "-" "Mozilla/5.0 AppleWebKit/537.36 (KHTML, like Gecko; compatible; ClaudeBot/1.0; +claudebot@anthropic.com)" 720 **0/720491**
216.73.216.56 - - [17/Jan/2026:05:26:03 -0700] "GET /uv-printing?fileloc=%2F%2Fusr%2Finclude%2Flinux%2Fnet_tstamp.h&path=%2F%2Fusr%2Finclude%2Flinux HTTP/2.0" 403 4315 "-" "Mozilla/5.0 AppleWebKit/537.36 (KHTML, like Gecko; compatible; ClaudeBot/1.0; +claudebot@anthropic.com)" 805 **0/805061**
216.73.216.56 - - [17/Jan/2026:05:26:03 -0700] "GET /uv-printing?fileloc=%2F%2Fusr%2Finclude%2Flinux%2Fvm_sockets_diag.h&path=%2F%2Fusr%2Finclude%2Flinux HTTP/2.0" 403 4315 "-" "Mozilla/5.0 AppleWebKit/537.36 (KHTML, like Gecko; compatible; ClaudeBot/1.0; +claudebot@anthropic.com)" 721 **0/721090**
216.73.216.56 - - [17/Jan/2026:05:26:03 -0700] "GET /uv-printing?fileloc=%2F%2Fusr%2Finclude%2Fsys%2Fraw.h&path=%2F%2Fusr%2Finclude%2Fsys HTTP/2.0" 403 4315 "-" "Mozilla/5.0 AppleWebKit/537.36 (KHTML, like Gecko; compatible; ClaudeBot/1.0; +claudebot@anthropic.com)" 817 **0/817673**
216.73.216.56 - - [17/Jan/2026:05:26:03 -0700] "GET /uv-printing?fileloc=%2F%2Fusr%2Finclude%2Flinux%2Fif_x25.h&path=%2F%2Fusr%2Finclude%2Flinux HTTP/2.0" 403 4315 "-" "Mozilla/5.0 AppleWebKit/537.36 (KHTML, like Gecko; compatible; ClaudeBot/1.0; +claudebot@anthropic.com)" 734 **0/734810**
74.7.227.58 - - [17/Jan/2026:05:26:03 -0700] "GET /?path=//proc/self/root/proc/thread-self/root/proc/thread-self/root/proc/thread-self/root/proc/thread-self/root/proc/self/root/proc/self/root/proc/self/root/proc/self/root/proc/self/root/var/cache/man/hu HTTP/2.0" 200 2898 "https://www.veronaae.com/?path=//proc/self/root/proc/thread-self/root/proc/thread-self/root/proc/thread-self/root/proc/thread-self/root/proc/self/root/proc/self/root/proc/self/root/proc/self/root/proc/self/root/var/cache/man" "Mozilla/5.0 AppleWebKit/537.36 (KHTML, like Gecko; compatible; GPTBot/1.3; +https://openai.com/gptbot)" 617 **0/617488**
74.7.227.58 - - [17/Jan/2026:05:26:04 -0700] "GET /?path=//proc/self/root/proc/thread-self/root/proc/thread-self/root/proc/thread-self/root/proc/thread-self/root/proc/self/root/proc/self/root/proc/self/root/proc/self/root/proc/self/root/var/cache/man/tr HTTP/2.0" 200 2910 "https://www.veronaae.com/?path=//proc/self/root/proc/thread-self/root/proc/thread-self/root/proc/thread-self/root/proc/thread-self/root/proc/self/root/proc/self/root/proc/self/root/proc/self/root/proc/self/root/var/cache/man" "Mozilla/5.0 AppleWebKit/537.36 (KHTML, like Gecko; compatible; GPTBot/1.3; +https://openai.com/gptbot)" 530 **0/530784**
216.73.216.56 - - [17/Jan/2026:05:26:05 -0700] "GET /uv-printing?fileloc=%2F%2Fusr%2Finclude%2Fprotocols%2Frouted.h&path=%2F%2Fusr%2Finclude%2Fprotocols HTTP/2.0" 403 4315 "-" "Mozilla/5.0 AppleWebKit/537.36 (KHTML, like Gecko; compatible; ClaudeBot/1.0; +claudebot@anthropic.com)" 602 **0/602729**
216.73.216.56 - - [17/Jan/2026:05:26:05 -0700] "GET /uv-printing?fileloc=%2F%2Fusr%2Finclude%2Fbits%2Fconfname.h&path=%2F%2Fusr%2Finclude%2Fbits HTTP/2.0" 403 4315 "-" "Mozilla/5.0 AppleWebKit/537.36 (KHTML, like Gecko; compatible; ClaudeBot/1.0; +claudebot@anthropic.com)" 689 **0/689974**
216.73.216.56 - - [17/Jan/2026:05:26:05 -0700] "GET /uv-printing?fileloc=%2F%2Fusr%2Flib64%2Fpython3.12%2Funittest%2Fsignals.py&path=%2F%2Fusr%2Flib64%2Fpython3.12%2Funittest HTTP/2.0" 403 4315 "-" "Mozilla/5.0 AppleWebKit/537.36 (KHTML, like Gecko; compatible; ClaudeBot/1.0; +claudebot@anthropic.com)" 703 **0/703171**
216.73.216.56 - - [17/Jan/2026:05:26:05 -0700] "GET /uv-printing?fileloc=%2F%2Flib64%2Fpython3.12%2Fcollections%2Fabc.py&path=%2F%2Flib64%2Fpython3.12%2Fcollections HTTP/2.0" 403 4315 "-" "Mozilla/5.0 AppleWebKit/537.36 (KHTML, like Gecko; compatible; ClaudeBot/1.0; +claudebot@anthropic.com)" 790 **0/790514**
216.73.216.56 - - [17/Jan/2026:05:26:05 -0700] "GET /uv-printing?fileloc=%2F%2Fusr%2Finclude%2Flinux%2Fnetfilter_bridge%2Febtables.h&path=%2F%2Fusr%2Finclude%2Flinux%2Fnetfilter_bridge HTTP/2.0" 403 4315 "-" "Mozilla/5.0 AppleWebKit/537.36 (KHTML, like Gecko; compatible; ClaudeBot/1.0; +claudebot@anthropic.com)" 793 **0/793772**
216.73.216.56 - - [17/Jan/2026:05:26:05 -0700] "GET /uv-printing?fileloc=%2F%2Fusr%2Finclude%2Fbits%2Finitspin.h&path=%2F%2Fusr%2Finclude%2Fbits HTTP/2.0" 403 4315 "-" "Mozilla/5.0 AppleWebKit/537.36 (KHTML, like Gecko; compatible; ClaudeBot/1.0; +claudebot@anthropic.com)" 799 **0/799137**
74.7.227.58 - - [17/Jan/2026:05:26:05 -0700] "GET /?path=//proc/self/root/proc/thread-self/root/proc/thread-self/root/proc/thread-self/root/proc/thread-self/root/proc/self/root/proc/self/root/proc/self/root/proc/self/root/proc/self/root/var/cache/man/sk HTTP/2.0" 200 2855 "https://www.veronaae.com/?path=//proc/self/root/proc/thread-self/root/proc/thread-self/root/proc/thread-self/root/proc/thread-self/root/proc/self/root/proc/self/root/proc/self/root/proc/self/root/proc/self/root/var/cache/man" "Mozilla/5.0 AppleWebKit/537.36 (KHTML, like Gecko; compatible; GPTBot/1.3; +https://openai.com/gptbot)" 772 **0/772837**
66.249.75.75 - - [17/Jan/2026:05:26:04 -0700] "GET /?v=colour-28185355 HTTP/1.1" 200 21927 "-" "Mozilla/5.0 (Linux; Android 6.0.1; Nexus 5X Build/MMB29P) AppleWebKit/537.36 (KHTML, like Gecko) Chrome/143.0.7499.192 Mobile Safari/537.36 (compatible; Googlebot/2.1; +http://www.google.com/bot.html)" 1632 **1/1632780**
216.73.216.56 - - [17/Jan/2026:05:26:05 -0700] "GET /uv-printing?fileloc=%2F%2Flib64%2Fpython2.7%2Flib-dynload%2F_localemodule.so&path=%2F%2Flib64%2Fpython2.7%2Flib-dynload HTTP/2.0" 403 4315 "-" "Mozilla/5.0 AppleWebKit/537.36 (KHTML, like Gecko; compatible; ClaudeBot/1.0; +claudebot@anthropic.com)" 1196 **1/1196184**
216.73.216.56 - - [17/Jan/2026:05:26:05 -0700] "GET /uv-printing?fileloc=%2F%2Fusr%2Flib64%2Fpython2.7%2Flib-tk%2FTix.pyo&path=%2F%2Fusr%2Flib64%2Fpython2.7%2Flib-tk HTTP/2.0" 403 4315 "-" "Mozilla/5.0 AppleWebKit/537.36 (KHTML, like Gecko; compatible; ClaudeBot/1.0; +claudebot@anthropic.com)" 1185 **1/1185925**
216.73.216.56 - - [17/Jan/2026:05:26:05 -0700] "GET /uv-printing?fileloc=%2F%2Fusr%2Finclude%2Fbind9%2Fdns%2Fcache.h&path=%2F%2Fusr%2Finclude%2Fbind9%2Fdns HTTP/2.0" 403 4315 "-" "Mozilla/5.0 AppleWebKit/537.36 (KHTML, like Gecko; compatible; ClaudeBot/1.0; +claudebot@anthropic.com)" 1484 **1/1484398**
216.73.216.56 - - [17/Jan/2026:05:26:05 -0700] "GET /uv-printing?fileloc=%2F%2Fproc%2Fsys%2Fkernel%2Fuser_ptrace_self&path=%2F%2Fproc%2Fsys%2Fkernel HTTP/2.0" 403 4315 "-" "Mozilla/5.0 AppleWebKit/537.36 (KHTML, like Gecko; compatible; ClaudeBot/1.0; +claudebot@anthropic.com)" 1482 **1/1482014**
216.73.216.56 - - [17/Jan/2026:05:26:06 -0700] "GET /uv-printing?fileloc=%2F%2Fusr%2Finclude%2Fbits%2Fshm.h&path=%2F%2Fusr%2Finclude%2Fbits HTTP/2.0" 403 4315 "-" "Mozilla/5.0 AppleWebKit/537.36 (KHTML, like Gecko; compatible; ClaudeBot/1.0; +claudebot@anthropic.com)" 758 **0/758190**
216.73.216.56 - - [17/Jan/2026:05:26:05 -0700] "GET /uv-printing?path=%2F%2Fproc%2Fself%2Fcwd%2Fwp-admin%2Fnetwork HTTP/2.0" 403 4315 "-" "Mozilla/5.0 AppleWebKit/537.36 (KHTML, like Gecko; compatible; ClaudeBot/1.0; +claudebot@anthropic.com)" 1674 **1/1674831**
216.73.216.56 - - [17/Jan/2026:05:26:06 -0700] "GET /uv-printing?fileloc=%2F%2Fproc%2Fsys%2Fkernel%2Funknown_nmi_panic&path=%2F%2Fproc%2Fsys%2Fkernel HTTP/2.0" 403 4315 "-" "Mozilla/5.0 AppleWebKit/537.36 (KHTML, like Gecko; compatible; ClaudeBot/1.0; +claudebot@anthropic.com)" 772 **0/772898**
216.73.216.56 - - [17/Jan/2026:05:26:06 -0700] "GET /uv-printing?fileloc=%2F%2Fusr%2Finclude%2Fext2fs%2Fext2_types.h&path=%2F%2Fusr%2Finclude%2Fext2fs HTTP/2.0" 403 4315 "-" "Mozilla/5.0 AppleWebKit/537.36 (KHTML, like Gecko; compatible; ClaudeBot/1.0; +claudebot@anthropic.com)" 952 **0/952552**
216.73.216.56 - - [17/Jan/2026:05:26:06 -0700] "GET /uv-printing?fileloc=%2F%2Fusr%2Finclude%2Fbind9%2Fisc%2Fbind9.h&path=%2F%2Fusr%2Finclude%2Fbind9%2Fisc HTTP/2.0" 403 4315 "-" "Mozilla/5.0 AppleWebKit/537.36 (KHTML, like Gecko; compatible; ClaudeBot/1.0; +claudebot@anthropic.com)" 786 **0/786388**
216.73.216.56 - - [17/Jan/2026:05:26:06 -0700] "GET /uv-printing?path=%2F%2Fopt%2Fcpanel%2Fea-php54%2Froot%2Fusr HTTP/2.0" 403 4315 "-" "Mozilla/5.0 AppleWebKit/537.36 (KHTML, like Gecko; compatible; ClaudeBot/1.0; +claudebot@anthropic.com)" 886 **0/886430**
74.7.227.58 - - [17/Jan/2026:05:26:06 -0700] "GET /?path=//proc/self/root/proc/thread-self/root/proc/thread-self/root/proc/thread-self/root/proc/thread-self/root/proc/self/root/proc/self/root/proc/self/root/proc/self/root/proc/self/root/var/cache/man/local HTTP/2.0" 200 2978 "https://www.veronaae.com/?path=//proc/self/root/proc/thread-self/root/proc/thread-self/root/proc/thread-self/root/proc/thread-self/root/proc/self/root/proc/self/root/proc/self/root/proc/self/root/proc/self/root/var/cache/man" "Mozilla/5.0 AppleWebKit/537.36 (KHTML, like Gecko; compatible; GPTBot/1.3; +https://openai.com/gptbot)" 784 **0/784027**
216.73.216.56 - - [17/Jan/2026:05:26:06 -0700] "GET /uv-printing?fileloc=%2F%2Fusr%2Flib64%2Fpython3.12%2Fturtledemo%2Fpaint.py&path=%2F%2Fusr%2Flib64%2Fpython3.12%2Fturtledemo HTTP/2.0" 403 4315 "-" "Mozilla/5.0 AppleWebKit/537.36 (KHTML, like Gecko; compatible; ClaudeBot/1.0; +claudebot@anthropic.com)" 818 **0/818955**
216.73.216.56 - - [17/Jan/2026:05:26:06 -0700] "GET /uv-printing?fileloc=%2F%2Fusr%2Flib64%2Fpython3.12%2Fturtledemo%2Fturtle.cfg&path=%2F%2Fusr%2Flib64%2Fpython3.12%2Fturtledemo HTTP/2.0" 403 4315 "-" "Mozilla/5.0 AppleWebKit/537.36 (KHTML, like Gecko; compatible; ClaudeBot/1.0; +claudebot@anthropic.com)" 728 **0/728801**
57.141.20.41 - - [17/Jan/2026:05:26:06 -0700] "GET /?e=1535684hefgib HTTP/2.0" 200 108366 "-" "meta-externalagent/1.1 (+https://developers.facebook.com/docs/sharing/webmasters/crawler)" 737 **0/737821**
216.73.216.56 - - [17/Jan/2026:05:26:07 -0700] "GET /uv-printing?fileloc=%2F%2Fusr%2Finclude%2Fbind9%2Fisc%2Fxml.h&path=%2F%2Fusr%2Finclude%2Fbind9%2Fisc HTTP/2.0" 403 4315 "-" "Mozilla/5.0 AppleWebKit/537.36 (KHTML, like Gecko; compatible; ClaudeBot/1.0; +claudebot@anthropic.com)" 743 **0/743838**
216.73.216.56 - - [17/Jan/2026:05:26:07 -0700] "GET /uv-printing?fileloc=%2F%2Flib64%2Fpython3.12%2Fnntplib.py&path=%2F%2Flib64%2Fpython3.12 HTTP/2.0" 403 4315 "-" "Mozilla/5.0 AppleWebKit/537.36 (KHTML, like Gecko; compatible; ClaudeBot/1.0; +claudebot@anthropic.com)" 769 **0/769522**
216.73.216.56 - - [17/Jan/2026:05:26:07 -0700] "GET /uv-printing?fileloc=%2F%2Fopt%2Fcpanel%2Fea-profiles-cloudlinux%2Fclshared%2Fallphp.json&path=%2F%2Fopt%2Fcpanel%2Fea-profiles-cloudlinux%2Fclshared HTTP/2.0" 403 4315 "-" "Mozilla/5.0 AppleWebKit/537.36 (KHTML, like Gecko; compatible; ClaudeBot/1.0; +claudebot@anthropic.com)" 947 **0/947470**
216.73.216.56 - - [17/Jan/2026:05:26:07 -0700] "GET /uv-printing?fileloc=%2F%2Fusr%2Flib64%2Fpython3.12%2Flib2to3%2Frefactor.py&path=%2F%2Fusr%2Flib64%2Fpython3.12%2Flib2to3 HTTP/2.0" 403 4315 "-" "Mozilla/5.0 AppleWebKit/537.36 (KHTML, like Gecko; compatible; ClaudeBot/1.0; +claudebot@anthropic.com)" 773 **0/773540**
57.141.20.51 - - [17/Jan/2026:05:26:07 -0700] "GET /?e=1583579hb8gc HTTP/2.0" 200 108366 "-" "meta-externalagent/1.1 (+https://developers.facebook.com/docs/sharing/webmasters/crawler)" 841 **0/841424**
216.73.216.56 - - [17/Jan/2026:05:26:07 -0700] "GET /uv-printing?path=%2F%2Flib64%2Fpython3.6%2Fsite-packages%2Fhawkey HTTP/2.0" 403 4315 "-" "Mozilla/5.0 AppleWebKit/537.36 (KHTML, like Gecko; compatible; ClaudeBot/1.0; +claudebot@anthropic.com)" 869 **0/869862**
216.73.216.56 - - [17/Jan/2026:05:26:07 -0700] "GET /uv-printing?fileloc=%2F%2Flib64%2Fpython3.6%2Fsite-packages%2Fdrv_libxml2.py&path=%2F%2Flib64%2Fpython3.6%2Fsite-packages HTTP/2.0" 403 4315 "-" "Mozilla/5.0 AppleWebKit/537.36 (KHTML, like Gecko; compatible; ClaudeBot/1.0; +claudebot@anthropic.com)" 885 **0/885909**
216.73.216.56 - - [17/Jan/2026:05:26:07 -0700] "GET /uv-printing?fileloc=%2F%2Fusr%2Finclude%2Flinux%2Fnitro_enclaves.h&path=%2F%2Fusr%2Finclude%2Flinux HTTP/2.0" 403 4315 "-" "Mozilla/5.0 AppleWebKit/537.36 (KHTML, like Gecko; compatible; ClaudeBot/1.0; +claudebot@anthropic.com)" 988 **0/988739**
216.73.216.56 - - [17/Jan/2026:05:26:07 -0700] "GET /uv-printing?fileloc=%2F%2Fusr%2Finclude%2Flinux%2Fsock_diag.h&path=%2F%2Fusr%2Finclude%2Flinux HTTP/2.0" 403 4315 "-" "Mozilla/5.0 AppleWebKit/537.36 (KHTML, like Gecko; compatible; ClaudeBot/1.0; +claudebot@anthropic.com)" 905 **0/905368**
216.73.216.56 - - [17/Jan/2026:05:26:07 -0700] "GET /uv-printing?fileloc=%2F%2Fusr%2Finclude%2Fopenssl%2Fcomp.h&path=%2F%2Fusr%2Finclude%2Fopenssl HTTP/2.0" 403 4315 "-" "Mozilla/5.0 AppleWebKit/537.36 (KHTML, like Gecko; compatible; ClaudeBot/1.0; +claudebot@anthropic.com)" 825 **0/825924**
74.7.227.58 - - [17/Jan/2026:05:26:07 -0700] "GET /?path=//proc/self/root/proc/thread-self/root/proc/thread-self/root/proc/thread-self/root/proc/thread-self/root/proc/self/root/proc/self/root/proc/self/root/proc/self/root/proc/self/root/var/cache/man/it HTTP/2.0" 200 2910 "https://www.veronaae.com/?path=//proc/self/root/proc/thread-self/root/proc/thread-self/root/proc/thread-self/root/proc/thread-self/root/proc/self/root/proc/self/root/proc/self/root/proc/self/root/proc/self/root/var/cache/man" "Mozilla/5.0 AppleWebKit/537.36 (KHTML, like Gecko; compatible; GPTBot/1.3; +https://openai.com/gptbot)" 945 **0/945761**
216.73.216.56 - - [17/Jan/2026:05:26:07 -0700] "GET /uv-printing?fileloc=%2F%2Fusr%2Flibexec%2Fgit-core%2Fgit-check-attr&path=%2F%2Fusr%2Flibexec%2Fgit-core HTTP/2.0" 403 4315 "-" "Mozilla/5.0 AppleWebKit/537.36 (KHTML, like Gecko; compatible; ClaudeBot/1.0; +claudebot@anthropic.com)" 833 **0/833286**
216.73.216.56 - - [17/Jan/2026:05:26:08 -0700] "GET /uv-printing?path=%2F%2Fproc%2Fself%2Fcwd%2Fwp-admin%2Fincludes HTTP/2.0" 403 4315 "-" "Mozilla/5.0 AppleWebKit/537.36 (KHTML, like Gecko; compatible; ClaudeBot/1.0; +claudebot@anthropic.com)" 826 **0/826296**
216.73.216.56 - - [17/Jan/2026:05:26:08 -0700] "GET /uv-printing?fileloc=%2F%2Fusr%2Finclude%2Fbits%2Fioctls.h&path=%2F%2Fusr%2Finclude%2Fbits HTTP/2.0" 403 4315 "-" "Mozilla/5.0 AppleWebKit/537.36 (KHTML, like Gecko; compatible; ClaudeBot/1.0; +claudebot@anthropic.com)" 683 **0/683195**
