74.7.227.58 - - [17/Jan/2026:05:25:02 -0700] "GET /?path=//proc/self/root/proc/thread-self/root/proc/thread-self/root/proc/thread-self/root/proc/thread-self/root/proc/self/root/proc/self/root/proc/self/root/proc/self/root/proc/self/root/proc/thread-self/root/lib/.build-id/fb HTTP/2.0" 200 3143 "https://www.veronaae.com/?path=//proc/self/root/proc/thread-self/root/proc/thread-self/root/proc/thread-self/root/proc/thread-self/root/proc/self/root/proc/self/root/proc/self/root/proc/self/root/proc/self/root/proc/thread-self/root/lib/.build-id" "Mozilla/5.0 AppleWebKit/537.36 (KHTML, like Gecko; compatible; GPTBot/1.3; +https://openai.com/gptbot)" 740 **0/740910**
216.73.216.56 - - [17/Jan/2026:05:25:02 -0700] "GET /uv-printing?fileloc=%2F%2Fusr%2Flib64%2Fpython2.7%2Fdecimal.pyo&path=%2F%2Fusr%2Flib64%2Fpython2.7 HTTP/2.0" 200 2278 "-" "Mozilla/5.0 AppleWebKit/537.36 (KHTML, like Gecko; compatible; ClaudeBot/1.0; +claudebot@anthropic.com)" 854 **0/854196**
216.73.216.56 - - [17/Jan/2026:05:25:02 -0700] "GET /uv-printing?fileloc=%2F%2Fusr%2Flib64%2Fpython2.7%2Fxdrlib.pyo&path=%2F%2Fusr%2Flib64%2Fpython2.7 HTTP/2.0" 200 2278 "-" "Mozilla/5.0 AppleWebKit/537.36 (KHTML, like Gecko; compatible; ClaudeBot/1.0; +claudebot@anthropic.com)" 822 **0/822191**
216.73.216.56 - - [17/Jan/2026:05:25:02 -0700] "GET /uv-printing?path=%2F%2Fusr%2Flib64%2Fpython3.12%2Fsite-packages HTTP/2.0" 200 2677 "-" "Mozilla/5.0 AppleWebKit/537.36 (KHTML, like Gecko; compatible; ClaudeBot/1.0; +claudebot@anthropic.com)" 893 **0/893265**
216.73.216.56 - - [17/Jan/2026:05:25:02 -0700] "GET /uv-printing?fileloc=%2F%2Fusr%2Flib64%2Fpython3.6%2Fpstats.py&path=%2F%2Fusr%2Flib64%2Fpython3.6 HTTP/2.0" 200 9026 "-" "Mozilla/5.0 AppleWebKit/537.36 (KHTML, like Gecko; compatible; ClaudeBot/1.0; +claudebot@anthropic.com)" 899 **0/899487**
216.73.216.56 - - [17/Jan/2026:05:25:02 -0700] "GET /uv-printing?fileloc=%2F%2Flib64%2Fpython3.6%2Fuu.py&path=%2F%2Flib64%2Fpython3.6 HTTP/2.0" 200 4655 "-" "Mozilla/5.0 AppleWebKit/537.36 (KHTML, like Gecko; compatible; ClaudeBot/1.0; +claudebot@anthropic.com)" 915 **0/915678**
216.73.216.56 - - [17/Jan/2026:05:25:02 -0700] "GET /uv-printing?fileloc=%2F%2Fusr%2Flib64%2Fpython2.7%2Frlcompleter.pyc&path=%2F%2Fusr%2Flib64%2Fpython2.7 HTTP/2.0" 200 2278 "-" "Mozilla/5.0 AppleWebKit/537.36 (KHTML, like Gecko; compatible; ClaudeBot/1.0; +claudebot@anthropic.com)" 923 **0/923898**
216.73.216.56 - - [17/Jan/2026:05:25:02 -0700] "GET /uv-printing?fileloc=%2F%2Fusr%2Flib64%2Fpython3.12%2Ftimeit.py&path=%2F%2Fusr%2Flib64%2Fpython3.12 HTTP/2.0" 200 6793 "-" "Mozilla/5.0 AppleWebKit/537.36 (KHTML, like Gecko; compatible; ClaudeBot/1.0; +claudebot@anthropic.com)" 949 **0/949607**
216.73.216.56 - - [17/Jan/2026:05:25:02 -0700] "GET /uv-printing?fileloc=%2F%2Fusr%2Flib64%2Fpython3.6%2Fasyncore.py&path=%2F%2Fusr%2Flib64%2Fpython3.6 HTTP/2.0" 200 8108 "-" "Mozilla/5.0 AppleWebKit/537.36 (KHTML, like Gecko; compatible; ClaudeBot/1.0; +claudebot@anthropic.com)" 946 **0/946790**
216.73.216.56 - - [17/Jan/2026:05:25:02 -0700] "GET /uv-printing?fileloc=%2F%2Fusr%2Flib64%2Fpython3.12%2Fdataclasses.py&path=%2F%2Fusr%2Flib64%2Fpython3.12 HTTP/2.0" 200 18628 "-" "Mozilla/5.0 AppleWebKit/537.36 (KHTML, like Gecko; compatible; ClaudeBot/1.0; +claudebot@anthropic.com)" 945 **0/945684**
216.73.216.56 - - [17/Jan/2026:05:25:03 -0700] "GET /uv-printing?fileloc=%2F%2Flib64%2Fpython3.12%2Fchunk.py&path=%2F%2Flib64%2Fpython3.12 HTTP/2.0" 200 3944 "-" "Mozilla/5.0 AppleWebKit/537.36 (KHTML, like Gecko; compatible; ClaudeBot/1.0; +claudebot@anthropic.com)" 977 **0/977017**
216.73.216.56 - - [17/Jan/2026:05:25:03 -0700] "GET /uv-printing?fileloc=%2F%2Flib64%2Fpython2.7%2Fihooks.py&path=%2F%2Flib64%2Fpython2.7 HTTP/2.0" 200 7057 "-" "Mozilla/5.0 AppleWebKit/537.36 (KHTML, like Gecko; compatible; ClaudeBot/1.0; +claudebot@anthropic.com)" 808 **0/808964**
74.7.227.58 - - [17/Jan/2026:05:25:03 -0700] "GET /?path=//proc/self/root/proc/thread-self/root/proc/thread-self/root/proc/thread-self/root/proc/thread-self/root/proc/self/root/proc/self/root/proc/self/root/proc/self/root/proc/self/root/proc/thread-self/root/lib/.build-id/db HTTP/2.0" 200 3486 "https://www.veronaae.com/?path=//proc/self/root/proc/thread-self/root/proc/thread-self/root/proc/thread-self/root/proc/thread-self/root/proc/self/root/proc/self/root/proc/self/root/proc/self/root/proc/self/root/proc/thread-self/root/lib/.build-id" "Mozilla/5.0 AppleWebKit/537.36 (KHTML, like Gecko; compatible; GPTBot/1.3; +https://openai.com/gptbot)" 980 **0/980982**
216.73.216.56 - - [17/Jan/2026:05:25:03 -0700] "GET /uv-printing?fileloc=%2F%2Flib64%2Fpython2.7%2Fimghdr.py&path=%2F%2Flib64%2Fpython2.7 HTTP/2.0" 200 3399 "-" "Mozilla/5.0 AppleWebKit/537.36 (KHTML, like Gecko; compatible; ClaudeBot/1.0; +claudebot@anthropic.com)" 895 **0/895118**
216.73.216.56 - - [17/Jan/2026:05:25:03 -0700] "GET /uv-printing?fileloc=%2F%2Flib64%2Fpython2.7%2Fanydbm.py&path=%2F%2Flib64%2Fpython2.7 HTTP/2.0" 200 3343 "-" "Mozilla/5.0 AppleWebKit/537.36 (KHTML, like Gecko; compatible; ClaudeBot/1.0; +claudebot@anthropic.com)" 907 **0/907648**
216.73.216.56 - - [17/Jan/2026:05:25:03 -0700] "GET /uv-printing?fileloc=%2F%2Fusr%2Flib64%2Fpython2.7%2Fhmac.pyo&path=%2F%2Fusr%2Flib64%2Fpython2.7 HTTP/2.0" 200 2276 "-" "Mozilla/5.0 AppleWebKit/537.36 (KHTML, like Gecko; compatible; ClaudeBot/1.0; +claudebot@anthropic.com)" 908 **0/908688**
216.73.216.56 - - [17/Jan/2026:05:25:03 -0700] "GET /uv-printing?fileloc=%2F%2Flib64%2Fpython3.6%2Fgzip.py&path=%2F%2Flib64%2Fpython3.6 HTTP/2.0" 200 8106 "-" "Mozilla/5.0 AppleWebKit/537.36 (KHTML, like Gecko; compatible; ClaudeBot/1.0; +claudebot@anthropic.com)" 829 **0/829460**
216.73.216.56 - - [17/Jan/2026:05:25:03 -0700] "GET /uv-printing?fileloc=%2F%2Flib64%2Fpython2.7%2Fposixfile.py&path=%2F%2Flib64%2Fpython2.7 HTTP/2.0" 200 4527 "-" "Mozilla/5.0 AppleWebKit/537.36 (KHTML, like Gecko; compatible; ClaudeBot/1.0; +claudebot@anthropic.com)" 934 **0/934614**
216.73.216.56 - - [17/Jan/2026:05:25:03 -0700] "GET /uv-printing?fileloc=%2F%2Fusr%2Flib64%2Fpython2.7%2Fstatvfs.pyc&path=%2F%2Fusr%2Flib64%2Fpython2.7 HTTP/2.0" 200 2278 "-" "Mozilla/5.0 AppleWebKit/537.36 (KHTML, like Gecko; compatible; ClaudeBot/1.0; +claudebot@anthropic.com)" 961 **0/961573**
216.73.216.56 - - [17/Jan/2026:05:25:04 -0700] "GET /uv-printing?path=%2F%2Flib64%2Fpython2.7%2Fensurepip HTTP/2.0" 200 2765 "-" "Mozilla/5.0 AppleWebKit/537.36 (KHTML, like Gecko; compatible; ClaudeBot/1.0; +claudebot@anthropic.com)" 950 **0/950214**
216.73.216.56 - - [17/Jan/2026:05:25:04 -0700] "GET /uv-printing?fileloc=%2F%2Flib64%2Fpython2.7%2Flib-dynload%2F_cryptmodule.so&path=%2F%2Flib64%2Fpython2.7%2Flib-dynload HTTP/2.0" 200 2283 "-" "Mozilla/5.0 AppleWebKit/537.36 (KHTML, like Gecko; compatible; ClaudeBot/1.0; +claudebot@anthropic.com)" 989 **0/989590**
216.73.216.56 - - [17/Jan/2026:05:25:04 -0700] "GET /uv-printing?fileloc=%2F%2Fusr%2Flib64%2Fpython2.7%2Fdis.pyc&path=%2F%2Fusr%2Flib64%2Fpython2.7 HTTP/2.0" 200 2275 "-" "Mozilla/5.0 AppleWebKit/537.36 (KHTML, like Gecko; compatible; ClaudeBot/1.0; +claudebot@anthropic.com)" 820 **0/820310**
216.73.216.56 - - [17/Jan/2026:05:25:04 -0700] "GET /uv-printing?fileloc=%2F%2Fusr%2Flib64%2Fpython2.7%2Fgetpass.pyo&path=%2F%2Fusr%2Flib64%2Fpython2.7 HTTP/2.0" 200 2278 "-" "Mozilla/5.0 AppleWebKit/537.36 (KHTML, like Gecko; compatible; ClaudeBot/1.0; +claudebot@anthropic.com)" 735 **0/735512**
216.73.216.56 - - [17/Jan/2026:05:25:04 -0700] "GET /uv-printing?fileloc=%2F%2Flib64%2Fpython2.7%2Fcopy_reg.py&path=%2F%2Flib64%2Fpython2.7 HTTP/2.0" 200 4670 "-" "Mozilla/5.0 AppleWebKit/537.36 (KHTML, like Gecko; compatible; ClaudeBot/1.0; +claudebot@anthropic.com)" 727 **0/727193**
66.249.75.76 - - [17/Jan/2026:05:25:03 -0700] "GET /?e=291278067b0i0 HTTP/1.1" 200 22503 "-" "Mozilla/5.0 (Linux; Android 6.0.1; Nexus 5X Build/MMB29P) AppleWebKit/537.36 (KHTML, like Gecko) Chrome/143.0.7499.192 Mobile Safari/537.36 (compatible; Googlebot/2.1; +http://www.google.com/bot.html)" 1733 **1/1733578**
74.7.227.58 - - [17/Jan/2026:05:25:04 -0700] "GET /?path=//proc/self/root/proc/thread-self/root/proc/thread-self/root/proc/thread-self/root/proc/thread-self/root/proc/self/root/proc/self/root/proc/self/root/proc/self/root/proc/self/root/proc/thread-self/root/lib/.build-id/df HTTP/2.0" 200 3374 "https://www.veronaae.com/?path=//proc/self/root/proc/thread-self/root/proc/thread-self/root/proc/thread-self/root/proc/thread-self/root/proc/self/root/proc/self/root/proc/self/root/proc/self/root/proc/self/root/proc/thread-self/root/lib/.build-id" "Mozilla/5.0 AppleWebKit/537.36 (KHTML, like Gecko; compatible; GPTBot/1.3; +https://openai.com/gptbot)" 1066 **1/1066241**
216.73.216.56 - - [17/Jan/2026:05:25:04 -0700] "GET /uv-printing?fileloc=%2F%2Fusr%2Flib64%2Fpython3.12%2Ftyping.py&path=%2F%2Fusr%2Flib64%2Fpython3.12 HTTP/2.0" 200 32287 "-" "Mozilla/5.0 AppleWebKit/537.36 (KHTML, like Gecko; compatible; ClaudeBot/1.0; +claudebot@anthropic.com)" 1029 **1/1029394**
216.73.216.56 - - [17/Jan/2026:05:25:04 -0700] "GET /uv-printing?fileloc=%2F%2Flib64%2Fpython2.7%2Fwebbrowser.pyo&path=%2F%2Flib64%2Fpython2.7 HTTP/2.0" 200 2267 "-" "Mozilla/5.0 AppleWebKit/537.36 (KHTML, like Gecko; compatible; ClaudeBot/1.0; +claudebot@anthropic.com)" 1022 **1/1022485**
216.73.216.56 - - [17/Jan/2026:05:25:04 -0700] "GET /uv-printing?fileloc=%2F%2Flib64%2Fpython3.6%2Fpyclbr.py&path=%2F%2Flib64%2Fpython3.6 HTTP/2.0" 200 5935 "-" "Mozilla/5.0 AppleWebKit/537.36 (KHTML, like Gecko; compatible; ClaudeBot/1.0; +claudebot@anthropic.com)" 939 **0/939024**
216.73.216.56 - - [17/Jan/2026:05:25:05 -0700] "GET /uv-printing?fileloc=%2F%2Flib64%2Fpython2.7%2Fsite.py&path=%2F%2Flib64%2Fpython2.7 HTTP/2.0" 200 8803 "-" "Mozilla/5.0 AppleWebKit/537.36 (KHTML, like Gecko; compatible; ClaudeBot/1.0; +claudebot@anthropic.com)" 946 **0/946713**
216.73.216.56 - - [17/Jan/2026:05:25:05 -0700] "GET /uv-printing?fileloc=%2F%2Fusr%2Flib64%2Fpython3.6%2Fprofile.py&path=%2F%2Fusr%2Flib64%2Fpython3.6 HTTP/2.0" 200 8969 "-" "Mozilla/5.0 AppleWebKit/537.36 (KHTML, like Gecko; compatible; ClaudeBot/1.0; +claudebot@anthropic.com)" 877 **0/877973**
216.73.216.56 - - [17/Jan/2026:05:25:05 -0700] "GET /uv-printing?fileloc=%2F%2Fusr%2Finclude%2Fsys%2Fdebugreg.h&path=%2F%2Fusr%2Finclude%2Fsys HTTP/2.0" 200 3694 "-" "Mozilla/5.0 AppleWebKit/537.36 (KHTML, like Gecko; compatible; ClaudeBot/1.0; +claudebot@anthropic.com)" 977 **0/977920**
216.73.216.56 - - [17/Jan/2026:05:25:05 -0700] "GET /uv-printing?fileloc=%2F%2Flib64%2Fpython3.12%2Fmailcap.py&path=%2F%2Flib64%2Fpython3.12 HTTP/2.0" 200 5243 "-" "Mozilla/5.0 AppleWebKit/537.36 (KHTML, like Gecko; compatible; ClaudeBot/1.0; +claudebot@anthropic.com)" 974 **0/974509**
216.73.216.56 - - [17/Jan/2026:05:25:05 -0700] "GET /uv-printing?fileloc=%2F%2Fusr%2Flib64%2Fpython3.6%2Fpty.py&path=%2F%2Fusr%2Flib64%2Fpython3.6 HTTP/2.0" 200 3829 "-" "Mozilla/5.0 AppleWebKit/537.36 (KHTML, like Gecko; compatible; ClaudeBot/1.0; +claudebot@anthropic.com)" 925 **0/925359**
216.73.216.56 - - [17/Jan/2026:05:25:05 -0700] "GET /uv-printing?fileloc=%2F%2Flib64%2Fpython2.7%2Fos.pyo&path=%2F%2Flib64%2Fpython2.7 HTTP/2.0" 200 2266 "-" "Mozilla/5.0 AppleWebKit/537.36 (KHTML, like Gecko; compatible; ClaudeBot/1.0; +claudebot@anthropic.com)" 913 **0/913205**
216.73.216.56 - - [17/Jan/2026:05:25:05 -0700] "GET /uv-printing?fileloc=%2F%2Fusr%2Flib64%2Fpython3.6%2Finspect.py&path=%2F%2Fusr%2Flib64%2Fpython3.6 HTTP/2.0" 200 29728 "-" "Mozilla/5.0 AppleWebKit/537.36 (KHTML, like Gecko; compatible; ClaudeBot/1.0; +claudebot@anthropic.com)" 1120 **1/1120574**
74.7.227.58 - - [17/Jan/2026:05:25:06 -0700] "GET /?path=//proc/self/root/proc/thread-self/root/proc/thread-self/root/proc/thread-self/root/proc/thread-self/root/proc/self/root/proc/self/root/proc/self/root/proc/self/root/proc/self/root/proc/thread-self/root/lib/.build-id/af HTTP/2.0" 200 3292 "https://www.veronaae.com/?path=//proc/self/root/proc/thread-self/root/proc/thread-self/root/proc/thread-self/root/proc/thread-self/root/proc/self/root/proc/self/root/proc/self/root/proc/self/root/proc/self/root/proc/thread-self/root/lib/.build-id" "Mozilla/5.0 AppleWebKit/537.36 (KHTML, like Gecko; compatible; GPTBot/1.3; +https://openai.com/gptbot)" 859 **0/859328**
216.73.216.56 - - [17/Jan/2026:05:25:06 -0700] "GET /uv-printing?fileloc=%2F%2Fusr%2Flib64%2Fpython2.7%2Femail%2Ffeedparser.py&path=%2F%2Fusr%2Flib64%2Fpython2.7%2Femail HTTP/2.0" 200 7603 "-" "Mozilla/5.0 AppleWebKit/537.36 (KHTML, like Gecko; compatible; ClaudeBot/1.0; +claudebot@anthropic.com)" 848 **0/848845**
216.73.216.56 - - [17/Jan/2026:05:25:06 -0700] "GET /uv-printing?path=%2F%2Flib64%2Fpython3.12%2Fsite-packages HTTP/2.0" 200 2667 "-" "Mozilla/5.0 AppleWebKit/537.36 (KHTML, like Gecko; compatible; ClaudeBot/1.0; +claudebot@anthropic.com)" 771 **0/771825**
216.73.216.56 - - [17/Jan/2026:05:25:06 -0700] "GET /uv-printing?fileloc=%2F%2Fusr%2Flib64%2Fpython3.12%2Fposixpath.py&path=%2F%2Fusr%2Flib64%2Fpython3.12 HTTP/2.0" 200 7624 "-" "Mozilla/5.0 AppleWebKit/537.36 (KHTML, like Gecko; compatible; ClaudeBot/1.0; +claudebot@anthropic.com)" 952 **0/952527**
216.73.216.56 - - [17/Jan/2026:05:25:06 -0700] "GET /uv-printing?fileloc=%2F%2Flib64%2Fpython2.7%2Fformatter.pyo&path=%2F%2Flib64%2Fpython2.7 HTTP/2.0" 200 2268 "-" "Mozilla/5.0 AppleWebKit/537.36 (KHTML, like Gecko; compatible; ClaudeBot/1.0; +claudebot@anthropic.com)" 789 **0/789945**
216.73.216.56 - - [17/Jan/2026:05:25:06 -0700] "GET /uv-printing?fileloc=%2F%2Fproc%2Fsys%2Fkernel%2Fbootloader_type&path=%2F%2Fproc%2Fsys%2Fkernel HTTP/2.0" 200 2276 "-" "Mozilla/5.0 AppleWebKit/537.36 (KHTML, like Gecko; compatible; ClaudeBot/1.0; +claudebot@anthropic.com)" 826 **0/826025**
216.73.216.56 - - [17/Jan/2026:05:25:06 -0700] "GET /uv-printing?fileloc=%2F%2Fusr%2Flib64%2Fpython3.6%2Fcompileall.py&path=%2F%2Fusr%2Flib64%2Fpython3.6 HTTP/2.0" 200 5563 "-" "Mozilla/5.0 AppleWebKit/537.36 (KHTML, like Gecko; compatible; ClaudeBot/1.0; +claudebot@anthropic.com)" 714 **0/714494**
66.249.75.76 - - [17/Jan/2026:05:25:05 -0700] "GET /?v=colour-116650324 HTTP/1.1" 200 21598 "-" "Mozilla/5.0 (Linux; Android 6.0.1; Nexus 5X Build/MMB29P) AppleWebKit/537.36 (KHTML, like Gecko) Chrome/143.0.7499.192 Mobile Safari/537.36 (compatible; Googlebot/2.1; +http://www.google.com/bot.html)" 1855 **1/1855197**
216.73.216.56 - - [17/Jan/2026:05:25:06 -0700] "GET /uv-printing?fileloc=%2F%2Fusr%2Flib64%2Fpython2.7%2FcProfile.pyo&path=%2F%2Fusr%2Flib64%2Fpython2.7 HTTP/2.0" 200 2278 "-" "Mozilla/5.0 AppleWebKit/537.36 (KHTML, like Gecko; compatible; ClaudeBot/1.0; +claudebot@anthropic.com)" 912 **0/912116**
216.73.216.56 - - [17/Jan/2026:05:25:06 -0700] "GET /uv-printing?fileloc=%2F%2Fusr%2Finclude%2Flinux%2Fvideodev2.h&path=%2F%2Fusr%2Finclude%2Flinux HTTP/2.0" 200 24999 "-" "Mozilla/5.0 AppleWebKit/537.36 (KHTML, like Gecko; compatible; ClaudeBot/1.0; +claudebot@anthropic.com)" 827 **0/827980**
216.73.216.56 - - [17/Jan/2026:05:25:06 -0700] "GET /uv-printing?fileloc=%2F%2Fusr%2Flib64%2Fpython2.7%2Fchunk.pyo&path=%2F%2Fusr%2Flib64%2Fpython2.7 HTTP/2.0" 200 2277 "-" "Mozilla/5.0 AppleWebKit/537.36 (KHTML, like Gecko; compatible; ClaudeBot/1.0; +claudebot@anthropic.com)" 845 **0/845698**
216.73.216.56 - - [17/Jan/2026:05:25:06 -0700] "GET /uv-printing?fileloc=%2F%2Fusr%2Flib64%2Fpython3.12%2Fdbm%2Fgnu.py&path=%2F%2Fusr%2Flib64%2Fpython3.12%2Fdbm HTTP/2.0" 200 2334 "-" "Mozilla/5.0 AppleWebKit/537.36 (KHTML, like Gecko; compatible; ClaudeBot/1.0; +claudebot@anthropic.com)" 854 **0/854078**
216.73.216.56 - - [17/Jan/2026:05:25:07 -0700] "GET /uv-printing?path=%2F%2Flib%2Fpython2.7%2Fsite-packages%2Fchardet%2Fcli HTTP/2.0" 200 2736 "-" "Mozilla/5.0 AppleWebKit/537.36 (KHTML, like Gecko; compatible; ClaudeBot/1.0; +claudebot@anthropic.com)" 783 **0/783344**
74.7.227.58 - - [17/Jan/2026:05:25:07 -0700] "GET /?path=//proc/self/root/proc/thread-self/root/proc/thread-self/root/proc/thread-self/root/proc/thread-self/root/proc/self/root/proc/self/root/proc/self/root/proc/self/root/proc/self/root/proc/thread-self/root/lib/.build-id/cb HTTP/2.0" 200 3338 "https://www.veronaae.com/?path=//proc/self/root/proc/thread-self/root/proc/thread-self/root/proc/thread-self/root/proc/thread-self/root/proc/self/root/proc/self/root/proc/self/root/proc/self/root/proc/self/root/proc/thread-self/root/lib/.build-id" "Mozilla/5.0 AppleWebKit/537.36 (KHTML, like Gecko; compatible; GPTBot/1.3; +https://openai.com/gptbot)" 880 **0/880743**
216.73.216.56 - - [17/Jan/2026:05:25:07 -0700] "GET /uv-printing?fileloc=%2F%2Flib64%2Fpython2.7%2Flib-dynload%2F_functoolsmodule.so&path=%2F%2Flib64%2Fpython2.7%2Flib-dynload HTTP/2.0" 200 2285 "-" "Mozilla/5.0 AppleWebKit/537.36 (KHTML, like Gecko; compatible; ClaudeBot/1.0; +claudebot@anthropic.com)" 954 **0/954257**
216.73.216.56 - - [17/Jan/2026:05:25:07 -0700] "GET /uv-printing?fileloc=%2F%2Flib64%2Fpython2.7%2Flib-dynload%2F_sqlite3.so&path=%2F%2Flib64%2Fpython2.7%2Flib-dynload HTTP/2.0" 200 2280 "-" "Mozilla/5.0 AppleWebKit/537.36 (KHTML, like Gecko; compatible; ClaudeBot/1.0; +claudebot@anthropic.com)" 968 **0/968992**
216.73.216.56 - - [17/Jan/2026:05:25:07 -0700] "GET /uv-printing?fileloc=%2F%2Flib64%2Fpython2.7%2Flib-dynload%2Fselectmodule.so&path=%2F%2Flib64%2Fpython2.7%2Flib-dynload HTTP/2.0" 200 2281 "-" "Mozilla/5.0 AppleWebKit/537.36 (KHTML, like Gecko; compatible; ClaudeBot/1.0; +claudebot@anthropic.com)" 805 **0/805555**
216.73.216.56 - - [17/Jan/2026:05:25:07 -0700] "GET /uv-printing?fileloc=%2F%2Flib64%2Fpython2.7%2Flib-dynload%2Fcmathmodule.so&path=%2F%2Flib64%2Fpython2.7%2Flib-dynload HTTP/2.0" 200 2283 "-" "Mozilla/5.0 AppleWebKit/537.36 (KHTML, like Gecko; compatible; ClaudeBot/1.0; +claudebot@anthropic.com)" 1000 **1/1000839**
216.73.216.56 - - [17/Jan/2026:05:25:07 -0700] "GET /uv-printing?fileloc=%2F%2Fusr%2Flib64%2Fpython3.12%2Flib-dynload%2F_opcode.cpython-312-x86_64-linux-gnu.so&path=%2F%2Fusr%2Flib64%2Fpython3.12%2Flib-dynload HTTP/2.0" 200 2307 "-" "Mozilla/5.0 AppleWebKit/537.36 (KHTML, like Gecko; compatible; ClaudeBot/1.0; +claudebot@anthropic.com)" 908 **0/908041**
57.141.20.9 - - [17/Jan/2026:05:25:07 -0700] "GET /?e=1054510db7i99 HTTP/2.0" 200 108366 "-" "meta-externalagent/1.1 (+https://developers.facebook.com/docs/sharing/webmasters/crawler)" 1028 **1/1028713**
216.73.216.56 - - [17/Jan/2026:05:25:07 -0700] "GET /uv-printing?fileloc=%2F%2Fusr%2Flib64%2Fpython2.7%2Flib-tk%2FtkCommonDialog.pyc&path=%2F%2Fusr%2Flib64%2Fpython2.7%2Flib-tk HTTP/2.0" 200 2295 "-" "Mozilla/5.0 AppleWebKit/537.36 (KHTML, like Gecko; compatible; ClaudeBot/1.0; +claudebot@anthropic.com)" 823 **0/823485**
216.73.216.56 - - [17/Jan/2026:05:25:08 -0700] "GET /uv-printing?fileloc=%2F%2Fusr%2Flib64%2Fpython2.7%2Flib-tk%2FtkCommonDialog.py&path=%2F%2Fusr%2Flib64%2Fpython2.7%2Flib-tk HTTP/2.0" 200 2872 "-" "Mozilla/5.0 AppleWebKit/537.36 (KHTML, like Gecko; compatible; ClaudeBot/1.0; +claudebot@anthropic.com)" 943 **0/943776**
216.73.216.56 - - [17/Jan/2026:05:25:07 -0700] "GET /uv-printing?path=%2F%2Fusr%2Flib64%2Fpython3.6%2Fsite-packages%2Fsystemd HTTP/2.0" 200 2958 "-" "Mozilla/5.0 AppleWebKit/537.36 (KHTML, like Gecko; compatible; ClaudeBot/1.0; +claudebot@anthropic.com)" 1048 **1/1048445**
57.141.20.54 - - [17/Jan/2026:05:25:08 -0700] "GET /?e=13165438iehb1 HTTP/2.0" 200 108366 "-" "meta-externalagent/1.1 (+https://developers.facebook.com/docs/sharing/webmasters/crawler)" 1033 **1/1033217**
216.73.216.56 - - [17/Jan/2026:05:25:08 -0700] "GET /uv-printing?fileloc=%2F%2Fusr%2Flib64%2Fpython2.7%2Flib-tk%2FtkSimpleDialog.pyo&path=%2F%2Fusr%2Flib64%2Fpython2.7%2Flib-tk HTTP/2.0" 200 2296 "-" "Mozilla/5.0 AppleWebKit/537.36 (KHTML, like Gecko; compatible; ClaudeBot/1.0; +claudebot@anthropic.com)" 1051 **1/1051493**
216.73.216.56 - - [17/Jan/2026:05:25:08 -0700] "GET /uv-printing?path=%2F%2Fusr%2Flib64%2Fpython3.6%2Fsite-packages%2Fcryptography HTTP/2.0" 200 2867 "-" "Mozilla/5.0 AppleWebKit/537.36 (KHTML, like Gecko; compatible; ClaudeBot/1.0; +claudebot@anthropic.com)" 875 **0/875753**
74.7.227.58 - - [17/Jan/2026:05:25:08 -0700] "GET /?path=//proc/self/root/proc/thread-self/root/proc/thread-self/root/proc/thread-self/root/proc/thread-self/root/proc/self/root/proc/self/root/proc/self/root/proc/self/root/proc/self/root/proc/thread-self/root/lib/.build-id/ea HTTP/2.0" 200 3620 "https://www.veronaae.com/?path=//proc/self/root/proc/thread-self/root/proc/thread-self/root/proc/thread-self/root/proc/thread-self/root/proc/self/root/proc/self/root/proc/self/root/proc/self/root/proc/self/root/proc/thread-self/root/lib/.build-id" "Mozilla/5.0 AppleWebKit/537.36 (KHTML, like Gecko; compatible; GPTBot/1.3; +https://openai.com/gptbot)" 902 **0/902194**
216.73.216.56 - - [17/Jan/2026:05:25:08 -0700] "GET /uv-printing?path=%2F%2Flib64%2Fpython3.6%2Fsite-packages%2Fsystemd HTTP/2.0" 200 2945 "-" "Mozilla/5.0 AppleWebKit/537.36 (KHTML, like Gecko; compatible; ClaudeBot/1.0; +claudebot@anthropic.com)" 906 **0/906912**
216.73.216.56 - - [17/Jan/2026:05:25:08 -0700] "GET /uv-printing?fileloc=%2F%2Fopt%2Falt%2Fpython311%2Fbin%2Fpython3.11-config&path=%2F%2Fopt%2Falt%2Fpython311%2Fbin HTTP/2.0" 200 2390 "-" "Mozilla/5.0 AppleWebKit/537.36 (KHTML, like Gecko; compatible; ClaudeBot/1.0; +claudebot@anthropic.com)" 1075 **1/1075554**
216.73.216.56 - - [17/Jan/2026:05:25:08 -0700] "GET /uv-printing?path=%2F%2Fusr%2Flib64%2Fpython3.6%2Fsite-packages%2Fdbus_python-1.2.4-py3.6.egg-info HTTP/2.0" 200 2743 "-" "Mozilla/5.0 AppleWebKit/537.36 (KHTML, like Gecko; compatible; ClaudeBot/1.0; +claudebot@anthropic.com)" 914 **0/914893**
216.73.216.56 - - [17/Jan/2026:05:25:08 -0700] "GET /uv-printing?fileloc=%2F%2Fusr%2Flib64%2Fpython2.7%2Flib-tk%2FtkMessageBox.pyo&path=%2F%2Fusr%2Flib64%2Fpython2.7%2Flib-tk HTTP/2.0" 200 2292 "-" "Mozilla/5.0 AppleWebKit/537.36 (KHTML, like Gecko; compatible; ClaudeBot/1.0; +claudebot@anthropic.com)" 825 **0/825079**
216.73.216.56 - - [17/Jan/2026:05:25:08 -0700] "GET /uv-printing?path=%2F%2Flib64%2Fpython3.6%2Fsite-packages%2Fcryptography HTTP/2.0" 200 2857 "-" "Mozilla/5.0 AppleWebKit/537.36 (KHTML, like Gecko; compatible; ClaudeBot/1.0; +claudebot@anthropic.com)" 1016 **1/1016013**
216.73.216.56 - - [17/Jan/2026:05:25:08 -0700] "GET /uv-printing?path=%2F%2Fopt%2Falt%2Fpython310%2Fshare%2Fman HTTP/2.0" 200 2578 "-" "Mozilla/5.0 AppleWebKit/537.36 (KHTML, like Gecko; compatible; ClaudeBot/1.0; +claudebot@anthropic.com)" 928 **0/928095**
216.73.216.56 - - [17/Jan/2026:05:25:09 -0700] "GET /uv-printing?fileloc=%2F%2Flib64%2Fpython2.7%2Flib-dynload%2FcStringIO.so&path=%2F%2Flib64%2Fpython2.7%2Flib-dynload HTTP/2.0" 200 2281 "-" "Mozilla/5.0 AppleWebKit/537.36 (KHTML, like Gecko; compatible; ClaudeBot/1.0; +claudebot@anthropic.com)" 752 **0/752740**
216.73.216.56 - - [17/Jan/2026:05:25:09 -0700] "GET /uv-printing?path=%2F%2Flib64%2Fpython3.6%2Fsite-packages%2Fdbus_python-1.2.4-py3.6.egg-info HTTP/2.0" 200 2733 "-" "Mozilla/5.0 AppleWebKit/537.36 (KHTML, like Gecko; compatible; ClaudeBot/1.0; +claudebot@anthropic.com)" 709 **0/709670**
216.73.216.56 - - [17/Jan/2026:05:25:09 -0700] "GET /uv-printing?fileloc=%2F%2Fusr%2Flib64%2Fpython2.7%2Flib-tk%2FSimpleDialog.pyc&path=%2F%2Fusr%2Flib64%2Fpython2.7%2Flib-tk HTTP/2.0" 200 2294 "-" "Mozilla/5.0 AppleWebKit/537.36 (KHTML, like Gecko; compatible; ClaudeBot/1.0; +claudebot@anthropic.com)" 609 **0/609781**
74.7.227.58 - - [17/Jan/2026:05:25:09 -0700] "GET /?path=//proc/self/root/proc/thread-self/root/proc/thread-self/root/proc/thread-self/root/proc/thread-self/root/proc/self/root/proc/self/root/proc/self/root/proc/self/root/proc/self/root/proc/thread-self/root/lib/gcc HTTP/2.0" 200 2733 "https://www.veronaae.com/?path=//proc/self/root/proc/thread-self/root/proc/thread-self/root/proc/thread-self/root/proc/thread-self/root/proc/self/root/proc/self/root/proc/self/root/proc/self/root/proc/self/root/proc/thread-self/root/lib" "Mozilla/5.0 AppleWebKit/537.36 (KHTML, like Gecko; compatible; GPTBot/1.3; +https://openai.com/gptbot)" 667 **0/667673**
216.73.216.56 - - [17/Jan/2026:05:25:09 -0700] "GET /uv-printing?fileloc=%2F%2Fusr%2Flib64%2Fpython3.12%2Flib-dynload%2Farray.cpython-312-x86_64-linux-gnu.so&path=%2F%2Fusr%2Flib64%2Fpython3.12%2Flib-dynload HTTP/2.0" 200 2307 "-" "Mozilla/5.0 AppleWebKit/537.36 (KHTML, like Gecko; compatible; ClaudeBot/1.0; +claudebot@anthropic.com)" 987 **0/987686**
216.73.216.56 - - [17/Jan/2026:05:25:09 -0700] "GET /uv-printing?fileloc=%2F%2Flib64%2Fpython3.6%2Femail%2F_header_value_parser.py&path=%2F%2Flib64%2Fpython3.6%2Femail HTTP/2.0" 200 23312 "-" "Mozilla/5.0 AppleWebKit/537.36 (KHTML, like Gecko; compatible; ClaudeBot/1.0; +claudebot@anthropic.com)" 811 **0/811788**
216.73.216.56 - - [17/Jan/2026:05:25:09 -0700] "GET /uv-printing?path=%2F%2Fusr%2Flib64%2Fpython2.7%2FDemo%2Fpysvr HTTP/2.0" 200 2749 "-" "Mozilla/5.0 AppleWebKit/537.36 (KHTML, like Gecko; compatible; ClaudeBot/1.0; +claudebot@anthropic.com)" 715 **0/715369**
216.73.216.56 - - [17/Jan/2026:05:25:09 -0700] "GET /uv-printing?fileloc=%2F%2Fusr%2Finclude%2Fbind9%2Fisc%2Fstring.h&path=%2F%2Fusr%2Finclude%2Fbind9%2Fisc HTTP/2.0" 200 3549 "-" "Mozilla/5.0 AppleWebKit/537.36 (KHTML, like Gecko; compatible; ClaudeBot/1.0; +claudebot@anthropic.com)" 735 **0/735681**
216.73.216.56 - - [17/Jan/2026:05:25:10 -0700] "GET /uv-printing?path=%2F%2Fusr%2Flib64%2Fpython2.7%2FDemo%2Fpdist HTTP/2.0" 200 3630 "-" "Mozilla/5.0 AppleWebKit/537.36 (KHTML, like Gecko; compatible; ClaudeBot/1.0; +claudebot@anthropic.com)" 752 **0/752492**
216.73.216.56 - - [17/Jan/2026:05:25:10 -0700] "GET /uv-printing?fileloc=%2F%2Fopt%2Falt%2Fpython37%2Flib64%2Flibpython3.7m.so.1.0&path=%2F%2Fopt%2Falt%2Fpython37%2Flib64 HTTP/2.0" 200 2287 "-" "Mozilla/5.0 AppleWebKit/537.36 (KHTML, like Gecko; compatible; ClaudeBot/1.0; +claudebot@anthropic.com)" 940 **0/940939**
57.141.20.57 - - [17/Jan/2026:05:25:10 -0700] "GET /?e=1035874283862 HTTP/2.0" 200 108366 "-" "meta-externalagent/1.1 (+https://developers.facebook.com/docs/sharing/webmasters/crawler)" 941 **0/941589**
216.73.216.56 - - [17/Jan/2026:05:25:10 -0700] "GET /uv-printing?fileloc=%2F%2Fusr%2Flib64%2Fpython2.7%2Flib-tk%2FSimpleDialog.py&path=%2F%2Fusr%2Flib64%2Fpython2.7%2Flib-tk HTTP/2.0" 200 3463 "-" "Mozilla/5.0 AppleWebKit/537.36 (KHTML, like Gecko; compatible; ClaudeBot/1.0; +claudebot@anthropic.com)" 875 **0/875289**
57.141.20.54 - - [17/Jan/2026:05:25:10 -0700] "GET /?e=341802da687 HTTP/2.0" 200 108366 "-" "meta-externalagent/1.1 (+https://developers.facebook.com/docs/sharing/webmasters/crawler)" 1047 **1/1047575**
216.73.216.56 - - [17/Jan/2026:05:25:10 -0700] "GET /uv-printing?fileloc=%2F%2Fopt%2Falt%2Fpython36%2Flib64%2Flibpython3.6m.so&path=%2F%2Fopt%2Falt%2Fpython36%2Flib64 HTTP/2.0" 200 2284 "-" "Mozilla/5.0 AppleWebKit/537.36 (KHTML, like Gecko; compatible; ClaudeBot/1.0; +claudebot@anthropic.com)" 1062 **1/1062386**
216.73.216.56 - - [17/Jan/2026:05:25:10 -0700] "GET /uv-printing?fileloc=%2F%2Flib64%2Fpython2.7%2Flib-dynload%2F_multibytecodecmodule.so&path=%2F%2Flib64%2Fpython2.7%2Flib-dynload HTTP/2.0" 200 2287 "-" "Mozilla/5.0 AppleWebKit/537.36 (KHTML, like Gecko; compatible; ClaudeBot/1.0; +claudebot@anthropic.com)" 978 **0/978157**
216.73.216.56 - - [17/Jan/2026:05:25:10 -0700] "GET /uv-printing?path=%2F%2Fusr%2Flib64%2Fpython2.7%2FDemo%2Ftix HTTP/2.0" 200 2884 "-" "Mozilla/5.0 AppleWebKit/537.36 (KHTML, like Gecko; compatible; ClaudeBot/1.0; +claudebot@anthropic.com)" 983 **0/983982**
74.7.227.58 - - [17/Jan/2026:05:25:10 -0700] "GET /?path=//proc/self/root/proc/thread-self/root/proc/thread-self/root/proc/thread-self/root/proc/thread-self/root/proc/self/root/proc/self/root/proc/self/root/proc/self/root/proc/self/root/proc/thread-self/root/etc/cpanel HTTP/2.0" 200 2489 "https://www.veronaae.com/?path=//proc/self/root/proc/thread-self/root/proc/thread-self/root/proc/thread-self/root/proc/thread-self/root/proc/self/root/proc/self/root/proc/self/root/proc/self/root/proc/self/root/proc/thread-self/root/etc" "Mozilla/5.0 AppleWebKit/537.36 (KHTML, like Gecko; compatible; GPTBot/1.3; +https://openai.com/gptbot)" 990 **0/990957**
216.73.216.56 - - [17/Jan/2026:05:25:10 -0700] "GET /uv-printing?path=%2F%2Fusr%2Flib64%2Fpython3.6%2Fsite-packages%2F__pycache__ HTTP/2.0" 200 2900 "-" "Mozilla/5.0 AppleWebKit/537.36 (KHTML, like Gecko; compatible; ClaudeBot/1.0; +claudebot@anthropic.com)" 900 **0/900465**
216.73.216.56 - - [17/Jan/2026:05:25:10 -0700] "GET /uv-printing?fileloc=%2F%2Fopt%2Falt%2Fpython34%2Flib64%2Flibpython3.4m.so&path=%2F%2Fopt%2Falt%2Fpython34%2Flib64 HTTP/2.0" 200 2284 "-" "Mozilla/5.0 AppleWebKit/537.36 (KHTML, like Gecko; compatible; ClaudeBot/1.0; +claudebot@anthropic.com)" 1026 **1/1026090**
216.73.216.56 - - [17/Jan/2026:05:25:10 -0700] "GET /uv-printing?fileloc=%2F%2Fopt%2Falt%2Fpython38%2Flib64%2Flibpython3.8.so&path=%2F%2Fopt%2Falt%2Fpython38%2Flib64 HTTP/2.0" 200 2283 "-" "Mozilla/5.0 AppleWebKit/537.36 (KHTML, like Gecko; compatible; ClaudeBot/1.0; +claudebot@anthropic.com)" 936 **0/936650**
216.73.216.56 - - [17/Jan/2026:05:25:11 -0700] "GET /uv-printing?path=%2F%2Fusr%2Flib64%2Fpython3.12%2Flib2to3%2F__pycache__ HTTP/2.0" 200 3326 "-" "Mozilla/5.0 AppleWebKit/537.36 (KHTML, like Gecko; compatible; ClaudeBot/1.0; +claudebot@anthropic.com)" 948 **0/948474**
216.73.216.56 - - [17/Jan/2026:05:25:11 -0700] "GET /uv-printing?fileloc=%2F%2Fopt%2Falt%2Fpython39%2Flib64%2Flibpython3.9.so&path=%2F%2Fopt%2Falt%2Fpython39%2Flib64 HTTP/2.0" 200 2284 "-" "Mozilla/5.0 AppleWebKit/537.36 (KHTML, like Gecko; compatible; ClaudeBot/1.0; +claudebot@anthropic.com)" 940 **0/940751**
216.73.216.56 - - [17/Jan/2026:05:25:11 -0700] "GET /uv-printing?path=%2F%2Flib64%2Fpython3.6%2Fsite-packages%2F__pycache__ HTTP/2.0" 200 2890 "-" "Mozilla/5.0 AppleWebKit/537.36 (KHTML, like Gecko; compatible; ClaudeBot/1.0; +claudebot@anthropic.com)" 865 **0/865730**
66.249.75.76 - - [17/Jan/2026:05:25:10 -0700] "GET /?v=colour-360985524 HTTP/1.1" 200 23691 "-" "Mozilla/5.0 (Linux; Android 6.0.1; Nexus 5X Build/MMB29P) AppleWebKit/537.36 (KHTML, like Gecko) Chrome/143.0.7499.192 Mobile Safari/537.36 (compatible; Googlebot/2.1; +http://www.google.com/bot.html)" 1812 **1/1812733**
216.73.216.56 - - [17/Jan/2026:05:25:11 -0700] "GET /uv-printing?fileloc=%2F%2Fusr%2Flib64%2Fpython2.7%2Flib-tk%2FtkSimpleDialog.pyc&path=%2F%2Fusr%2Flib64%2Fpython2.7%2Flib-tk HTTP/2.0" 200 2296 "-" "Mozilla/5.0 AppleWebKit/537.36 (KHTML, like Gecko; compatible; ClaudeBot/1.0; +claudebot@anthropic.com)" 783 **0/783210**
216.73.216.56 - - [17/Jan/2026:05:25:11 -0700] "GET /uv-printing?path=%2F%2Fusr%2Flib64%2Fpython3.12%2Furllib%2F__pycache__ HTTP/2.0" 200 3011 "-" "Mozilla/5.0 AppleWebKit/537.36 (KHTML, like Gecko; compatible; ClaudeBot/1.0; +claudebot@anthropic.com)" 795 **0/795738**
216.73.216.56 - - [17/Jan/2026:05:25:11 -0700] "GET /uv-printing?path=%2F%2Flib64%2Fpython3.12%2Flib2to3%2F__pycache__ HTTP/2.0" 200 3312 "-" "Mozilla/5.0 AppleWebKit/537.36 (KHTML, like Gecko; compatible; ClaudeBot/1.0; +claudebot@anthropic.com)" 701 **0/701517**
216.73.216.56 - - [17/Jan/2026:05:25:11 -0700] "GET /uv-printing?fileloc=%2F%2Fusr%2Finclude%2Flibxml2%2Flibxml%2FHTMLparser.h&path=%2F%2Fusr%2Finclude%2Flibxml2%2Flibxml HTTP/2.0" 200 4856 "-" "Mozilla/5.0 AppleWebKit/537.36 (KHTML, like Gecko; compatible; ClaudeBot/1.0; +claudebot@anthropic.com)" 831 **0/831652**
216.73.216.56 - - [17/Jan/2026:05:25:11 -0700] "GET /uv-printing?fileloc=%2F%2Fopt%2Falt%2Fpython311%2Fbin%2Fpython3-config&path=%2F%2Fopt%2Falt%2Fpython311%2Fbin HTTP/2.0" 200 2389 "-" "Mozilla/5.0 AppleWebKit/537.36 (KHTML, like Gecko; compatible; ClaudeBot/1.0; +claudebot@anthropic.com)" 726 **0/726488**
74.7.227.58 - - [17/Jan/2026:05:25:11 -0700] "GET /?path=//proc/self/root/proc/thread-self/root/proc/thread-self/root/proc/thread-self/root/proc/thread-self/root/proc/self/root/proc/self/root/proc/self/root/proc/self/root/proc/self/root/proc/thread-self/root/lib/kernel HTTP/2.0" 200 2725 "https://www.veronaae.com/?path=//proc/self/root/proc/thread-self/root/proc/thread-self/root/proc/thread-self/root/proc/thread-self/root/proc/self/root/proc/self/root/proc/self/root/proc/self/root/proc/self/root/proc/thread-self/root/lib" "Mozilla/5.0 AppleWebKit/537.36 (KHTML, like Gecko; compatible; GPTBot/1.3; +https://openai.com/gptbot)" 807 **0/807451**
216.73.216.56 - - [17/Jan/2026:05:25:12 -0700] "GET /uv-printing?fileloc=%2F%2Fusr%2Flib64%2Fpython2.7%2Flib-tk%2FtkSimpleDialog.py&path=%2F%2Fusr%2Flib64%2Fpython2.7%2Flib-tk HTTP/2.0" 200 4398 "-" "Mozilla/5.0 AppleWebKit/537.36 (KHTML, like Gecko; compatible; ClaudeBot/1.0; +claudebot@anthropic.com)" 744 **0/744177**
216.73.216.56 - - [17/Jan/2026:05:25:12 -0700] "GET /uv-printing?fileloc=%2F%2Flib64%2Fpython2.7%2Flib-dynload%2Fparsermodule.so&path=%2F%2Flib64%2Fpython2.7%2Flib-dynload HTTP/2.0" 200 2282 "-" "Mozilla/5.0 AppleWebKit/537.36 (KHTML, like Gecko; compatible; ClaudeBot/1.0; +claudebot@anthropic.com)" 685 **0/685978**
216.73.216.56 - - [17/Jan/2026:05:25:12 -0700] "GET /uv-printing?fileloc=%2F%2Fusr%2Flib64%2Fpython2.7%2Flib-tk%2FtkMessageBox.pyc&path=%2F%2Fusr%2Flib64%2Fpython2.7%2Flib-tk HTTP/2.0" 200 2292 "-" "Mozilla/5.0 AppleWebKit/537.36 (KHTML, like Gecko; compatible; ClaudeBot/1.0; +claudebot@anthropic.com)" 672 **0/672883**
216.73.216.56 - - [17/Jan/2026:05:25:12 -0700] "GET /uv-printing?path=%2F%2Fopt%2Falt%2Fpython38%2Flib64%2Fpkgconfig HTTP/2.0" 200 2666 "-" "Mozilla/5.0 AppleWebKit/537.36 (KHTML, like Gecko; compatible; ClaudeBot/1.0; +claudebot@anthropic.com)" 777 **0/777048**
216.73.216.56 - - [17/Jan/2026:05:25:12 -0700] "GET /uv-printing?fileloc=%2F%2Fusr%2Flib64%2Fpython2.7%2Flib-tk%2FtkFileDialog.pyo&path=%2F%2Fusr%2Flib64%2Fpython2.7%2Flib-tk HTTP/2.0" 200 2293 "-" "Mozilla/5.0 AppleWebKit/537.36 (KHTML, like Gecko; compatible; ClaudeBot/1.0; +claudebot@anthropic.com)" 699 **0/699892**
216.73.216.56 - - [17/Jan/2026:05:25:12 -0700] "GET /uv-printing?fileloc=%2F%2Flib64%2Fpython2.7%2Flib-dynload%2F_socketmodule.so&path=%2F%2Flib64%2Fpython2.7%2Flib-dynload HTTP/2.0" 200 2282 "-" "Mozilla/5.0 AppleWebKit/537.36 (KHTML, like Gecko; compatible; ClaudeBot/1.0; +claudebot@anthropic.com)" 706 **0/706781**
216.73.216.56 - - [17/Jan/2026:05:25:12 -0700] "GET /uv-printing?path=%2F%2Fopt%2Falt%2Fpython39%2Flib64%2Fpkgconfig HTTP/2.0" 200 2666 "-" "Mozilla/5.0 AppleWebKit/537.36 (KHTML, like Gecko; compatible; ClaudeBot/1.0; +claudebot@anthropic.com)" 687 **0/687019**
216.73.216.56 - - [17/Jan/2026:05:25:12 -0700] "GET /uv-printing?path=%2F%2Fopt%2Falt%2Fpython36%2Flib64%2Fpkgconfig HTTP/2.0" 200 2646 "-" "Mozilla/5.0 AppleWebKit/537.36 (KHTML, like Gecko; compatible; ClaudeBot/1.0; +claudebot@anthropic.com)" 717 **0/717707**
216.73.216.56 - - [17/Jan/2026:05:25:12 -0700] "GET /uv-printing?fileloc=%2F%2Fusr%2Flib64%2Fpython2.7%2Flib-tk%2FtkMessageBox.py&path=%2F%2Fusr%2Flib64%2Fpython2.7%2Flib-tk HTTP/2.0" 200 3446 "-" "Mozilla/5.0 AppleWebKit/537.36 (KHTML, like Gecko; compatible; ClaudeBot/1.0; +claudebot@anthropic.com)" 721 **0/721076**
216.73.216.56 - - [17/Jan/2026:05:25:12 -0700] "GET /uv-printing?path=%2F%2Fopt%2Falt%2Fpython34%2Flib64%2Fpkgconfig HTTP/2.0" 200 2646 "-" "Mozilla/5.0 AppleWebKit/537.36 (KHTML, like Gecko; compatible; ClaudeBot/1.0; +claudebot@anthropic.com)" 719 **0/719622**
216.73.216.56 - - [17/Jan/2026:05:25:13 -0700] "GET /uv-printing?fileloc=%2F%2Fusr%2Flib64%2Fpython2.7%2Fweakref.pyo&path=%2F%2Fusr%2Flib64%2Fpython2.7 HTTP/2.0" 200 2278 "-" "Mozilla/5.0 AppleWebKit/537.36 (KHTML, like Gecko; compatible; ClaudeBot/1.0; +claudebot@anthropic.com)" 733 **0/733601**
74.7.227.58 - - [17/Jan/2026:05:25:13 -0700] "GET /?path=//proc/self/root/proc/thread-self/root/proc/thread-self/root/proc/thread-self/root/proc/thread-self/root/proc/self/root/proc/self/root/proc/self/root/proc/self/root/proc/self/root/proc/thread-self/root/lib/tuned HTTP/2.0" 200 3354 "https://www.veronaae.com/?path=//proc/self/root/proc/thread-self/root/proc/thread-self/root/proc/thread-self/root/proc/thread-self/root/proc/self/root/proc/self/root/proc/self/root/proc/self/root/proc/self/root/proc/thread-self/root/lib" "Mozilla/5.0 AppleWebKit/537.36 (KHTML, like Gecko; compatible; GPTBot/1.3; +https://openai.com/gptbot)" 884 **0/884987**
216.73.216.56 - - [17/Jan/2026:05:25:13 -0700] "GET /uv-printing?fileloc=%2F%2Flib64%2Fpython2.7%2Fpoplib.py&path=%2F%2Flib64%2Fpython2.7 HTTP/2.0" 200 6270 "-" "Mozilla/5.0 AppleWebKit/537.36 (KHTML, like Gecko; compatible; ClaudeBot/1.0; +claudebot@anthropic.com)" 846 **0/846135**
216.73.216.56 - - [17/Jan/2026:05:25:13 -0700] "GET /uv-printing?fileloc=%2F%2Flib64%2Fpython2.7%2FUserDict.pyc&path=%2F%2Flib64%2Fpython2.7 HTTP/2.0" 200 2267 "-" "Mozilla/5.0 AppleWebKit/537.36 (KHTML, like Gecko; compatible; ClaudeBot/1.0; +claudebot@anthropic.com)" 755 **0/755862**
216.73.216.56 - - [17/Jan/2026:05:25:13 -0700] "GET /uv-printing?fileloc=%2F%2Flib64%2Fpython2.7%2Frepr.py&path=%2F%2Flib64%2Fpython2.7 HTTP/2.0" 200 3439 "-" "Mozilla/5.0 AppleWebKit/537.36 (KHTML, like Gecko; compatible; ClaudeBot/1.0; +claudebot@anthropic.com)" 770 **0/770944**
216.73.216.56 - - [17/Jan/2026:05:25:13 -0700] "GET /uv-printing?fileloc=%2F%2Fusr%2Flib64%2Fpython2.7%2Fmodulefinder.py&path=%2F%2Fusr%2Flib64%2Fpython2.7 HTTP/2.0" 200 8558 "-" "Mozilla/5.0 AppleWebKit/537.36 (KHTML, like Gecko; compatible; ClaudeBot/1.0; +claudebot@anthropic.com)" 781 **0/781756**
57.141.20.29 - - [17/Jan/2026:05:25:13 -0700] "GET /?e=21596867bj59g HTTP/2.0" 200 108366 "-" "meta-externalagent/1.1 (+https://developers.facebook.com/docs/sharing/webmasters/crawler)" 928 **0/928560**
216.73.216.56 - - [17/Jan/2026:05:25:13 -0700] "GET /uv-printing?fileloc=%2F%2Flib64%2Fpython2.7%2Fstat.py&path=%2F%2Flib64%2Fpython2.7 HTTP/2.0" 200 2996 "-" "Mozilla/5.0 AppleWebKit/537.36 (KHTML, like Gecko; compatible; ClaudeBot/1.0; +claudebot@anthropic.com)" 883 **0/883385**
216.73.216.56 - - [17/Jan/2026:05:25:13 -0700] "GET /uv-printing?fileloc=%2F%2Fusr%2Flib64%2Fpython2.7%2Fre.pyc&path=%2F%2Fusr%2Flib64%2Fpython2.7 HTTP/2.0" 200 2274 "-" "Mozilla/5.0 AppleWebKit/537.36 (KHTML, like Gecko; compatible; ClaudeBot/1.0; +claudebot@anthropic.com)" 882 **0/882693**
216.73.216.56 - - [17/Jan/2026:05:25:13 -0700] "GET /uv-printing?fileloc=%2F%2Fusr%2Flib64%2Fpython3.12%2Fcsv.py&path=%2F%2Fusr%2Flib64%2Fpython3.12 HTTP/2.0" 200 6977 "-" "Mozilla/5.0 AppleWebKit/537.36 (KHTML, like Gecko; compatible; ClaudeBot/1.0; +claudebot@anthropic.com)" 903 **0/903183**
216.73.216.56 - - [17/Jan/2026:05:25:13 -0700] "GET /uv-printing?fileloc=%2F%2Flib64%2Fpython3.12%2Ffileinput.py&path=%2F%2Flib64%2Fpython3.12 HTTP/2.0" 200 6314 "-" "Mozilla/5.0 AppleWebKit/537.36 (KHTML, like Gecko; compatible; ClaudeBot/1.0; +claudebot@anthropic.com)" 826 **0/826814**
216.73.216.56 - - [17/Jan/2026:05:25:13 -0700] "GET /uv-printing?fileloc=%2F%2Flib64%2Fpython2.7%2Fsre_parse.pyc&path=%2F%2Flib64%2Fpython2.7 HTTP/2.0" 200 2269 "-" "Mozilla/5.0 AppleWebKit/537.36 (KHTML, like Gecko; compatible; ClaudeBot/1.0; +claudebot@anthropic.com)" 922 **0/922716**
216.73.216.56 - - [17/Jan/2026:05:25:14 -0700] "GET /uv-printing?fileloc=%2F%2Flib64%2Fpython3.6%2F_dummy_thread.py&path=%2F%2Flib64%2Fpython3.6 HTTP/2.0" 200 4139 "-" "Mozilla/5.0 AppleWebKit/537.36 (KHTML, like Gecko; compatible; ClaudeBot/1.0; +claudebot@anthropic.com)" 746 **0/746107**
74.7.227.58 - - [17/Jan/2026:05:25:14 -0700] "GET /?path=//proc/self/root/proc/thread-self/root/proc/thread-self/root/proc/thread-self/root/proc/thread-self/root/proc/self/root/proc/self/root/proc/self/root/proc/self/root/proc/self/root/proc/thread-self/root/etc/mail HTTP/2.0" 200 2724 "https://www.veronaae.com/?path=//proc/self/root/proc/thread-self/root/proc/thread-self/root/proc/thread-self/root/proc/thread-self/root/proc/self/root/proc/self/root/proc/self/root/proc/self/root/proc/self/root/proc/thread-self/root/etc" "Mozilla/5.0 AppleWebKit/537.36 (KHTML, like Gecko; compatible; GPTBot/1.3; +https://openai.com/gptbot)" 784 **0/784773**
216.73.216.56 - - [17/Jan/2026:05:25:14 -0700] "GET /uv-printing?fileloc=%2F%2Flib64%2Fpython2.7%2Fdummy_thread.pyo&path=%2F%2Flib64%2Fpython2.7 HTTP/2.0" 200 2271 "-" "Mozilla/5.0 AppleWebKit/537.36 (KHTML, like Gecko; compatible; ClaudeBot/1.0; +claudebot@anthropic.com)" 820 **0/820127**
216.73.216.56 - - [17/Jan/2026:05:25:14 -0700] "GET /uv-printing?fileloc=%2F%2Flib64%2Fpython2.7%2F__phello__.foo.pyc&path=%2F%2Flib64%2Fpython2.7 HTTP/2.0" 200 2273 "-" "Mozilla/5.0 AppleWebKit/537.36 (KHTML, like Gecko; compatible; ClaudeBot/1.0; +claudebot@anthropic.com)" 774 **0/774895**
216.73.216.56 - - [17/Jan/2026:05:25:14 -0700] "GET /uv-printing?fileloc=%2F%2Fusr%2Flib64%2Fpython2.7%2Fcmd.pyo&path=%2F%2Fusr%2Flib64%2Fpython2.7 HTTP/2.0" 200 2275 "-" "Mozilla/5.0 AppleWebKit/537.36 (KHTML, like Gecko; compatible; ClaudeBot/1.0; +claudebot@anthropic.com)" 776 **0/776359**
216.73.216.56 - - [17/Jan/2026:05:25:14 -0700] "GET /uv-printing?fileloc=%2F%2Flib64%2Fpython2.7%2Fmimify.py&path=%2F%2Flib64%2Fpython2.7 HTTP/2.0" 200 5722 "-" "Mozilla/5.0 AppleWebKit/537.36 (KHTML, like Gecko; compatible; ClaudeBot/1.0; +claudebot@anthropic.com)" 796 **0/796534**
216.73.216.56 - - [17/Jan/2026:05:25:14 -0700] "GET /uv-printing?fileloc=%2F%2Fusr%2Flib64%2Fpython2.7%2Fwhichdb.pyc&path=%2F%2Fusr%2Flib64%2Fpython2.7 HTTP/2.0" 200 2277 "-" "Mozilla/5.0 AppleWebKit/537.36 (KHTML, like Gecko; compatible; ClaudeBot/1.0; +claudebot@anthropic.com)" 623 **0/623861**
216.73.216.56 - - [17/Jan/2026:05:25:14 -0700] "GET /uv-printing?fileloc=%2F%2Fusr%2Flib64%2Fpython3.12%2Fdatetime.py&path=%2F%2Fusr%2Flib64%2Fpython3.12 HTTP/2.0" 200 2392 "-" "Mozilla/5.0 AppleWebKit/537.36 (KHTML, like Gecko; compatible; ClaudeBot/1.0; +claudebot@anthropic.com)" 731 **0/731479**
216.73.216.56 - - [17/Jan/2026:05:25:14 -0700] "GET /uv-printing?fileloc=%2F%2Fusr%2Flib64%2Fpython3.6%2Ffilecmp.py&path=%2F%2Fusr%2Flib64%2Fpython3.6 HTTP/2.0" 200 5167 "-" "Mozilla/5.0 AppleWebKit/537.36 (KHTML, like Gecko; compatible; ClaudeBot/1.0; +claudebot@anthropic.com)" 718 **0/718766**
216.73.216.56 - - [17/Jan/2026:05:25:15 -0700] "GET /uv-printing?path=%2F%2Fusr%2Finclude%2Flinux%2Fnetfilter_ipv4 HTTP/2.0" 200 2835 "-" "Mozilla/5.0 AppleWebKit/537.36 (KHTML, like Gecko; compatible; ClaudeBot/1.0; +claudebot@anthropic.com)" 633 **0/633031**
216.73.216.56 - - [17/Jan/2026:05:25:15 -0700] "GET /uv-printing?fileloc=%2F%2Flib64%2Fpython2.7%2Fgetopt.pyc&path=%2F%2Flib64%2Fpython2.7 HTTP/2.0" 200 2267 "-" "Mozilla/5.0 AppleWebKit/537.36 (KHTML, like Gecko; compatible; ClaudeBot/1.0; +claudebot@anthropic.com)" 647 **0/647264**
216.73.216.56 - - [17/Jan/2026:05:25:15 -0700] "GET /uv-printing?fileloc=%2F%2Fusr%2Flib64%2Fpython2.7%2Ftraceback.pyo&path=%2F%2Fusr%2Flib64%2Fpython2.7 HTTP/2.0" 200 2280 "-" "Mozilla/5.0 AppleWebKit/537.36 (KHTML, like Gecko; compatible; ClaudeBot/1.0; +claudebot@anthropic.com)" 665 **0/665425**
216.73.216.56 - - [17/Jan/2026:05:25:15 -0700] "GET /uv-printing?fileloc=%2F%2Fusr%2Flib64%2Fpython2.7%2Fmutex.py&path=%2F%2Fusr%2Flib64%2Fpython2.7 HTTP/2.0" 200 2969 "-" "Mozilla/5.0 AppleWebKit/537.36 (KHTML, like Gecko; compatible; ClaudeBot/1.0; +claudebot@anthropic.com)" 660 **0/660717**
74.7.227.58 - - [17/Jan/2026:05:25:15 -0700] "GET /?path=//proc/self/root/proc/thread-self/root/proc/thread-self/root/proc/thread-self/root/proc/thread-self/root/proc/self/root/proc/self/root/proc/self/root/proc/self/root/proc/self/root/proc/thread-self/root/opt/cpanel HTTP/2.0" 200 3169 "https://www.veronaae.com/?path=//proc/self/root/proc/thread-self/root/proc/thread-self/root/proc/thread-self/root/proc/thread-self/root/proc/self/root/proc/self/root/proc/self/root/proc/self/root/proc/self/root/proc/thread-self/root/opt" "Mozilla/5.0 AppleWebKit/537.36 (KHTML, like Gecko; compatible; GPTBot/1.3; +https://openai.com/gptbot)" 765 **0/765967**
216.73.216.56 - - [17/Jan/2026:05:25:15 -0700] "GET /uv-printing?fileloc=%2F%2Flib64%2Fpython2.7%2Fdbhash.py&path=%2F%2Flib64%2Fpython2.7 HTTP/2.0" 200 2555 "-" "Mozilla/5.0 AppleWebKit/537.36 (KHTML, like Gecko; compatible; ClaudeBot/1.0; +claudebot@anthropic.com)" 763 **0/763612**
216.73.216.56 - - [17/Jan/2026:05:25:15 -0700] "GET /uv-printing?fileloc=%2F%2Fusr%2Flib64%2Fpython2.7%2Fcrypt.pyo&path=%2F%2Fusr%2Flib64%2Fpython2.7 HTTP/2.0" 200 2277 "-" "Mozilla/5.0 AppleWebKit/537.36 (KHTML, like Gecko; compatible; ClaudeBot/1.0; +claudebot@anthropic.com)" 769 **0/769370**
216.73.216.56 - - [17/Jan/2026:05:25:15 -0700] "GET /uv-printing?fileloc=%2F%2Fusr%2Flib64%2Fpython3.6%2Ftextwrap.py&path=%2F%2Fusr%2Flib64%2Fpython3.6 HTTP/2.0" 200 8172 "-" "Mozilla/5.0 AppleWebKit/537.36 (KHTML, like Gecko; compatible; ClaudeBot/1.0; +claudebot@anthropic.com)" 612 **0/612217**
216.73.216.56 - - [17/Jan/2026:05:25:15 -0700] "GET /uv-printing?path=%2F%2Fusr%2Finclude%2Flinux%2Fnfsd HTTP/2.0" 200 2680 "-" "Mozilla/5.0 AppleWebKit/537.36 (KHTML, like Gecko; compatible; ClaudeBot/1.0; +claudebot@anthropic.com)" 775 **0/775967**
216.73.216.56 - - [17/Jan/2026:05:25:15 -0700] "GET /uv-printing?fileloc=%2F%2Flib64%2Fpython3.12%2Freprlib.py&path=%2F%2Flib64%2Fpython3.12 HTTP/2.0" 200 4247 "-" "Mozilla/5.0 AppleWebKit/537.36 (KHTML, like Gecko; compatible; ClaudeBot/1.0; +claudebot@anthropic.com)" 704 **0/704353**
216.73.216.56 - - [17/Jan/2026:05:25:15 -0700] "GET /uv-printing?fileloc=%2F%2Flib64%2Fpython2.7%2Fabc.pyc&path=%2F%2Flib64%2Fpython2.7 HTTP/2.0" 200 2267 "-" "Mozilla/5.0 AppleWebKit/537.36 (KHTML, like Gecko; compatible; ClaudeBot/1.0; +claudebot@anthropic.com)" 632 **0/632168**
216.73.216.56 - - [17/Jan/2026:05:25:16 -0700] "GET /uv-printing?fileloc=%2F%2Fusr%2Flib64%2Fpython2.7%2Frunpy.py&path=%2F%2Fusr%2Flib64%2Fpython2.7 HTTP/2.0" 200 5635 "-" "Mozilla/5.0 AppleWebKit/537.36 (KHTML, like Gecko; compatible; ClaudeBot/1.0; +claudebot@anthropic.com)" 651 **0/651979**
216.73.216.56 - - [17/Jan/2026:05:25:16 -0700] "GET /uv-printing?fileloc=%2F%2Flib64%2Fpython3.12%2Foperator.py&path=%2F%2Flib64%2Fpython3.12 HTTP/2.0" 200 5147 "-" "Mozilla/5.0 AppleWebKit/537.36 (KHTML, like Gecko; compatible; ClaudeBot/1.0; +claudebot@anthropic.com)" 662 **0/662066**
216.73.216.56 - - [17/Jan/2026:05:25:16 -0700] "GET /uv-printing?fileloc=%2F%2Fusr%2Flib64%2Fpython2.7%2Ftty.py&path=%2F%2Fusr%2Flib64%2Fpython2.7 HTTP/2.0" 200 2656 "-" "Mozilla/5.0 AppleWebKit/537.36 (KHTML, like Gecko; compatible; ClaudeBot/1.0; +claudebot@anthropic.com)" 658 **0/658863**
216.73.216.56 - - [17/Jan/2026:05:25:16 -0700] "GET /uv-printing?fileloc=%2F%2Fusr%2Flib64%2Fpython2.7%2Fgettext.py&path=%2F%2Fusr%2Flib64%2Fpython2.7 HTTP/2.0" 200 8468 "-" "Mozilla/5.0 AppleWebKit/537.36 (KHTML, like Gecko; compatible; ClaudeBot/1.0; +claudebot@anthropic.com)" 675 **0/675797**
74.7.227.58 - - [17/Jan/2026:05:25:16 -0700] "GET /?path=//proc/self/root/proc/thread-self/root/proc/thread-self/root/proc/thread-self/root/proc/thread-self/root/proc/self/root/proc/self/root/proc/self/root/proc/self/root/proc/self/root/proc/thread-self/root/lib/rpm HTTP/2.0" 200 3338 "https://www.veronaae.com/?path=//proc/self/root/proc/thread-self/root/proc/thread-self/root/proc/thread-self/root/proc/thread-self/root/proc/self/root/proc/self/root/proc/self/root/proc/self/root/proc/self/root/proc/thread-self/root/lib" "Mozilla/5.0 AppleWebKit/537.36 (KHTML, like Gecko; compatible; GPTBot/1.3; +https://openai.com/gptbot)" 667 **0/667155**
216.73.216.56 - - [17/Jan/2026:05:25:16 -0700] "GET /uv-printing?fileloc=%2F%2Fusr%2Flib64%2Fpython2.7%2FCGIHTTPServer.pyc&path=%2F%2Fusr%2Flib64%2Fpython2.7 HTTP/2.0" 200 2282 "-" "Mozilla/5.0 AppleWebKit/537.36 (KHTML, like Gecko; compatible; ClaudeBot/1.0; +claudebot@anthropic.com)" 764 **0/764274**
216.73.216.56 - - [17/Jan/2026:05:25:16 -0700] "GET /uv-printing?path=%2F%2Flib%2Fpython2.7%2Fsite-packages%2Fpkg_resources HTTP/2.0" 200 2818 "-" "Mozilla/5.0 AppleWebKit/537.36 (KHTML, like Gecko; compatible; ClaudeBot/1.0; +claudebot@anthropic.com)" 697 **0/697736**
216.73.216.56 - - [17/Jan/2026:05:25:16 -0700] "GET /uv-printing?fileloc=%2F%2Flib64%2Fpython3.6%2Ftelnetlib.py&path=%2F%2Flib64%2Fpython3.6 HTTP/2.0" 200 8797 "-" "Mozilla/5.0 AppleWebKit/537.36 (KHTML, like Gecko; compatible; ClaudeBot/1.0; +claudebot@anthropic.com)" 640 **0/640134**
74.7.227.58 - - [17/Jan/2026:05:25:17 -0700] "GET /?path=//proc/self/root/proc/thread-self/root/proc/thread-self/root/proc/thread-self/root/proc/thread-self/root/proc/self/root/proc/self/root/proc/self/root/proc/self/root/proc/self/root/proc/thread-self/root/opt/alt HTTP/2.0" 200 4213 "https://www.veronaae.com/?path=//proc/self/root/proc/thread-self/root/proc/thread-self/root/proc/thread-self/root/proc/thread-self/root/proc/self/root/proc/self/root/proc/self/root/proc/self/root/proc/self/root/proc/thread-self/root/opt" "Mozilla/5.0 AppleWebKit/537.36 (KHTML, like Gecko; compatible; GPTBot/1.3; +https://openai.com/gptbot)" 547 **0/547316**
74.7.227.58 - - [17/Jan/2026:05:25:18 -0700] "GET /?path=//proc/self/root/proc/thread-self/root/proc/thread-self/root/proc/thread-self/root/proc/thread-self/root/proc/self/root/proc/self/root/proc/self/root/proc/self/root/proc/self/root/proc/thread-self/root/lib/dracut HTTP/2.0" 200 3091 "https://www.veronaae.com/?path=//proc/self/root/proc/thread-self/root/proc/thread-self/root/proc/thread-self/root/proc/thread-self/root/proc/self/root/proc/self/root/proc/self/root/proc/self/root/proc/self/root/proc/thread-self/root/lib" "Mozilla/5.0 AppleWebKit/537.36 (KHTML, like Gecko; compatible; GPTBot/1.3; +https://openai.com/gptbot)" 527 **0/527038**
66.249.75.75 - - [17/Jan/2026:05:25:17 -0700] "GET /?e=1857293efj519 HTTP/1.1" 200 21991 "-" "Mozilla/5.0 (Linux; Android 6.0.1; Nexus 5X Build/MMB29P) AppleWebKit/537.36 (KHTML, like Gecko) Chrome/143.0.7499.192 Mobile Safari/537.36 (compatible; Googlebot/2.1; +http://www.google.com/bot.html)" 1616 **1/1616814**
