216.73.216.56 - - [17/Jan/2026:05:27:36 -0700] "GET /uv-printing?fileloc=%2F%2Flib64%2Fpython3.6%2Fsite-packages%2Flibxml2mod.so&path=%2F%2Flib64%2Fpython3.6%2Fsite-packages HTTP/2.0" 200 2282 "-" "Mozilla/5.0 AppleWebKit/537.36 (KHTML, like Gecko; compatible; ClaudeBot/1.0; +claudebot@anthropic.com)" 682 **0/682597**
216.73.216.56 - - [17/Jan/2026:05:27:36 -0700] "GET /uv-printing?fileloc=%2F%2Fusr%2Finclude%2Fsecurity%2Fpam_client.h&path=%2F%2Fusr%2Finclude%2Fsecurity HTTP/2.0" 200 4194 "-" "Mozilla/5.0 AppleWebKit/537.36 (KHTML, like Gecko; compatible; ClaudeBot/1.0; +claudebot@anthropic.com)" 674 **0/674098**
216.73.216.56 - - [17/Jan/2026:05:27:36 -0700] "GET /uv-printing?fileloc=%2F%2Fusr%2Finclude%2Fbind9%2Fdns%2Fkeytable.h&path=%2F%2Fusr%2Finclude%2Fbind9%2Fdns HTTP/2.0" 200 4656 "-" "Mozilla/5.0 AppleWebKit/537.36 (KHTML, like Gecko; compatible; ClaudeBot/1.0; +claudebot@anthropic.com)" 593 **0/593654**
216.73.216.56 - - [17/Jan/2026:05:27:36 -0700] "GET /uv-printing?fileloc=%2F%2Fusr%2Finclude%2Fbind9%2Fisc%2Fversion.h&path=%2F%2Fusr%2Finclude%2Fbind9%2Fisc HTTP/2.0" 200 2590 "-" "Mozilla/5.0 AppleWebKit/537.36 (KHTML, like Gecko; compatible; ClaudeBot/1.0; +claudebot@anthropic.com)" 562 **0/562132**
216.73.216.56 - - [17/Jan/2026:05:27:36 -0700] "GET /uv-printing?fileloc=%2F%2Fusr%2Finclude%2Fopenssl%2Fbnerr.h&path=%2F%2Fusr%2Finclude%2Fopenssl HTTP/2.0" 200 3415 "-" "Mozilla/5.0 AppleWebKit/537.36 (KHTML, like Gecko; compatible; ClaudeBot/1.0; +claudebot@anthropic.com)" 542 **0/542929**
216.73.216.56 - - [17/Jan/2026:05:27:36 -0700] "GET /uv-printing?fileloc=%2F%2Fusr%2Finclude%2Fbind9%2Fisc%2Fnetaddr.h&path=%2F%2Fusr%2Finclude%2Fbind9%2Fisc HTTP/2.0" 200 3842 "-" "Mozilla/5.0 AppleWebKit/537.36 (KHTML, like Gecko; compatible; ClaudeBot/1.0; +claudebot@anthropic.com)" 532 **0/532396**
216.73.216.56 - - [17/Jan/2026:05:27:36 -0700] "GET /uv-printing?fileloc=%2F%2Fusr%2Finclude%2Fbind9%2Fisc%2Fbase32.h&path=%2F%2Fusr%2Finclude%2Fbind9%2Fisc HTTP/2.0" 200 3635 "-" "Mozilla/5.0 AppleWebKit/537.36 (KHTML, like Gecko; compatible; ClaudeBot/1.0; +claudebot@anthropic.com)" 530 **0/530044**
216.73.216.56 - - [17/Jan/2026:05:27:36 -0700] "GET /uv-printing?fileloc=%2F%2Fusr%2Finclude%2Fsys%2Fpersonality.h&path=%2F%2Fusr%2Finclude%2Fsys HTTP/2.0" 200 3354 "-" "Mozilla/5.0 AppleWebKit/537.36 (KHTML, like Gecko; compatible; ClaudeBot/1.0; +claudebot@anthropic.com)" 523 **0/523127**
74.7.227.58 - - [17/Jan/2026:05:27:37 -0700] "GET /?path=//proc/self/root/proc/thread-self/root/proc/thread-self/root/proc/thread-self/root/proc/thread-self/root/proc/self/root/proc/self/root/proc/self/root/proc/self/root/var/run HTTP/2.0" 200 3008 "https://www.veronaae.com/?path=//proc/self/root/proc/thread-self/root/proc/thread-self/root/proc/thread-self/root/proc/thread-self/root/proc/self/root/proc/self/root/proc/self/root/proc/self/root/var" "Mozilla/5.0 AppleWebKit/537.36 (KHTML, like Gecko; compatible; GPTBot/1.3; +https://openai.com/gptbot)" 522 **0/522513**
216.73.216.56 - - [17/Jan/2026:05:27:37 -0700] "GET /uv-printing?fileloc=%2F%2Fusr%2Finclude%2Fsys%2Ffanotify.h&path=%2F%2Fusr%2Finclude%2Fsys HTTP/2.0" 200 2905 "-" "Mozilla/5.0 AppleWebKit/537.36 (KHTML, like Gecko; compatible; ClaudeBot/1.0; +claudebot@anthropic.com)" 531 **0/531452**
216.73.216.56 - - [17/Jan/2026:05:27:37 -0700] "GET /uv-printing?fileloc=%2F%2Fusr%2Finclude%2Fasm%2Fbyteorder.h&path=%2F%2Fusr%2Finclude%2Fasm HTTP/2.0" 200 2375 "-" "Mozilla/5.0 AppleWebKit/537.36 (KHTML, like Gecko; compatible; ClaudeBot/1.0; +claudebot@anthropic.com)" 573 **0/573282**
216.73.216.56 - - [17/Jan/2026:05:27:36 -0700] "GET /uv-printing?fileloc=%2F%2Fusr%2Finclude%2Fopenssl%2Fbuffererr.h&path=%2F%2Fusr%2Finclude%2Fopenssl HTTP/2.0" 200 2662 "-" "Mozilla/5.0 AppleWebKit/537.36 (KHTML, like Gecko; compatible; ClaudeBot/1.0; +claudebot@anthropic.com)" 1333 **1/1333631**
216.73.216.56 - - [17/Jan/2026:05:27:37 -0700] "GET /uv-printing?fileloc=%2F%2Flib64%2Fpython2.7%2Flib-dynload%2Fbinascii.so&path=%2F%2Flib64%2Fpython2.7%2Flib-dynload HTTP/2.0" 200 2281 "-" "Mozilla/5.0 AppleWebKit/537.36 (KHTML, like Gecko; compatible; ClaudeBot/1.0; +claudebot@anthropic.com)" 680 **0/680445**
216.73.216.56 - - [17/Jan/2026:05:27:37 -0700] "GET /uv-printing?fileloc=%2F%2Fusr%2Finclude%2Fbits%2Fmath-finite.h&path=%2F%2Fusr%2Finclude%2Fbits HTTP/2.0" 200 3715 "-" "Mozilla/5.0 AppleWebKit/537.36 (KHTML, like Gecko; compatible; ClaudeBot/1.0; +claudebot@anthropic.com)" 687 **0/687051**
216.73.216.56 - - [17/Jan/2026:05:27:37 -0700] "GET /uv-printing?fileloc=%2F%2Fusr%2Finclude%2Fsys%2Fxattr.h&path=%2F%2Fusr%2Finclude%2Fsys HTTP/2.0" 200 3309 "-" "Mozilla/5.0 AppleWebKit/537.36 (KHTML, like Gecko; compatible; ClaudeBot/1.0; +claudebot@anthropic.com)" 681 **0/681988**
216.73.216.56 - - [17/Jan/2026:05:27:37 -0700] "GET /uv-printing?fileloc=%2F%2Fusr%2Finclude%2Fopenssl%2Fpemerr.h&path=%2F%2Fusr%2Finclude%2Fopenssl HTTP/2.0" 200 3434 "-" "Mozilla/5.0 AppleWebKit/537.36 (KHTML, like Gecko; compatible; ClaudeBot/1.0; +claudebot@anthropic.com)" 610 **0/610943**
216.73.216.56 - - [17/Jan/2026:05:27:37 -0700] "GET /uv-printing?fileloc=%2F%2Fusr%2Finclude%2Fsecurity%2F_pam_types.h&path=%2F%2Fusr%2Finclude%2Fsecurity HTTP/2.0" 200 7043 "-" "Mozilla/5.0 AppleWebKit/537.36 (KHTML, like Gecko; compatible; ClaudeBot/1.0; +claudebot@anthropic.com)" 703 **0/703022**
216.73.216.56 - - [17/Jan/2026:05:27:37 -0700] "GET /uv-printing?fileloc=%2F%2Fusr%2Finclude%2Fbind9%2Fisc%2Fbase64.h&path=%2F%2Fusr%2Finclude%2Fbind9%2Fisc HTTP/2.0" 200 3365 "-" "Mozilla/5.0 AppleWebKit/537.36 (KHTML, like Gecko; compatible; ClaudeBot/1.0; +claudebot@anthropic.com)" 645 **0/645495**
216.73.216.56 - - [17/Jan/2026:05:27:37 -0700] "GET /uv-printing?fileloc=%2F%2Fusr%2Finclude%2Fbind9%2Fdns%2Fiptable.h&path=%2F%2Fusr%2Finclude%2Fbind9%2Fdns HTTP/2.0" 200 2969 "-" "Mozilla/5.0 AppleWebKit/537.36 (KHTML, like Gecko; compatible; ClaudeBot/1.0; +claudebot@anthropic.com)" 569 **0/569686**
66.249.75.76 - - [17/Jan/2026:05:27:36 -0700] "GET /?v=colour-105899224 HTTP/1.1" 200 22899 "-" "Mozilla/5.0 (Linux; Android 6.0.1; Nexus 5X Build/MMB29P) AppleWebKit/537.36 (KHTML, like Gecko) Chrome/143.0.7499.192 Mobile Safari/537.36 (compatible; Googlebot/2.1; +http://www.google.com/bot.html)" 1620 **1/1620816**
216.73.216.56 - - [17/Jan/2026:05:27:37 -0700] "GET /uv-printing?fileloc=%2F%2Fusr%2Finclude%2Fasm%2Fbitsperlong.h&path=%2F%2Fusr%2Finclude%2Fasm HTTP/2.0" 200 2448 "-" "Mozilla/5.0 AppleWebKit/537.36 (KHTML, like Gecko; compatible; ClaudeBot/1.0; +claudebot@anthropic.com)" 650 **0/650984**
74.7.227.58 - - [17/Jan/2026:05:27:37 -0700] "GET /?path=//proc/self/root/proc/thread-self/root/proc/thread-self/root/proc/thread-self/root/proc/thread-self/root/proc/self/root/proc/self/root/proc/self/root/proc/self/root/etc/pki/dovecot HTTP/2.0" 200 2795 "https://www.veronaae.com/?path=//proc/self/root/proc/thread-self/root/proc/thread-self/root/proc/thread-self/root/proc/thread-self/root/proc/self/root/proc/self/root/proc/self/root/proc/self/root/etc/pki" "Mozilla/5.0 AppleWebKit/537.36 (KHTML, like Gecko; compatible; GPTBot/1.3; +https://openai.com/gptbot)" 639 **0/639553**
216.73.216.56 - - [17/Jan/2026:05:27:37 -0700] "GET /uv-printing?fileloc=%2F%2Fusr%2Flib64%2Fpython3.12%2Flib2to3%2Fpatcomp.py&path=%2F%2Fusr%2Flib64%2Fpython3.12%2Flib2to3 HTTP/2.0" 200 4395 "-" "Mozilla/5.0 AppleWebKit/537.36 (KHTML, like Gecko; compatible; ClaudeBot/1.0; +claudebot@anthropic.com)" 643 **0/643575**
74.7.227.58 - - [17/Jan/2026:05:27:38 -0700] "GET /?path=//proc/self/root/proc/thread-self/root/proc/thread-self/root/proc/thread-self/root/proc/thread-self/root/proc/self/root/proc/self/root/proc/self/root/proc/self/root/usr/include/openssl HTTP/2.0" 200 5415 "https://www.veronaae.com/?path=//proc/self/root/proc/thread-self/root/proc/thread-self/root/proc/thread-self/root/proc/thread-self/root/proc/self/root/proc/self/root/proc/self/root/proc/self/root/usr/include" "Mozilla/5.0 AppleWebKit/537.36 (KHTML, like Gecko; compatible; GPTBot/1.3; +https://openai.com/gptbot)" 527 **0/527680**
74.7.227.58 - - [17/Jan/2026:05:27:39 -0700] "GET /?path=//proc/self/root/proc/thread-self/root/proc/thread-self/root/proc/thread-self/root/proc/thread-self/root/proc/self/root/proc/self/root/proc/self/root/proc/self/root/proc/self/root/usr/include/netrom HTTP/2.0" 200 2732 "https://www.veronaae.com/?path=//proc/self/root/proc/thread-self/root/proc/thread-self/root/proc/thread-self/root/proc/thread-self/root/proc/self/root/proc/self/root/proc/self/root/proc/self/root/proc/self/root/usr/include" "Mozilla/5.0 AppleWebKit/537.36 (KHTML, like Gecko; compatible; GPTBot/1.3; +https://openai.com/gptbot)" 514 **0/514570**
66.249.75.76 - - [17/Jan/2026:05:27:38 -0700] "GET /?e=4281274bha4jb HTTP/1.1" 200 22537 "-" "Mozilla/5.0 (Linux; Android 6.0.1; Nexus 5X Build/MMB29P) AppleWebKit/537.36 (KHTML, like Gecko) Chrome/143.0.7499.192 Mobile Safari/537.36 (compatible; Googlebot/2.1; +http://www.google.com/bot.html)" 1598 **1/1598894**
74.7.227.58 - - [17/Jan/2026:05:27:40 -0700] "GET /?path=//proc/self/root/proc/thread-self/root/proc/thread-self/root/proc/thread-self/root/proc/thread-self/root/proc/self/root/proc/self/root/proc/self/root/proc/self/root/proc/self/root/usr/include/nfs HTTP/2.0" 200 2730 "https://www.veronaae.com/?path=//proc/self/root/proc/thread-self/root/proc/thread-self/root/proc/thread-self/root/proc/thread-self/root/proc/self/root/proc/self/root/proc/self/root/proc/self/root/proc/self/root/usr/include" "Mozilla/5.0 AppleWebKit/537.36 (KHTML, like Gecko; compatible; GPTBot/1.3; +https://openai.com/gptbot)" 517 **0/517211**
74.7.227.58 - - [17/Jan/2026:05:27:41 -0700] "GET /?path=//proc/self/root/proc/thread-self/root/proc/thread-self/root/proc/thread-self/root/proc/thread-self/root/proc/self/root/proc/self/root/proc/self/root/proc/self/root/proc/self/root/proc/thread-self/root/var/www HTTP/2.0" 200 2750 "https://www.veronaae.com/?path=//proc/self/root/proc/thread-self/root/proc/thread-self/root/proc/thread-self/root/proc/thread-self/root/proc/self/root/proc/self/root/proc/self/root/proc/self/root/proc/self/root/proc/thread-self/root/var" "Mozilla/5.0 AppleWebKit/537.36 (KHTML, like Gecko; compatible; GPTBot/1.3; +https://openai.com/gptbot)" 499 **0/499105**
74.7.227.58 - - [17/Jan/2026:05:27:42 -0700] "GET /?fileloc=//proc/self/root/proc/thread-self/root/proc/thread-self/root/proc/thread-self/root/proc/thread-self/root/proc/self/root/proc/self/root/proc/self/root/proc/self/root/proc/thread-self/attr/fscreate&path=//proc/self/root/proc/thread-self/root/proc/thread-self/root/proc/thread-self/root/proc/thread-self/root/proc/self/root/proc/self/root/proc/self/root/proc/self/root/proc/thread-self/attr HTTP/2.0" 200 2398 "https://www.veronaae.com/?path=//proc/self/root/proc/thread-self/root/proc/thread-self/root/proc/thread-self/root/proc/thread-self/root/proc/self/root/proc/self/root/proc/self/root/proc/self/root/proc/thread-self/attr" "Mozilla/5.0 AppleWebKit/537.36 (KHTML, like Gecko; compatible; GPTBot/1.3; +https://openai.com/gptbot)" 494 **0/494576**
57.141.20.50 - - [17/Jan/2026:05:27:42 -0700] "GET /?e=3622079b72710 HTTP/2.0" 200 108366 "-" "meta-externalagent/1.1 (+https://developers.facebook.com/docs/sharing/webmasters/crawler)" 499 **0/499995**
66.249.75.76 - - [17/Jan/2026:05:27:41 -0700] "GET /?v=colour-132911054 HTTP/1.1" 200 22048 "-" "Mozilla/5.0 (Linux; Android 6.0.1; Nexus 5X Build/MMB29P) AppleWebKit/537.36 (KHTML, like Gecko) Chrome/143.0.7499.192 Mobile Safari/537.36 (compatible; Googlebot/2.1; +http://www.google.com/bot.html)" 1600 **1/1600044**
74.7.227.58 - - [17/Jan/2026:05:27:42 -0700] "GET /?fileloc=//proc/self/root/proc/thread-self/root/proc/thread-self/root/proc/thread-self/root/proc/thread-self/root/proc/self/root/proc/self/root/proc/self/root/proc/self/root/proc/self/root/proc/sys/fs/process_symlinks_proc&path=//proc/self/root/proc/thread-self/root/proc/thread-self/root/proc/thread-self/root/proc/thread-self/root/proc/self/root/proc/self/root/proc/self/root/proc/self/root/proc/self/root/proc/sys/fs HTTP/2.0" 200 2418 "https://www.veronaae.com/?path=//proc/self/root/proc/thread-self/root/proc/thread-self/root/proc/thread-self/root/proc/thread-self/root/proc/self/root/proc/self/root/proc/self/root/proc/self/root/proc/self/root/proc/sys/fs" "Mozilla/5.0 AppleWebKit/537.36 (KHTML, like Gecko; compatible; GPTBot/1.3; +https://openai.com/gptbot)" 500 **0/500852**
57.141.20.17 - - [17/Jan/2026:05:27:43 -0700] "GET /?e=1626582264fa2 HTTP/2.0" 200 108366 "-" "meta-externalagent/1.1 (+https://developers.facebook.com/docs/sharing/webmasters/crawler)" 508 **0/508311**
74.7.227.58 - - [17/Jan/2026:05:27:43 -0700] "GET /?fileloc=//proc/self/root/proc/thread-self/root/proc/thread-self/root/proc/thread-self/root/proc/thread-self/root/proc/self/root/proc/self/root/proc/self/root/proc/self/root/proc/self/root/proc/sys/fs/pipe-user-pages-soft&path=//proc/self/root/proc/thread-self/root/proc/thread-self/root/proc/thread-self/root/proc/thread-self/root/proc/self/root/proc/self/root/proc/self/root/proc/self/root/proc/self/root/proc/sys/fs HTTP/2.0" 200 2428 "https://www.veronaae.com/?path=//proc/self/root/proc/thread-self/root/proc/thread-self/root/proc/thread-self/root/proc/thread-self/root/proc/self/root/proc/self/root/proc/self/root/proc/self/root/proc/self/root/proc/sys/fs" "Mozilla/5.0 AppleWebKit/537.36 (KHTML, like Gecko; compatible; GPTBot/1.3; +https://openai.com/gptbot)" 510 **0/510015**
216.73.216.56 - - [17/Jan/2026:05:27:44 -0700] "GET /uv-printing?fileloc=%2F%2Fproc%2Fsys%2Fkernel%2Fnmi_watchdog&path=%2F%2Fproc%2Fsys%2Fkernel HTTP/2.0" 200 2277 "-" "Mozilla/5.0 AppleWebKit/537.36 (KHTML, like Gecko; compatible; ClaudeBot/1.0; +claudebot@anthropic.com)" 643 **0/643148**
216.73.216.56 - - [17/Jan/2026:05:27:44 -0700] "GET /uv-printing?fileloc=%2F%2Fopt%2Fcpanel%2Fea-profiles-cloudlinux%2Fclsolo%2Fallphp_lsapi.json&path=%2F%2Fopt%2Fcpanel%2Fea-profiles-cloudlinux%2Fclsolo HTTP/2.0" 200 5229 "-" "Mozilla/5.0 AppleWebKit/537.36 (KHTML, like Gecko; compatible; ClaudeBot/1.0; +claudebot@anthropic.com)" 652 **0/652105**
216.73.216.56 - - [17/Jan/2026:05:27:44 -0700] "GET /uv-printing?fileloc=%2F%2Fusr%2Finclude%2Fopenssl%2Fdtls1.h&path=%2F%2Fusr%2Finclude%2Fopenssl HTTP/2.0" 200 2853 "-" "Mozilla/5.0 AppleWebKit/537.36 (KHTML, like Gecko; compatible; ClaudeBot/1.0; +claudebot@anthropic.com)" 750 **0/750542**
216.73.216.56 - - [17/Jan/2026:05:27:44 -0700] "GET /uv-printing?path=%2F%2Fproc%2Fthread-self%2Fcwd%2Fwp-includes%2Fblock-supports%2FIXR HTTP/2.0" 200 2910 "-" "Mozilla/5.0 AppleWebKit/537.36 (KHTML, like Gecko; compatible; ClaudeBot/1.0; +claudebot@anthropic.com)" 752 **0/752219**
216.73.216.56 - - [17/Jan/2026:05:27:44 -0700] "GET /uv-printing?fileloc=%2F%2Fusr%2Finclude%2Fbind9%2Fdns%2Fzt.h&path=%2F%2Fusr%2Finclude%2Fbind9%2Fdns HTTP/2.0" 200 4004 "-" "Mozilla/5.0 AppleWebKit/537.36 (KHTML, like Gecko; compatible; ClaudeBot/1.0; +claudebot@anthropic.com)" 848 **0/848797**
216.73.216.56 - - [17/Jan/2026:05:27:44 -0700] "GET /uv-printing?fileloc=%2F%2Fusr%2Finclude%2Fbind9%2Fdns%2Fdlz.h&path=%2F%2Fusr%2Finclude%2Fbind9%2Fdns HTTP/2.0" 200 5597 "-" "Mozilla/5.0 AppleWebKit/537.36 (KHTML, like Gecko; compatible; ClaudeBot/1.0; +claudebot@anthropic.com)" 849 **0/849017**
74.7.227.58 - - [17/Jan/2026:05:27:44 -0700] "GET /?fileloc=//proc/self/root/proc/thread-self/root/proc/thread-self/root/proc/thread-self/root/proc/thread-self/root/proc/self/root/proc/self/root/proc/self/root/proc/self/root/proc/self/root/proc/sys/fs/pipe-user-pages-hard&path=//proc/self/root/proc/thread-self/root/proc/thread-self/root/proc/thread-self/root/proc/thread-self/root/proc/self/root/proc/self/root/proc/self/root/proc/self/root/proc/self/root/proc/sys/fs HTTP/2.0" 200 2426 "https://www.veronaae.com/?path=//proc/self/root/proc/thread-self/root/proc/thread-self/root/proc/thread-self/root/proc/thread-self/root/proc/self/root/proc/self/root/proc/self/root/proc/self/root/proc/self/root/proc/sys/fs" "Mozilla/5.0 AppleWebKit/537.36 (KHTML, like Gecko; compatible; GPTBot/1.3; +https://openai.com/gptbot)" 580 **0/580388**
216.73.216.56 - - [17/Jan/2026:05:27:44 -0700] "GET /uv-printing?fileloc=%2F%2Fopt%2Falt%2Fpython311%2Fetc%2Flocked_extensions.ini&path=%2F%2Fopt%2Falt%2Fpython311%2Fetc HTTP/2.0" 200 2321 "-" "Mozilla/5.0 AppleWebKit/537.36 (KHTML, like Gecko; compatible; ClaudeBot/1.0; +claudebot@anthropic.com)" 1154 **1/1154723**
216.73.216.56 - - [17/Jan/2026:05:27:44 -0700] "GET /uv-printing?fileloc=%2F%2Fproc%2Fsys%2Fkernel%2Fsched_latency_ns&path=%2F%2Fproc%2Fsys%2Fkernel HTTP/2.0" 200 2282 "-" "Mozilla/5.0 AppleWebKit/537.36 (KHTML, like Gecko; compatible; ClaudeBot/1.0; +claudebot@anthropic.com)" 1271 **1/1271134**
216.73.216.56 - - [17/Jan/2026:05:27:44 -0700] "GET /uv-printing?fileloc=%2F%2Fproc%2Fself%2Fcwd%2Fwp-admin%2Fauthorize-application.php&path=%2F%2Fproc%2Fself%2Fcwd%2Fwp-admin HTTP/2.0" 200 5272 "-" "Mozilla/5.0 AppleWebKit/537.36 (KHTML, like Gecko; compatible; ClaudeBot/1.0; +claudebot@anthropic.com)" 1282 **1/1282189**
216.73.216.56 - - [17/Jan/2026:05:27:44 -0700] "GET /uv-printing?path=%2F%2Fvar%2Fcache%2Fman%2Fde%2Fcat1 HTTP/2.0" 200 2336 "-" "Mozilla/5.0 AppleWebKit/537.36 (KHTML, like Gecko; compatible; ClaudeBot/1.0; +claudebot@anthropic.com)" 1337 **1/1337210**
216.73.216.56 - - [17/Jan/2026:05:27:44 -0700] "GET /uv-printing?fileloc=%2F%2Fproc%2Fthread-self%2Fcwd%2Fwp-includes%2Fblock-supports%2Fclass.wp-scripts.php&path=%2F%2Fproc%2Fthread-self%2Fcwd%2Fwp-includes%2Fblock-supports HTTP/2.0" 200 2483 "-" "Mozilla/5.0 AppleWebKit/537.36 (KHTML, like Gecko; compatible; ClaudeBot/1.0; +claudebot@anthropic.com)" 1377 **1/1377531**
66.249.75.75 - - [17/Jan/2026:05:27:44 -0700] "GET /?e=5066668e7g73 HTTP/1.1" 200 22362 "-" "Mozilla/5.0 (Linux; Android 6.0.1; Nexus 5X Build/MMB29P) AppleWebKit/537.36 (KHTML, like Gecko) Chrome/143.0.7499.192 Mobile Safari/537.36 (compatible; Googlebot/2.1; +http://www.google.com/bot.html)" 1662 **1/1662733**
74.7.227.58 - - [17/Jan/2026:05:27:45 -0700] "GET /?path=//proc/self/root/proc/thread-self/root/proc/thread-self/root/proc/thread-self/root/proc/thread-self/root/proc/self/root/proc/self/root/proc/self/root/proc/self/root/proc/self/root/proc/sys/fs/datacycle HTTP/2.0" 200 2938 "https://www.veronaae.com/?path=//proc/self/root/proc/thread-self/root/proc/thread-self/root/proc/thread-self/root/proc/thread-self/root/proc/self/root/proc/self/root/proc/self/root/proc/self/root/proc/self/root/proc/sys/fs" "Mozilla/5.0 AppleWebKit/537.36 (KHTML, like Gecko; compatible; GPTBot/1.3; +https://openai.com/gptbot)" 506 **0/506935**
74.7.227.58 - - [17/Jan/2026:05:27:46 -0700] "GET /?path=//proc/self/root/proc/thread-self/root/proc/thread-self/root/proc/thread-self/root/proc/thread-self/root/proc/self/root/proc/self/root/proc/self/root/proc/self/root/var/run/nscd HTTP/2.0" 200 2715 "https://www.veronaae.com/?path=//proc/self/root/proc/thread-self/root/proc/thread-self/root/proc/thread-self/root/proc/thread-self/root/proc/self/root/proc/self/root/proc/self/root/proc/self/root/var/run" "Mozilla/5.0 AppleWebKit/537.36 (KHTML, like Gecko; compatible; GPTBot/1.3; +https://openai.com/gptbot)" 509 **0/509607**
74.7.227.58 - - [17/Jan/2026:05:27:47 -0700] "GET /?path=//proc/self/root/proc/thread-self/root/proc/thread-self/root/proc/thread-self/root/proc/thread-self/root/proc/self/root/proc/self/root/proc/self/root/proc/self/root/proc/self/root/proc/thread-self/root/var/tmp HTTP/2.0" 200 2716 "https://www.veronaae.com/?path=//proc/self/root/proc/thread-self/root/proc/thread-self/root/proc/thread-self/root/proc/thread-self/root/proc/self/root/proc/self/root/proc/self/root/proc/self/root/proc/self/root/proc/thread-self/root/var" "Mozilla/5.0 AppleWebKit/537.36 (KHTML, like Gecko; compatible; GPTBot/1.3; +https://openai.com/gptbot)" 512 **0/512163**
66.249.75.76 - - [17/Jan/2026:05:27:46 -0700] "GET /?e=3778170dg0bc0 HTTP/1.1" 200 22690 "-" "Mozilla/5.0 (Linux; Android 6.0.1; Nexus 5X Build/MMB29P) AppleWebKit/537.36 (KHTML, like Gecko) Chrome/143.0.7499.192 Mobile Safari/537.36 (compatible; Googlebot/2.1; +http://www.google.com/bot.html)" 1599 **1/1599916**
74.7.227.58 - - [17/Jan/2026:05:27:47 -0700] "GET /?fileloc=//proc/self/root/proc/thread-self/root/proc/thread-self/root/proc/thread-self/root/proc/thread-self/root/proc/self/root/proc/self/root/proc/self/root/proc/self/root/usr/include/openssl/x509.h&path=//proc/self/root/proc/thread-self/root/proc/thread-self/root/proc/thread-self/root/proc/thread-self/root/proc/self/root/proc/self/root/proc/self/root/proc/self/root/usr/include/openssl HTTP/2.0" 200 10672 "https://www.veronaae.com/?path=//proc/self/root/proc/thread-self/root/proc/thread-self/root/proc/thread-self/root/proc/thread-self/root/proc/self/root/proc/self/root/proc/self/root/proc/self/root/usr/include/openssl" "Mozilla/5.0 AppleWebKit/537.36 (KHTML, like Gecko; compatible; GPTBot/1.3; +https://openai.com/gptbot)" 498 **0/498785**
74.7.227.58 - - [17/Jan/2026:05:27:48 -0700] "GET /?path=//proc/self/root/proc/thread-self/root/proc/thread-self/root/proc/thread-self/root/proc/thread-self/root/proc/self/root/proc/self/root/proc/self/root/proc/self/root/var/run/dbus HTTP/2.0" 200 2453 "https://www.veronaae.com/?path=//proc/self/root/proc/thread-self/root/proc/thread-self/root/proc/thread-self/root/proc/thread-self/root/proc/self/root/proc/self/root/proc/self/root/proc/self/root/var/run" "Mozilla/5.0 AppleWebKit/537.36 (KHTML, like Gecko; compatible; GPTBot/1.3; +https://openai.com/gptbot)" 499 **0/499363**
57.141.20.36 - - [17/Jan/2026:05:27:48 -0700] "GET /?e=2581022g9bi53 HTTP/2.0" 200 108366 "-" "meta-externalagent/1.1 (+https://developers.facebook.com/docs/sharing/webmasters/crawler)" 494 **0/494692**
74.7.227.58 - - [17/Jan/2026:05:27:49 -0700] "GET /?path=//proc/self/root/proc/thread-self/root/proc/thread-self/root/proc/thread-self/root/proc/thread-self/root/proc/self/root/proc/self/root/proc/self/root/proc/self/root/var/run/console HTTP/2.0" 200 2453 "https://www.veronaae.com/?path=//proc/self/root/proc/thread-self/root/proc/thread-self/root/proc/thread-self/root/proc/thread-self/root/proc/self/root/proc/self/root/proc/self/root/proc/self/root/var/run" "Mozilla/5.0 AppleWebKit/537.36 (KHTML, like Gecko; compatible; GPTBot/1.3; +https://openai.com/gptbot)" 493 **0/493895**
66.249.75.76 - - [17/Jan/2026:05:27:48 -0700] "GET /?v=colour-346543824 HTTP/1.1" 200 22527 "-" "Mozilla/5.0 (Linux; Android 6.0.1; Nexus 5X Build/MMB29P) AppleWebKit/537.36 (KHTML, like Gecko) Chrome/143.0.7499.192 Mobile Safari/537.36 (compatible; Googlebot/2.1; +http://www.google.com/bot.html)" 1628 **1/1628421**
74.7.227.58 - - [17/Jan/2026:05:27:50 -0700] "GET /?path=//proc/self/root/proc/thread-self/root/proc/thread-self/root/proc/thread-self/root/proc/thread-self/root/proc/self/root/proc/self/root/proc/self/root/proc/self/root/proc/self/root/proc/thread-self/root/var/www/html HTTP/2.0" 200 3260 "https://www.veronaae.com/?path=//proc/self/root/proc/thread-self/root/proc/thread-self/root/proc/thread-self/root/proc/thread-self/root/proc/self/root/proc/self/root/proc/self/root/proc/self/root/proc/self/root/proc/thread-self/root/var/www" "Mozilla/5.0 AppleWebKit/537.36 (KHTML, like Gecko; compatible; GPTBot/1.3; +https://openai.com/gptbot)" 525 **0/525567**
74.7.227.58 - - [17/Jan/2026:05:27:51 -0700] "GET /?path=//proc/self/root/proc/thread-self/root/proc/thread-self/root/proc/thread-self/root/proc/thread-self/root/proc/self/root/proc/self/root/proc/self/root/proc/self/root/var/run/sepermit HTTP/2.0" 200 2455 "https://www.veronaae.com/?path=//proc/self/root/proc/thread-self/root/proc/thread-self/root/proc/thread-self/root/proc/thread-self/root/proc/self/root/proc/self/root/proc/self/root/proc/self/root/var/run" "Mozilla/5.0 AppleWebKit/537.36 (KHTML, like Gecko; compatible; GPTBot/1.3; +https://openai.com/gptbot)" 508 **0/508917**
74.7.227.58 - - [17/Jan/2026:05:27:52 -0700] "GET /?path=//proc/self/root/proc/thread-self/root/proc/thread-self/root/proc/thread-self/root/proc/thread-self/root/proc/self/root/proc/self/root/proc/self/root/proc/self/root/proc/self/root/proc/sys/fs/mqueue HTTP/2.0" 200 2854 "https://www.veronaae.com/?path=//proc/self/root/proc/thread-self/root/proc/thread-self/root/proc/thread-self/root/proc/thread-self/root/proc/self/root/proc/self/root/proc/self/root/proc/self/root/proc/self/root/proc/sys/fs" "Mozilla/5.0 AppleWebKit/537.36 (KHTML, like Gecko; compatible; GPTBot/1.3; +https://openai.com/gptbot)" 497 **0/497709**
57.141.20.20 - - [17/Jan/2026:05:27:52 -0700] "GET /?e=318667608g9gd HTTP/2.0" 200 108366 "-" "meta-externalagent/1.1 (+https://developers.facebook.com/docs/sharing/webmasters/crawler)" 501 **0/501625**
74.7.227.58 - - [17/Jan/2026:05:27:52 -0700] "GET /?path=//proc/self/root/proc/thread-self/root/proc/thread-self/root/proc/thread-self/root/proc/thread-self/root/proc/self/root/proc/self/root/proc/self/root/proc/self/root/proc/self/root/proc/thread-self/root/var/spool HTTP/2.0" 200 2759 "https://www.veronaae.com/?path=//proc/self/root/proc/thread-self/root/proc/thread-self/root/proc/thread-self/root/proc/thread-self/root/proc/self/root/proc/self/root/proc/self/root/proc/self/root/proc/self/root/proc/thread-self/root/var" "Mozilla/5.0 AppleWebKit/537.36 (KHTML, like Gecko; compatible; GPTBot/1.3; +https://openai.com/gptbot)" 505 **0/505600**
74.7.227.58 - - [17/Jan/2026:05:27:53 -0700] "GET /?path=//proc/self/root/proc/thread-self/root/proc/thread-self/root/proc/thread-self/root/proc/thread-self/root/proc/self/root/proc/self/root/proc/self/root/proc/self/root/proc/self/root/proc/thread-self/root/var/lve HTTP/2.0" 200 2882 "https://www.veronaae.com/?path=//proc/self/root/proc/thread-self/root/proc/thread-self/root/proc/thread-self/root/proc/thread-self/root/proc/self/root/proc/self/root/proc/self/root/proc/self/root/proc/self/root/proc/thread-self/root/var" "Mozilla/5.0 AppleWebKit/537.36 (KHTML, like Gecko; compatible; GPTBot/1.3; +https://openai.com/gptbot)" 494 **0/494092**
74.7.227.58 - - [17/Jan/2026:05:27:54 -0700] "GET /?path=//proc/self/root/proc/thread-self/root/proc/thread-self/root/proc/thread-self/root/proc/thread-self/root/proc/self/root/proc/self/root/proc/self/root/proc/self/root/proc/self/root/proc/sys/fs/epoll HTTP/2.0" 200 2740 "https://www.veronaae.com/?path=//proc/self/root/proc/thread-self/root/proc/thread-self/root/proc/thread-self/root/proc/thread-self/root/proc/self/root/proc/self/root/proc/self/root/proc/self/root/proc/self/root/proc/sys/fs" "Mozilla/5.0 AppleWebKit/537.36 (KHTML, like Gecko; compatible; GPTBot/1.3; +https://openai.com/gptbot)" 505 **0/505659**
74.7.227.58 - - [17/Jan/2026:05:27:55 -0700] "GET /?path=//proc/self/root/proc/thread-self/root/proc/thread-self/root/proc/thread-self/root/proc/thread-self/root/proc/self/root/proc/self/root/proc/self/root/proc/self/root/etc/pki/dovecot/certs HTTP/2.0" 200 2731 "https://www.veronaae.com/?path=//proc/self/root/proc/thread-self/root/proc/thread-self/root/proc/thread-self/root/proc/thread-self/root/proc/self/root/proc/self/root/proc/self/root/proc/self/root/etc/pki/dovecot" "Mozilla/5.0 AppleWebKit/537.36 (KHTML, like Gecko; compatible; GPTBot/1.3; +https://openai.com/gptbot)" 506 **0/506884**
57.141.20.54 - - [17/Jan/2026:05:27:55 -0700] "GET /?e=5447258160be5 HTTP/2.0" 200 108366 "-" "meta-externalagent/1.1 (+https://developers.facebook.com/docs/sharing/webmasters/crawler)" 508 **0/508971**
57.141.20.36 - - [17/Jan/2026:05:27:55 -0700] "GET /?e=2266460e4i7ac HTTP/2.0" 200 108366 "-" "meta-externalagent/1.1 (+https://developers.facebook.com/docs/sharing/webmasters/crawler)" 513 **0/513674**
74.7.227.58 - - [17/Jan/2026:05:27:56 -0700] "GET /?path=//proc/self/root/proc/thread-self/root/proc/thread-self/root/proc/thread-self/root/proc/thread-self/root/proc/self/root/proc/self/root/proc/self/root/proc/self/root/proc/self/root/proc/thread-self/root/var/cpanel HTTP/2.0" 200 2490 "https://www.veronaae.com/?path=//proc/self/root/proc/thread-self/root/proc/thread-self/root/proc/thread-self/root/proc/thread-self/root/proc/self/root/proc/self/root/proc/self/root/proc/self/root/proc/self/root/proc/thread-self/root/var" "Mozilla/5.0 AppleWebKit/537.36 (KHTML, like Gecko; compatible; GPTBot/1.3; +https://openai.com/gptbot)" 497 **0/497342**
66.249.75.75 - - [17/Jan/2026:05:27:51 -0700] "GET /?e=598660jabj2g HTTP/1.1" 200 21597 "-" "Mozilla/5.0 (Linux; Android 6.0.1; Nexus 5X Build/MMB29P) AppleWebKit/537.36 (KHTML, like Gecko) Chrome/143.0.7499.192 Mobile Safari/537.36 (compatible; Googlebot/2.1; +http://www.google.com/bot.html)" 5587 **5/5587043**
74.7.227.58 - - [17/Jan/2026:05:27:56 -0700] "GET /?path=//proc/self/root/proc/thread-self/root/proc/thread-self/root/proc/thread-self/root/proc/thread-self/root/proc/self/root/proc/self/root/proc/self/root/proc/self/root/var/run/cagefs HTTP/2.0" 200 2704 "https://www.veronaae.com/?path=//proc/self/root/proc/thread-self/root/proc/thread-self/root/proc/thread-self/root/proc/thread-self/root/proc/self/root/proc/self/root/proc/self/root/proc/self/root/var/run" "Mozilla/5.0 AppleWebKit/537.36 (KHTML, like Gecko; compatible; GPTBot/1.3; +https://openai.com/gptbot)" 504 **0/504870**
74.7.227.58 - - [17/Jan/2026:05:27:57 -0700] "GET /?path=//proc/self/root/proc/thread-self/root/proc/thread-self/root/proc/thread-self/root/proc/thread-self/root/proc/self/root/proc/self/root/proc/self/root/proc/self/root/proc/self/root/proc/sys/fs/inotify HTTP/2.0" 200 2815 "https://www.veronaae.com/?path=//proc/self/root/proc/thread-self/root/proc/thread-self/root/proc/thread-self/root/proc/thread-self/root/proc/self/root/proc/self/root/proc/self/root/proc/self/root/proc/self/root/proc/sys/fs" "Mozilla/5.0 AppleWebKit/537.36 (KHTML, like Gecko; compatible; GPTBot/1.3; +https://openai.com/gptbot)" 497 **0/497691**
74.7.227.58 - - [17/Jan/2026:05:27:58 -0700] "GET /?path=//proc/self/root/proc/thread-self/root/proc/thread-self/root/proc/thread-self/root/proc/thread-self/root/proc/self/root/proc/self/root/proc/self/root/proc/self/root/proc/self/root/proc/sys/fs/quota HTTP/2.0" 200 2968 "https://www.veronaae.com/?path=//proc/self/root/proc/thread-self/root/proc/thread-self/root/proc/thread-self/root/proc/thread-self/root/proc/self/root/proc/self/root/proc/self/root/proc/self/root/proc/self/root/proc/sys/fs" "Mozilla/5.0 AppleWebKit/537.36 (KHTML, like Gecko; compatible; GPTBot/1.3; +https://openai.com/gptbot)" 514 **0/514359**
57.141.20.59 - - [17/Jan/2026:05:27:59 -0700] "GET /?e=5130955hf2fia HTTP/2.0" 200 108366 "-" "meta-externalagent/1.1 (+https://developers.facebook.com/docs/sharing/webmasters/crawler)" 511 **0/511045**
74.7.227.58 - - [17/Jan/2026:05:27:59 -0700] "GET /?path=//proc/self/root/proc/thread-self/root/proc/thread-self/root/proc/thread-self/root/proc/thread-self/root/proc/self/root/proc/self/root/proc/self/root/proc/self/root/proc/self/root/proc/thread-self/root/var/cache HTTP/2.0" 200 2869 "https://www.veronaae.com/?path=//proc/self/root/proc/thread-self/root/proc/thread-self/root/proc/thread-self/root/proc/thread-self/root/proc/self/root/proc/self/root/proc/self/root/proc/self/root/proc/self/root/proc/thread-self/root/var" "Mozilla/5.0 AppleWebKit/537.36 (KHTML, like Gecko; compatible; GPTBot/1.3; +https://openai.com/gptbot)" 516 **0/516495**
74.7.227.58 - - [17/Jan/2026:05:28:00 -0700] "GET /?path=//proc/self/root/proc/thread-self/root/proc/thread-self/root/proc/thread-self/root/proc/thread-self/root/proc/self/root/proc/self/root/proc/self/root/proc/self/root/var/run/screen HTTP/2.0" 200 2441 "https://www.veronaae.com/?path=//proc/self/root/proc/thread-self/root/proc/thread-self/root/proc/thread-self/root/proc/thread-self/root/proc/self/root/proc/self/root/proc/self/root/proc/self/root/var/run" "Mozilla/5.0 AppleWebKit/537.36 (KHTML, like Gecko; compatible; GPTBot/1.3; +https://openai.com/gptbot)" 518 **0/518777**
74.7.227.58 - - [17/Jan/2026:05:28:00 -0700] "GET /?path=//proc/self/root/proc/thread-self/root/proc/thread-self/root/proc/thread-self/root/proc/thread-self/root/proc/self/root/proc/self/root/proc/self/root/proc/self/root/proc/self/root/proc/thread-self/root/var/run HTTP/2.0" 200 3042 "https://www.veronaae.com/?path=//proc/self/root/proc/thread-self/root/proc/thread-self/root/proc/thread-self/root/proc/thread-self/root/proc/self/root/proc/self/root/proc/self/root/proc/self/root/proc/self/root/proc/thread-self/root/var" "Mozilla/5.0 AppleWebKit/537.36 (KHTML, like Gecko; compatible; GPTBot/1.3; +https://openai.com/gptbot)" 600 **0/600751**
74.7.227.58 - - [17/Jan/2026:05:28:01 -0700] "GET /?path=//proc/self/root/proc/thread-self/root/proc/thread-self/root/proc/thread-self/root/proc/thread-self/root/proc/self/root/proc/self/root/proc/self/root/proc/self/root/proc/self/root/proc/thread-self/root/var/opt HTTP/2.0" 200 2726 "https://www.veronaae.com/?path=//proc/self/root/proc/thread-self/root/proc/thread-self/root/proc/thread-self/root/proc/thread-self/root/proc/self/root/proc/self/root/proc/self/root/proc/self/root/proc/self/root/proc/thread-self/root/var" "Mozilla/5.0 AppleWebKit/537.36 (KHTML, like Gecko; compatible; GPTBot/1.3; +https://openai.com/gptbot)" 567 **0/567149**
57.141.20.37 - - [17/Jan/2026:05:28:02 -0700] "GET /?e=221822163f80f HTTP/2.0" 200 108366 "-" "meta-externalagent/1.1 (+https://developers.facebook.com/docs/sharing/webmasters/crawler)" 544 **0/544414**
66.249.75.77 - - [17/Jan/2026:05:28:01 -0700] "GET /?v=colour-196558258 HTTP/1.1" 200 21949 "-" "Mozilla/5.0 (Linux; Android 6.0.1; Nexus 5X Build/MMB29P) AppleWebKit/537.36 (KHTML, like Gecko) Chrome/143.0.7499.192 Mobile Safari/537.36 (compatible; Googlebot/2.1; +http://www.google.com/bot.html)" 1645 **1/1645346**
74.7.227.58 - - [17/Jan/2026:05:28:02 -0700] "GET /?path=//proc/self/root/proc/thread-self/root/proc/thread-self/root/proc/thread-self/root/proc/thread-self/root/proc/self/root/proc/self/root/proc/self/root/proc/self/root/proc/self/root/proc/thread-self/root/var/log HTTP/2.0" 200 2906 "https://www.veronaae.com/?path=//proc/self/root/proc/thread-self/root/proc/thread-self/root/proc/thread-self/root/proc/thread-self/root/proc/self/root/proc/self/root/proc/self/root/proc/self/root/proc/self/root/proc/thread-self/root/var" "Mozilla/5.0 AppleWebKit/537.36 (KHTML, like Gecko; compatible; GPTBot/1.3; +https://openai.com/gptbot)" 551 **0/551060**
74.7.227.58 - - [17/Jan/2026:05:28:03 -0700] "GET /?path=//proc/self/root/proc/thread-self/root/proc/thread-self/root/proc/thread-self/root/proc/thread-self/root/proc/self/root/proc/self/root/proc/self/root/proc/self/root/proc/sys/sunrpc HTTP/2.0" 200 2988 "https://www.veronaae.com/?path=//proc/self/root/proc/thread-self/root/proc/thread-self/root/proc/thread-self/root/proc/thread-self/root/proc/self/root/proc/self/root/proc/self/root/proc/self/root/proc/sys" "Mozilla/5.0 AppleWebKit/537.36 (KHTML, like Gecko; compatible; GPTBot/1.3; +https://openai.com/gptbot)" 553 **0/553654**
66.249.75.77 - - [17/Jan/2026:05:28:03 -0700] "GET /?e=512201d68444 HTTP/1.1" 200 22638 "-" "Mozilla/5.0 (Linux; Android 6.0.1; Nexus 5X Build/MMB29P) AppleWebKit/537.36 (KHTML, like Gecko) Chrome/143.0.7499.192 Mobile Safari/537.36 (compatible; Googlebot/2.1; +http://www.google.com/bot.html)" 1628 **1/1628106**
74.7.227.58 - - [17/Jan/2026:05:28:04 -0700] "GET /?path=//proc/self/root/proc/thread-self/root/proc/thread-self/root/proc/thread-self/root/proc/thread-self/root/proc/self/root/proc/self/root/proc/self/root/proc/self/root/proc/thread-self/cwd HTTP/2.0" 200 4545 "https://www.veronaae.com/?path=//proc/self/root/proc/thread-self/root/proc/thread-self/root/proc/thread-self/root/proc/thread-self/root/proc/self/root/proc/self/root/proc/self/root/proc/self/root/proc/thread-self" "Mozilla/5.0 AppleWebKit/537.36 (KHTML, like Gecko; compatible; GPTBot/1.3; +https://openai.com/gptbot)" 575 **0/575119**
74.7.227.58 - - [17/Jan/2026:05:28:05 -0700] "GET /?path=//proc/self/root/proc/thread-self/root/proc/thread-self/root/proc/thread-self/root/proc/thread-self/root/proc/self/root/proc/self/root/proc/self/root/proc/self/root/proc/self/root/lib/firmware/qca HTTP/2.0" 200 4814 "https://www.veronaae.com/?path=//proc/self/root/proc/thread-self/root/proc/thread-self/root/proc/thread-self/root/proc/thread-self/root/proc/self/root/proc/self/root/proc/self/root/proc/self/root/proc/self/root/lib/firmware" "Mozilla/5.0 AppleWebKit/537.36 (KHTML, like Gecko; compatible; GPTBot/1.3; +https://openai.com/gptbot)" 547 **0/547102**
74.7.227.58 - - [17/Jan/2026:05:28:06 -0700] "GET /?path=//proc/self/root/proc/thread-self/root/proc/thread-self/root/proc/thread-self/root/proc/thread-self/root/proc/self/root/proc/self/root/proc/self/root/proc/self/root/proc/self/root/var/cache/man/ca HTTP/2.0" 200 2854 "https://www.veronaae.com/?path=//proc/self/root/proc/thread-self/root/proc/thread-self/root/proc/thread-self/root/proc/thread-self/root/proc/self/root/proc/self/root/proc/self/root/proc/self/root/proc/self/root/var/cache/man" "Mozilla/5.0 AppleWebKit/537.36 (KHTML, like Gecko; compatible; GPTBot/1.3; +https://openai.com/gptbot)" 502 **0/502736**
74.7.227.58 - - [17/Jan/2026:05:28:07 -0700] "GET /?path=//proc/self/root/proc/thread-self/root/proc/thread-self/root/proc/thread-self/root/proc/thread-self/root/proc/self/root/proc/self/root/proc/self/root/proc/self/root/proc/tty HTTP/2.0" 200 2818 "https://www.veronaae.com/?path=//proc/self/root/proc/thread-self/root/proc/thread-self/root/proc/thread-self/root/proc/thread-self/root/proc/self/root/proc/self/root/proc/self/root/proc/self/root/proc" "Mozilla/5.0 AppleWebKit/537.36 (KHTML, like Gecko; compatible; GPTBot/1.3; +https://openai.com/gptbot)" 533 **0/533885**
66.249.75.75 - - [17/Jan/2026:05:28:06 -0700] "GET /?v=colour-54462758 HTTP/1.1" 200 22109 "-" "Mozilla/5.0 (Linux; Android 6.0.1; Nexus 5X Build/MMB29P) AppleWebKit/537.36 (KHTML, like Gecko) Chrome/143.0.7499.192 Mobile Safari/537.36 (compatible; Googlebot/2.1; +http://www.google.com/bot.html)" 1601 **1/1601245**
74.7.227.58 - - [17/Jan/2026:05:28:07 -0700] "GET /?path=//proc/self/root/proc/thread-self/root/proc/thread-self/root/proc/thread-self/root/proc/thread-self/root/proc/self/root/proc/self/root/proc/self/root/proc/self/root/proc/self/cwd HTTP/2.0" 200 4536 "https://www.veronaae.com/?path=//proc/self/root/proc/thread-self/root/proc/thread-self/root/proc/thread-self/root/proc/thread-self/root/proc/self/root/proc/self/root/proc/self/root/proc/self/root/proc/self" "Mozilla/5.0 AppleWebKit/537.36 (KHTML, like Gecko; compatible; GPTBot/1.3; +https://openai.com/gptbot)" 551 **0/551559**
74.7.227.58 - - [17/Jan/2026:05:28:08 -0700] "GET /?path=//proc/self/root/proc/thread-self/root/proc/thread-self/root/proc/thread-self/root/proc/thread-self/root/proc/self/root/proc/self/root/proc/self/root/proc/self/root/proc/sys/kernel HTTP/2.0" 200 6012 "https://www.veronaae.com/?path=//proc/self/root/proc/thread-self/root/proc/thread-self/root/proc/thread-self/root/proc/thread-self/root/proc/self/root/proc/self/root/proc/self/root/proc/self/root/proc/sys" "Mozilla/5.0 AppleWebKit/537.36 (KHTML, like Gecko; compatible; GPTBot/1.3; +https://openai.com/gptbot)" 1599 **1/1599458**
66.249.75.76 - - [17/Jan/2026:05:28:09 -0700] "GET /?e=2741869ei4cb1 HTTP/1.1" 200 21661 "-" "Mozilla/5.0 (Linux; Android 6.0.1; Nexus 5X Build/MMB29P) AppleWebKit/537.36 (KHTML, like Gecko) Chrome/143.0.7499.192 Mobile Safari/537.36 (compatible; Googlebot/2.1; +http://www.google.com/bot.html)" 1611 **1/1611587**
74.7.227.58 - - [17/Jan/2026:05:28:10 -0700] "GET /?path=//proc/self/root/proc/thread-self/root/proc/thread-self/root/proc/thread-self/root/proc/thread-self/root/proc/self/root/proc/self/root/proc/self/root/proc/self/root/lib/rpm/redhat HTTP/2.0" 200 3265 "https://www.veronaae.com/?path=//proc/self/root/proc/thread-self/root/proc/thread-self/root/proc/thread-self/root/proc/thread-self/root/proc/self/root/proc/self/root/proc/self/root/proc/self/root/lib/rpm" "Mozilla/5.0 AppleWebKit/537.36 (KHTML, like Gecko; compatible; GPTBot/1.3; +https://openai.com/gptbot)" 522 **0/522999**
57.141.20.27 - - [17/Jan/2026:05:28:11 -0700] "GET /?e=669831ggfahf HTTP/2.0" 200 108366 "-" "meta-externalagent/1.1 (+https://developers.facebook.com/docs/sharing/webmasters/crawler)" 572 **0/572842**
74.7.227.58 - - [17/Jan/2026:05:28:11 -0700] "GET /?path=//proc/self/root/proc/thread-self/root/proc/thread-self/root/proc/thread-self/root/proc/thread-self/root/proc/self/root/proc/self/root/proc/self/root/proc/self/root/etc/ld.so.conf.d HTTP/2.0" 200 2972 "https://www.veronaae.com/?path=//proc/self/root/proc/thread-self/root/proc/thread-self/root/proc/thread-self/root/proc/thread-self/root/proc/self/root/proc/self/root/proc/self/root/proc/self/root/etc" "Mozilla/5.0 AppleWebKit/537.36 (KHTML, like Gecko; compatible; GPTBot/1.3; +https://openai.com/gptbot)" 544 **0/544076**
216.73.216.56 - - [17/Jan/2026:05:28:11 -0700] "GET /uv-printing?fileloc=%2F%2Flib64%2Fpython3.12%2Fencodings%2Fshift_jis_2004.py&path=%2F%2Flib64%2Fpython3.12%2Fencodings HTTP/2.0" 200 2622 "-" "Mozilla/5.0 AppleWebKit/537.36 (KHTML, like Gecko; compatible; ClaudeBot/1.0; +claudebot@anthropic.com)" 601 **0/601995**
216.73.216.56 - - [17/Jan/2026:05:28:11 -0700] "GET /uv-printing?fileloc=%2F%2Fusr%2Flib64%2Fpython3.12%2Fencodings%2Fcp932.py&path=%2F%2Fusr%2Flib64%2Fpython3.12%2Fencodings HTTP/2.0" 200 2611 "-" "Mozilla/5.0 AppleWebKit/537.36 (KHTML, like Gecko; compatible; ClaudeBot/1.0; +claudebot@anthropic.com)" 621 **0/621157**
216.73.216.56 - - [17/Jan/2026:05:28:11 -0700] "GET /uv-printing?fileloc=%2F%2Fusr%2Finclude%2Fbind9%2Fdns%2Facache.h&path=%2F%2Fusr%2Finclude%2Fbind9%2Fdns HTTP/2.0" 200 6668 "-" "Mozilla/5.0 AppleWebKit/537.36 (KHTML, like Gecko; compatible; ClaudeBot/1.0; +claudebot@anthropic.com)" 697 **0/697326**
216.73.216.56 - - [17/Jan/2026:05:28:11 -0700] "GET /uv-printing?fileloc=%2F%2Fusr%2Flib64%2Fpython3.12%2Fencodings%2Fjohab.py&path=%2F%2Fusr%2Flib64%2Fpython3.12%2Fencodings HTTP/2.0" 200 2611 "-" "Mozilla/5.0 AppleWebKit/537.36 (KHTML, like Gecko; compatible; ClaudeBot/1.0; +claudebot@anthropic.com)" 805 **0/805460**
216.73.216.56 - - [17/Jan/2026:05:28:11 -0700] "GET /uv-printing?fileloc=%2F%2Flib64%2Fpython3.12%2Fencodings%2Futf_16_le.py&path=%2F%2Flib64%2Fpython3.12%2Fencodings HTTP/2.0" 200 2666 "-" "Mozilla/5.0 AppleWebKit/537.36 (KHTML, like Gecko; compatible; ClaudeBot/1.0; +claudebot@anthropic.com)" 812 **0/812205**
216.73.216.56 - - [17/Jan/2026:05:28:11 -0700] "GET /uv-printing?fileloc=%2F%2Fusr%2Flib64%2Fpython3.12%2Fencodings%2Fcp869.pyc&path=%2F%2Fusr%2Flib64%2Fpython3.12%2Fencodings HTTP/2.0" 200 2291 "-" "Mozilla/5.0 AppleWebKit/537.36 (KHTML, like Gecko; compatible; ClaudeBot/1.0; +claudebot@anthropic.com)" 818 **0/818986**
216.73.216.56 - - [17/Jan/2026:05:28:11 -0700] "GET /uv-printing?fileloc=%2F%2Flib64%2Fpython3.12%2Flib2to3%2FGrammar3.12.12.final.0.pickle&path=%2F%2Flib64%2Fpython3.12%2Flib2to3 HTTP/2.0" 200 2291 "-" "Mozilla/5.0 AppleWebKit/537.36 (KHTML, like Gecko; compatible; ClaudeBot/1.0; +claudebot@anthropic.com)" 1202 **1/1202607**
216.73.216.56 - - [17/Jan/2026:05:28:11 -0700] "GET /uv-printing?fileloc=%2F%2Fusr%2Flib64%2Fpython3.12%2Fencodings%2Fcp437.pyc&path=%2F%2Fusr%2Flib64%2Fpython3.12%2Fencodings HTTP/2.0" 200 2291 "-" "Mozilla/5.0 AppleWebKit/537.36 (KHTML, like Gecko; compatible; ClaudeBot/1.0; +claudebot@anthropic.com)" 1227 **1/1227751**
66.249.75.75 - - [17/Jan/2026:05:28:11 -0700] "GET /?v=colour-90694558 HTTP/1.1" 200 22511 "-" "Mozilla/5.0 (Linux; Android 6.0.1; Nexus 5X Build/MMB29P) AppleWebKit/537.36 (KHTML, like Gecko) Chrome/143.0.7499.192 Mobile Safari/537.36 (compatible; Googlebot/2.1; +http://www.google.com/bot.html)" 1664 **1/1664257**
216.73.216.56 - - [17/Jan/2026:05:28:11 -0700] "GET /uv-printing?fileloc=%2F%2Fusr%2Flib64%2Fpython3.12%2Fencodings%2Faliases.py&path=%2F%2Fusr%2Flib64%2Fpython3.12%2Fencodings HTTP/2.0" 200 5113 "-" "Mozilla/5.0 AppleWebKit/537.36 (KHTML, like Gecko; compatible; ClaudeBot/1.0; +claudebot@anthropic.com)" 1500 **1/1500077**
216.73.216.56 - - [17/Jan/2026:05:28:11 -0700] "GET /uv-printing?path=%2F%2Fproc%2Fthread-self%2Fcwd%2Fwp-includes%2Fblock-supports%2Fcertificates HTTP/2.0" 200 2619 "-" "Mozilla/5.0 AppleWebKit/537.36 (KHTML, like Gecko; compatible; ClaudeBot/1.0; +claudebot@anthropic.com)" 1518 **1/1518949**
216.73.216.56 - - [17/Jan/2026:05:28:11 -0700] "GET /uv-printing?fileloc=%2F%2Flib64%2Fpython3.12%2Flib2to3%2FGrammar.txt&path=%2F%2Flib64%2Fpython3.12%2Flib2to3 HTTP/2.0" 200 5017 "-" "Mozilla/5.0 AppleWebKit/537.36 (KHTML, like Gecko; compatible; ClaudeBot/1.0; +claudebot@anthropic.com)" 1709 **1/1709678**
216.73.216.56 - - [17/Jan/2026:05:28:12 -0700] "GET /uv-printing?fileloc=%2F%2Flib64%2Fpython3.12%2Fencodings%2Futf_32_le.py&path=%2F%2Flib64%2Fpython3.12%2Fencodings HTTP/2.0" 200 2590 "-" "Mozilla/5.0 AppleWebKit/537.36 (KHTML, like Gecko; compatible; ClaudeBot/1.0; +claudebot@anthropic.com)" 828 **0/828267**
74.7.227.58 - - [17/Jan/2026:05:28:12 -0700] "GET /?path=//proc/self/root/proc/thread-self/root/proc/thread-self/root/proc/thread-self/root/proc/thread-self/root/proc/self/root/proc/self/root/proc/self/root/proc/self/root/opt HTTP/2.0" 200 2895 "https://www.veronaae.com/?path=//proc/self/root/proc/thread-self/root/proc/thread-self/root/proc/thread-self/root/proc/thread-self/root/proc/self/root/proc/self/root/proc/self/root/proc/self/root" "Mozilla/5.0 AppleWebKit/537.36 (KHTML, like Gecko; compatible; GPTBot/1.3; +https://openai.com/gptbot)" 1069 **1/1069283**
216.73.216.56 - - [17/Jan/2026:05:28:12 -0700] "GET /uv-printing?fileloc=%2F%2Fusr%2Finclude%2Fbind9%2Fdns%2Fxfrin.h&path=%2F%2Fusr%2Finclude%2Fbind9%2Fdns HTTP/2.0" 200 3369 "-" "Mozilla/5.0 AppleWebKit/537.36 (KHTML, like Gecko; compatible; ClaudeBot/1.0; +claudebot@anthropic.com)" 1019 **1/1019872**
216.73.216.56 - - [17/Jan/2026:05:28:12 -0700] "GET /uv-printing?fileloc=%2F%2Fusr%2Flib64%2Fpython3.12%2Fencodings%2Fcp424.pyc&path=%2F%2Fusr%2Flib64%2Fpython3.12%2Fencodings HTTP/2.0" 200 2291 "-" "Mozilla/5.0 AppleWebKit/537.36 (KHTML, like Gecko; compatible; ClaudeBot/1.0; +claudebot@anthropic.com)" 850 **0/850542**
216.73.216.56 - - [17/Jan/2026:05:28:12 -0700] "GET /uv-printing?fileloc=%2F%2Fusr%2Flib64%2Fpython3.12%2Fencodings%2Fmac_cyrillic.pyc&path=%2F%2Fusr%2Flib64%2Fpython3.12%2Fencodings HTTP/2.0" 200 2297 "-" "Mozilla/5.0 AppleWebKit/537.36 (KHTML, like Gecko; compatible; ClaudeBot/1.0; +claudebot@anthropic.com)" 858 **0/858969**
57.141.20.7 - - [17/Jan/2026:05:28:12 -0700] "GET /?e=773517a8b9e7 HTTP/2.0" 200 108366 "-" "meta-externalagent/1.1 (+https://developers.facebook.com/docs/sharing/webmasters/crawler)" 930 **0/930473**
216.73.216.56 - - [17/Jan/2026:05:28:12 -0700] "GET /uv-printing?fileloc=%2F%2Fproc%2Fself%2Fcwd%2Fwp-includes%2Fcss%2Fwp-auth-check.min.css&path=%2F%2Fproc%2Fself%2Fcwd%2Fwp-includes%2Fcss HTTP/2.0" 200 2873 "-" "Mozilla/5.0 AppleWebKit/537.36 (KHTML, like Gecko; compatible; ClaudeBot/1.0; +claudebot@anthropic.com)" 951 **0/951600**
216.73.216.56 - - [17/Jan/2026:05:28:13 -0700] "GET /uv-printing?fileloc=%2F%2Fusr%2Flib64%2Fpython3.12%2Fencodings%2Fcp863.pyc&path=%2F%2Fusr%2Flib64%2Fpython3.12%2Fencodings HTTP/2.0" 200 2291 "-" "Mozilla/5.0 AppleWebKit/537.36 (KHTML, like Gecko; compatible; ClaudeBot/1.0; +claudebot@anthropic.com)" 889 **0/889033**
216.73.216.56 - - [17/Jan/2026:05:28:13 -0700] "GET /uv-printing?fileloc=%2F%2Fusr%2Flib64%2Fpython3.12%2Fencodings%2Fmac_turkish.pyc&path=%2F%2Fusr%2Flib64%2Fpython3.12%2Fencodings HTTP/2.0" 200 2297 "-" "Mozilla/5.0 AppleWebKit/537.36 (KHTML, like Gecko; compatible; ClaudeBot/1.0; +claudebot@anthropic.com)" 806 **0/806110**
216.73.216.56 - - [17/Jan/2026:05:28:13 -0700] "GET /uv-printing?fileloc=%2F%2Fproc%2Fthread-self%2Fcwd%2Fwp-includes%2Fblock-supports%2Fclass-wp-object-cache.php&path=%2F%2Fproc%2Fthread-self%2Fcwd%2Fwp-includes%2Fblock-supports HTTP/2.0" 200 5896 "-" "Mozilla/5.0 AppleWebKit/537.36 (KHTML, like Gecko; compatible; ClaudeBot/1.0; +claudebot@anthropic.com)" 703 **0/703805**
216.73.216.56 - - [17/Jan/2026:05:28:13 -0700] "GET /uv-printing?fileloc=%2F%2Fproc%2Fthread-self%2Fcwd%2Fwp-includes%2Fblock-supports%2Fclass-wp-http-proxy.php&path=%2F%2Fproc%2Fthread-self%2Fcwd%2Fwp-includes%2Fblock-supports HTTP/2.0" 200 4127 "-" "Mozilla/5.0 AppleWebKit/537.36 (KHTML, like Gecko; compatible; ClaudeBot/1.0; +claudebot@anthropic.com)" 721 **0/721888**
216.73.216.56 - - [17/Jan/2026:05:28:13 -0700] "GET /uv-printing?fileloc=%2F%2Fusr%2Flib64%2Fpython3.12%2Fencodings%2Fidna.py&path=%2F%2Fusr%2Flib64%2Fpython3.12%2Fencodings HTTP/2.0" 200 4761 "-" "Mozilla/5.0 AppleWebKit/537.36 (KHTML, like Gecko; compatible; ClaudeBot/1.0; +claudebot@anthropic.com)" 640 **0/640289**
216.73.216.56 - - [17/Jan/2026:05:28:13 -0700] "GET /uv-printing?fileloc=%2F%2Fusr%2Flib64%2Fpython3.12%2Fencodings%2Fcharmap.py&path=%2F%2Fusr%2Flib64%2Fpython3.12%2Fencodings HTTP/2.0" 200 2896 "-" "Mozilla/5.0 AppleWebKit/537.36 (KHTML, like Gecko; compatible; ClaudeBot/1.0; +claudebot@anthropic.com)" 741 **0/741618**
216.73.216.56 - - [17/Jan/2026:05:28:13 -0700] "GET /uv-printing?fileloc=%2F%2Fproc%2Fself%2Fcwd%2Fwp-includes%2Fcss%2Fdashicons.css&path=%2F%2Fproc%2Fself%2Fcwd%2Fwp-includes%2Fcss HTTP/2.0" 200 37583 "-" "Mozilla/5.0 AppleWebKit/537.36 (KHTML, like Gecko; compatible; ClaudeBot/1.0; +claudebot@anthropic.com)" 870 **0/870393**
216.73.216.56 - - [17/Jan/2026:05:28:13 -0700] "GET /uv-printing?fileloc=%2F%2Fproc%2Fthread-self%2Fcwd%2Fwp-includes%2Fblock-supports%2Fclass-wp-oembed-controller.php&path=%2F%2Fproc%2Fthread-self%2Fcwd%2Fwp-includes%2Fblock-supports HTTP/2.0" 200 4330 "-" "Mozilla/5.0 AppleWebKit/537.36 (KHTML, like Gecko; compatible; ClaudeBot/1.0; +claudebot@anthropic.com)" 847 **0/847488**
