74.7.227.58 - - [17/Jan/2026:05:22:22 -0700] "GET /?path=//proc/self/root/proc/thread-self/root/proc/thread-self/root/proc/thread-self/root/proc/thread-self/root/proc/self/root/proc/self/root/proc/self/root/proc/self/root/proc/self/root/lib/motd.d HTTP/2.0" 200 2465 "https://www.veronaae.com/?path=//proc/self/root/proc/thread-self/root/proc/thread-self/root/proc/thread-self/root/proc/thread-self/root/proc/self/root/proc/self/root/proc/self/root/proc/self/root/proc/self/root/lib" "Mozilla/5.0 AppleWebKit/537.36 (KHTML, like Gecko; compatible; GPTBot/1.3; +https://openai.com/gptbot)" 504 **0/504330**
74.7.227.58 - - [17/Jan/2026:05:22:23 -0700] "GET /?path=//proc/self/root/proc/thread-self/root/proc/thread-self/root/proc/thread-self/root/proc/thread-self/root/proc/self/root/proc/self/root/proc/self/root/proc/self/root/proc/self/root/run/faillock HTTP/2.0" 200 2464 "https://www.veronaae.com/?path=//proc/self/root/proc/thread-self/root/proc/thread-self/root/proc/thread-self/root/proc/thread-self/root/proc/self/root/proc/self/root/proc/self/root/proc/self/root/proc/self/root/run" "Mozilla/5.0 AppleWebKit/537.36 (KHTML, like Gecko; compatible; GPTBot/1.3; +https://openai.com/gptbot)" 512 **0/512545**
74.7.227.58 - - [17/Jan/2026:05:22:24 -0700] "GET /?path=//proc/self/root/proc/thread-self/root/proc/thread-self/root/proc/thread-self/root/proc/thread-self/root/proc/self/root/proc/self/root/proc/self/root/proc/self/root/proc/self/root/lib/debug/usr HTTP/2.0" 200 2815 "https://www.veronaae.com/?path=//proc/self/root/proc/thread-self/root/proc/thread-self/root/proc/thread-self/root/proc/thread-self/root/proc/self/root/proc/self/root/proc/self/root/proc/self/root/proc/self/root/lib/debug" "Mozilla/5.0 AppleWebKit/537.36 (KHTML, like Gecko; compatible; GPTBot/1.3; +https://openai.com/gptbot)" 504 **0/504162**
66.249.75.75 - - [17/Jan/2026:05:22:24 -0700] "GET /?v=colour-29840756 HTTP/1.1" 200 23082 "-" "Mozilla/5.0 (Linux; Android 6.0.1; Nexus 5X Build/MMB29P) AppleWebKit/537.36 (KHTML, like Gecko) Chrome/143.0.7499.192 Mobile Safari/537.36 (compatible; Googlebot/2.1; +http://www.google.com/bot.html)" 1622 **1/1622855**
74.7.227.58 - - [17/Jan/2026:05:22:25 -0700] "GET /?path=//proc/self/root/proc/thread-self/root/proc/thread-self/root/proc/thread-self/root/proc/thread-self/root/proc/self/root/proc/self/root/proc/self/root/proc/self/root/proc/self/root/lib/locale HTTP/2.0" 200 3669 "https://www.veronaae.com/?path=//proc/self/root/proc/thread-self/root/proc/thread-self/root/proc/thread-self/root/proc/thread-self/root/proc/self/root/proc/self/root/proc/self/root/proc/self/root/proc/self/root/lib" "Mozilla/5.0 AppleWebKit/537.36 (KHTML, like Gecko; compatible; GPTBot/1.3; +https://openai.com/gptbot)" 534 **0/534134**
74.7.227.58 - - [17/Jan/2026:05:22:26 -0700] "GET /?path=//proc/self/root/proc/thread-self/root/proc/thread-self/root/proc/thread-self/root/proc/thread-self/root/proc/self/root/proc/self/root/proc/self/root/proc/self/root/proc/self/root/usr/libexec HTTP/2.0" 200 3113 "https://www.veronaae.com/?path=//proc/self/root/proc/thread-self/root/proc/thread-self/root/proc/thread-self/root/proc/thread-self/root/proc/self/root/proc/self/root/proc/self/root/proc/self/root/proc/self/root/usr" "Mozilla/5.0 AppleWebKit/537.36 (KHTML, like Gecko; compatible; GPTBot/1.3; +https://openai.com/gptbot)" 521 **0/521782**
66.249.75.75 - - [17/Jan/2026:05:22:25 -0700] "GET /?e=3470124ccg789 HTTP/1.1" 200 21841 "-" "Mozilla/5.0 (Linux; Android 6.0.1; Nexus 5X Build/MMB29P) AppleWebKit/537.36 (KHTML, like Gecko) Chrome/143.0.7499.192 Mobile Safari/537.36 (compatible; Googlebot/2.1; +http://www.google.com/bot.html)" 1615 **1/1615619**
74.7.227.58 - - [17/Jan/2026:05:22:27 -0700] "GET /?path=//proc/self/root/proc/thread-self/root/proc/thread-self/root/proc/thread-self/root/proc/thread-self/root/proc/self/root/proc/self/root/proc/self/root/proc/self/root/proc/self/root/lib/kbd/consolefonts HTTP/2.0" 200 7006 "https://www.veronaae.com/?path=//proc/self/root/proc/thread-self/root/proc/thread-self/root/proc/thread-self/root/proc/thread-self/root/proc/self/root/proc/self/root/proc/self/root/proc/self/root/proc/self/root/lib/kbd" "Mozilla/5.0 AppleWebKit/537.36 (KHTML, like Gecko; compatible; GPTBot/1.3; +https://openai.com/gptbot)" 585 **0/585248**
57.141.20.13 - - [17/Jan/2026:05:22:27 -0700] "GET /?e=4575789315537 HTTP/2.0" 200 108366 "-" "meta-externalagent/1.1 (+https://developers.facebook.com/docs/sharing/webmasters/crawler)" 512 **0/512651**
74.7.227.58 - - [17/Jan/2026:05:22:27 -0700] "GET /?path=//proc/self/root/proc/thread-self/root/proc/thread-self/root/proc/thread-self/root/proc/thread-self/root/proc/self/root/proc/self/root/proc/self/root/proc/self/root/proc/self/root/etc/security HTTP/2.0" 200 3306 "https://www.veronaae.com/?path=//proc/self/root/proc/thread-self/root/proc/thread-self/root/proc/thread-self/root/proc/thread-self/root/proc/self/root/proc/self/root/proc/self/root/proc/self/root/proc/self/root/etc" "Mozilla/5.0 AppleWebKit/537.36 (KHTML, like Gecko; compatible; GPTBot/1.3; +https://openai.com/gptbot)" 562 **0/562572**
57.141.20.43 - - [17/Jan/2026:05:22:28 -0700] "GET /?e=4506618e4ie9e HTTP/2.0" 200 108366 "-" "meta-externalagent/1.1 (+https://developers.facebook.com/docs/sharing/webmasters/crawler)" 575 **0/575376**
74.7.227.58 - - [17/Jan/2026:05:22:28 -0700] "GET /?path=//proc/self/root/proc/thread-self/root/proc/thread-self/root/proc/thread-self/root/proc/thread-self/root/proc/self/root/proc/self/root/proc/self/root/proc/self/root/proc/self/root/usr/include/sound/sof HTTP/2.0" 200 2848 "https://www.veronaae.com/?path=//proc/self/root/proc/thread-self/root/proc/thread-self/root/proc/thread-self/root/proc/thread-self/root/proc/self/root/proc/self/root/proc/self/root/proc/self/root/proc/self/root/usr/include/sound" "Mozilla/5.0 AppleWebKit/537.36 (KHTML, like Gecko; compatible; GPTBot/1.3; +https://openai.com/gptbot)" 504 **0/504780**
74.7.227.58 - - [17/Jan/2026:05:22:29 -0700] "GET /?path=//proc/self/root/proc/thread-self/root/proc/thread-self/root/proc/thread-self/root/proc/thread-self/root/proc/self/root/proc/self/root/proc/self/root/proc/self/root/proc/self/root/usr/include/c++ HTTP/2.0" 200 2481 "https://www.veronaae.com/?path=//proc/self/root/proc/thread-self/root/proc/thread-self/root/proc/thread-self/root/proc/thread-self/root/proc/self/root/proc/self/root/proc/self/root/proc/self/root/proc/self/root/usr/include" "Mozilla/5.0 AppleWebKit/537.36 (KHTML, like Gecko; compatible; GPTBot/1.3; +https://openai.com/gptbot)" 522 **0/522389**
57.141.20.6 - - [17/Jan/2026:05:22:30 -0700] "GET /?e=4516816a16bf8 HTTP/2.0" 200 108366 "-" "meta-externalagent/1.1 (+https://developers.facebook.com/docs/sharing/webmasters/crawler)" 520 **0/520379**
66.249.75.75 - - [17/Jan/2026:05:22:29 -0700] "GET /?v=colour-184426124 HTTP/1.1" 200 22180 "-" "Mozilla/5.0 (Linux; Android 6.0.1; Nexus 5X Build/MMB29P) AppleWebKit/537.36 (KHTML, like Gecko) Chrome/143.0.7499.192 Mobile Safari/537.36 (compatible; Googlebot/2.1; +http://www.google.com/bot.html)" 1611 **1/1611441**
74.7.227.58 - - [17/Jan/2026:05:22:30 -0700] "GET /?path=//proc/self/root/proc/thread-self/root/proc/thread-self/root/proc/thread-self/root/proc/thread-self/root/proc/self/root/proc/self/root/proc/self/root/proc/self/root/proc/self/root/usr/include/drm HTTP/2.0" 200 3481 "https://www.veronaae.com/?path=//proc/self/root/proc/thread-self/root/proc/thread-self/root/proc/thread-self/root/proc/thread-self/root/proc/self/root/proc/self/root/proc/self/root/proc/self/root/proc/self/root/usr/include" "Mozilla/5.0 AppleWebKit/537.36 (KHTML, like Gecko; compatible; GPTBot/1.3; +https://openai.com/gptbot)" 594 **0/594965**
57.141.20.58 - - [17/Jan/2026:05:22:30 -0700] "GET /?e=43802128cade5 HTTP/2.0" 200 108366 "-" "meta-externalagent/1.1 (+https://developers.facebook.com/docs/sharing/webmasters/crawler)" 532 **0/532649**
57.141.20.45 - - [17/Jan/2026:05:22:31 -0700] "GET /?e=136205af9211 HTTP/2.0" 200 108366 "-" "meta-externalagent/1.1 (+https://developers.facebook.com/docs/sharing/webmasters/crawler)" 511 **0/511743**
74.7.227.58 - - [17/Jan/2026:05:22:31 -0700] "GET /?path=//proc/self/root/proc/thread-self/root/proc/thread-self/root/proc/thread-self/root/proc/thread-self/root/proc/self/root/proc/self/root/proc/self/root/proc/self/root/proc/self/root/proc/thread-self/cwd HTTP/2.0" 200 4562 "https://www.veronaae.com/?path=//proc/self/root/proc/thread-self/root/proc/thread-self/root/proc/thread-self/root/proc/thread-self/root/proc/self/root/proc/self/root/proc/self/root/proc/self/root/proc/self/root/proc/thread-self" "Mozilla/5.0 AppleWebKit/537.36 (KHTML, like Gecko; compatible; GPTBot/1.3; +https://openai.com/gptbot)" 542 **0/542835**
74.7.227.58 - - [17/Jan/2026:05:22:32 -0700] "GET /?path=//proc/self/root/proc/thread-self/root/proc/thread-self/root/proc/thread-self/root/proc/thread-self/root/proc/self/root/proc/self/root/proc/self/root/proc/self/root/proc/self/root/var/spool/cron HTTP/2.0" 200 2724 "https://www.veronaae.com/?path=//proc/self/root/proc/thread-self/root/proc/thread-self/root/proc/thread-self/root/proc/thread-self/root/proc/self/root/proc/self/root/proc/self/root/proc/self/root/proc/self/root/var/spool" "Mozilla/5.0 AppleWebKit/537.36 (KHTML, like Gecko; compatible; GPTBot/1.3; +https://openai.com/gptbot)" 512 **0/512653**
57.141.20.9 - - [17/Jan/2026:05:22:32 -0700] "GET /?e=136961cf8106 HTTP/2.0" 200 108366 "-" "meta-externalagent/1.1 (+https://developers.facebook.com/docs/sharing/webmasters/crawler)" 510 **0/510149**
74.7.227.58 - - [17/Jan/2026:05:22:33 -0700] "GET /?path=//proc/self/root/proc/thread-self/root/proc/thread-self/root/proc/thread-self/root/proc/thread-self/root/proc/self/root/proc/self/root/proc/self/root/proc/self/root/proc/self/root/proc/sys/kernel/seccomp HTTP/2.0" 200 2782 "https://www.veronaae.com/?path=//proc/self/root/proc/thread-self/root/proc/thread-self/root/proc/thread-self/root/proc/thread-self/root/proc/self/root/proc/self/root/proc/self/root/proc/self/root/proc/self/root/proc/sys/kernel" "Mozilla/5.0 AppleWebKit/537.36 (KHTML, like Gecko; compatible; GPTBot/1.3; +https://openai.com/gptbot)" 509 **0/509835**
74.7.227.58 - - [17/Jan/2026:05:22:33 -0700] "GET /?path=//proc/self/root/proc/thread-self/root/proc/thread-self/root/proc/thread-self/root/proc/thread-self/root/proc/self/root/proc/self/root/proc/self/root/proc/self/root/proc/self/root/proc/scsi/sg HTTP/2.0" 200 2899 "https://www.veronaae.com/?path=//proc/self/root/proc/thread-self/root/proc/thread-self/root/proc/thread-self/root/proc/thread-self/root/proc/self/root/proc/self/root/proc/self/root/proc/self/root/proc/self/root/proc/scsi" "Mozilla/5.0 AppleWebKit/537.36 (KHTML, like Gecko; compatible; GPTBot/1.3; +https://openai.com/gptbot)" 509 **0/509270**
66.249.75.75 - - [17/Jan/2026:05:22:32 -0700] "GET /?v=colour-219434824 HTTP/1.1" 200 22208 "-" "Mozilla/5.0 (Linux; Android 6.0.1; Nexus 5X Build/MMB29P) AppleWebKit/537.36 (KHTML, like Gecko) Chrome/143.0.7499.192 Mobile Safari/537.36 (compatible; Googlebot/2.1; +http://www.google.com/bot.html)" 1612 **1/1612525**
57.141.20.15 - - [17/Jan/2026:05:22:34 -0700] "GET /?e=164126653dca9 HTTP/2.0" 200 108366 "-" "meta-externalagent/1.1 (+https://developers.facebook.com/docs/sharing/webmasters/crawler)" 543 **0/543109**
74.7.227.58 - - [17/Jan/2026:05:22:34 -0700] "GET /?path=//proc/self/root/proc/thread-self/root/proc/thread-self/root/proc/thread-self/root/proc/thread-self/root/proc/self/root/proc/self/root/proc/self/root/proc/self/root/proc/self/root/run/nscd HTTP/2.0" 200 2720 "https://www.veronaae.com/?path=//proc/self/root/proc/thread-self/root/proc/thread-self/root/proc/thread-self/root/proc/thread-self/root/proc/self/root/proc/self/root/proc/self/root/proc/self/root/proc/self/root/run" "Mozilla/5.0 AppleWebKit/537.36 (KHTML, like Gecko; compatible; GPTBot/1.3; +https://openai.com/gptbot)" 519 **0/519630**
74.7.227.58 - - [17/Jan/2026:05:22:35 -0700] "GET /?path=//proc/self/root/proc/thread-self/root/proc/thread-self/root/proc/thread-self/root/proc/thread-self/root/proc/self/root/proc/self/root/proc/self/root/proc/self/root/proc/self/root/usr/libexec/git-core HTTP/2.0" 200 6698 "https://www.veronaae.com/?path=//proc/self/root/proc/thread-self/root/proc/thread-self/root/proc/thread-self/root/proc/thread-self/root/proc/self/root/proc/self/root/proc/self/root/proc/self/root/proc/self/root/usr/libexec" "Mozilla/5.0 AppleWebKit/537.36 (KHTML, like Gecko; compatible; GPTBot/1.3; +https://openai.com/gptbot)" 578 **0/578177**
74.7.227.58 - - [17/Jan/2026:05:22:36 -0700] "GET /?fileloc=//proc/self/root/proc/thread-self/root/proc/thread-self/root/proc/thread-self/root/proc/thread-self/root/proc/self/root/proc/self/root/proc/self/root/proc/self/root/proc/self/root/lib/kbd/consolefonts/lat0-16.psfu.gz&path=//proc/self/root/proc/thread-self/root/proc/thread-self/root/proc/thread-self/root/proc/thread-self/root/proc/self/root/proc/self/root/proc/self/root/proc/self/root/proc/self/root/lib/kbd/consolefonts HTTP/2.0" 200 2429 "https://www.veronaae.com/?path=//proc/self/root/proc/thread-self/root/proc/thread-self/root/proc/thread-self/root/proc/thread-self/root/proc/self/root/proc/self/root/proc/self/root/proc/self/root/proc/self/root/lib/kbd/consolefonts" "Mozilla/5.0 AppleWebKit/537.36 (KHTML, like Gecko; compatible; GPTBot/1.3; +https://openai.com/gptbot)" 510 **0/510183**
74.7.227.58 - - [17/Jan/2026:05:22:37 -0700] "GET /?path=//proc/self/root/proc/thread-self/root/proc/thread-self/root/proc/thread-self/root/proc/thread-self/root/proc/self/root/proc/self/root/proc/self/root/proc/self/root/proc/self/root/usr/libexec/coreutils HTTP/2.0" 200 2745 "https://www.veronaae.com/?path=//proc/self/root/proc/thread-self/root/proc/thread-self/root/proc/thread-self/root/proc/thread-self/root/proc/self/root/proc/self/root/proc/self/root/proc/self/root/proc/self/root/usr/libexec" "Mozilla/5.0 AppleWebKit/537.36 (KHTML, like Gecko; compatible; GPTBot/1.3; +https://openai.com/gptbot)" 520 **0/520956**
74.7.227.58 - - [17/Jan/2026:05:22:38 -0700] "GET /?path=//proc/self/root/proc/thread-self/root/proc/thread-self/root/proc/thread-self/root/proc/thread-self/root/proc/self/root/proc/self/root/proc/self/root/proc/self/root/proc/self/root/usr/libexec/openssh HTTP/2.0" 200 2745 "https://www.veronaae.com/?path=//proc/self/root/proc/thread-self/root/proc/thread-self/root/proc/thread-self/root/proc/thread-self/root/proc/self/root/proc/self/root/proc/self/root/proc/self/root/proc/self/root/usr/libexec" "Mozilla/5.0 AppleWebKit/537.36 (KHTML, like Gecko; compatible; GPTBot/1.3; +https://openai.com/gptbot)" 539 **0/539120**
74.7.227.58 - - [17/Jan/2026:05:22:38 -0700] "GET /?path=//proc/self/root/proc/thread-self/root/proc/thread-self/root/proc/thread-self/root/proc/thread-self/root/proc/self/root/proc/self/root/proc/self/root/proc/self/root/proc/self/root/usr/libexec/gcc HTTP/2.0" 200 2724 "https://www.veronaae.com/?path=//proc/self/root/proc/thread-self/root/proc/thread-self/root/proc/thread-self/root/proc/thread-self/root/proc/self/root/proc/self/root/proc/self/root/proc/self/root/proc/self/root/usr/libexec" "Mozilla/5.0 AppleWebKit/537.36 (KHTML, like Gecko; compatible; GPTBot/1.3; +https://openai.com/gptbot)" 515 **0/515093**
74.7.227.58 - - [17/Jan/2026:05:22:39 -0700] "GET /?path=//proc/self/root/proc/thread-self/root/proc/thread-self/root/proc/thread-self/root/proc/thread-self/root/proc/self/root/proc/self/root/proc/self/root/proc/self/root/proc/self/root/etc/security/console.apps HTTP/2.0" 200 2790 "https://www.veronaae.com/?path=//proc/self/root/proc/thread-self/root/proc/thread-self/root/proc/thread-self/root/proc/thread-self/root/proc/self/root/proc/self/root/proc/self/root/proc/self/root/proc/self/root/etc/security" "Mozilla/5.0 AppleWebKit/537.36 (KHTML, like Gecko; compatible; GPTBot/1.3; +https://openai.com/gptbot)" 531 **0/531435**
66.249.75.75 - - [17/Jan/2026:05:22:38 -0700] "GET /?e=433737527gcjd HTTP/1.1" 200 22224 "-" "Mozilla/5.0 (Linux; Android 6.0.1; Nexus 5X Build/MMB29P) AppleWebKit/537.36 (KHTML, like Gecko) Chrome/143.0.7499.192 Mobile Safari/537.36 (compatible; Googlebot/2.1; +http://www.google.com/bot.html)" 2644 **2/2644066**
74.7.227.58 - - [17/Jan/2026:05:22:40 -0700] "GET /?path=//proc/self/root/proc/thread-self/root/proc/thread-self/root/proc/thread-self/root/proc/thread-self/root/proc/self/root/proc/self/root/proc/self/root/proc/self/root/proc/self/root/lib/firmware HTTP/2.0" 200 12427 "https://www.veronaae.com/?path=//proc/self/root/proc/thread-self/root/proc/thread-self/root/proc/thread-self/root/proc/thread-self/root/proc/self/root/proc/self/root/proc/self/root/proc/self/root/proc/self/root/lib" "Mozilla/5.0 AppleWebKit/537.36 (KHTML, like Gecko; compatible; GPTBot/1.3; +https://openai.com/gptbot)" 711 **0/711077**
57.141.20.49 - - [17/Jan/2026:05:22:41 -0700] "GET /?e=5012106hjacj8 HTTP/2.0" 200 108366 "-" "meta-externalagent/1.1 (+https://developers.facebook.com/docs/sharing/webmasters/crawler)" 540 **0/540022**
57.141.20.33 - - [17/Jan/2026:05:22:41 -0700] "GET /?e=3351399aa3fci HTTP/2.0" 200 108366 "-" "meta-externalagent/1.1 (+https://developers.facebook.com/docs/sharing/webmasters/crawler)" 513 **0/513324**
74.7.227.58 - - [17/Jan/2026:05:22:41 -0700] "GET /?path=//proc/self/root/proc/thread-self/root/proc/thread-self/root/proc/thread-self/root/proc/thread-self/root/proc/self/root/proc/self/root/proc/self/root/proc/self/root/proc/self/root/var/tmp HTTP/2.0" 200 2693 "https://www.veronaae.com/?path=//proc/self/root/proc/thread-self/root/proc/thread-self/root/proc/thread-self/root/proc/thread-self/root/proc/self/root/proc/self/root/proc/self/root/proc/self/root/proc/self/root/var" "Mozilla/5.0 AppleWebKit/537.36 (KHTML, like Gecko; compatible; GPTBot/1.3; +https://openai.com/gptbot)" 533 **0/533686**
74.7.227.58 - - [17/Jan/2026:05:22:42 -0700] "GET /?path=//proc/self/root/proc/thread-self/root/proc/thread-self/root/proc/thread-self/root/proc/thread-self/root/proc/self/root/proc/self/root/proc/self/root/proc/self/root/proc/self/root/proc/lve HTTP/2.0" 200 3029 "https://www.veronaae.com/?path=//proc/self/root/proc/thread-self/root/proc/thread-self/root/proc/thread-self/root/proc/thread-self/root/proc/self/root/proc/self/root/proc/self/root/proc/self/root/proc/self/root/proc" "Mozilla/5.0 AppleWebKit/537.36 (KHTML, like Gecko; compatible; GPTBot/1.3; +https://openai.com/gptbot)" 534 **0/534191**
74.7.227.58 - - [17/Jan/2026:05:22:43 -0700] "GET /?path=//proc/self/root/proc/thread-self/root/proc/thread-self/root/proc/thread-self/root/proc/thread-self/root/proc/self/root/proc/self/root/proc/self/root/proc/self/root/proc/self/root/var/lib HTTP/2.0" 200 2778 "https://www.veronaae.com/?path=//proc/self/root/proc/thread-self/root/proc/thread-self/root/proc/thread-self/root/proc/thread-self/root/proc/self/root/proc/self/root/proc/self/root/proc/self/root/proc/self/root/var" "Mozilla/5.0 AppleWebKit/537.36 (KHTML, like Gecko; compatible; GPTBot/1.3; +https://openai.com/gptbot)" 506 **0/506264**
57.141.20.59 - - [17/Jan/2026:05:22:43 -0700] "GET /?e=560739739719 HTTP/2.0" 200 108366 "-" "meta-externalagent/1.1 (+https://developers.facebook.com/docs/sharing/webmasters/crawler)" 514 **0/514629**
74.7.227.58 - - [17/Jan/2026:05:22:44 -0700] "GET /?path=//proc/self/root/proc/thread-self/root/proc/thread-self/root/proc/thread-self/root/proc/thread-self/root/proc/self/root/proc/self/root/proc/self/root/proc/self/root/proc/self/root/lib/sysusers.d HTTP/2.0" 200 2833 "https://www.veronaae.com/?path=//proc/self/root/proc/thread-self/root/proc/thread-self/root/proc/thread-self/root/proc/thread-self/root/proc/self/root/proc/self/root/proc/self/root/proc/self/root/proc/self/root/lib" "Mozilla/5.0 AppleWebKit/537.36 (KHTML, like Gecko; compatible; GPTBot/1.3; +https://openai.com/gptbot)" 521 **0/521908**
74.7.227.58 - - [17/Jan/2026:05:22:44 -0700] "GET /?fileloc=//proc/self/root/proc/thread-self/root/proc/thread-self/root/proc/thread-self/root/proc/thread-self/root/proc/self/root/proc/self/root/proc/self/root/proc/self/root/proc/self/root/usr/libexec/git-core/git-update-server-info&path=//proc/self/root/proc/thread-self/root/proc/thread-self/root/proc/thread-self/root/proc/thread-self/root/proc/self/root/proc/self/root/proc/self/root/proc/self/root/proc/self/root/usr/libexec/git-core HTTP/2.0" 200 2432 "https://www.veronaae.com/?path=//proc/self/root/proc/thread-self/root/proc/thread-self/root/proc/thread-self/root/proc/thread-self/root/proc/self/root/proc/self/root/proc/self/root/proc/self/root/proc/self/root/usr/libexec/git-core" "Mozilla/5.0 AppleWebKit/537.36 (KHTML, like Gecko; compatible; GPTBot/1.3; +https://openai.com/gptbot)" 529 **0/529711**
66.249.75.75 - - [17/Jan/2026:05:22:44 -0700] "GET /?v=colour-487667224 HTTP/1.1" 200 23154 "-" "Mozilla/5.0 (Linux; Android 6.0.1; Nexus 5X Build/MMB29P) AppleWebKit/537.36 (KHTML, like Gecko) Chrome/143.0.7499.192 Mobile Safari/537.36 (compatible; Googlebot/2.1; +http://www.google.com/bot.html)" 1597 **1/1597660**
74.7.227.58 - - [17/Jan/2026:05:22:45 -0700] "GET /?fileloc=//proc/self/root/proc/thread-self/root/proc/thread-self/root/proc/thread-self/root/proc/thread-self/root/proc/self/root/proc/self/root/proc/self/root/proc/self/root/proc/self/root/usr/libexec/git-core/git-blame&path=//proc/self/root/proc/thread-self/root/proc/thread-self/root/proc/thread-self/root/proc/thread-self/root/proc/self/root/proc/self/root/proc/self/root/proc/self/root/proc/self/root/usr/libexec/git-core HTTP/2.0" 200 2427 "https://www.veronaae.com/?path=//proc/self/root/proc/thread-self/root/proc/thread-self/root/proc/thread-self/root/proc/thread-self/root/proc/self/root/proc/self/root/proc/self/root/proc/self/root/proc/self/root/usr/libexec/git-core" "Mozilla/5.0 AppleWebKit/537.36 (KHTML, like Gecko; compatible; GPTBot/1.3; +https://openai.com/gptbot)" 515 **0/515640**
57.141.20.26 - - [17/Jan/2026:05:22:46 -0700] "GET /?e=3394225ja23gj HTTP/2.0" 200 108366 "-" "meta-externalagent/1.1 (+https://developers.facebook.com/docs/sharing/webmasters/crawler)" 521 **0/521416**
74.7.227.58 - - [17/Jan/2026:05:22:46 -0700] "GET /?fileloc=//proc/self/root/proc/thread-self/root/proc/thread-self/root/proc/thread-self/root/proc/thread-self/root/proc/self/root/proc/self/root/proc/self/root/proc/self/root/proc/self/root/usr/libexec/git-core/git-ls-remote&path=//proc/self/root/proc/thread-self/root/proc/thread-self/root/proc/thread-self/root/proc/thread-self/root/proc/self/root/proc/self/root/proc/self/root/proc/self/root/proc/self/root/usr/libexec/git-core HTTP/2.0" 200 2431 "https://www.veronaae.com/?path=//proc/self/root/proc/thread-self/root/proc/thread-self/root/proc/thread-self/root/proc/thread-self/root/proc/self/root/proc/self/root/proc/self/root/proc/self/root/proc/self/root/usr/libexec/git-core" "Mozilla/5.0 AppleWebKit/537.36 (KHTML, like Gecko; compatible; GPTBot/1.3; +https://openai.com/gptbot)" 515 **0/515670**
66.249.75.75 - - [17/Jan/2026:05:22:46 -0700] "GET /?v=colour-240727924 HTTP/1.1" 200 22246 "-" "Mozilla/5.0 (Linux; Android 6.0.1; Nexus 5X Build/MMB29P) AppleWebKit/537.36 (KHTML, like Gecko) Chrome/143.0.7499.192 Mobile Safari/537.36 (compatible; Googlebot/2.1; +http://www.google.com/bot.html)" 1611 **1/1611555**
57.141.20.36 - - [17/Jan/2026:05:22:47 -0700] "GET /?e=4540189g0f172 HTTP/2.0" 200 108366 "-" "meta-externalagent/1.1 (+https://developers.facebook.com/docs/sharing/webmasters/crawler)" 502 **0/502194**
74.7.227.58 - - [17/Jan/2026:05:22:47 -0700] "GET /?fileloc=//proc/self/root/proc/thread-self/root/proc/thread-self/root/proc/thread-self/root/proc/thread-self/root/proc/self/root/proc/self/root/proc/self/root/proc/self/root/proc/self/root/usr/libexec/git-core/git-help&path=//proc/self/root/proc/thread-self/root/proc/thread-self/root/proc/thread-self/root/proc/thread-self/root/proc/self/root/proc/self/root/proc/self/root/proc/self/root/proc/self/root/usr/libexec/git-core HTTP/2.0" 200 2425 "https://www.veronaae.com/?path=//proc/self/root/proc/thread-self/root/proc/thread-self/root/proc/thread-self/root/proc/thread-self/root/proc/self/root/proc/self/root/proc/self/root/proc/self/root/proc/self/root/usr/libexec/git-core" "Mozilla/5.0 AppleWebKit/537.36 (KHTML, like Gecko; compatible; GPTBot/1.3; +https://openai.com/gptbot)" 535 **0/535441**
74.7.227.58 - - [17/Jan/2026:05:22:48 -0700] "GET /?fileloc=//proc/self/root/proc/thread-self/root/proc/thread-self/root/proc/thread-self/root/proc/thread-self/root/proc/self/root/proc/self/root/proc/self/root/proc/self/root/proc/self/root/usr/libexec/git-core/git-update-ref&path=//proc/self/root/proc/thread-self/root/proc/thread-self/root/proc/thread-self/root/proc/thread-self/root/proc/self/root/proc/self/root/proc/self/root/proc/self/root/proc/self/root/usr/libexec/git-core HTTP/2.0" 200 2430 "https://www.veronaae.com/?path=//proc/self/root/proc/thread-self/root/proc/thread-self/root/proc/thread-self/root/proc/thread-self/root/proc/self/root/proc/self/root/proc/self/root/proc/self/root/proc/self/root/usr/libexec/git-core" "Mozilla/5.0 AppleWebKit/537.36 (KHTML, like Gecko; compatible; GPTBot/1.3; +https://openai.com/gptbot)" 531 **0/531899**
216.73.216.56 - - [17/Jan/2026:05:22:48 -0700] "GET /uv-printing?path=%2F%2Flib64%2Fpython3.12%2Fre HTTP/2.0" 200 2780 "-" "Mozilla/5.0 AppleWebKit/537.36 (KHTML, like Gecko; compatible; ClaudeBot/1.0; +claudebot@anthropic.com)" 625 **0/625248**
216.73.216.56 - - [17/Jan/2026:05:22:48 -0700] "GET /uv-printing?fileloc=%2F%2Flib64%2Fpython2.7%2Fpprint.pyc&path=%2F%2Flib64%2Fpython2.7 HTTP/2.0" 200 2268 "-" "Mozilla/5.0 AppleWebKit/537.36 (KHTML, like Gecko; compatible; ClaudeBot/1.0; +claudebot@anthropic.com)" 720 **0/720975**
216.73.216.56 - - [17/Jan/2026:05:22:48 -0700] "GET /uv-printing?fileloc=%2F%2Fusr%2Finclude%2Fpython3.6m%2Fintrcheck.h&path=%2F%2Fusr%2Finclude%2Fpython3.6m HTTP/2.0" 200 2527 "-" "Mozilla/5.0 AppleWebKit/537.36 (KHTML, like Gecko; compatible; ClaudeBot/1.0; +claudebot@anthropic.com)" 721 **0/721528**
216.73.216.56 - - [17/Jan/2026:05:22:48 -0700] "GET /uv-printing?path=%2F%2Fusr%2Flib64%2Fpython3.12%2Fjson HTTP/2.0" 200 2782 "-" "Mozilla/5.0 AppleWebKit/537.36 (KHTML, like Gecko; compatible; ClaudeBot/1.0; +claudebot@anthropic.com)" 731 **0/731520**
216.73.216.56 - - [17/Jan/2026:05:22:48 -0700] "GET /uv-printing?path=%2F%2Fusr%2Flib64%2Fpython2.7%2Fmultiprocessing HTTP/2.0" 200 3437 "-" "Mozilla/5.0 AppleWebKit/537.36 (KHTML, like Gecko; compatible; ClaudeBot/1.0; +claudebot@anthropic.com)" 732 **0/732135**
216.73.216.56 - - [17/Jan/2026:05:22:48 -0700] "GET /uv-printing?fileloc=%2F%2Fusr%2Finclude%2Fpython3.6m%2Fpymacro.h&path=%2F%2Fusr%2Finclude%2Fpython3.6m HTTP/2.0" 200 3669 "-" "Mozilla/5.0 AppleWebKit/537.36 (KHTML, like Gecko; compatible; ClaudeBot/1.0; +claudebot@anthropic.com)" 814 **0/814707**
66.249.75.75 - - [17/Jan/2026:05:22:47 -0700] "GET /?v=slippery-basketball-shoes-480145224 HTTP/1.1" 200 22235 "-" "Mozilla/5.0 (Linux; Android 6.0.1; Nexus 5X Build/MMB29P) AppleWebKit/537.36 (KHTML, like Gecko) Chrome/143.0.7499.192 Mobile Safari/537.36 (compatible; Googlebot/2.1; +http://www.google.com/bot.html)" 1643 **1/1643152**
74.7.227.58 - - [17/Jan/2026:05:22:49 -0700] "GET /?path=//proc/self/root/proc/thread-self/root/proc/thread-self/root/proc/thread-self/root/proc/thread-self/root/proc/self/root/proc/self/root/proc/self/root/proc/self/root/proc/self/root/proc/bus HTTP/2.0" 200 2723 "https://www.veronaae.com/?path=//proc/self/root/proc/thread-self/root/proc/thread-self/root/proc/thread-self/root/proc/thread-self/root/proc/self/root/proc/self/root/proc/self/root/proc/self/root/proc/self/root/proc" "Mozilla/5.0 AppleWebKit/537.36 (KHTML, like Gecko; compatible; GPTBot/1.3; +https://openai.com/gptbot)" 585 **0/585376**
216.73.216.56 - - [17/Jan/2026:05:22:48 -0700] "GET /uv-printing?fileloc=%2F%2Fusr%2Flib64%2Fpython2.7%2FSocketServer.py&path=%2F%2Fusr%2Flib64%2Fpython2.7 HTTP/2.0" 200 8844 "-" "Mozilla/5.0 AppleWebKit/537.36 (KHTML, like Gecko; compatible; ClaudeBot/1.0; +claudebot@anthropic.com)" 1324 **1/1324155**
216.73.216.56 - - [17/Jan/2026:05:22:48 -0700] "GET /uv-printing?path=%2F%2Flib64%2Fpython2.7%2Fidlelib HTTP/2.0" 200 6506 "-" "Mozilla/5.0 AppleWebKit/537.36 (KHTML, like Gecko; compatible; ClaudeBot/1.0; +claudebot@anthropic.com)" 1327 **1/1327295**
216.73.216.56 - - [17/Jan/2026:05:22:48 -0700] "GET /uv-printing?fileloc=%2F%2Fusr%2Flib64%2Fpython3.12%2Fdifflib.py&path=%2F%2Fusr%2Flib64%2Fpython3.12 HTTP/2.0" 200 24945 "-" "Mozilla/5.0 AppleWebKit/537.36 (KHTML, like Gecko; compatible; ClaudeBot/1.0; +claudebot@anthropic.com)" 1432 **1/1432616**
216.73.216.56 - - [17/Jan/2026:05:22:48 -0700] "GET /uv-printing?path=%2F%2Fusr%2Flib64%2Fpython2.7%2Fplat-linux2 HTTP/2.0" 200 2878 "-" "Mozilla/5.0 AppleWebKit/537.36 (KHTML, like Gecko; compatible; ClaudeBot/1.0; +claudebot@anthropic.com)" 1524 **1/1524397**
216.73.216.56 - - [17/Jan/2026:05:22:48 -0700] "GET /uv-printing?fileloc=%2F%2Fusr%2Finclude%2Fpython3.6m%2Fpyconfig-64.h&path=%2F%2Fusr%2Finclude%2Fpython3.6m HTTP/2.0" 200 11450 "-" "Mozilla/5.0 AppleWebKit/537.36 (KHTML, like Gecko; compatible; ClaudeBot/1.0; +claudebot@anthropic.com)" 1627 **1/1627835**
216.73.216.56 - - [17/Jan/2026:05:22:49 -0700] "GET /uv-printing?fileloc=%2F%2Flib64%2Fpython3.6%2Fqueue.py&path=%2F%2Flib64%2Fpython3.6 HTTP/2.0" 200 4555 "-" "Mozilla/5.0 AppleWebKit/537.36 (KHTML, like Gecko; compatible; ClaudeBot/1.0; +claudebot@anthropic.com)" 863 **0/863684**
216.73.216.56 - - [17/Jan/2026:05:22:49 -0700] "GET /uv-printing?fileloc=%2F%2Fusr%2Flib64%2Fpython2.7%2Fdifflib.pyo&path=%2F%2Fusr%2Flib64%2Fpython2.7 HTTP/2.0" 200 2277 "-" "Mozilla/5.0 AppleWebKit/537.36 (KHTML, like Gecko; compatible; ClaudeBot/1.0; +claudebot@anthropic.com)" 821 **0/821243**
216.73.216.56 - - [17/Jan/2026:05:22:49 -0700] "GET /uv-printing?fileloc=%2F%2Fusr%2Finclude%2Fpython3.6m%2Fosdefs.h&path=%2F%2Fusr%2Finclude%2Fpython3.6m HTTP/2.0" 200 2582 "-" "Mozilla/5.0 AppleWebKit/537.36 (KHTML, like Gecko; compatible; ClaudeBot/1.0; +claudebot@anthropic.com)" 782 **0/782904**
57.141.20.26 - - [17/Jan/2026:05:22:49 -0700] "GET /?e=3434106hbcbf1 HTTP/2.0" 200 108366 "-" "meta-externalagent/1.1 (+https://developers.facebook.com/docs/sharing/webmasters/crawler)" 941 **0/941394**
216.73.216.56 - - [17/Jan/2026:05:22:49 -0700] "GET /uv-printing?fileloc=%2F%2Fusr%2Flib64%2Fpython2.7%2Fcodeop.py&path=%2F%2Fusr%2Flib64%2Fpython2.7 HTTP/2.0" 200 4112 "-" "Mozilla/5.0 AppleWebKit/537.36 (KHTML, like Gecko; compatible; ClaudeBot/1.0; +claudebot@anthropic.com)" 1067 **1/1067908**
216.73.216.56 - - [17/Jan/2026:05:22:49 -0700] "GET /uv-printing?path=%2F%2Fopt%2Falt%2Fpython35%2Fbin HTTP/2.0" 200 2962 "-" "Mozilla/5.0 AppleWebKit/537.36 (KHTML, like Gecko; compatible; ClaudeBot/1.0; +claudebot@anthropic.com)" 894 **0/894366**
74.7.227.58 - - [17/Jan/2026:05:22:50 -0700] "GET /?path=//proc/self/root/proc/thread-self/root/proc/thread-self/root/proc/thread-self/root/proc/thread-self/root/proc/self/root/proc/self/root/proc/self/root/proc/self/root/proc/self/root/lib/firmware/xe HTTP/2.0" 200 2973 "https://www.veronaae.com/?path=//proc/self/root/proc/thread-self/root/proc/thread-self/root/proc/thread-self/root/proc/thread-self/root/proc/self/root/proc/self/root/proc/self/root/proc/self/root/proc/self/root/lib/firmware" "Mozilla/5.0 AppleWebKit/537.36 (KHTML, like Gecko; compatible; GPTBot/1.3; +https://openai.com/gptbot)" 870 **0/870148**
216.73.216.56 - - [17/Jan/2026:05:22:50 -0700] "GET /uv-printing?path=%2F%2Fusr%2Flib64%2Fpython2.7%2Fdistutils HTTP/2.0" 200 4385 "-" "Mozilla/5.0 AppleWebKit/537.36 (KHTML, like Gecko; compatible; ClaudeBot/1.0; +claudebot@anthropic.com)" 650 **0/650543**
216.73.216.56 - - [17/Jan/2026:05:22:50 -0700] "GET /uv-printing?path=%2F%2Flib64%2Fpython3.6%2Fcurses HTTP/2.0" 200 2780 "-" "Mozilla/5.0 AppleWebKit/537.36 (KHTML, like Gecko; compatible; ClaudeBot/1.0; +claudebot@anthropic.com)" 763 **0/763590**
216.73.216.56 - - [17/Jan/2026:05:22:50 -0700] "GET /uv-printing?path=%2F%2Flib64%2Fpython2.7%2Fpydoc_data HTTP/2.0" 200 2717 "-" "Mozilla/5.0 AppleWebKit/537.36 (KHTML, like Gecko; compatible; ClaudeBot/1.0; +claudebot@anthropic.com)" 742 **0/742454**
216.73.216.56 - - [17/Jan/2026:05:22:50 -0700] "GET /uv-printing?fileloc=%2F%2Fusr%2Finclude%2Fpython3.6m%2Fpydebug.h&path=%2F%2Fusr%2Finclude%2Fpython3.6m HTTP/2.0" 200 2789 "-" "Mozilla/5.0 AppleWebKit/537.36 (KHTML, like Gecko; compatible; ClaudeBot/1.0; +claudebot@anthropic.com)" 664 **0/664865**
216.73.216.56 - - [17/Jan/2026:05:22:50 -0700] "GET /uv-printing?fileloc=%2F%2Fusr%2Finclude%2Fpython3.6m%2Fbytearrayobject.h&path=%2F%2Fusr%2Finclude%2Fpython3.6m HTTP/2.0" 200 3119 "-" "Mozilla/5.0 AppleWebKit/537.36 (KHTML, like Gecko; compatible; ClaudeBot/1.0; +claudebot@anthropic.com)" 759 **0/759464**
216.73.216.56 - - [17/Jan/2026:05:22:50 -0700] "GET /uv-printing?path=%2F%2Flib64%2Fpython3.6%2Fmultiprocessing HTTP/2.0" 200 3293 "-" "Mozilla/5.0 AppleWebKit/537.36 (KHTML, like Gecko; compatible; ClaudeBot/1.0; +claudebot@anthropic.com)" 675 **0/675195**
216.73.216.56 - - [17/Jan/2026:05:22:50 -0700] "GET /uv-printing?path=%2F%2Fopt%2Falt%2Fpython37%2Fshare HTTP/2.0" 200 2718 "-" "Mozilla/5.0 AppleWebKit/537.36 (KHTML, like Gecko; compatible; ClaudeBot/1.0; +claudebot@anthropic.com)" 618 **0/618918**
216.73.216.56 - - [17/Jan/2026:05:22:50 -0700] "GET /uv-printing?path=%2F%2Flib64%2Fpython3.6%2Fasyncio HTTP/2.0" 200 3355 "-" "Mozilla/5.0 AppleWebKit/537.36 (KHTML, like Gecko; compatible; ClaudeBot/1.0; +claudebot@anthropic.com)" 688 **0/688414**
216.73.216.56 - - [17/Jan/2026:05:22:50 -0700] "GET /uv-printing?path=%2F%2Fusr%2Flib64%2Fpython3.6%2Fctypes HTTP/2.0" 200 2800 "-" "Mozilla/5.0 AppleWebKit/537.36 (KHTML, like Gecko; compatible; ClaudeBot/1.0; +claudebot@anthropic.com)" 530 **0/530803**
216.73.216.56 - - [17/Jan/2026:05:22:51 -0700] "GET /uv-printing?path=%2F%2Fopt%2Falt%2Fpython33%2Fbin HTTP/2.0" 200 2938 "-" "Mozilla/5.0 AppleWebKit/537.36 (KHTML, like Gecko; compatible; ClaudeBot/1.0; +claudebot@anthropic.com)" 549 **0/549995**
216.73.216.56 - - [17/Jan/2026:05:22:51 -0700] "GET /uv-printing?fileloc=%2F%2Flib64%2Fpython3.6%2Fcodeop.py&path=%2F%2Flib64%2Fpython3.6 HTTP/2.0" 200 4106 "-" "Mozilla/5.0 AppleWebKit/537.36 (KHTML, like Gecko; compatible; ClaudeBot/1.0; +claudebot@anthropic.com)" 524 **0/524226**
74.7.227.58 - - [17/Jan/2026:05:22:51 -0700] "GET /?fileloc=//proc/self/root/proc/thread-self/root/proc/thread-self/root/proc/thread-self/root/proc/thread-self/root/proc/self/root/proc/self/root/proc/self/root/proc/self/root/proc/self/root/lib/firmware/iwlwifi-bz-b0-fm-c0-92.ucode&path=//proc/self/root/proc/thread-self/root/proc/thread-self/root/proc/thread-self/root/proc/thread-self/root/proc/self/root/proc/self/root/proc/self/root/proc/self/root/proc/self/root/lib/firmware HTTP/2.0" 200 2428 "https://www.veronaae.com/?path=//proc/self/root/proc/thread-self/root/proc/thread-self/root/proc/thread-self/root/proc/thread-self/root/proc/self/root/proc/self/root/proc/self/root/proc/self/root/proc/self/root/lib/firmware" "Mozilla/5.0 AppleWebKit/537.36 (KHTML, like Gecko; compatible; GPTBot/1.3; +https://openai.com/gptbot)" 598 **0/598242**
216.73.216.56 - - [17/Jan/2026:05:22:51 -0700] "GET /uv-printing?fileloc=%2F%2Fusr%2Finclude%2Fpython3.6m%2Fpyport.h&path=%2F%2Fusr%2Finclude%2Fpython3.6m HTTP/2.0" 200 10761 "-" "Mozilla/5.0 AppleWebKit/537.36 (KHTML, like Gecko; compatible; ClaudeBot/1.0; +claudebot@anthropic.com)" 528 **0/528620**
216.73.216.56 - - [17/Jan/2026:05:22:51 -0700] "GET /uv-printing?path=%2F%2Flib64%2Fpython3.12%2Fctypes HTTP/2.0" 200 2820 "-" "Mozilla/5.0 AppleWebKit/537.36 (KHTML, like Gecko; compatible; ClaudeBot/1.0; +claudebot@anthropic.com)" 559 **0/559355**
216.73.216.56 - - [17/Jan/2026:05:22:51 -0700] "GET /uv-printing?fileloc=%2F%2Flib64%2Fpython2.7%2Fpprint.py&path=%2F%2Flib64%2Fpython2.7 HTTP/2.0" 200 5309 "-" "Mozilla/5.0 AppleWebKit/537.36 (KHTML, like Gecko; compatible; ClaudeBot/1.0; +claudebot@anthropic.com)" 554 **0/554796**
216.73.216.56 - - [17/Jan/2026:05:22:51 -0700] "GET /uv-printing?fileloc=%2F%2Fusr%2Finclude%2Fpython3.6m%2Fpyarena.h&path=%2F%2Fusr%2Finclude%2Fpython3.6m HTTP/2.0" 200 3395 "-" "Mozilla/5.0 AppleWebKit/537.36 (KHTML, like Gecko; compatible; ClaudeBot/1.0; +claudebot@anthropic.com)" 554 **0/554457**
216.73.216.56 - - [17/Jan/2026:05:22:51 -0700] "GET /uv-printing?fileloc=%2F%2Fusr%2Finclude%2Fpython3.6m%2Fpgen.h&path=%2F%2Fusr%2Finclude%2Fpython3.6m HTTP/2.0" 200 2406 "-" "Mozilla/5.0 AppleWebKit/537.36 (KHTML, like Gecko; compatible; ClaudeBot/1.0; +claudebot@anthropic.com)" 551 **0/551074**
216.73.216.56 - - [17/Jan/2026:05:22:51 -0700] "GET /uv-printing?fileloc=%2F%2Flib64%2Fpython2.7%2Fopcode.pyc&path=%2F%2Flib64%2Fpython2.7 HTTP/2.0" 200 2269 "-" "Mozilla/5.0 AppleWebKit/537.36 (KHTML, like Gecko; compatible; ClaudeBot/1.0; +claudebot@anthropic.com)" 540 **0/540916**
216.73.216.56 - - [17/Jan/2026:05:22:51 -0700] "GET /uv-printing?fileloc=%2F%2Fusr%2Finclude%2Fpython3.6m%2Fpymath.h&path=%2F%2Fusr%2Finclude%2Fpython3.6m HTTP/2.0" 200 5231 "-" "Mozilla/5.0 AppleWebKit/537.36 (KHTML, like Gecko; compatible; ClaudeBot/1.0; +claudebot@anthropic.com)" 539 **0/539616**
216.73.216.56 - - [17/Jan/2026:05:22:51 -0700] "GET /uv-printing?fileloc=%2F%2Fusr%2Finclude%2Fpython3.6m%2Fpymem.h&path=%2F%2Fusr%2Finclude%2Fpython3.6m HTTP/2.0" 200 5165 "-" "Mozilla/5.0 AppleWebKit/537.36 (KHTML, like Gecko; compatible; ClaudeBot/1.0; +claudebot@anthropic.com)" 530 **0/530906**
216.73.216.56 - - [17/Jan/2026:05:22:52 -0700] "GET /uv-printing?path=%2F%2Flib64%2Fpython3.6%2Fdistutils HTTP/2.0" 200 3520 "-" "Mozilla/5.0 AppleWebKit/537.36 (KHTML, like Gecko; compatible; ClaudeBot/1.0; +claudebot@anthropic.com)" 526 **0/526059**
216.73.216.56 - - [17/Jan/2026:05:22:52 -0700] "GET /uv-printing?fileloc=%2F%2Fusr%2Finclude%2Fpython3.6m%2Fasdl.h&path=%2F%2Fusr%2Finclude%2Fpython3.6m HTTP/2.0" 200 2777 "-" "Mozilla/5.0 AppleWebKit/537.36 (KHTML, like Gecko; compatible; ClaudeBot/1.0; +claudebot@anthropic.com)" 575 **0/575193**
74.7.227.58 - - [17/Jan/2026:05:22:52 -0700] "GET /?path=//proc/self/root/proc/thread-self/root/proc/thread-self/root/proc/thread-self/root/proc/thread-self/root/proc/self/root/proc/self/root/proc/self/root/proc/self/root/proc/self/root/proc/lve/per-lve HTTP/2.0" 200 2475 "https://www.veronaae.com/?path=//proc/self/root/proc/thread-self/root/proc/thread-self/root/proc/thread-self/root/proc/thread-self/root/proc/self/root/proc/self/root/proc/self/root/proc/self/root/proc/self/root/proc/lve" "Mozilla/5.0 AppleWebKit/537.36 (KHTML, like Gecko; compatible; GPTBot/1.3; +https://openai.com/gptbot)" 611 **0/611787**
216.73.216.56 - - [17/Jan/2026:05:22:52 -0700] "GET /uv-printing?path=%2F%2Fopt%2Fcloudlinux%2Fflags%2Fenabled-flags.d HTTP/2.0" 200 2604 "-" "Mozilla/5.0 AppleWebKit/537.36 (KHTML, like Gecko; compatible; ClaudeBot/1.0; +claudebot@anthropic.com)" 594 **0/594925**
216.73.216.56 - - [17/Jan/2026:05:22:52 -0700] "GET /uv-printing?fileloc=%2F%2Fusr%2Flib64%2Fpython3.6%2Fcode.py&path=%2F%2Fusr%2Flib64%2Fpython3.6 HTTP/2.0" 200 5605 "-" "Mozilla/5.0 AppleWebKit/537.36 (KHTML, like Gecko; compatible; ClaudeBot/1.0; +claudebot@anthropic.com)" 618 **0/618038**
216.73.216.56 - - [17/Jan/2026:05:22:52 -0700] "GET /uv-printing?fileloc=%2F%2Flib64%2Fpython2.7%2FUserString.pyo&path=%2F%2Flib64%2Fpython2.7 HTTP/2.0" 200 2271 "-" "Mozilla/5.0 AppleWebKit/537.36 (KHTML, like Gecko; compatible; ClaudeBot/1.0; +claudebot@anthropic.com)" 604 **0/604585**
216.73.216.56 - - [17/Jan/2026:05:22:52 -0700] "GET /uv-printing?path=%2F%2Fusr%2Flib64%2Fpython2.7%2FDemo%2Fclasses HTTP/2.0" 200 3049 "-" "Mozilla/5.0 AppleWebKit/537.36 (KHTML, like Gecko; compatible; ClaudeBot/1.0; +claudebot@anthropic.com)" 622 **0/622906**
216.73.216.56 - - [17/Jan/2026:05:22:52 -0700] "GET /uv-printing?path=%2F%2Fusr%2Flib64%2Fpython2.7%2Fcompiler HTTP/2.0" 200 3286 "-" "Mozilla/5.0 AppleWebKit/537.36 (KHTML, like Gecko; compatible; ClaudeBot/1.0; +claudebot@anthropic.com)" 631 **0/631816**
216.73.216.56 - - [17/Jan/2026:05:22:52 -0700] "GET /uv-printing?fileloc=%2F%2Fusr%2Finclude%2Fpython3.6m%2Fmarshal.h&path=%2F%2Fusr%2Finclude%2Fpython3.6m HTTP/2.0" 200 2541 "-" "Mozilla/5.0 AppleWebKit/537.36 (KHTML, like Gecko; compatible; ClaudeBot/1.0; +claudebot@anthropic.com)" 571 **0/571567**
216.73.216.56 - - [17/Jan/2026:05:22:52 -0700] "GET /uv-printing?path=%2F%2Fusr%2Flib64%2Fpython2.7%2FDemo%2Ftkinter HTTP/2.0" 200 2723 "-" "Mozilla/5.0 AppleWebKit/537.36 (KHTML, like Gecko; compatible; ClaudeBot/1.0; +claudebot@anthropic.com)" 597 **0/597566**
216.73.216.56 - - [17/Jan/2026:05:22:52 -0700] "GET /uv-printing?fileloc=%2F%2Fusr%2Flib64%2Fpython2.7%2FHTMLParser.pyo&path=%2F%2Fusr%2Flib64%2Fpython2.7 HTTP/2.0" 200 2281 "-" "Mozilla/5.0 AppleWebKit/537.36 (KHTML, like Gecko; compatible; ClaudeBot/1.0; +claudebot@anthropic.com)" 581 **0/581513**
216.73.216.56 - - [17/Jan/2026:05:22:52 -0700] "GET /uv-printing?path=%2F%2Fusr%2Flib64%2Fpython3.6%2Flogging HTTP/2.0" 200 2732 "-" "Mozilla/5.0 AppleWebKit/537.36 (KHTML, like Gecko; compatible; ClaudeBot/1.0; +claudebot@anthropic.com)" 583 **0/583158**
74.7.227.58 - - [17/Jan/2026:05:22:53 -0700] "GET /?path=//proc/self/root/proc/thread-self/root/proc/thread-self/root/proc/thread-self/root/proc/thread-self/root/proc/self/root/proc/self/root/proc/self/root/proc/self/root/proc/self/root/lib/firmware/edgeport HTTP/2.0" 200 2865 "https://www.veronaae.com/?path=//proc/self/root/proc/thread-self/root/proc/thread-self/root/proc/thread-self/root/proc/thread-self/root/proc/self/root/proc/self/root/proc/self/root/proc/self/root/proc/self/root/lib/firmware" "Mozilla/5.0 AppleWebKit/537.36 (KHTML, like Gecko; compatible; GPTBot/1.3; +https://openai.com/gptbot)" 615 **0/615301**
216.73.216.56 - - [17/Jan/2026:05:22:53 -0700] "GET /uv-printing?fileloc=%2F%2Fusr%2Finclude%2Fpython3.6m%2Faccu.h&path=%2F%2Fusr%2Finclude%2Fpython3.6m HTTP/2.0" 200 2737 "-" "Mozilla/5.0 AppleWebKit/537.36 (KHTML, like Gecko; compatible; ClaudeBot/1.0; +claudebot@anthropic.com)" 659 **0/659732**
216.73.216.56 - - [17/Jan/2026:05:22:53 -0700] "GET /uv-printing?fileloc=%2F%2Fusr%2Flib64%2Fpython2.7%2Fstringold.pyo&path=%2F%2Fusr%2Flib64%2Fpython2.7 HTTP/2.0" 200 2277 "-" "Mozilla/5.0 AppleWebKit/537.36 (KHTML, like Gecko; compatible; ClaudeBot/1.0; +claudebot@anthropic.com)" 609 **0/609381**
216.73.216.56 - - [17/Jan/2026:05:22:53 -0700] "GET /uv-printing?fileloc=%2F%2Fusr%2Finclude%2Fpython3.6m%2Fgrammar.h&path=%2F%2Fusr%2Finclude%2Fpython3.6m HTTP/2.0" 200 3066 "-" "Mozilla/5.0 AppleWebKit/537.36 (KHTML, like Gecko; compatible; ClaudeBot/1.0; +claudebot@anthropic.com)" 706 **0/706711**
216.73.216.56 - - [17/Jan/2026:05:22:53 -0700] "GET /uv-printing?fileloc=%2F%2Fusr%2Finclude%2Fpython3.6m%2Fucnhash.h&path=%2F%2Fusr%2Finclude%2Fpython3.6m HTTP/2.0" 200 2769 "-" "Mozilla/5.0 AppleWebKit/537.36 (KHTML, like Gecko; compatible; ClaudeBot/1.0; +claudebot@anthropic.com)" 624 **0/624087**
216.73.216.56 - - [17/Jan/2026:05:22:53 -0700] "GET /uv-printing?fileloc=%2F%2Flib64%2Fpython2.7%2FStringIO.pyc&path=%2F%2Flib64%2Fpython2.7 HTTP/2.0" 200 2267 "-" "Mozilla/5.0 AppleWebKit/537.36 (KHTML, like Gecko; compatible; ClaudeBot/1.0; +claudebot@anthropic.com)" 717 **0/717096**
216.73.216.56 - - [17/Jan/2026:05:22:53 -0700] "GET /uv-printing?path=%2F%2Flib64%2Fpython3.6%2Fxmlrpc HTTP/2.0" 200 2713 "-" "Mozilla/5.0 AppleWebKit/537.36 (KHTML, like Gecko; compatible; ClaudeBot/1.0; +claudebot@anthropic.com)" 632 **0/632088**
216.73.216.56 - - [17/Jan/2026:05:22:53 -0700] "GET /uv-printing?fileloc=%2F%2Fusr%2Flib64%2Fpython2.7%2FUserString.pyc&path=%2F%2Fusr%2Flib64%2Fpython2.7 HTTP/2.0" 200 2279 "-" "Mozilla/5.0 AppleWebKit/537.36 (KHTML, like Gecko; compatible; ClaudeBot/1.0; +claudebot@anthropic.com)" 645 **0/645970**
216.73.216.56 - - [17/Jan/2026:05:22:53 -0700] "GET /uv-printing?path=%2F%2Fusr%2Flib64%2Fpython3.6%2Ftest HTTP/2.0" 200 2692 "-" "Mozilla/5.0 AppleWebKit/537.36 (KHTML, like Gecko; compatible; ClaudeBot/1.0; +claudebot@anthropic.com)" 643 **0/643731**
216.73.216.56 - - [17/Jan/2026:05:22:53 -0700] "GET /uv-printing?path=%2F%2Fopt%2Falt%2Fpython310%2Fshare%2Fbash-completion HTTP/2.0" 200 2588 "-" "Mozilla/5.0 AppleWebKit/537.36 (KHTML, like Gecko; compatible; ClaudeBot/1.0; +claudebot@anthropic.com)" 652 **0/652764**
216.73.216.56 - - [17/Jan/2026:05:22:53 -0700] "GET /uv-printing?path=%2F%2Flib64%2Fpython2.7%2Fcurses HTTP/2.0" 200 2951 "-" "Mozilla/5.0 AppleWebKit/537.36 (KHTML, like Gecko; compatible; ClaudeBot/1.0; +claudebot@anthropic.com)" 661 **0/661216**
216.73.216.56 - - [17/Jan/2026:05:22:53 -0700] "GET /uv-printing?path=%2F%2Fusr%2Flib64%2Fpython3.6%2Fjson HTTP/2.0" 200 2781 "-" "Mozilla/5.0 AppleWebKit/537.36 (KHTML, like Gecko; compatible; ClaudeBot/1.0; +claudebot@anthropic.com)" 677 **0/677944**
74.7.227.58 - - [17/Jan/2026:05:22:53 -0700] "GET /?path=//proc/self/root/proc/thread-self/root/proc/thread-self/root/proc/thread-self/root/proc/thread-self/root/proc/self/root/proc/self/root/proc/self/root/proc/self/root/proc/self/root/lib/firmware/amd HTTP/2.0" 200 2868 "https://www.veronaae.com/?path=//proc/self/root/proc/thread-self/root/proc/thread-self/root/proc/thread-self/root/proc/thread-self/root/proc/self/root/proc/self/root/proc/self/root/proc/self/root/proc/self/root/lib/firmware" "Mozilla/5.0 AppleWebKit/537.36 (KHTML, like Gecko; compatible; GPTBot/1.3; +https://openai.com/gptbot)" 696 **0/696685**
216.73.216.56 - - [17/Jan/2026:05:22:54 -0700] "GET /uv-printing?path=%2F%2Flib64%2Fpython3.12%2Flogging HTTP/2.0" 200 2723 "-" "Mozilla/5.0 AppleWebKit/537.36 (KHTML, like Gecko; compatible; ClaudeBot/1.0; +claudebot@anthropic.com)" 634 **0/634260**
216.73.216.56 - - [17/Jan/2026:05:22:54 -0700] "GET /uv-printing?path=%2F%2Fusr%2Flib64%2Fpython3.6%2Fvenv%2Fscripts HTTP/2.0" 200 2617 "-" "Mozilla/5.0 AppleWebKit/537.36 (KHTML, like Gecko; compatible; ClaudeBot/1.0; +claudebot@anthropic.com)" 611 **0/611781**
216.73.216.56 - - [17/Jan/2026:05:22:54 -0700] "GET /uv-printing?path=%2F%2Fusr%2Flib64%2Fpython2.7%2FDemo%2Fcgi HTTP/2.0" 200 2871 "-" "Mozilla/5.0 AppleWebKit/537.36 (KHTML, like Gecko; compatible; ClaudeBot/1.0; +claudebot@anthropic.com)" 533 **0/533972**
216.73.216.56 - - [17/Jan/2026:05:22:54 -0700] "GET /uv-printing?path=%2F%2Fusr%2Flib64%2Fpython2.7%2FDemo%2Fparser HTTP/2.0" 200 3085 "-" "Mozilla/5.0 AppleWebKit/537.36 (KHTML, like Gecko; compatible; ClaudeBot/1.0; +claudebot@anthropic.com)" 629 **0/629125**
57.141.20.36 - - [17/Jan/2026:05:22:54 -0700] "GET /?e=33783188d4ed4 HTTP/2.0" 200 108366 "-" "meta-externalagent/1.1 (+https://developers.facebook.com/docs/sharing/webmasters/crawler)" 738 **0/738026**
216.73.216.56 - - [17/Jan/2026:05:22:54 -0700] "GET /uv-printing?path=%2F%2Flib64%2Fpython3.6%2Fvenv%2Fscripts HTTP/2.0" 200 2608 "-" "Mozilla/5.0 AppleWebKit/537.36 (KHTML, like Gecko; compatible; ClaudeBot/1.0; +claudebot@anthropic.com)" 631 **0/631285**
216.73.216.56 - - [17/Jan/2026:05:22:54 -0700] "GET /uv-printing?fileloc=%2F%2Fusr%2Flib64%2Fpython3.6%2Fstringprep.py&path=%2F%2Fusr%2Flib64%2Fpython3.6 HTTP/2.0" 200 5246 "-" "Mozilla/5.0 AppleWebKit/537.36 (KHTML, like Gecko; compatible; ClaudeBot/1.0; +claudebot@anthropic.com)" 658 **0/658869**
216.73.216.56 - - [17/Jan/2026:05:22:54 -0700] "GET /uv-printing?fileloc=%2F%2Fusr%2Finclude%2Fpython2.7%2Fdtoa.h&path=%2F%2Fusr%2Finclude%2Fpython2.7 HTTP/2.0" 200 2453 "-" "Mozilla/5.0 AppleWebKit/537.36 (KHTML, like Gecko; compatible; ClaudeBot/1.0; +claudebot@anthropic.com)" 663 **0/663756**
216.73.216.56 - - [17/Jan/2026:05:22:54 -0700] "GET /uv-printing?fileloc=%2F%2Fusr%2Finclude%2Fpython3.6m%2Fbltinmodule.h&path=%2F%2Fusr%2Finclude%2Fpython3.6m HTTP/2.0" 200 2401 "-" "Mozilla/5.0 AppleWebKit/537.36 (KHTML, like Gecko; compatible; ClaudeBot/1.0; +claudebot@anthropic.com)" 746 **0/746086**
57.141.20.37 - - [17/Jan/2026:05:22:54 -0700] "GET /?e=231203552df16 HTTP/2.0" 200 108366 "-" "meta-externalagent/1.1 (+https://developers.facebook.com/docs/sharing/webmasters/crawler)" 735 **0/735500**
216.73.216.56 - - [17/Jan/2026:05:22:54 -0700] "GET /uv-printing?path=%2F%2Flib64%2Fpython2.7%2Fxml HTTP/2.0" 200 2772 "-" "Mozilla/5.0 AppleWebKit/537.36 (KHTML, like Gecko; compatible; ClaudeBot/1.0; +claudebot@anthropic.com)" 845 **0/845243**
216.73.216.56 - - [17/Jan/2026:05:22:54 -0700] "GET /uv-printing?fileloc=%2F%2Fusr%2Finclude%2Fpython3.6m%2Ftoken.h&path=%2F%2Fusr%2Finclude%2Fpython3.6m HTTP/2.0" 200 3086 "-" "Mozilla/5.0 AppleWebKit/537.36 (KHTML, like Gecko; compatible; ClaudeBot/1.0; +claudebot@anthropic.com)" 758 **0/758620**
74.7.227.58 - - [17/Jan/2026:05:22:54 -0700] "GET /?path=//proc/self/root/proc/thread-self/root/proc/thread-self/root/proc/thread-self/root/proc/thread-self/root/proc/self/root/proc/self/root/proc/self/root/proc/self/root/proc/self/root/lib/firmware/amdtee HTTP/2.0" 200 2885 "https://www.veronaae.com/?path=//proc/self/root/proc/thread-self/root/proc/thread-self/root/proc/thread-self/root/proc/thread-self/root/proc/self/root/proc/self/root/proc/self/root/proc/self/root/proc/self/root/lib/firmware" "Mozilla/5.0 AppleWebKit/537.36 (KHTML, like Gecko; compatible; GPTBot/1.3; +https://openai.com/gptbot)" 807 **0/807233**
216.73.216.56 - - [17/Jan/2026:05:22:55 -0700] "GET /uv-printing?fileloc=%2F%2Flib64%2Fpython3.6%2Fstring.py&path=%2F%2Flib64%2Fpython3.6 HTTP/2.0" 200 5627 "-" "Mozilla/5.0 AppleWebKit/537.36 (KHTML, like Gecko; compatible; ClaudeBot/1.0; +claudebot@anthropic.com)" 866 **0/866867**
216.73.216.56 - - [17/Jan/2026:05:22:55 -0700] "GET /uv-printing?fileloc=%2F%2Flib64%2Fpython2.7%2FHTMLParser.py&path=%2F%2Flib64%2Fpython2.7 HTTP/2.0" 200 6900 "-" "Mozilla/5.0 AppleWebKit/537.36 (KHTML, like Gecko; compatible; ClaudeBot/1.0; +claudebot@anthropic.com)" 782 **0/782571**
